185.107.113.40 - - [24/Nov/2024:05:58:39 +0800] "POST /xmlrpc.php HTTP/1.1" 200 4453 "-" "Mozilla/5.0 (Linux; Android 10; LM-X420) AppleWebKit/537.36 (KHTML, like Gecko) Chrome/91.0.4472.114 Mobile Safari/537.36"
220.135.127.108 - - [24/Nov/2024:06:13:52 +0800] "POST /wp-cron.php?doing_wp_cron=1732400032.3865399360656738281250 HTTP/1.1" 200 4035 "-" "WordPress/6.7.1; https://www.bio-power.tw"
4.43.184.114 - - [24/Nov/2024:06:13:51 +0800] "GET /wp-content/sso/login.php HTTP/1.0" 301 3647 "-" "Mozilla/5.0 (Windows NT 5.1) Gecko/20100101 Firefox/9.0.1"
4.43.184.114 - - [24/Nov/2024:06:13:55 +0800] "GET /wp-content/sso/login.php HTTP/1.0" 404 76616 "-" "Mozilla/4.0 (compatible; MSIE 8.0; Windows NT 6.0)"
220.135.127.108 - - [24/Nov/2024:06:17:47 +0800] "POST /wp-cron.php?doing_wp_cron=1732400267.2089750766754150390625 HTTP/1.1" 200 4035 "-" "WordPress/6.7.1; https://www.bio-power.tw"
106.75.184.142 - - [24/Nov/2024:06:17:46 +0800] "GET /dqgqoeCXckuwPtxov HTTP/1.1" 301 4130 "-" "-"
220.135.127.108 - - [24/Nov/2024:06:23:17 +0800] "POST /wp-cron.php?doing_wp_cron=1732400597.4858379364013671875000 HTTP/1.1" 200 4035 "-" "WordPress/6.7.1; https://www.bio-power.tw"
92.255.57.58 - - [24/Nov/2024:06:23:17 +0800] "GET /actuator/gateway/routes HTTP/1.1" 301 4052 "-" "Mozilla/5.0 (Windows NT 10.0; Win64; x64) AppleWebKit/537.36 (KHTML, like Gecko) Chrome/78.0.3904.108 Safari/537.36"
92.255.57.58 - - [24/Nov/2024:06:23:18 +0800] "GET /actuator/gateway/routes HTTP/1.1" 404 77239 "https://220.135.127.108:443/actuator/gateway/routes" "Mozilla/5.0 (Windows NT 10.0; Win64; x64) AppleWebKit/537.36 (KHTML, like Gecko) Chrome/78.0.3904.108 Safari/537.36"
222.222.177.218 - - [24/Nov/2024:06:26:45 +0800] "GET / HTTP/1.0" 400 622 "-" "-"
220.135.127.108 - - [24/Nov/2024:06:33:44 +0800] "POST /wp-cron.php?doing_wp_cron=1732401224.0020549297332763671875 HTTP/1.1" 200 4035 "-" "WordPress/6.7.1; https://www.bio-power.tw"
106.75.189.197 - - [24/Nov/2024:06:33:42 +0800] "GET /dqgqoeCXckuwPtxov HTTP/1.1" 301 4130 "-" "-"
178.162.194.17 - - [24/Nov/2024:06:42:35 +0800] "GET /wp-content/uploads/2023/10/ALFA_DATA/alfacgiapi/option.php?check=1 HTTP/1.1" 200 3437 "-" "Mozilla/5.0 (Windows NT 6.1; rv:17.0) Gecko/17.0 Firefox/17.0"
220.135.127.108 - - [24/Nov/2024:06:50:59 +0800] "POST /wp-cron.php?doing_wp_cron=1732402259.5191550254821777343750 HTTP/1.1" 200 4035 "-" "WordPress/6.7.1; https://www.bio-power.tw"
106.75.188.200 - - [24/Nov/2024:06:50:58 +0800] "GET /dqgqoeCXckuwPtxov HTTP/1.1" 301 4130 "-" "-"
106.75.188.200 - - [24/Nov/2024:06:50:59 +0800] "GET /dqgqoeCXckuwPtxov HTTP/1.1" 404 73604 "https://220.135.127.108:443/dqgqoeCXckuwPtxov" "-"
106.75.188.200 - - [24/Nov/2024:06:51:00 +0800] "GET /dqgqoeCXckuwPtxov HTTP/1.1" 301 4130 "-" "-"
106.75.188.200 - - [24/Nov/2024:06:51:00 +0800] "GET /dqgqoeCXckuwPtxov HTTP/1.1" 404 73604 "https://220.135.127.108:443/dqgqoeCXckuwPtxov" "-"
220.135.127.108 - - [24/Nov/2024:06:57:06 +0800] "POST /wp-cron.php?doing_wp_cron=1732402626.6017279624938964843750 HTTP/1.1" 200 4035 "-" "WordPress/6.7.1; https://www.bio-power.tw"
158.69.122.239 - - [24/Nov/2024:06:57:05 +0800] "HEAD / HTTP/1.1" 301 3539 "https://bio-power.tw" "Mozilla/5.0 (Windows NT 10.0; Win64; x64) AppleWebKit/537.36 (KHTML, like Gecko) Chrome/98.0.4758.80 Safari/537.36 Edg/98.0.1108.50 X-Middleton/1"
158.69.122.239 - - [24/Nov/2024:06:57:07 +0800] "HEAD / HTTP/1.1" 200 3693 "https://bio-power.tw" "Mozilla/5.0 (Windows NT 10.0; Win64; x64) AppleWebKit/537.36 (KHTML, like Gecko) Chrome/98.0.4758.80 Safari/537.36 Edg/98.0.1108.50 X-Middleton/1"
158.69.122.239 - - [24/Nov/2024:06:57:08 +0800] "GET / HTTP/1.1" 301 309 "https://bio-power.tw" "Mozilla/5.0 (Windows NT 10.0; Win64; x64) AppleWebKit/537.36 (KHTML, like Gecko) Chrome/98.0.4758.80 Safari/537.36 Edg/98.0.1108.50 X-Middleton/1"
158.69.122.239 - - [24/Nov/2024:06:57:08 +0800] "GET / HTTP/1.1" 200 27060 "https://bio-power.tw" "Mozilla/5.0 (Windows NT 10.0; Win64; x64) AppleWebKit/537.36 (KHTML, like Gecko) Chrome/98.0.4758.80 Safari/537.36 Edg/98.0.1108.50 X-Middleton/1"
38.174.162.152 - - [24/Nov/2024:07:05:58 +0800] "GET /admin.php HTTP/1.1" 301 539 "-" "-"
220.135.127.108 - - [24/Nov/2024:07:09:42 +0800] "POST /wp-cron.php?doing_wp_cron=1732403382.4202508926391601562500 HTTP/1.1" 200 4035 "-" "WordPress/6.7.1; https://www.bio-power.tw"
4.43.184.114 - - [24/Nov/2024:07:09:41 +0800] "GET /wp-content/sso/login.php HTTP/1.0" 301 3647 "-" "Mozilla/5.0 (Windows; U; Windows NT 6.1; en-US; rv:1.9.2.23) Gecko/20110920 Firefox/3.6.23"
4.43.184.114 - - [24/Nov/2024:07:09:44 +0800] "GET /wp-content/sso/login.php HTTP/1.0" 404 76616 "-" "Mozilla/4.0 (compatible; MSIE 7.0; Windows NT 5.2)"
203.159.92.34 - - [24/Nov/2024:07:11:13 +0800] "POST /xmlrpc.php HTTP/1.1" 200 4452 "-" "Mozilla/5.0 (Windows NT 6.1; WOW64; rv:18.0) Gecko/20100101 Firefox/18.0"
203.159.92.34 - - [24/Nov/2024:07:11:16 +0800] "POST /xmlrpc.php HTTP/1.1" 200 4452 "-" "Mozilla/5.0 (Windows NT 6.1; WOW64; rv:18.0) Gecko/20100101 Firefox/18.0"
220.135.127.108 - - [24/Nov/2024:07:11:14 +0800] "POST /wp-cron.php?doing_wp_cron=1732403474.4716320037841796875000 HTTP/1.1" 200 4035 "-" "WordPress/6.7.1; https://www.bio-power.tw"
213.136.74.27 - - [24/Nov/2024:07:11:19 +0800] "POST /xmlrpc.php HTTP/1.1" 200 4452 "-" "Mozilla/5.0 (iPod; CPU iPhone OS 14_6 like Mac OS X) AppleWebKit/605.1.15 (KHTML, like Gecko) CriOS/91.0.4472.80 Mobile/15E148 Safari/604.1"
213.136.74.27 - - [24/Nov/2024:07:11:21 +0800] "POST /xmlrpc.php HTTP/1.1" 200 4452 "-" "Mozilla/5.0 (iPod; CPU iPhone OS 14_6 like Mac OS X) AppleWebKit/605.1.15 (KHTML, like Gecko) CriOS/91.0.4472.80 Mobile/15E148 Safari/604.1"
187.45.188.21 - - [24/Nov/2024:07:11:26 +0800] "POST /xmlrpc.php HTTP/1.1" 200 4029 "-" "Mozilla/5.0 (Windows NT 6.1; WOW64) AppleWebKit/537.1 (KHTML, like Gecko) Chrome/21.0.1180.83 Safari/537.1"
187.45.188.21 - - [24/Nov/2024:07:11:30 +0800] "POST /xmlrpc.php HTTP/1.1" 200 4029 "-" "Mozilla/5.0 (Windows NT 6.1; WOW64) AppleWebKit/537.1 (KHTML, like Gecko) Chrome/21.0.1180.83 Safari/537.1"
185.243.77.80 - - [24/Nov/2024:07:11:35 +0800] "POST /xmlrpc.php HTTP/1.1" 200 4452 "-" "Mozilla/5.0 (Windows NT 10.0; Win64; x64; rv:79.0) Gecko/20100101 Firefox/79.0"
185.243.77.80 - - [24/Nov/2024:07:11:38 +0800] "POST /xmlrpc.php HTTP/1.1" 200 4452 "-" "Mozilla/5.0 (Windows NT 10.0; Win64; x64; rv:79.0) Gecko/20100101 Firefox/79.0"
68.183.23.195 - - [24/Nov/2024:07:11:41 +0800] "POST /xmlrpc.php HTTP/1.1" 200 4452 "-" "Mozilla/5.0 (Windows NT 10.0; Win64; x64) AppleWebKit/537.36 (KHTML, like Gecko) Chrome/74.0.3729.157 Safari/537.36"
68.183.23.195 - - [24/Nov/2024:07:11:44 +0800] "POST /xmlrpc.php HTTP/1.1" 200 4452 "-" "Mozilla/5.0 (Windows; U; Windows NT 5.1; en-US; rv:1.7.10) Gecko/20050716 Firefox/1.0.6"
66.29.141.44 - - [24/Nov/2024:07:11:44 +0800] "POST /xmlrpc.php HTTP/1.1" 200 4451 "-" "Mozilla/5.0 (Windows NT 6.1; Win64; x64) AppleWebKit/537.36 (KHTML, like Gecko) Chrome/79.0.3945.88 Safari/537.36"
66.29.141.44 - - [24/Nov/2024:07:11:46 +0800] "POST /xmlrpc.php HTTP/1.1" 200 4451 "-" "Mozilla/5.0 (Windows NT 6.1; Win64; x64) AppleWebKit/537.36 (KHTML, like Gecko) Chrome/79.0.3945.88 Safari/537.36"
220.135.127.108 - - [24/Nov/2024:07:11:55 +0800] "POST /wp-cron.php?doing_wp_cron=1732403515.4791369438171386718750 HTTP/1.1" 200 4035 "-" "WordPress/6.7.1; https://www.bio-power.tw"
103.152.79.3 - - [24/Nov/2024:07:11:55 +0800] "POST /xmlrpc.php HTTP/1.1" 200 4451 "-" "Mozilla/5.0 (Windows NT 10.0; WOW64) AppleWebKit/537.36 (KHTML, like Gecko) Chrome/72.0.3626.121 Safari/537.36"
103.152.79.3 - - [24/Nov/2024:07:11:57 +0800] "POST /xmlrpc.php HTTP/1.1" 200 4451 "-" "Mozilla/5.0 (Windows NT 10.0; WOW64) AppleWebKit/537.36 (KHTML, like Gecko) Chrome/72.0.3626.121 Safari/537.36"
67.205.20.204 - - [24/Nov/2024:07:11:59 +0800] "POST /xmlrpc.php HTTP/1.1" 200 4452 "-" "Mozilla/5.0 (Windows NT 10.0; Win64; x64; rv:79.0) Gecko/20100101 Firefox/79.0"
67.205.20.204 - - [24/Nov/2024:07:12:02 +0800] "POST /xmlrpc.php HTTP/1.1" 200 4452 "-" "Mozilla/5.0 (Windows NT 10.0; Win64; x64; rv:79.0) Gecko/20100101 Firefox/79.0"
158.180.238.53 - - [24/Nov/2024:07:12:03 +0800] "POST /xmlrpc.php HTTP/1.1" 200 4453 "-" "Mozilla/5.0 (Windows NT 6.1; Win64; x64) AppleWebKit/537.36 (KHTML, like Gecko) Chrome/79.0.3945.88 Safari/537.36"
158.180.238.53 - - [24/Nov/2024:07:12:05 +0800] "POST /xmlrpc.php HTTP/1.1" 200 4453 "-" "Mozilla/5.0 (Windows NT 6.1; Win64; x64) AppleWebKit/537.36 (KHTML, like Gecko) Chrome/79.0.3945.88 Safari/537.36"
114.119.136.188 - - [24/Nov/2024:07:12:29 +0800] "GET /robots.txt HTTP/1.1" 301 597 "-" "Mozilla/5.0 (compatible;PetalBot;+https://webmaster.petalsearch.com/site/petalbot)"
114.119.136.188 - - [24/Nov/2024:07:12:29 +0800] "GET /robots.txt HTTP/1.1" 200 4166 "-" "Mozilla/5.0 (compatible;PetalBot;+https://webmaster.petalsearch.com/site/petalbot)"
194.74.100.18 - - [24/Nov/2024:07:12:31 +0800] "POST /xmlrpc.php HTTP/1.1" 200 3984 "-" "Mozilla/5.0 (Windows NT 10.0; Win64; x64) AppleWebKit/537.36 (KHTML, like Gecko) Chrome/67.0.3396.99 Safari/537.36"
194.74.100.18 - - [24/Nov/2024:07:12:34 +0800] "POST /xmlrpc.php HTTP/1.1" 200 3984 "-" "Mozilla/5.0 (Windows NT 10.0; Win64; x64) AppleWebKit/537.36 (KHTML, like Gecko) Chrome/67.0.3396.99 Safari/537.36"
111.253.210.181 - - [24/Nov/2024:07:13:09 +0800] "-" 408 3742 "-" "-"
220.135.127.108 - - [24/Nov/2024:07:19:14 +0800] "POST /wp-cron.php?doing_wp_cron=1732403954.3184731006622314453125 HTTP/1.1" 200 4035 "-" "WordPress/6.7.1; https://www.bio-power.tw"
222.222.177.218 - - [24/Nov/2024:07:19:13 +0800] "GET /config.php HTTP/1.0" 404 77014 "-" "xfa1"
113.24.225.203 - - [24/Nov/2024:07:20:18 +0800] "GET /favicon.ico HTTP/1.1" 301 562 "-" "Mozilla/5.0 (Windows NT 10.0; WOW64) AppleWebKit/537.36 (KHTML, like Gecko) Chrome/48.0.2564.116 Safari/537.36"
113.24.225.9 - - [24/Nov/2024:07:20:18 +0800] "GET /favicon.ico HTTP/1.1" 302 3455 "-" "Mozilla/5.0 (Windows NT 10.0; WOW64) AppleWebKit/537.36 (KHTML, like Gecko) Chrome/48.0.2564.116 Safari/537.36"
113.24.225.75 - - [24/Nov/2024:07:20:20 +0800] "GET /wp-includes/images/w-logo-blue-white-bg.png HTTP/1.1" 200 7509 "-" "Mozilla/5.0 (Windows NT 10.0; WOW64) AppleWebKit/537.36 (KHTML, like Gecko) Chrome/48.0.2564.116 Safari/537.36"
45.156.129.111 - - [24/Nov/2024:07:30:04 +0800] "GET / HTTP/1.1" 301 509 "-" "Mozilla/5.0 (Windows NT 10.0; Win64; x64) AppleWebKit/537.36 (KHTML, like Gecko) Chrome/60.0.3112.113 Safari/537.36"
220.135.127.108 - - [24/Nov/2024:07:30:07 +0800] "POST /wp-cron.php?doing_wp_cron=1732404607.4362521171569824218750 HTTP/1.1" 200 4035 "-" "WordPress/6.7.1; https://www.bio-power.tw"
45.156.129.110 - - [24/Nov/2024:07:30:05 +0800] "GET / HTTP/1.1" 301 3336 "http://bio-power.tw/" "Mozilla/5.0 (Windows NT 10.0; Win64; x64) AppleWebKit/537.36 (KHTML, like Gecko) Chrome/60.0.3112.113 Safari/537.36"
45.156.129.110 - - [24/Nov/2024:07:30:09 +0800] "GET / HTTP/1.1" 200 30087 "https://bio-power.tw/" "Mozilla/5.0 (Windows NT 10.0; Win64; x64) AppleWebKit/537.36 (KHTML, like Gecko) Chrome/60.0.3112.113 Safari/537.36"
222.222.177.218 - - [24/Nov/2024:07:30:14 +0800] "GET / HTTP/1.0" 400 622 "-" "-"
45.156.129.112 - - [24/Nov/2024:07:30:21 +0800] "GET /license.txt HTTP/1.1" 301 531 "-" "Mozilla/5.0 (Windows NT 10.0; Win64; x64) AppleWebKit/537.36 (KHTML, like Gecko) Chrome/60.0.3112.113 Safari/537.36"
45.156.129.110 - - [24/Nov/2024:07:30:22 +0800] "GET /license.txt HTTP/1.1" 200 10750 "http://bio-power.tw/license.txt" "Mozilla/5.0 (Windows NT 10.0; Win64; x64) AppleWebKit/537.36 (KHTML, like Gecko) Chrome/60.0.3112.113 Safari/537.36"
45.156.129.110 - - [24/Nov/2024:07:30:30 +0800] "GET /wp-content/plugins/iwp-client/readme.txt HTTP/1.1" 301 589 "-" "Mozilla/5.0 (Windows NT 10.0; Win64; x64) AppleWebKit/537.36 (KHTML, like Gecko) Chrome/60.0.3112.113 Safari/537.36"
45.156.129.111 - - [24/Nov/2024:07:30:31 +0800] "GET /wp-content/plugins/iwp-client/readme.txt HTTP/1.1" 301 3469 "http://bio-power.tw/wp-content/plugins/iwp-client/readme.txt" "Mozilla/5.0 (Windows NT 10.0; Win64; x64) AppleWebKit/537.36 (KHTML, like Gecko) Chrome/60.0.3112.113 Safari/537.36"
45.156.129.110 - - [24/Nov/2024:07:30:36 +0800] "GET /wp-content/plugins/iwp-client/readme.txt HTTP/1.1" 404 76696 "https://bio-power.tw/wp-content/plugins/iwp-client/readme.txt" "Mozilla/5.0 (Windows NT 10.0; Win64; x64) AppleWebKit/537.36 (KHTML, like Gecko) Chrome/60.0.3112.113 Safari/537.36"
45.156.129.111 - - [24/Nov/2024:07:30:42 +0800] "GET /wp-content/plugins/elementor/readme.txt HTTP/1.1" 301 587 "-" "Mozilla/5.0 (Windows NT 10.0; Win64; x64) AppleWebKit/537.36 (KHTML, like Gecko) Chrome/60.0.3112.113 Safari/537.36"
45.156.129.112 - - [24/Nov/2024:07:30:43 +0800] "GET /wp-content/plugins/elementor/readme.txt HTTP/1.1" 301 3468 "http://bio-power.tw/wp-content/plugins/elementor/readme.txt" "Mozilla/5.0 (Windows NT 10.0; Win64; x64) AppleWebKit/537.36 (KHTML, like Gecko) Chrome/60.0.3112.113 Safari/537.36"
45.156.129.112 - - [24/Nov/2024:07:30:46 +0800] "GET /wp-content/plugins/elementor/readme.txt HTTP/1.1" 404 76696 "https://bio-power.tw/wp-content/plugins/elementor/readme.txt" "Mozilla/5.0 (Windows NT 10.0; Win64; x64) AppleWebKit/537.36 (KHTML, like Gecko) Chrome/60.0.3112.113 Safari/537.36"
45.156.129.113 - - [24/Nov/2024:07:30:53 +0800] "GET /wp-content/plugins/wp-time-capsule/readme.txt HTTP/1.1" 301 599 "-" "Mozilla/5.0 (Windows NT 10.0; Win64; x64) AppleWebKit/537.36 (KHTML, like Gecko) Chrome/60.0.3112.113 Safari/537.36"
45.156.129.110 - - [24/Nov/2024:07:30:54 +0800] "GET /wp-content/plugins/wp-time-capsule/readme.txt HTTP/1.1" 301 3474 "http://bio-power.tw/wp-content/plugins/wp-time-capsule/readme.txt" "Mozilla/5.0 (Windows NT 10.0; Win64; x64) AppleWebKit/537.36 (KHTML, like Gecko) Chrome/60.0.3112.113 Safari/537.36"
45.156.129.112 - - [24/Nov/2024:07:30:56 +0800] "GET /wp-content/plugins/wp-time-capsule/readme.txt HTTP/1.1" 404 76696 "https://bio-power.tw/wp-content/plugins/wp-time-capsule/readme.txt" "Mozilla/5.0 (Windows NT 10.0; Win64; x64) AppleWebKit/537.36 (KHTML, like Gecko) Chrome/60.0.3112.113 Safari/537.36"
45.156.129.110 - - [24/Nov/2024:07:31:06 +0800] "GET /wp-content/plugins/bbpress/readme.txt HTTP/1.1" 301 583 "-" "Mozilla/5.0 (Windows NT 10.0; Win64; x64) AppleWebKit/537.36 (KHTML, like Gecko) Chrome/60.0.3112.113 Safari/537.36"
45.156.129.113 - - [24/Nov/2024:07:31:07 +0800] "GET /wp-content/plugins/bbpress/readme.txt HTTP/1.1" 301 3466 "http://bio-power.tw/wp-content/plugins/bbpress/readme.txt" "Mozilla/5.0 (Windows NT 10.0; Win64; x64) AppleWebKit/537.36 (KHTML, like Gecko) Chrome/60.0.3112.113 Safari/537.36"
45.156.129.112 - - [24/Nov/2024:07:31:10 +0800] "GET /wp-content/plugins/bbpress/readme.txt HTTP/1.1" 404 76696 "https://bio-power.tw/wp-content/plugins/bbpress/readme.txt" "Mozilla/5.0 (Windows NT 10.0; Win64; x64) AppleWebKit/537.36 (KHTML, like Gecko) Chrome/60.0.3112.113 Safari/537.36"
45.156.129.113 - - [24/Nov/2024:07:31:16 +0800] "GET /wp-content/plugins/code-snippets/readme.txt HTTP/1.1" 301 595 "-" "Mozilla/5.0 (Windows NT 10.0; Win64; x64) AppleWebKit/537.36 (KHTML, like Gecko) Chrome/60.0.3112.113 Safari/537.36"
45.156.129.110 - - [24/Nov/2024:07:31:17 +0800] "GET /wp-content/plugins/code-snippets/readme.txt HTTP/1.1" 301 3472 "http://bio-power.tw/wp-content/plugins/code-snippets/readme.txt" "Mozilla/5.0 (Windows NT 10.0; Win64; x64) AppleWebKit/537.36 (KHTML, like Gecko) Chrome/60.0.3112.113 Safari/537.36"
45.156.129.111 - - [24/Nov/2024:07:31:19 +0800] "GET /wp-content/plugins/code-snippets/readme.txt HTTP/1.1" 404 76696 "https://bio-power.tw/wp-content/plugins/code-snippets/readme.txt" "Mozilla/5.0 (Windows NT 10.0; Win64; x64) AppleWebKit/537.36 (KHTML, like Gecko) Chrome/60.0.3112.113 Safari/537.36"
45.156.129.113 - - [24/Nov/2024:07:31:28 +0800] "GET /wp-content/plugins/wp-central/readme.txt HTTP/1.1" 301 589 "-" "Mozilla/5.0 (Windows NT 10.0; Win64; x64) AppleWebKit/537.36 (KHTML, like Gecko) Chrome/60.0.3112.113 Safari/537.36"
45.156.129.111 - - [24/Nov/2024:07:31:29 +0800] "GET /wp-content/plugins/wp-central/readme.txt HTTP/1.1" 301 3469 "http://bio-power.tw/wp-content/plugins/wp-central/readme.txt" "Mozilla/5.0 (Windows NT 10.0; Win64; x64) AppleWebKit/537.36 (KHTML, like Gecko) Chrome/60.0.3112.113 Safari/537.36"
45.156.129.112 - - [24/Nov/2024:07:31:31 +0800] "GET /wp-content/plugins/wp-central/readme.txt HTTP/1.1" 404 76696 "https://bio-power.tw/wp-content/plugins/wp-central/readme.txt" "Mozilla/5.0 (Windows NT 10.0; Win64; x64) AppleWebKit/537.36 (KHTML, like Gecko) Chrome/60.0.3112.113 Safari/537.36"
45.156.129.113 - - [24/Nov/2024:07:31:38 +0800] "GET /wp-content/plugins/wp-user-avatar/readme.txt HTTP/1.1" 301 597 "-" "Mozilla/5.0 (Windows NT 10.0; Win64; x64) AppleWebKit/537.36 (KHTML, like Gecko) Chrome/60.0.3112.113 Safari/537.36"
45.156.129.110 - - [24/Nov/2024:07:31:39 +0800] "GET /wp-content/plugins/wp-user-avatar/readme.txt HTTP/1.1" 301 3473 "http://bio-power.tw/wp-content/plugins/wp-user-avatar/readme.txt" "Mozilla/5.0 (Windows NT 10.0; Win64; x64) AppleWebKit/537.36 (KHTML, like Gecko) Chrome/60.0.3112.113 Safari/537.36"
45.156.129.110 - - [24/Nov/2024:07:31:42 +0800] "GET /wp-content/plugins/wp-user-avatar/readme.txt HTTP/1.1" 404 76696 "https://bio-power.tw/wp-content/plugins/wp-user-avatar/readme.txt" "Mozilla/5.0 (Windows NT 10.0; Win64; x64) AppleWebKit/537.36 (KHTML, like Gecko) Chrome/60.0.3112.113 Safari/537.36"
45.156.129.111 - - [24/Nov/2024:07:31:51 +0800] "GET /wp-content/plugins/wpschoolpress/readme.txt HTTP/1.1" 301 595 "-" "Mozilla/5.0 (Windows NT 10.0; Win64; x64) AppleWebKit/537.36 (KHTML, like Gecko) Chrome/60.0.3112.113 Safari/537.36"
220.135.127.108 - - [24/Nov/2024:07:31:52 +0800] "POST /wp-cron.php?doing_wp_cron=1732404712.5700600147247314453125 HTTP/1.1" 200 4035 "-" "WordPress/6.7.1; https://www.bio-power.tw"
45.156.129.110 - - [24/Nov/2024:07:31:52 +0800] "GET /wp-content/plugins/wpschoolpress/readme.txt HTTP/1.1" 301 3472 "http://bio-power.tw/wp-content/plugins/wpschoolpress/readme.txt" "Mozilla/5.0 (Windows NT 10.0; Win64; x64) AppleWebKit/537.36 (KHTML, like Gecko) Chrome/60.0.3112.113 Safari/537.36"
45.156.129.113 - - [24/Nov/2024:07:31:54 +0800] "GET /wp-content/plugins/wpschoolpress/readme.txt HTTP/1.1" 404 76696 "https://bio-power.tw/wp-content/plugins/wpschoolpress/readme.txt" "Mozilla/5.0 (Windows NT 10.0; Win64; x64) AppleWebKit/537.36 (KHTML, like Gecko) Chrome/60.0.3112.113 Safari/537.36"
45.156.129.111 - - [24/Nov/2024:07:32:04 +0800] "GET /wp-content/plugins/optinmonster/readme.txt HTTP/1.1" 301 593 "-" "Mozilla/5.0 (Windows NT 10.0; Win64; x64) AppleWebKit/537.36 (KHTML, like Gecko) Chrome/60.0.3112.113 Safari/537.36"
45.156.129.111 - - [24/Nov/2024:07:32:05 +0800] "GET /wp-content/plugins/optinmonster/readme.txt HTTP/1.1" 301 3471 "http://bio-power.tw/wp-content/plugins/optinmonster/readme.txt" "Mozilla/5.0 (Windows NT 10.0; Win64; x64) AppleWebKit/537.36 (KHTML, like Gecko) Chrome/60.0.3112.113 Safari/537.36"
45.156.129.111 - - [24/Nov/2024:07:32:07 +0800] "GET /wp-content/plugins/optinmonster/readme.txt HTTP/1.1" 404 76696 "https://bio-power.tw/wp-content/plugins/optinmonster/readme.txt" "Mozilla/5.0 (Windows NT 10.0; Win64; x64) AppleWebKit/537.36 (KHTML, like Gecko) Chrome/60.0.3112.113 Safari/537.36"
45.156.129.113 - - [24/Nov/2024:07:32:20 +0800] "GET /wp-content/plugins/kingcomposer/readme.txt HTTP/1.1" 301 593 "-" "Mozilla/5.0 (Windows NT 10.0; Win64; x64) AppleWebKit/537.36 (KHTML, like Gecko) Chrome/60.0.3112.113 Safari/537.36"
45.156.129.110 - - [24/Nov/2024:07:32:21 +0800] "GET /wp-content/plugins/kingcomposer/readme.txt HTTP/1.1" 301 3471 "http://bio-power.tw/wp-content/plugins/kingcomposer/readme.txt" "Mozilla/5.0 (Windows NT 10.0; Win64; x64) AppleWebKit/537.36 (KHTML, like Gecko) Chrome/60.0.3112.113 Safari/537.36"
45.156.129.113 - - [24/Nov/2024:07:32:24 +0800] "GET /wp-content/plugins/kingcomposer/readme.txt HTTP/1.1" 404 76696 "https://bio-power.tw/wp-content/plugins/kingcomposer/readme.txt" "Mozilla/5.0 (Windows NT 10.0; Win64; x64) AppleWebKit/537.36 (KHTML, like Gecko) Chrome/60.0.3112.113 Safari/537.36"
45.156.129.110 - - [24/Nov/2024:07:32:30 +0800] "GET /wp-content/plugins/wp-fastest-cache/readme.txt HTTP/1.1" 301 601 "-" "Mozilla/5.0 (Windows NT 10.0; Win64; x64) AppleWebKit/537.36 (KHTML, like Gecko) Chrome/60.0.3112.113 Safari/537.36"
45.156.129.112 - - [24/Nov/2024:07:32:31 +0800] "GET /wp-content/plugins/wp-fastest-cache/readme.txt HTTP/1.1" 301 3475 "http://bio-power.tw/wp-content/plugins/wp-fastest-cache/readme.txt" "Mozilla/5.0 (Windows NT 10.0; Win64; x64) AppleWebKit/537.36 (KHTML, like Gecko) Chrome/60.0.3112.113 Safari/537.36"
45.156.129.110 - - [24/Nov/2024:07:32:33 +0800] "GET /wp-content/plugins/wp-fastest-cache/readme.txt HTTP/1.1" 404 76696 "https://bio-power.tw/wp-content/plugins/wp-fastest-cache/readme.txt" "Mozilla/5.0 (Windows NT 10.0; Win64; x64) AppleWebKit/537.36 (KHTML, like Gecko) Chrome/60.0.3112.113 Safari/537.36"
45.156.129.111 - - [24/Nov/2024:07:32:42 +0800] "GET /wp-content/plugins/wp-video-lightbox/readme.txt HTTP/1.1" 301 603 "-" "Mozilla/5.0 (Windows NT 10.0; Win64; x64) AppleWebKit/537.36 (KHTML, like Gecko) Chrome/60.0.3112.113 Safari/537.36"
220.135.127.108 - - [24/Nov/2024:07:32:43 +0800] "POST /wp-cron.php?doing_wp_cron=1732404763.7986259460449218750000 HTTP/1.1" 200 4035 "-" "WordPress/6.7.1; https://www.bio-power.tw"
45.156.129.112 - - [24/Nov/2024:07:32:43 +0800] "GET /wp-content/plugins/wp-video-lightbox/readme.txt HTTP/1.1" 301 3476 "http://bio-power.tw/wp-content/plugins/wp-video-lightbox/readme.txt" "Mozilla/5.0 (Windows NT 10.0; Win64; x64) AppleWebKit/537.36 (KHTML, like Gecko) Chrome/60.0.3112.113 Safari/537.36"
45.156.129.113 - - [24/Nov/2024:07:32:45 +0800] "GET /wp-content/plugins/wp-video-lightbox/readme.txt HTTP/1.1" 404 76696 "https://bio-power.tw/wp-content/plugins/wp-video-lightbox/readme.txt" "Mozilla/5.0 (Windows NT 10.0; Win64; x64) AppleWebKit/537.36 (KHTML, like Gecko) Chrome/60.0.3112.113 Safari/537.36"
45.156.129.113 - - [24/Nov/2024:07:32:55 +0800] "GET /wp-content/plugins/wordpress-database-reset/readme.txt HTTP/1.1" 301 617 "-" "Mozilla/5.0 (Windows NT 10.0; Win64; x64) AppleWebKit/537.36 (KHTML, like Gecko) Chrome/60.0.3112.113 Safari/537.36"
45.156.129.113 - - [24/Nov/2024:07:32:56 +0800] "GET /wp-content/plugins/wordpress-database-reset/readme.txt HTTP/1.1" 301 3483 "http://bio-power.tw/wp-content/plugins/wordpress-database-reset/readme.txt" "Mozilla/5.0 (Windows NT 10.0; Win64; x64) AppleWebKit/537.36 (KHTML, like Gecko) Chrome/60.0.3112.113 Safari/537.36"
45.156.129.112 - - [24/Nov/2024:07:32:58 +0800] "GET /wp-content/plugins/wordpress-database-reset/readme.txt HTTP/1.1" 404 76696 "https://bio-power.tw/wp-content/plugins/wordpress-database-reset/readme.txt" "Mozilla/5.0 (Windows NT 10.0; Win64; x64) AppleWebKit/537.36 (KHTML, like Gecko) Chrome/60.0.3112.113 Safari/537.36"
45.156.129.111 - - [24/Nov/2024:07:33:06 +0800] "GET /wp-content/plugins/fancy-product-designer/readme.txt HTTP/1.1" 301 613 "-" "Mozilla/5.0 (Windows NT 10.0; Win64; x64) AppleWebKit/537.36 (KHTML, like Gecko) Chrome/60.0.3112.113 Safari/537.36"
45.156.129.111 - - [24/Nov/2024:07:33:07 +0800] "GET /wp-content/plugins/fancy-product-designer/readme.txt HTTP/1.1" 301 3481 "http://bio-power.tw/wp-content/plugins/fancy-product-designer/readme.txt" "Mozilla/5.0 (Windows NT 10.0; Win64; x64) AppleWebKit/537.36 (KHTML, like Gecko) Chrome/60.0.3112.113 Safari/537.36"
45.156.129.112 - - [24/Nov/2024:07:33:09 +0800] "GET /wp-content/plugins/fancy-product-designer/readme.txt HTTP/1.1" 404 76696 "https://bio-power.tw/wp-content/plugins/fancy-product-designer/readme.txt" "Mozilla/5.0 (Windows NT 10.0; Win64; x64) AppleWebKit/537.36 (KHTML, like Gecko) Chrome/60.0.3112.113 Safari/537.36"
45.156.129.113 - - [24/Nov/2024:07:33:19 +0800] "GET / HTTP/1.1" 301 509 "-" "Mozilla/5.0 (Windows NT 10.0; Win64; x64) AppleWebKit/537.36 (KHTML, like Gecko) Chrome/60.0.3112.113 Safari/537.36"
45.156.129.111 - - [24/Nov/2024:07:33:21 +0800] "GET /aspera/faspex/ HTTP/1.1" 301 537 "-" "Mozilla/5.0 (Windows NT 10.0; Win64; x64) AppleWebKit/537.36 (KHTML, like Gecko) Chrome/60.0.3112.113 Safari/537.36"
45.156.129.110 - - [24/Nov/2024:07:33:21 +0800] "GET /favicon.ico HTTP/1.1" 301 587 "-" "Mozilla/5.0 (Windows NT 10.0; WOW64) AppleWebKit/537.36 (KHTML, like Gecko) Chrome/66.0.3359.117 Safari/537.36"
45.156.129.110 - - [24/Nov/2024:07:33:22 +0800] "GET /favicon.ico HTTP/1.1" 302 4157 "-" "Mozilla/5.0 (Windows NT 10.0; WOW64) AppleWebKit/537.36 (KHTML, like Gecko) Chrome/66.0.3359.117 Safari/537.36"
45.156.129.110 - - [24/Nov/2024:07:33:25 +0800] "GET /wp-includes/images/w-logo-blue-white-bg.png HTTP/1.1" 200 8204 "-" "Mozilla/5.0 (Windows NT 10.0; WOW64) AppleWebKit/537.36 (KHTML, like Gecko) Chrome/66.0.3359.117 Safari/537.36"
3.147.51.75 - - [24/Nov/2024:07:36:45 +0800] "-" 408 3754 "-" "-"
220.135.127.108 - - [24/Nov/2024:08:03:55 +0800] "POST /wp-cron.php?doing_wp_cron=1732406635.0758008956909179687500 HTTP/1.1" 200 4035 "-" "WordPress/6.7.1; https://www.bio-power.tw"
204.188.228.157 - - [24/Nov/2024:08:03:53 +0800] "GET /.env HTTP/1.1" 404 76746 "-" "Mozilla/5.0 Keydrop"
204.188.228.157 - - [24/Nov/2024:08:03:56 +0800] "GET / HTTP/1.0" 400 622 "-" "-"
52.189.76.43 - - [24/Nov/2024:08:05:08 +0800] "GET /autodiscover/autodiscover.json?@zdi/Powershell HTTP/1.1" 404 76746 "-" "Mozilla/5.0 zgrab/0.x"
220.135.127.108 - - [24/Nov/2024:08:08:21 +0800] "POST /wp-cron.php?doing_wp_cron=1732406901.1886379718780517578125 HTTP/1.1" 200 4035 "-" "WordPress/6.7.1; https://www.bio-power.tw"
222.222.177.218 - - [24/Nov/2024:08:08:19 +0800] "GET /recordings/index.php HTTP/1.0" 301 4032 "-" "xfa1"
220.135.127.108 - - [24/Nov/2024:08:22:58 +0800] "POST /wp-cron.php?doing_wp_cron=1732407778.2295908927917480468750 HTTP/1.1" 200 4035 "-" "WordPress/6.7.1; https://www.bio-power.tw"
5.255.231.45 - - [24/Nov/2024:08:22:57 +0800] "GET /robots.txt HTTP/1.1" 200 4238 "-" "Mozilla/5.0 (compatible; YandexBot/3.0; +http://yandex.com/bots)"
213.180.203.158 - - [24/Nov/2024:08:22:59 +0800] "GET /sitemap-1.xml HTTP/1.1" 200 4589 "-" "Mozilla/5.0 (compatible; YandexBot/3.0; +http://yandex.com/bots)"
222.222.177.218 - - [24/Nov/2024:08:23:23 +0800] "GET / HTTP/1.0" 400 622 "-" "-"
5.255.231.181 - - [24/Nov/2024:08:24:30 +0800] "GET /image-sitemap-1.xml HTTP/1.1" 200 4873 "-" "Mozilla/5.0 (compatible; YandexBot/3.0; +http://yandex.com/bots)"
223.109.252.202 - - [24/Nov/2024:08:25:42 +0800] "GET / HTTP/1.1" 200 30721 "-" "Sogou web spider/4.0(+http://www.sogou.com/docs/help/webmasters.htm#07)"
114.137.189.129 - - [24/Nov/2024:08:27:25 +0800] "-" 408 3742 "-" "-"
220.135.127.108 - - [24/Nov/2024:08:30:54 +0800] "POST /wp-cron.php?doing_wp_cron=1732408254.7636859416961669921875 HTTP/1.1" 200 4035 "-" "WordPress/6.7.1; https://www.bio-power.tw"
114.119.158.196 - - [24/Nov/2024:08:30:51 +0800] "GET /?page_id=28 HTTP/1.1" 301 4087 "https://www.bio-power.tw/?page_id=42" "Mozilla/5.0 (Linux; Android 7.0;) AppleWebKit/537.36 (KHTML, like Gecko) Mobile Safari/537.36 (compatible; PetalBot;+https://webmaster.petalsearch.com/site/petalbot)"
114.119.158.196 - - [24/Nov/2024:08:30:55 +0800] "GET /%E7%94%9F%E7%89%A9%E7%A7%91%E6%8A%80%E7%9A%84%E5%89%B5%E6%96%B0%E6%87%89%E7%94%A8/ HTTP/1.1" 200 29532 "https://www.bio-power.tw/?page_id=42" "Mozilla/5.0 (Linux; Android 7.0;) AppleWebKit/537.36 (KHTML, like Gecko) Mobile Safari/537.36 (compatible; PetalBot;+https://webmaster.petalsearch.com/site/petalbot)"
39.12.58.162 - - [24/Nov/2024:08:41:23 +0800] "-" 408 563 "-" "-"
112.86.225.159 - - [24/Nov/2024:08:41:51 +0800] "GET / HTTP/1.1" 301 540 "-" "Sogou web spider/4.0(+http://www.sogou.com/docs/help/webmasters.htm#07)"
220.135.127.108 - - [24/Nov/2024:08:41:53 +0800] "POST /wp-cron.php?doing_wp_cron=1732408913.5149369239807128906250 HTTP/1.1" 200 4035 "-" "WordPress/6.7.1; https://www.bio-power.tw"
112.86.225.159 - - [24/Nov/2024:08:41:51 +0800] "GET / HTTP/1.1" 200 30721 "-" "Sogou web spider/4.0(+http://www.sogou.com/docs/help/webmasters.htm#07)"
209.38.27.248 - - [24/Nov/2024:08:42:04 +0800] "GET /.git/config HTTP/1.1" 404 77323 "-" "Mozilla/5.0 (X11; Linux x86_64) AppleWebKit/537.36 (KHTML, like Gecko) Chrome/81.0.4044.129 Safari/537.36"
39.12.58.162 - - [24/Nov/2024:08:42:25 +0800] "-" 408 563 "-" "-"
39.12.58.162 - - [24/Nov/2024:08:42:25 +0800] "-" 408 563 "-" "-"
39.12.58.162 - - [24/Nov/2024:08:43:25 +0800] "-" 408 563 "-" "-"
39.12.58.162 - - [24/Nov/2024:08:43:25 +0800] "-" 408 563 "-" "-"
39.12.58.162 - - [24/Nov/2024:08:44:25 +0800] "-" 408 563 "-" "-"
39.12.58.162 - - [24/Nov/2024:08:44:25 +0800] "-" 408 563 "-" "-"
39.12.58.162 - - [24/Nov/2024:08:45:25 +0800] "-" 408 563 "-" "-"
39.12.58.162 - - [24/Nov/2024:08:45:25 +0800] "-" 408 563 "-" "-"
220.135.127.108 - - [24/Nov/2024:08:45:34 +0800] "POST /wp-cron.php?doing_wp_cron=1732409134.8763461112976074218750 HTTP/1.1" 200 4035 "-" "WordPress/6.7.1; https://www.bio-power.tw"
46.101.104.226 - - [24/Nov/2024:08:45:33 +0800] "GET / HTTP/1.1" 301 3918 "-" "Mozilla/5.0 (X11; Linux x86_64) AppleWebKit/537.36 (KHTML, like Gecko) Chrome/129.0.0.0 Safari/537.36"
143.244.168.161 - - [24/Nov/2024:08:54:32 +0800] "GET / HTTP/1.1" 400 4180 "-" "-"
220.135.127.108 - - [24/Nov/2024:08:54:38 +0800] "POST /wp-cron.php?doing_wp_cron=1732409678.7796900272369384765625 HTTP/1.1" 200 4035 "-" "WordPress/6.7.1; https://www.bio-power.tw"
143.244.168.161 - - [24/Nov/2024:08:54:37 +0800] "GET / HTTP/1.1" 301 3937 "-" "Mozilla/5.0 (Linux; Android 6.0; HTC One M9 Build/MRA870934) AppleWebKit/537.36 (KHTML, like Gecko) Chrome/52.0.3699.98 Mobile Safari/537.3"
143.244.168.161 - - [24/Nov/2024:08:54:40 +0800] "GET /server HTTP/1.1" 404 77239 "-" "Go-http-client/1.1"
143.244.168.161 - - [24/Nov/2024:08:54:41 +0800] "GET /.vscode/sftp.json HTTP/1.1" 404 74080 "-" "Go-http-client/1.1"
143.244.168.161 - - [24/Nov/2024:08:54:42 +0800] "GET /about HTTP/1.1" 404 74080 "-" "Go-http-client/1.1"
143.244.168.161 - - [24/Nov/2024:08:54:42 +0800] "GET /debug/default/view?panel=config HTTP/1.1" 404 74080 "-" "Go-http-client/1.1"
143.244.168.161 - - [24/Nov/2024:08:54:44 +0800] "GET /v2/_catalog HTTP/1.1" 404 74080 "-" "Go-http-client/1.1"
143.244.168.161 - - [24/Nov/2024:08:54:45 +0800] "GET /ecp/Current/exporttool/microsoft.exchange.ediscovery.exporttool.application HTTP/1.1" 404 74080 "-" "Go-http-client/1.1"
143.244.168.161 - - [24/Nov/2024:08:54:45 +0800] "GET /server-status HTTP/1.1" 403 995 "-" "Go-http-client/1.1"
143.244.168.161 - - [24/Nov/2024:08:54:46 +0800] "GET /login.action HTTP/1.1" 404 74080 "-" "Go-http-client/1.1"
143.244.168.161 - - [24/Nov/2024:08:54:47 +0800] "GET /_all_dbs HTTP/1.1" 404 74080 "-" "Mozilla/5.0 (l9scan/2.0.830313e2732313e2533313e2032323; +https://leakix.net)"
143.244.168.161 - - [24/Nov/2024:08:54:48 +0800] "GET /.DS_Store HTTP/1.1" 404 74080 "-" "Go-http-client/1.1"
143.244.168.161 - - [24/Nov/2024:08:54:49 +0800] "GET /.env HTTP/1.1" 404 74080 "-" "Go-http-client/1.1"
143.244.168.161 - - [24/Nov/2024:08:54:50 +0800] "GET /.git/config HTTP/1.1" 404 74080 "-" "Go-http-client/1.1"
143.244.168.161 - - [24/Nov/2024:08:54:51 +0800] "GET /s/830313e2732313e2533313e2032323/_/;/META-INF/maven/com.atlassian.jira/jira-webapp-dist/pom.properties HTTP/1.1" 404 74080 "-" "Go-http-client/1.1"
143.244.168.161 - - [24/Nov/2024:08:54:52 +0800] "GET /config.json HTTP/1.1" 404 74080 "-" "Go-http-client/1.1"
143.244.168.161 - - [24/Nov/2024:08:54:53 +0800] "GET /telescope/requests HTTP/1.1" 404 74080 "-" "Go-http-client/1.1"
143.244.168.161 - - [24/Nov/2024:08:54:53 +0800] "GET /?rest_route=/wp/v2/users/ HTTP/1.1" 200 1693 "-" "Go-http-client/1.1"
220.135.127.108 - - [24/Nov/2024:08:58:37 +0800] "POST /wp-cron.php?doing_wp_cron=1732409917.7554280757904052734375 HTTP/1.1" 200 4035 "-" "WordPress/6.7.1; https://www.bio-power.tw"
220.135.127.108 - - [24/Nov/2024:08:58:38 +0800] "POST /wp-cron.php?doing_wp_cron=1732409917.7554280757904052734375 HTTP/1.1" 200 4035 "-" "WordPress/6.7.1; https://www.bio-power.tw"
193.3.231.146 - - [24/Nov/2024:08:58:36 +0800] "POST /xmlrpc.php HTTP/1.1" 200 4452 "-" "Mozilla/5.0 (Linux; Android 10; SM-A102U) AppleWebKit/537.36 (KHTML, like Gecko) Chrome/91.0.4472.114 Mobile Safari/537.36"
66.29.141.44 - - [24/Nov/2024:08:58:37 +0800] "POST /xmlrpc.php HTTP/1.1" 200 4451 "-" "Mozilla/5.0 (Windows NT 6.1; WOW64) AppleWebKit/537.1 (KHTML, like Gecko) Chrome/21.0.1180.83 Safari/537.1"
66.29.141.44 - - [24/Nov/2024:08:58:40 +0800] "POST /xmlrpc.php HTTP/1.1" 200 4451 "-" "Mozilla/5.0 (Windows NT 6.1; WOW64) AppleWebKit/537.1 (KHTML, like Gecko) Chrome/21.0.1180.83 Safari/537.1"
193.3.231.146 - - [24/Nov/2024:08:58:40 +0800] "POST /xmlrpc.php HTTP/1.1" 200 4452 "-" "Mozilla/5.0 (Linux; Android 10; SM-A102U) AppleWebKit/537.36 (KHTML, like Gecko) Chrome/91.0.4472.114 Mobile Safari/537.36"
103.152.79.3 - - [24/Nov/2024:08:58:52 +0800] "POST /xmlrpc.php HTTP/1.1" 200 4451 "-" "Mozilla/5.0 (Windows NT 10.0; Win64; x64; rv:88.0) Gecko/20100101 Firefox/88.0"
103.152.79.3 - - [24/Nov/2024:08:58:54 +0800] "POST /xmlrpc.php HTTP/1.1" 200 4451 "-" "Mozilla/5.0 (Windows NT 10.0; Win64; x64; rv:88.0) Gecko/20100101 Firefox/88.0"
150.107.201.125 - - [24/Nov/2024:08:58:59 +0800] "POST /xmlrpc.php HTTP/1.1" 200 4454 "-" "Mozilla/5.0 (Windows NT 6.1; Win64; x64) AppleWebKit/537.36 (KHTML, like Gecko) Chrome/74.0.3729.169 Safari/537.36"
150.107.201.125 - - [24/Nov/2024:08:59:03 +0800] "POST /xmlrpc.php HTTP/1.1" 200 4454 "-" "Mozilla/5.0 (Windows NT 6.1; Win64; x64) AppleWebKit/537.36 (KHTML, like Gecko) Chrome/74.0.3729.169 Safari/537.36"
34.123.170.104 - - [24/Nov/2024:08:59:14 +0800] "GET / HTTP/1.1" 301 4021 "-" "Mozilla/5.0 (X11; Linux x86_64) AppleWebKit/537.36 (KHTML, like Gecko) HeadlessChrome/125.0.6422.60 Safari/537.36"
205.169.39.8 - - [24/Nov/2024:08:59:15 +0800] "GET / HTTP/1.1" 301 4021 "https://bing.com/" "Mozilla/5.0 (Windows NT 10.0; Win64; x64) AppleWebKit/537.36 (KHTML, like Gecko) Chrome/117.0.5938.132 Safari/537.36"
34.123.170.104 - - [24/Nov/2024:08:59:16 +0800] "GET / HTTP/1.1" 200 30773 "-" "Mozilla/5.0 (X11; Linux x86_64) AppleWebKit/537.36 (KHTML, like Gecko) HeadlessChrome/125.0.6422.60 Safari/537.36"
205.169.39.8 - - [24/Nov/2024:08:59:17 +0800] "GET / HTTP/1.1" 200 30773 "https://bing.com/" "Mozilla/5.0 (Windows NT 10.0; Win64; x64) AppleWebKit/537.36 (KHTML, like Gecko) Chrome/117.0.5938.132 Safari/537.36"
34.123.170.104 - - [24/Nov/2024:08:59:17 +0800] "GET /wp-content/themes/twentyseventeen/assets/fonts/font-libre-franklin.css?ver=20230328 HTTP/1.1" 200 1113 "https://www.bio-power.tw/" "Mozilla/5.0 (X11; Linux x86_64) AppleWebKit/537.36 (KHTML, like Gecko) HeadlessChrome/125.0.6422.60 Safari/537.36"
34.123.170.104 - - [24/Nov/2024:08:59:17 +0800] "GET /wp-content/themes/twentyseventeen/style.css?ver=20241112 HTTP/1.1" 200 16377 "https://www.bio-power.tw/" "Mozilla/5.0 (X11; Linux x86_64) AppleWebKit/537.36 (KHTML, like Gecko) HeadlessChrome/125.0.6422.60 Safari/537.36"
34.123.170.104 - - [24/Nov/2024:08:59:18 +0800] "GET /wp-content/themes/twentyseventeen/assets/css/blocks.css?ver=20240729 HTTP/1.1" 200 2448 "https://www.bio-power.tw/" "Mozilla/5.0 (X11; Linux x86_64) AppleWebKit/537.36 (KHTML, like Gecko) HeadlessChrome/125.0.6422.60 Safari/537.36"
205.169.39.8 - - [24/Nov/2024:08:59:18 +0800] "GET /wp-content/themes/twentyseventeen/assets/fonts/font-libre-franklin.css?ver=20230328 HTTP/1.1" 200 1113 "https://www.bio-power.tw/" "Mozilla/5.0 (Windows NT 10.0; Win64; x64) AppleWebKit/537.36 (KHTML, like Gecko) Chrome/117.0.5938.132 Safari/537.36"
34.123.170.104 - - [24/Nov/2024:08:59:18 +0800] "GET /wp-content/themes/twentyseventeen/assets/js/global.js?ver=20211130 HTTP/1.1" 200 3055 "https://www.bio-power.tw/" "Mozilla/5.0 (X11; Linux x86_64) AppleWebKit/537.36 (KHTML, like Gecko) HeadlessChrome/125.0.6422.60 Safari/537.36"
104.197.69.115 - - [24/Nov/2024:08:59:18 +0800] "GET /wp-content/themes/twentyseventeen/assets/js/jquery.scrollTo.js?ver=2.1.3 HTTP/1.1" 200 3395 "https://www.bio-power.tw/" "Mozilla/5.0 (X11; Linux x86_64) AppleWebKit/537.36 (KHTML, like Gecko) HeadlessChrome/125.0.6422.60 Safari/537.36"
205.169.39.8 - - [24/Nov/2024:08:59:18 +0800] "GET /wp-content/themes/twentyseventeen/style.css?ver=20241112 HTTP/1.1" 200 16377 "https://www.bio-power.tw/" "Mozilla/5.0 (Windows NT 10.0; Win64; x64) AppleWebKit/537.36 (KHTML, like Gecko) Chrome/117.0.5938.132 Safari/537.36"
205.169.39.8 - - [24/Nov/2024:08:59:18 +0800] "GET /wp-content/themes/twentyseventeen/assets/css/blocks.css?ver=20240729 HTTP/1.1" 200 3012 "https://www.bio-power.tw/" "Mozilla/5.0 (Windows NT 10.0; Win64; x64) AppleWebKit/537.36 (KHTML, like Gecko) Chrome/117.0.5938.132 Safari/537.36"
205.169.39.8 - - [24/Nov/2024:08:59:18 +0800] "GET /wp-content/themes/twentyseventeen/assets/js/global.js?ver=20211130 HTTP/1.1" 200 3055 "https://www.bio-power.tw/" "Mozilla/5.0 (Windows NT 10.0; Win64; x64) AppleWebKit/537.36 (KHTML, like Gecko) Chrome/117.0.5938.132 Safari/537.36"
104.197.69.115 - - [24/Nov/2024:08:59:18 +0800] "GET /wp-includes/js/wp-emoji-release.min.js?ver=6.7.1 HTTP/1.1" 200 5479 "https://www.bio-power.tw/" "Mozilla/5.0 (X11; Linux x86_64) AppleWebKit/537.36 (KHTML, like Gecko) HeadlessChrome/125.0.6422.60 Safari/537.36"
205.169.39.8 - - [24/Nov/2024:08:59:18 +0800] "GET /wp-content/themes/twentyseventeen/assets/js/jquery.scrollTo.js?ver=2.1.3 HTTP/1.1" 200 2831 "https://www.bio-power.tw/" "Mozilla/5.0 (Windows NT 10.0; Win64; x64) AppleWebKit/537.36 (KHTML, like Gecko) Chrome/117.0.5938.132 Safari/537.36"
205.169.39.8 - - [24/Nov/2024:08:59:19 +0800] "GET /wp-includes/js/wp-emoji-release.min.js?ver=6.7.1 HTTP/1.1" 200 5479 "https://www.bio-power.tw/" "Mozilla/5.0 (Windows NT 10.0; Win64; x64) AppleWebKit/537.36 (KHTML, like Gecko) Chrome/117.0.5938.132 Safari/537.36"
104.197.69.115 - - [24/Nov/2024:08:59:19 +0800] "POST /?ob=open-bridge/events HTTP/1.1" 200 497 "https://www.bio-power.tw/" "Mozilla/5.0 (X11; Linux x86_64) AppleWebKit/537.36 (KHTML, like Gecko) HeadlessChrome/125.0.6422.60 Safari/537.36"
205.169.39.8 - - [24/Nov/2024:08:59:21 +0800] "POST /?ob=open-bridge/events HTTP/1.1" 200 497 "https://www.bio-power.tw/" "Mozilla/5.0 (Windows NT 10.0; Win64; x64) AppleWebKit/537.36 (KHTML, like Gecko) Chrome/117.0.5938.132 Safari/537.36"
144.91.65.248 - - [24/Nov/2024:08:59:21 +0800] "POST /xmlrpc.php HTTP/1.1" 200 4452 "-" "Mozilla/5.0 (X11; Linux x86_64) AppleWebKit/537.36 (KHTML, like Gecko) Chrome/91.0.4472.114 Safari/537.36"
144.91.65.248 - - [24/Nov/2024:08:59:23 +0800] "POST /xmlrpc.php HTTP/1.1" 200 4452 "-" "Mozilla/5.0 (X11; Linux x86_64) AppleWebKit/537.36 (KHTML, like Gecko) Chrome/91.0.4472.114 Safari/537.36"
69.163.182.169 - - [24/Nov/2024:08:59:23 +0800] "POST /xmlrpc.php HTTP/1.1" 200 4453 "-" "Mozilla/5.0 (Windows NT 5.1) AppleWebKit/537.36 (KHTML, like Gecko) Chrome/46.0.2490.71 Safari/537.36"
103.117.121.118 - - [24/Nov/2024:08:59:23 +0800] "POST /xmlrpc.php HTTP/1.1" 200 4031 "-" "Mozilla/5.0 (Windows NT 6.1; rv:52.0) Gecko/20100101 Firefox/52.0"
69.163.182.169 - - [24/Nov/2024:08:59:25 +0800] "POST /xmlrpc.php HTTP/1.1" 200 4453 "-" "Mozilla/5.0 (Windows NT 5.1) AppleWebKit/537.36 (KHTML, like Gecko) Chrome/46.0.2490.71 Safari/537.36"
103.117.121.118 - - [24/Nov/2024:08:59:25 +0800] "POST /xmlrpc.php HTTP/1.1" 200 4031 "-" "Mozilla/5.0 (Windows NT 6.1; rv:52.0) Gecko/20100101 Firefox/52.0"
220.158.233.157 - - [24/Nov/2024:08:59:35 +0800] "POST /xmlrpc.php HTTP/1.1" 200 4031 "-" "Mozilla/5.0 (Windows NT 10.0; Win64; x64) AppleWebKit/537.36 (KHTML, like Gecko) Chrome/88.0.4324.104 Safari/537.36"
220.158.233.157 - - [24/Nov/2024:08:59:36 +0800] "POST /xmlrpc.php HTTP/1.1" 200 4031 "-" "Mozilla/5.0 (Windows NT 10.0; Win64; x64) AppleWebKit/537.36 (KHTML, like Gecko) Chrome/88.0.4324.104 Safari/537.36"
104.197.69.115 - - [24/Nov/2024:08:59:38 +0800] "-" 408 563 "-" "-"
34.122.147.229 - - [24/Nov/2024:08:59:39 +0800] "-" 408 3754 "-" "-"
13.234.65.54 - - [24/Nov/2024:09:00:00 +0800] "POST /xmlrpc.php HTTP/1.1" 200 4028 "-" "Mozilla/5.0 (Windows NT 10.0; Win64; x64; rv:78.0) Gecko/20100101 Firefox/78.0"
13.234.65.54 - - [24/Nov/2024:09:00:02 +0800] "POST /xmlrpc.php HTTP/1.1" 200 4028 "-" "Mozilla/5.0 (Windows NT 10.0; Win64; x64; rv:78.0) Gecko/20100101 Firefox/78.0"
146.190.221.68 - - [24/Nov/2024:09:00:10 +0800] "POST /xmlrpc.php HTTP/1.1" 200 4453 "-" "Mozilla/5.0 (Windows NT 10.0; Win64; x64; rv:59.0) Gecko/20100101 Firefox/59.0"
146.190.221.68 - - [24/Nov/2024:09:00:12 +0800] "POST /xmlrpc.php HTTP/1.1" 200 4453 "-" "Mozilla/5.0 (Windows NT 10.0; Win64; x64; rv:59.0) Gecko/20100101 Firefox/59.0"
67.222.107.199 - - [24/Nov/2024:09:00:21 +0800] "POST /xmlrpc.php HTTP/1.1" 200 4453 "-" "Mozilla/5.0 (Windows NT 10.0; Win64; x64) AppleWebKit/537.36 (KHTML, like Gecko) Chrome/74.0.3729.131 Safari/537.36"
67.222.107.199 - - [24/Nov/2024:09:00:23 +0800] "POST /xmlrpc.php HTTP/1.1" 200 4453 "-" "Mozilla/5.0 (Windows NT 10.0; Win64; x64) AppleWebKit/537.36 (KHTML, like Gecko) Chrome/74.0.3729.131 Safari/537.36"
220.135.127.108 - - [24/Nov/2024:09:09:56 +0800] "POST /wp-cron.php?doing_wp_cron=1732410596.5139811038970947265625 HTTP/1.1" 200 4035 "-" "WordPress/6.7.1; https://www.bio-power.tw"
114.119.148.154 - - [24/Nov/2024:09:09:52 +0800] "GET /comments/feed/ HTTP/1.1" 200 4675 "https://www.bio-power.tw/img_1195_2000_1200/" "Mozilla/5.0 (Linux; Android 7.0;) AppleWebKit/537.36 (KHTML, like Gecko) Mobile Safari/537.36 (compatible; PetalBot;+https://webmaster.petalsearch.com/site/petalbot)"
205.210.31.31 - - [24/Nov/2024:09:10:14 +0800] "GET / HTTP/1.1" 301 3918 "-" "-"
205.210.31.31 - - [24/Nov/2024:09:10:15 +0800] "GET / HTTP/1.1" 200 87390 "-" "-"
220.135.127.108 - - [24/Nov/2024:09:15:21 +0800] "POST /wp-cron.php?doing_wp_cron=1732410921.6043860912322998046875 HTTP/1.1" 200 4035 "-" "WordPress/6.7.1; https://www.bio-power.tw"
209.58.184.129 - - [24/Nov/2024:09:15:20 +0800] "GET / HTTP/1.1" 301 3332 "-" "Mozilla/5.0 (compatible; ModatScanner/1.0; +https://modat.io/)"
157.90.209.77 - - [24/Nov/2024:09:16:17 +0800] "GET /robots.txt HTTP/1.1" 200 4203 "-" "Mozilla/5.0 (compatible; BLEXBot/1.0; +http://webmeup-crawler.com/)"
157.90.209.77 - - [24/Nov/2024:09:16:49 +0800] "GET /robots.txt HTTP/1.1" 301 597 "-" "Mozilla/5.0 (compatible; BLEXBot/1.0; +http://webmeup-crawler.com/)"
220.135.127.108 - - [24/Nov/2024:09:16:50 +0800] "POST /wp-cron.php?doing_wp_cron=1732411010.0770020484924316406250 HTTP/1.1" 200 4035 "-" "WordPress/6.7.1; https://www.bio-power.tw"
157.90.209.77 - - [24/Nov/2024:09:16:49 +0800] "GET /robots.txt HTTP/1.1" 200 1012 "-" "Mozilla/5.0 (compatible; BLEXBot/1.0; +http://webmeup-crawler.com/)"
4.43.184.114 - - [24/Nov/2024:09:20:24 +0800] "GET /wp-content/sso/login.php HTTP/1.0" 301 576 "-" "Mozilla/5.0 (Windows NT 5.1) AppleWebKit/535.1 (KHTML, like Gecko) Chrome/14.0.835.187 Safari/535.1"
220.135.127.108 - - [24/Nov/2024:09:20:40 +0800] "POST /wp-cron.php?doing_wp_cron=1732411234.4515659809112548828125 HTTP/1.1" 200 4035 "-" "WordPress/6.7.1; https://www.bio-power.tw"
4.43.184.114 - - [24/Nov/2024:09:20:28 +0800] "GET /wp-content/sso/login.php HTTP/1.0" 301 3647 "-" "Mozilla/4.0 (compatible; MSIE 8.0; Windows NT 6.0)"
4.43.184.114 - - [24/Nov/2024:09:20:49 +0800] "GET /wp-content/sso/login.php HTTP/1.0" 404 76616 "-" "Mozilla/5.0 (X11; Linux x86_64) AppleWebKit/534.30 (KHTML, like Gecko) Ubuntu/11.04 Chromium/12.0.742.112 Chrome/12.0.742.112 Safari/534.30"
164.92.165.10 - - [24/Nov/2024:09:23:19 +0800] "SSTP_DUPLEX_POST /sra_{BA195980-CD49-458b-9E23-C84EE0ADCD75}/ HTTP/1.1" 404 77146 "-" "-"
220.135.127.108 - - [24/Nov/2024:09:23:30 +0800] "POST /wp-cron.php?doing_wp_cron=1732411408.1035709381103515625000 HTTP/1.1" 200 4035 "-" "WordPress/6.7.1; https://www.bio-power.tw"
43.254.158.137 - - [24/Nov/2024:09:27:30 +0800] "GET / HTTP/1.0" 400 622 "-" "-"
198.235.24.18 - - [24/Nov/2024:09:33:42 +0800] "GET / HTTP/1.1" 301 3918 "-" "-"
220.135.127.108 - - [24/Nov/2024:09:34:19 +0800] "POST /wp-cron.php?doing_wp_cron=1732412058.0399129390716552734375 HTTP/1.1" 200 4035 "-" "WordPress/6.7.1; https://www.bio-power.tw"
220.135.127.108 - - [24/Nov/2024:09:38:38 +0800] "POST /wp-cron.php?doing_wp_cron=1732412317.4275360107421875000000 HTTP/1.1" 200 4035 "-" "WordPress/6.7.1; https://www.bio-power.tw"
66.249.79.205 - - [24/Nov/2024:09:38:32 +0800] "GET /robots.txt HTTP/1.1" 301 4020 "-" "Mozilla/5.0 (compatible; Googlebot/2.1; +http://www.google.com/bot.html)"
66.249.71.71 - - [24/Nov/2024:09:38:40 +0800] "GET /robots.txt HTTP/1.1" 200 4203 "-" "Mozilla/5.0 (compatible; Googlebot/2.1; +http://www.google.com/bot.html)"
66.249.79.192 - - [24/Nov/2024:09:40:28 +0800] "GET /ads.txt HTTP/1.1" 301 4110 "-" "Mozilla/5.0 (compatible; Googlebot/2.1; +http://www.google.com/bot.html)"
5.253.18.151 - - [24/Nov/2024:09:57:08 +0800] "GET / HTTP/1.1" 301 759 "-" "Mozilla/5.0 (Windows NT 10.0; WOW64; Trident/7.0; rv:11.0) like Gecko"
220.135.127.108 - - [24/Nov/2024:09:57:04 +0800] "POST /wp-cron.php?doing_wp_cron=1732413417.8617401123046875000000 HTTP/1.1" 200 4035 "-" "WordPress/6.7.1; https://www.bio-power.tw"
5.253.18.151 - - [24/Nov/2024:09:56:51 +0800] "GET /owa/auth/logon.aspx?replaceCurrent=1&url=http%3A//mail.hpb.com.tw/owa/ HTTP/1.1" 404 77146 "-" "Mozilla/5.0 (Windows NT 10.0; WOW64; Trident/7.0; rv:11.0) like Gecko"
5.253.18.151 - - [24/Nov/2024:09:57:09 +0800] "GET / HTTP/1.1" 200 87390 "-" "Mozilla/5.0 (Windows NT 10.0; WOW64; Trident/7.0; rv:11.0) like Gecko"
5.253.18.151 - - [24/Nov/2024:09:57:12 +0800] "GET /owa/auth/logon.aspx?replaceCurrent=1&url=https%3A//owa.mail.hpb.com.tw/owa/ HTTP/1.1" 404 74061 "-" "Mozilla/5.0 (Windows NT 10.0; WOW64; Trident/7.0; rv:11.0) like Gecko"
5.253.18.151 - - [24/Nov/2024:09:57:13 +0800] "GET / HTTP/1.1" 301 759 "-" "Mozilla/5.0 (Windows NT 10.0; WOW64; Trident/7.0; rv:11.0) like Gecko"
5.253.18.151 - - [24/Nov/2024:09:57:14 +0800] "GET / HTTP/1.1" 200 84199 "-" "Mozilla/5.0 (Windows NT 10.0; WOW64; Trident/7.0; rv:11.0) like Gecko"
61.61.146.146 - - [24/Nov/2024:09:58:00 +0800] "-" 408 563 "-" "-"
3.145.85.74 - - [24/Nov/2024:09:58:22 +0800] "-" 408 3754 "-" "-"
101.9.66.71 - - [24/Nov/2024:10:03:34 +0800] "-" 408 563 "-" "-"
220.135.127.108 - - [24/Nov/2024:10:08:28 +0800] "POST /wp-cron.php?doing_wp_cron=1732414108.7848610877990722656250 HTTP/1.1" 200 4035 "-" "WordPress/6.7.1; https://www.bio-power.tw"
66.249.79.2 - - [24/Nov/2024:10:08:27 +0800] "GET /ads.txt HTTP/1.1" 404 77290 "-" "Mozilla/5.0 (compatible; Googlebot/2.1; +http://www.google.com/bot.html)"
66.249.71.44 - - [24/Nov/2024:10:08:29 +0800] "GET /robots.txt HTTP/1.1" 301 585 "-" "Mozilla/5.0 (compatible; Googlebot/2.1; +http://www.google.com/bot.html)"
4.43.184.114 - - [24/Nov/2024:10:11:22 +0800] "GET /wp-content/sso/login.php HTTP/1.0" 301 576 "-" "Mozilla/5.0 (Windows NT 5.1) Gecko/20100101 Firefox/9.0.1"
4.43.184.114 - - [24/Nov/2024:10:11:23 +0800] "GET /wp-content/sso/login.php HTTP/1.0" 301 3647 "-" "Mozilla/5.0 (compatible; MSIE 9.0; Windows NT 6.1; Win64; x64; Trident/5.0)"
4.43.184.114 - - [24/Nov/2024:10:11:24 +0800] "GET /wp-content/sso/login.php HTTP/1.0" 404 76616 "-" "Mozilla/5.0 (Macintosh; Intel Mac OS X 10_7_2) AppleWebKit/534.52.7 (KHTML, like Gecko) Version/5.1 Safari/534.50"
220.135.127.108 - - [24/Nov/2024:10:12:30 +0800] "POST /wp-cron.php?doing_wp_cron=1732414350.8758120536804199218750 HTTP/1.1" 200 4035 "-" "WordPress/6.7.1; https://www.bio-power.tw"
154.213.184.16 - - [24/Nov/2024:10:12:30 +0800] "GET / HTTP/1.1" 200 87357 "-" "Mozilla/5.0 (Windows NT 10.0; Win64; x64) AppleWebKit/537.36 (KHTML, like Gecko) Chrome/128.0.0.0 Safari/537.36"
101.12.160.234 - - [24/Nov/2024:10:14:43 +0800] "-" 408 3742 "-" "-"
220.135.127.108 - - [24/Nov/2024:10:18:05 +0800] "POST /wp-cron.php?doing_wp_cron=1732414685.0615060329437255859375 HTTP/1.1" 200 4035 "-" "WordPress/6.7.1; https://www.bio-power.tw"
143.110.154.21 - - [24/Nov/2024:10:18:04 +0800] "GET /ab2g HTTP/1.1" 404 76746 "-" "Mozilla/5.0 zgrab/0.x"
143.110.154.21 - - [24/Nov/2024:10:18:06 +0800] "GET /ab2h HTTP/1.1" 404 76746 "-" "Mozilla/5.0 zgrab/0.x"
143.110.154.21 - - [24/Nov/2024:10:18:07 +0800] "GET /alive.php HTTP/1.1" 404 76746 "-" "Mozilla/5.0 (Windows NT 10.0; Win64; x64) AppleWebKit/537.36 (KHTML, like Gecko) Chrome/108.0.0.0 Safari/537.36"
143.110.154.21 - - [24/Nov/2024:10:18:11 +0800] "GET / HTTP/1.0" 400 622 "-" "-"
143.110.154.21 - - [24/Nov/2024:10:18:11 +0800] "GET / HTTP/1.1" 301 3332 "-" "Mozilla/5.0 (Windows NT 10.0; Win64; x64) AppleWebKit/537.36 (KHTML, like Gecko) Chrome/108.0.0.0 Safari/537.36"
143.110.154.21 - - [24/Nov/2024:10:18:12 +0800] "GET / HTTP/1.1" 200 30087 "https://220.135.127.108/" "Mozilla/5.0 (Windows NT 10.0; Win64; x64) AppleWebKit/537.36 (KHTML, like Gecko) Chrome/108.0.0.0 Safari/537.36"
143.110.154.21 - - [24/Nov/2024:10:18:13 +0800] "GET / HTTP/1.0" 400 622 "-" "-"
143.110.154.21 - - [24/Nov/2024:10:18:13 +0800] "GET /t4 HTTP/1.1" 404 76746 "-" "Mozilla/5.0"
143.110.154.21 - - [24/Nov/2024:10:18:14 +0800] "GET / HTTP/1.0" 400 622 "-" "-"
143.110.154.21 - - [24/Nov/2024:10:18:15 +0800] "GET /favicon.ico HTTP/1.1" 302 3432 "-" "Mozilla/5.0 (Windows NT 10.0; Win64; x64) AppleWebKit/537.36 (KHTML, like Gecko) Chrome/108.0.0.0 Safari/537.36"
143.110.154.21 - - [24/Nov/2024:10:18:15 +0800] "GET / HTTP/1.1" 301 3332 "-" "Mozilla/4.0 (compatible; MSIE 9.0; Windows NT 10.0; .NET4.0C; .NET4.0E; .NET CLR 2.0.50727; .NET CLR 3.0.30729; .NET CLR 3.5.30729)"
143.110.154.21 - - [24/Nov/2024:10:18:16 +0800] "GET /teorema505?t=1 HTTP/1.1" 404 76746 "-" "Mozilla/5.0 (Windows NT 10.0; Win64; x64) AppleWebKit/537.36 (KHTML, like Gecko) Chrome/108.0.0.0 Safari/537.36"
220.135.127.108 - - [24/Nov/2024:10:18:40 +0800] "POST /wp-cron.php?doing_wp_cron=1732414720.0322520732879638671875 HTTP/1.1" 200 4035 "-" "WordPress/6.7.1; https://www.bio-power.tw"
