5.23.51.23 - - [23/Nov/2024:16:43:52 +0800] "POST /xmlrpc.php HTTP/1.1" 200 4449 "-" "Mozilla/5.0 (iPhone; CPU iPhone OS 14_6 like Mac OS X) AppleWebKit/605.1.15 (KHTML, like Gecko) CriOS/91.0.4472.80 Mobile/15E148 Safari/604.1"
116.202.33.18 - - [23/Nov/2024:16:44:40 +0800] "POST /xmlrpc.php HTTP/1.1" 200 4452 "-" "Mozilla/5.0 (Windows NT 5.1; Win64; x64) AppleWebKit/537.36 (KHTML, like Gecko) Chrome/60.0.3112.90 Safari/537.36"
202.230.234.171 - - [23/Nov/2024:16:44:41 +0800] "POST /xmlrpc.php HTTP/1.1" 200 4454 "-" "Mozilla/5.0 (Windows NT 10.0; Win64; x64) AppleWebKit/537.36 (KHTML, like Gecko) Chrome/74.0.3729.169 Safari/537.36"
116.202.33.18 - - [23/Nov/2024:16:44:42 +0800] "POST /xmlrpc.php HTTP/1.1" 200 4452 "-" "Mozilla/5.0 (Windows NT 5.1; Win64; x64) AppleWebKit/537.36 (KHTML, like Gecko) Chrome/60.0.3112.90 Safari/537.36"
202.230.234.171 - - [23/Nov/2024:16:44:43 +0800] "POST /xmlrpc.php HTTP/1.1" 200 4454 "-" "Mozilla/5.0 (Windows NT 10.0; Win64; x64) AppleWebKit/537.36 (KHTML, like Gecko) Chrome/74.0.3729.169 Safari/537.36"
46.242.253.45 - - [23/Nov/2024:16:44:44 +0800] "POST /xmlrpc.php HTTP/1.1" 200 4452 "-" "Mozilla/5.0 (Windows NT 10.0; Win64; x64; rv:61.0) Gecko/20100101 Firefox/61.0"
46.242.253.45 - - [23/Nov/2024:16:44:46 +0800] "POST /xmlrpc.php HTTP/1.1" 200 4452 "-" "Mozilla/5.0 (Windows NT 10.0; Win64; x64; rv:61.0) Gecko/20100101 Firefox/61.0"
13.58.97.162 - - [23/Nov/2024:16:46:13 +0800] "GET / HTTP/1.0" 400 622 "-" "-"
223.109.252.145 - - [23/Nov/2024:16:56:20 +0800] "GET / HTTP/1.1" 301 540 "-" "Sogou web spider/4.0(+http://www.sogou.com/docs/help/webmasters.htm#07)"
220.135.127.108 - - [23/Nov/2024:16:56:20 +0800] "POST /wp-cron.php?doing_wp_cron=1732352180.9615728855133056640625 HTTP/1.1" 200 4035 "-" "WordPress/6.7.1; https://www.bio-power.tw"
223.109.252.145 - - [23/Nov/2024:16:56:20 +0800] "GET / HTTP/1.1" 200 30721 "-" "Sogou web spider/4.0(+http://www.sogou.com/docs/help/webmasters.htm#07)"
47.236.51.1 - - [23/Nov/2024:16:56:36 +0800] "POST /cgi-bin/.%2e/.%2e/.%2e/.%2e/.%2e/.%2e/.%2e/.%2e/.%2e/.%2e/bin/sh HTTP/1.1" 400 4183 "-" "Custom-AsyncHttpClient"
47.236.51.1 - - [23/Nov/2024:16:56:36 +0800] "POST /cgi-bin/%%32%65%%32%65/%%32%65%%32%65/%%32%65%%32%65/%%32%65%%32%65/%%32%65%%32%65/%%32%65%%32%65/%%32%65%%32%65/bin/sh HTTP/1.1" 400 4183 "-" "Custom-AsyncHttpClient"
47.236.51.1 - - [23/Nov/2024:16:56:37 +0800] "POST /hello.world?%ADd+allow_url_include%3d1+%ADd+auto_prepend_file%3dphp://input HTTP/1.1" 404 77276 "-" "Custom-AsyncHttpClient"
47.236.51.1 - - [23/Nov/2024:16:56:37 +0800] "GET /vendor/phpunit/phpunit/src/Util/PHP/eval-stdin.php HTTP/1.1" 301 444 "-" "Custom-AsyncHttpClient"
47.236.51.1 - - [23/Nov/2024:16:56:38 +0800] "GET /vendor/phpunit/phpunit/src/Util/PHP/eval-stdin.php HTTP/1.1" 301 4116 "-" "Custom-AsyncHttpClient"
47.236.51.1 - - [23/Nov/2024:16:56:38 +0800] "GET /vendor/phpunit/phpunit/Util/PHP/eval-stdin.php HTTP/1.1" 301 440 "-" "Custom-AsyncHttpClient"
47.236.51.1 - - [23/Nov/2024:16:56:39 +0800] "GET /vendor/phpunit/src/Util/PHP/eval-stdin.php HTTP/1.1" 301 436 "-" "Custom-AsyncHttpClient"
47.236.51.1 - - [23/Nov/2024:16:56:39 +0800] "GET /vendor/phpunit/Util/PHP/eval-stdin.php HTTP/1.1" 301 432 "-" "Custom-AsyncHttpClient"
47.236.51.1 - - [23/Nov/2024:16:56:40 +0800] "GET /vendor/phpunit/phpunit/LICENSE/eval-stdin.php HTTP/1.1" 301 439 "-" "Custom-AsyncHttpClient"
47.236.51.1 - - [23/Nov/2024:16:56:40 +0800] "GET /vendor/vendor/phpunit/phpunit/src/Util/PHP/eval-stdin.php HTTP/1.1" 301 451 "-" "Custom-AsyncHttpClient"
47.236.51.1 - - [23/Nov/2024:16:56:41 +0800] "GET /phpunit/phpunit/src/Util/PHP/eval-stdin.php HTTP/1.1" 301 437 "-" "Custom-AsyncHttpClient"
47.236.51.1 - - [23/Nov/2024:16:56:41 +0800] "GET /phpunit/phpunit/Util/PHP/eval-stdin.php HTTP/1.1" 301 433 "-" "Custom-AsyncHttpClient"
47.236.51.1 - - [23/Nov/2024:16:56:42 +0800] "GET /phpunit/src/Util/PHP/eval-stdin.php HTTP/1.1" 301 429 "-" "Custom-AsyncHttpClient"
47.236.51.1 - - [23/Nov/2024:16:56:42 +0800] "GET /phpunit/Util/PHP/eval-stdin.php HTTP/1.1" 301 425 "-" "Custom-AsyncHttpClient"
47.236.51.1 - - [23/Nov/2024:16:56:42 +0800] "GET /lib/phpunit/phpunit/src/Util/PHP/eval-stdin.php HTTP/1.1" 301 441 "-" "Custom-AsyncHttpClient"
47.236.51.1 - - [23/Nov/2024:16:56:43 +0800] "GET /lib/phpunit/phpunit/Util/PHP/eval-stdin.php HTTP/1.1" 301 437 "-" "Custom-AsyncHttpClient"
47.236.51.1 - - [23/Nov/2024:16:56:43 +0800] "GET /lib/phpunit/src/Util/PHP/eval-stdin.php HTTP/1.1" 301 433 "-" "Custom-AsyncHttpClient"
47.236.51.1 - - [23/Nov/2024:16:56:44 +0800] "GET /lib/phpunit/Util/PHP/eval-stdin.php HTTP/1.1" 301 429 "-" "Custom-AsyncHttpClient"
47.236.51.1 - - [23/Nov/2024:16:56:44 +0800] "GET /lib/vendor/phpunit/phpunit/src/Util/PHP/eval-stdin.php HTTP/1.1" 301 448 "-" "Custom-AsyncHttpClient"
47.236.51.1 - - [23/Nov/2024:16:56:45 +0800] "GET /laravel/vendor/phpunit/phpunit/src/Util/PHP/eval-stdin.php HTTP/1.1" 301 452 "-" "Custom-AsyncHttpClient"
47.236.51.1 - - [23/Nov/2024:16:56:45 +0800] "GET /www/vendor/phpunit/phpunit/src/Util/PHP/eval-stdin.php HTTP/1.1" 301 448 "-" "Custom-AsyncHttpClient"
47.236.51.1 - - [23/Nov/2024:16:56:46 +0800] "GET /ws/vendor/phpunit/phpunit/src/Util/PHP/eval-stdin.php HTTP/1.1" 301 447 "-" "Custom-AsyncHttpClient"
47.236.51.1 - - [23/Nov/2024:16:56:46 +0800] "GET /yii/vendor/phpunit/phpunit/src/Util/PHP/eval-stdin.php HTTP/1.1" 301 448 "-" "Custom-AsyncHttpClient"
4.43.184.114 - - [23/Nov/2024:17:16:17 +0800] "GET /wp-content/sso/login.php HTTP/1.0" 301 576 "-" "Mozilla/5.0 (Windows; U; Windows NT 6.1; en-US; rv:1.9.2.8) Gecko/20100722 Firefox/3.6.8"
220.135.127.108 - - [23/Nov/2024:17:16:18 +0800] "POST /wp-cron.php?doing_wp_cron=1732353378.3540410995483398437500 HTTP/1.1" 200 4035 "-" "WordPress/6.7.1; https://www.bio-power.tw"
4.43.184.114 - - [23/Nov/2024:17:16:18 +0800] "GET /wp-content/sso/login.php HTTP/1.0" 301 3647 "-" "Mozilla/5.0 (Macintosh; Intel Mac OS X 10_6_6) AppleWebKit/535.1 (KHTML, like Gecko) Chrome/14.0.835.202 Safari/535.1"
4.43.184.114 - - [23/Nov/2024:17:16:19 +0800] "GET /wp-content/sso/login.php HTTP/1.0" 404 76616 "-" "Mozilla/5.0 (Macintosh; Intel Mac OS X 10.6) Gecko/20100101 Firefox/5.0.1"
109.205.213.242 - - [23/Nov/2024:17:16:41 +0800] "GET /.env HTTP/1.1" 404 77305 "-" "Mozilla/5.0 (X11; Linux x86_64) AppleWebKit/537.36 (KHTML, like Gecko) Chrome/81.0.4044.129 Safari/537.36"
109.205.213.242 - - [23/Nov/2024:17:16:43 +0800] "GET /api/.env HTTP/1.1" 404 77305 "-" "Mozilla/5.0 (X11; Linux x86_64) AppleWebKit/537.36 (KHTML, like Gecko) Chrome/81.0.4044.129 Safari/537.36"
109.205.213.242 - - [23/Nov/2024:17:16:45 +0800] "GET /production/.env HTTP/1.1" 404 77305 "-" "Mozilla/5.0 (X11; Linux x86_64) AppleWebKit/537.36 (KHTML, like Gecko) Chrome/81.0.4044.129 Safari/537.36"
109.205.213.242 - - [23/Nov/2024:17:16:47 +0800] "GET /development/.env HTTP/1.1" 404 77305 "-" "Mozilla/5.0 (X11; Linux x86_64) AppleWebKit/537.36 (KHTML, like Gecko) Chrome/81.0.4044.129 Safari/537.36"
109.205.213.242 - - [23/Nov/2024:17:16:48 +0800] "GET /staging/.env HTTP/1.1" 404 77305 "-" "Mozilla/5.0 (X11; Linux x86_64) AppleWebKit/537.36 (KHTML, like Gecko) Chrome/81.0.4044.129 Safari/537.36"
220.135.127.108 - - [23/Nov/2024:17:16:50 +0800] "POST /wp-cron.php?doing_wp_cron=1732353410.5754480361938476562500 HTTP/1.1" 200 4035 "-" "WordPress/6.7.1; https://www.bio-power.tw"
109.205.213.242 - - [23/Nov/2024:17:16:50 +0800] "POST / HTTP/1.1" 200 30773 "-" "Mozilla/5.0 (X11; Linux x86_64) AppleWebKit/537.36 (KHTML, like Gecko) Chrome/81.0.4044.129 Safari/537.36"
220.135.127.108 - - [23/Nov/2024:17:17:42 +0800] "POST /wp-cron.php?doing_wp_cron=1732353462.8588650226593017578125 HTTP/1.1" 200 4035 "-" "WordPress/6.7.1; https://www.bio-power.tw"
51.222.253.7 - - [23/Nov/2024:17:17:42 +0800] "GET /%E6%8A%91%E5%88%B6%E7%A9%8D%E7%A2%B3/ HTTP/1.1" 200 29660 "-" "Mozilla/5.0 (compatible; AhrefsBot/7.0; +http://ahrefs.com/robot/)"
220.135.127.108 - - [23/Nov/2024:17:17:55 +0800] "POST /wp-cron.php?doing_wp_cron=1732353475.2365489006042480468750 HTTP/1.1" 200 4035 "-" "WordPress/6.7.1; https://www.bio-power.tw"
114.119.158.196 - - [23/Nov/2024:17:17:54 +0800] "GET /%E7%87%83%E6%B2%B9%E7%94%9F%E5%8C%96%E9%85%B6-%E6%9F%B4%E6%B2%B9%E7%89%88-d168/?share=twitter HTTP/1.1" 302 4288 "https://www.bio-power.tw/%e7%87%83%e6%b2%b9%e7%94%9f%e5%8c%96%e9%85%b6-%e6%9f%b4%e6%b2%b9%e7%89%88-d168/" "Mozilla/5.0 (Linux; Android 7.0;) AppleWebKit/537.36 (KHTML, like Gecko) Mobile Safari/537.36 (compatible; PetalBot;+https://webmaster.petalsearch.com/site/petalbot)"
185.242.191.143 - - [23/Nov/2024:17:19:58 +0800] "-" 408 3742 "-" "-"
185.196.220.81 - - [23/Nov/2024:17:20:25 +0800] "GET / HTTP/1.1" 200 30644 "-" "Mozilla/5.0 (X11; Ubuntu; Linux x86_64; rv:76.0) Gecko/20100101 Firefox/76.0"
220.135.127.108 - - [23/Nov/2024:17:22:41 +0800] "POST /wp-cron.php?doing_wp_cron=1732353761.8296899795532226562500 HTTP/1.1" 200 4035 "-" "WordPress/6.7.1; https://www.bio-power.tw"
205.210.31.27 - - [23/Nov/2024:17:22:41 +0800] "GET / HTTP/1.1" 301 3918 "-" "Expanse, a Palo Alto Networks company, searches across the global IPv4 space multiple times per day to identify customers' presences on the Internet. If you would like to be excluded from our scans, please send IP addresses/domains to: scaninfo@paloaltonetworks.com"
182.92.125.196 - - [23/Nov/2024:17:25:50 +0800] "GET /dns-query?dns=YowBAAABAAAAAAAABmFtYXpvbgNjb20AAAEAAQ HTTP/1.1" 301 4062 "-" "Go-http-client/1.1"
182.92.125.196 - - [23/Nov/2024:17:25:50 +0800] "GET /dns-query?dns=YowBAAABAAAAAAAABmFtYXpvbgNjb20AAAEAAQ HTTP/1.1" 404 73549 "https://220.135.127.108:443/dns-query?dns=YowBAAABAAAAAAAABmFtYXpvbgNjb20AAAEAAQ" "Go-http-client/1.1"
114.119.153.245 - - [23/Nov/2024:17:36:31 +0800] "GET /news-sitemap.xml HTTP/1.1" 200 4251 "-" "Mozilla/5.0 (Linux; Android 7.0;) AppleWebKit/537.36 (KHTML, like Gecko) Mobile Safari/537.36 (compatible; PetalBot;+https://webmaster.petalsearch.com/site/petalbot)"
114.119.132.131 - - [23/Nov/2024:17:41:31 +0800] "GET /wp-content/uploads/2013/07/clean02.jpg HTTP/1.1" 301 653 "-" "Mozilla/5.0 (Linux; Android 7.0;) AppleWebKit/537.36 (KHTML, like Gecko) Mobile Safari/537.36 (compatible; PetalBot;+https://webmaster.petalsearch.com/site/petalbot)"
114.119.132.131 - - [23/Nov/2024:17:41:31 +0800] "GET /wp-content/uploads/2013/07/clean02.jpg HTTP/1.1" 200 844759 "-" "Mozilla/5.0 (Linux; Android 7.0;) AppleWebKit/537.36 (KHTML, like Gecko) Mobile Safari/537.36 (compatible; PetalBot;+https://webmaster.petalsearch.com/site/petalbot)"
42.73.90.126 - - [23/Nov/2024:17:44:25 +0800] "-" 408 563 "-" "-"
220.135.127.108 - - [23/Nov/2024:17:46:04 +0800] "POST /wp-cron.php?doing_wp_cron=1732355164.1084189414978027343750 HTTP/1.1" 200 4035 "-" "WordPress/6.7.1; https://www.bio-power.tw"
112.86.225.170 - - [23/Nov/2024:17:46:03 +0800] "GET / HTTP/1.1" 200 30721 "-" "Sogou web spider/4.0(+http://www.sogou.com/docs/help/webmasters.htm#07)"
220.135.127.108 - - [23/Nov/2024:17:48:47 +0800] "POST /wp-cron.php?doing_wp_cron=1732355327.9599440097808837890625 HTTP/1.1" 200 4035 "-" "WordPress/6.7.1; https://www.bio-power.tw"
143.198.110.21 - - [23/Nov/2024:17:48:47 +0800] "GET / HTTP/1.1" 301 3918 "-" "Mozilla/5.0 (X11; Linux x86_64) AppleWebKit/537.36 (KHTML, like Gecko) Chrome/129.0.0.0 Safari/537.36"
220.135.127.108 - - [23/Nov/2024:17:55:49 +0800] "POST /wp-cron.php?doing_wp_cron=1732355749.5263700485229492187500 HTTP/1.1" 200 4035 "-" "WordPress/6.7.1; https://www.bio-power.tw"
39.98.118.196 - - [23/Nov/2024:17:55:49 +0800] "GET / HTTP/1.0" 301 3937 "-" "-"
220.135.127.108 - - [23/Nov/2024:17:59:59 +0800] "POST /wp-cron.php?doing_wp_cron=1732355999.2662470340728759765625 HTTP/1.1" 200 4035 "-" "WordPress/6.7.1; https://www.bio-power.tw"
65.21.251.206 - - [23/Nov/2024:17:59:58 +0800] "POST /xmlrpc.php HTTP/1.1" 200 4452 "-" "Mozilla/5.0 (Windows NT 10.0; Win64; x64) AppleWebKit/537.36 (KHTML, like Gecko) Chrome/85.0.4183.121 Safari/537.36"
92.222.171.11 - - [23/Nov/2024:18:00:00 +0800] "POST /xmlrpc.php HTTP/1.1" 200 4452 "-" "Mozilla/5.0 (Windows NT 10.0; Win64; x64) AppleWebKit/537.36 (KHTML, like Gecko) Chrome/61.0.3163.100 Safari/537.36"
65.21.251.206 - - [23/Nov/2024:18:00:01 +0800] "POST /xmlrpc.php HTTP/1.1" 200 4452 "-" "Mozilla/5.0 (Windows NT 10.0; Win64; x64) AppleWebKit/537.36 (KHTML, like Gecko) Chrome/85.0.4183.121 Safari/537.36"
92.222.171.11 - - [23/Nov/2024:18:00:02 +0800] "POST /xmlrpc.php HTTP/1.1" 200 4452 "-" "Mozilla/5.0 (Windows NT 10.0; Win64; x64) AppleWebKit/537.36 (KHTML, like Gecko) Chrome/61.0.3163.100 Safari/537.36"
144.91.65.248 - - [23/Nov/2024:18:00:21 +0800] "POST /xmlrpc.php HTTP/1.1" 200 4452 "-" "Mozilla/5.0 (Windows NT 10.0; Win64; x64) AppleWebKit/537.36 (KHTML, like Gecko) Chrome/74.0.3729.131 Safari/537.36"
144.91.65.248 - - [23/Nov/2024:18:00:24 +0800] "POST /xmlrpc.php HTTP/1.1" 200 4452 "-" "Mozilla/5.0 (Windows NT 10.0; Win64; x64) AppleWebKit/537.36 (KHTML, like Gecko) Chrome/74.0.3729.131 Safari/537.36"
81.3.14.20 - - [23/Nov/2024:18:00:39 +0800] "POST /xmlrpc.php HTTP/1.1" 200 4449 "-" "Mozilla/5.0 (Windows; U; Windows NT 5.1; en-US; rv:1.7.5) Gecko/20041107 Firefox/1.0"
81.3.14.20 - - [23/Nov/2024:18:00:42 +0800] "POST /xmlrpc.php HTTP/1.1" 200 4449 "-" "Mozilla/5.0 (Windows; U; Windows NT 5.1; en-US; rv:1.7.5) Gecko/20041107 Firefox/1.0"
185.88.176.218 - - [23/Nov/2024:18:01:02 +0800] "POST /xmlrpc.php HTTP/1.1" 200 4453 "-" "Mozilla/5.0 (Windows NT 5.1; Win64; x64) AppleWebKit/537.36 (KHTML, like Gecko) Chrome/60.0.3112.90 Safari/537.36"
164.163.69.20 - - [23/Nov/2024:18:01:02 +0800] "POST /xmlrpc.php HTTP/1.1" 200 3907 "-" "Mozilla/5.0 (Windows NT 10.0; Win64; x64) AppleWebKit/537.36 (KHTML, like Gecko) Chrome/69.0.3497.100 Safari/537.36"
185.88.176.218 - - [23/Nov/2024:18:01:06 +0800] "POST /xmlrpc.php HTTP/1.1" 200 4453 "-" "Mozilla/5.0 (Windows NT 5.1; Win64; x64) AppleWebKit/537.36 (KHTML, like Gecko) Chrome/60.0.3112.90 Safari/537.36"
164.163.69.20 - - [23/Nov/2024:18:01:06 +0800] "POST /xmlrpc.php HTTP/1.1" 200 4029 "-" "Mozilla/5.0 (Windows NT 10.0; Win64; x64) AppleWebKit/537.36 (KHTML, like Gecko) Chrome/69.0.3497.100 Safari/537.36"
81.3.14.20 - - [23/Nov/2024:18:01:07 +0800] "POST /xmlrpc.php HTTP/1.1" 200 4449 "-" "Mozilla/5.0 (Linux; Android 10; SM-G960U) AppleWebKit/537.36 (KHTML, like Gecko) Chrome/91.0.4472.114 Mobile Safari/537.36"
81.3.14.20 - - [23/Nov/2024:18:01:10 +0800] "POST /xmlrpc.php HTTP/1.1" 200 4449 "-" "Mozilla/5.0 (Linux; Android 10; SM-G960U) AppleWebKit/537.36 (KHTML, like Gecko) Chrome/91.0.4472.114 Mobile Safari/537.36"
220.135.127.108 - - [23/Nov/2024:18:06:38 +0800] "POST /wp-cron.php?doing_wp_cron=1732356398.0721240043640136718750 HTTP/1.1" 200 4035 "-" "WordPress/6.7.1; https://www.bio-power.tw"
185.233.3.42 - - [23/Nov/2024:18:06:37 +0800] "GET /wp-content/plugins/oa-social-login/readme.txt HTTP/1.1" 404 77305 "-" "Mozilla/4.0 (compatible; MSIE 6.0; Windows NT 5.1; SV1)"
220.135.127.108 - - [23/Nov/2024:18:10:14 +0800] "POST /wp-cron.php?doing_wp_cron=1732356613.9784131050109863281250 HTTP/1.1" 200 4035 "-" "WordPress/6.7.1; https://www.bio-power.tw"
198.235.24.112 - - [23/Nov/2024:18:10:13 +0800] "GET / HTTP/1.1" 200 87390 "-" "Expanse, a Palo Alto Networks company, searches across the global IPv4 space multiple times per day to identify customers' presences on the Internet. If you would like to be excluded from our scans, please send IP addresses/domains to: scaninfo@paloaltonetworks.com"
162.142.125.221 - - [23/Nov/2024:18:12:25 +0800] "GET / HTTP/1.1" 200 87338 "-" "-"
162.142.125.221 - - [23/Nov/2024:18:12:31 +0800] "GET / HTTP/1.1" 301 3918 "-" "Mozilla/5.0 (compatible; CensysInspect/1.1; +https://about.censys.io/)"
162.142.125.221 - - [23/Nov/2024:18:12:45 +0800] "GET / HTTP/1.1" 200 30702 "-" "Mozilla/5.0 (compatible; CensysInspect/1.1; +https://about.censys.io/)"
162.142.125.221 - - [23/Nov/2024:18:12:46 +0800] "GET /favicon.ico HTTP/1.1" 302 4105 "-" "Mozilla/5.0 (compatible; CensysInspect/1.1; +https://about.censys.io/)"
162.142.125.221 - - [23/Nov/2024:18:12:48 +0800] "GET /wp-includes/images/w-logo-blue-white-bg.png HTTP/1.1" 200 8152 "https://www.bio-power.tw/favicon.ico" "Mozilla/5.0 (compatible; CensysInspect/1.1; +https://about.censys.io/)"
220.135.127.108 - - [23/Nov/2024:18:17:02 +0800] "POST /wp-cron.php?doing_wp_cron=1732357022.6633229255676269531250 HTTP/1.1" 200 4035 "-" "WordPress/6.7.1; https://www.bio-power.tw"
13.64.108.50 - - [23/Nov/2024:18:17:02 +0800] "GET / HTTP/1.1" 301 3332 "-" "Mozilla/5.0 zgrab/0.x"
220.135.127.108 - - [23/Nov/2024:18:19:44 +0800] "POST /wp-cron.php?doing_wp_cron=1732357184.1316359043121337890625 HTTP/1.1" 200 4035 "-" "WordPress/6.7.1; https://www.bio-power.tw"
40.77.167.116 - - [23/Nov/2024:18:19:43 +0800] "GET /sitemaps.xml HTTP/1.1" 404 77330 "-" "Mozilla/5.0 AppleWebKit/537.36 (KHTML, like Gecko; compatible; bingbot/2.0; +http://www.bing.com/bingbot.htm) Chrome/116.0.1938.76 Safari/537.36"
36.239.53.130 - - [23/Nov/2024:18:36:10 +0800] "-" 408 563 "-" "-"
36.239.53.130 - - [23/Nov/2024:18:37:10 +0800] "-" 408 563 "-" "-"
36.239.53.130 - - [23/Nov/2024:18:37:10 +0800] "-" 408 563 "-" "-"
220.135.127.108 - - [23/Nov/2024:18:55:56 +0800] "POST /wp-cron.php?doing_wp_cron=1732359356.7243070602416992187500 HTTP/1.1" 200 4035 "-" "WordPress/6.7.1; https://www.bio-power.tw"
103.242.106.119 - - [23/Nov/2024:18:55:56 +0800] "GET /favicon.ico HTTP/1.1" 302 4157 "-" "Mozilla/5.0 (Windows NT 10.0; Win64; x64) AppleWebKit/537.36 (KHTML, like Gecko) Chrome/131.0.0.0 Safari/537.36"
103.242.106.119 - - [23/Nov/2024:18:55:57 +0800] "GET /wp-includes/images/w-logo-blue-white-bg.png HTTP/1.1" 200 4449 "-" "Mozilla/5.0 (Windows NT 10.0; Win64; x64) AppleWebKit/537.36 (KHTML, like Gecko) Chrome/131.0.0.0 Safari/537.36"
220.135.127.108 - - [23/Nov/2024:19:07:24 +0800] "POST /wp-cron.php?doing_wp_cron=1732360044.9587969779968261718750 HTTP/1.1" 200 4035 "-" "WordPress/6.7.1; https://www.bio-power.tw"
82.156.9.34 - - [23/Nov/2024:19:07:24 +0800] "GET /dns-query?dns=YowBAAABAAAAAAAABmFtYXpvbgNjb20AAAEAAQ HTTP/1.1" 301 4062 "-" "Go-http-client/1.1"
82.156.9.34 - - [23/Nov/2024:19:07:30 +0800] "GET /dns-query?dns=YowBAAABAAAAAAAABmFtYXpvbgNjb20AAAEAAQ HTTP/1.1" 301 4062 "-" "Go-http-client/1.1"
82.156.9.34 - - [23/Nov/2024:19:07:31 +0800] "GET /dns-query?dns=YowBAAABAAAAAAAABmFtYXpvbgNjb20AAAEAAQ HTTP/1.1" 404 73549 "https://220.135.127.108:443/dns-query?dns=YowBAAABAAAAAAAABmFtYXpvbgNjb20AAAEAAQ" "Go-http-client/1.1"
220.135.127.108 - - [23/Nov/2024:19:09:50 +0800] "POST /wp-cron.php?doing_wp_cron=1732360190.5922000408172607421875 HTTP/1.1" 200 4035 "-" "WordPress/6.7.1; https://www.bio-power.tw"
121.229.156.84 - - [23/Nov/2024:19:09:50 +0800] "GET / HTTP/1.1" 200 30721 "-" "Sogou web spider/4.0(+http://www.sogou.com/docs/help/webmasters.htm#07)"
52.167.144.136 - - [23/Nov/2024:19:19:20 +0800] "GET /sitemaps.xml HTTP/1.1" 404 77330 "-" "Mozilla/5.0 AppleWebKit/537.36 (KHTML, like Gecko; compatible; bingbot/2.0; +http://www.bing.com/bingbot.htm) Chrome/116.0.1938.76 Safari/537.36"
220.135.127.108 - - [23/Nov/2024:19:19:20 +0800] "POST /wp-cron.php?doing_wp_cron=1732360760.5789279937744140625000 HTTP/1.1" 200 4035 "-" "WordPress/6.7.1; https://www.bio-power.tw"
220.135.127.108 - - [23/Nov/2024:19:19:25 +0800] "GET /wp-json/jetpack/v4/sync/spawn-sync?time=1732360764&request_lock_id=1732360764.9499 HTTP/1.1" 200 4053 "-" "WordPress/6.7.1; https://www.bio-power.tw"
192.0.87.71 - - [23/Nov/2024:19:19:28 +0800] "POST /xmlrpc.php?for=jetpack&token=nEzWaAfUuV%40YdNdl%40VGT%26%2AR4jKW%23%23kSU%3A1%3A1×tamp=1732360767&nonce=CT1sU4lxVE&body-hash=ZXC04dBiCJwwUkgKpXNuXeYBu80%3D&signature=3hcvUWNY3exY8lV1%2BNlYcuXnjG4%3D HTTP/1.1" 200 4925 "https://www.bio-power.tw/xmlrpc.php?for=jetpack&token=nEzWaAfUuV%40YdNdl%40VGT%26%2AR4jKW%23%23kSU%3A1%3A1×tamp=1732360767&nonce=CT1sU4lxVE&body-hash=ZXC04dBiCJwwUkgKpXNuXeYBu80%3D&signature=3hcvUWNY3exY8lV1%2BNlYcuXnjG4%3D" "Jetpack by WordPress.com"
18.191.187.134 - - [23/Nov/2024:19:22:45 +0800] "GET /robots.txt HTTP/1.1" 301 585 "-" "CheckMarkNetwork/1.0 (+http://www.checkmarknetwork.com/spider.html)"
220.135.127.108 - - [23/Nov/2024:19:22:46 +0800] "POST /wp-cron.php?doing_wp_cron=1732360966.7459559440612792968750 HTTP/1.1" 200 4035 "-" "WordPress/6.7.1; https://www.bio-power.tw"
18.191.187.134 - - [23/Nov/2024:19:22:46 +0800] "GET /robots.txt HTTP/1.1" 301 4020 "-" "CheckMarkNetwork/1.0 (+http://www.checkmarknetwork.com/spider.html)"
18.191.187.134 - - [23/Nov/2024:19:22:47 +0800] "GET /robots.txt HTTP/1.1" 200 4203 "-" "CheckMarkNetwork/1.0 (+http://www.checkmarknetwork.com/spider.html)"
18.191.187.134 - - [23/Nov/2024:19:22:48 +0800] "HEAD / HTTP/1.1" 301 236 "-" "CheckMarkNetwork/1.0 (+http://www.checkmarknetwork.com/spider.html)"
18.191.187.134 - - [23/Nov/2024:19:22:48 +0800] "HEAD / HTTP/1.1" 301 283 "-" "CheckMarkNetwork/1.0 (+http://www.checkmarknetwork.com/spider.html)"
18.191.187.134 - - [23/Nov/2024:19:22:48 +0800] "HEAD / HTTP/1.1" 200 437 "-" "CheckMarkNetwork/1.0 (+http://www.checkmarknetwork.com/spider.html)"
18.191.187.134 - - [23/Nov/2024:19:22:52 +0800] "GET /robots.txt HTTP/1.1" 200 463 "-" "CheckMarkNetwork/1.0 (+http://www.checkmarknetwork.com/spider.html)"
18.191.187.134 - - [23/Nov/2024:19:22:53 +0800] "GET / HTTP/1.1" 200 30758 "-" "CheckMarkNetwork/1.0 (+http://www.checkmarknetwork.com/spider.html)"
18.191.187.134 - - [23/Nov/2024:19:22:54 +0800] "GET /wp-content/themes/twentyseventeen/assets/js/global.js?ver=20211130 HTTP/1.1" 200 3055 "https://www.bio-power.tw/" "CheckMarkNetwork/1.0 (+http://www.checkmarknetwork.com/spider.html)"
18.191.187.134 - - [23/Nov/2024:19:22:54 +0800] "GET /wp-content/themes/twentyseventeen/assets/js/jquery.scrollTo.js?ver=2.1.3 HTTP/1.1" 200 2831 "https://www.bio-power.tw/" "CheckMarkNetwork/1.0 (+http://www.checkmarknetwork.com/spider.html)"
18.191.187.134 - - [23/Nov/2024:19:22:55 +0800] "GET /wp-content/themes/twentyseventeen/style.css?ver=20241112 HTTP/1.1" 200 16377 "-" "CheckMarkNetwork/1.0 (+http://www.checkmarknetwork.com/spider.html)"
18.191.187.134 - - [23/Nov/2024:19:22:55 +0800] "GET /wp-content/themes/twentyseventeen/assets/fonts/font-libre-franklin.css?ver=20230328 HTTP/1.1" 200 1662 "-" "CheckMarkNetwork/1.0 (+http://www.checkmarknetwork.com/spider.html)"
18.191.187.134 - - [23/Nov/2024:19:22:55 +0800] "GET /wp-content/themes/twentyseventeen/assets/css/blocks.css?ver=20240729 HTTP/1.1" 200 6188 "-" "CheckMarkNetwork/1.0 (+http://www.checkmarknetwork.com/spider.html)"
18.191.187.134 - - [23/Nov/2024:19:22:56 +0800] "GET /wp-content/themes/twentyseventeen/assets/js/global.js?ver=20211130 HTTP/1.1" 200 3055 "-" "CheckMarkNetwork/1.0 (+http://www.checkmarknetwork.com/spider.html)"
18.191.187.134 - - [23/Nov/2024:19:22:56 +0800] "GET /wp-content/themes/twentyseventeen/assets/js/jquery.scrollTo.js?ver=2.1.3 HTTP/1.1" 200 2831 "-" "CheckMarkNetwork/1.0 (+http://www.checkmarknetwork.com/spider.html)"
220.135.127.108 - - [23/Nov/2024:19:36:45 +0800] "POST /wp-cron.php?doing_wp_cron=1732361805.8391261100769042968750 HTTP/1.1" 200 4035 "-" "WordPress/6.7.1; https://www.bio-power.tw"
51.222.253.12 - - [23/Nov/2024:19:36:45 +0800] "GET /sample-page/ HTTP/1.1" 200 30385 "-" "Mozilla/5.0 (compatible; AhrefsBot/7.0; +http://ahrefs.com/robot/)"
121.229.156.63 - - [23/Nov/2024:19:42:06 +0800] "GET / HTTP/1.1" 301 540 "-" "Sogou web spider/4.0(+http://www.sogou.com/docs/help/webmasters.htm#07)"
220.135.127.108 - - [23/Nov/2024:19:42:07 +0800] "POST /wp-cron.php?doing_wp_cron=1732362127.5646679401397705078125 HTTP/1.1" 200 4035 "-" "WordPress/6.7.1; https://www.bio-power.tw"
121.229.156.63 - - [23/Nov/2024:19:42:07 +0800] "GET / HTTP/1.1" 200 30721 "-" "Sogou web spider/4.0(+http://www.sogou.com/docs/help/webmasters.htm#07)"
158.247.215.130 - - [23/Nov/2024:19:48:31 +0800] "GET /wordpress/wp-login.php HTTP/1.1" 301 572 "-" "Mozilla/5.0 (X11; Ubuntu; Linux x86_64; rv:62.0) Gecko/20100101 Firefox/62.0"
220.135.127.108 - - [23/Nov/2024:19:48:32 +0800] "POST /wp-cron.php?doing_wp_cron=1732362511.9864149093627929687500 HTTP/1.1" 200 4035 "-" "WordPress/6.7.1; https://www.bio-power.tw"
158.247.215.130 - - [23/Nov/2024:19:48:31 +0800] "GET /wordpress/wp-login.php HTTP/1.1" 301 3421 "http://bio-power.tw/wordpress/wp-login.php" "Mozilla/5.0 (X11; Ubuntu; Linux x86_64; rv:62.0) Gecko/20100101 Firefox/62.0"
158.247.215.130 - - [23/Nov/2024:19:48:32 +0800] "GET /wordpress/wp-login.php HTTP/1.1" 404 76538 "https://bio-power.tw/wordpress/wp-login.php" "Mozilla/5.0 (X11; Ubuntu; Linux x86_64; rv:62.0) Gecko/20100101 Firefox/62.0"
220.135.127.108 - - [23/Nov/2024:20:02:33 +0800] "POST /wp-cron.php?doing_wp_cron=1732363353.3899610042572021484375 HTTP/1.1" 200 4035 "-" "WordPress/6.7.1; https://www.bio-power.tw"
52.187.54.3 - - [23/Nov/2024:20:02:32 +0800] "GET / HTTP/1.1" 200 87357 "-" "Mozilla/5.0 (Macintosh; Intel Mac OS X 10_12_1) AppleWebKit/537.36 (KHTML, like Gecko) Chrome/54.0.2840.98 Safari/537.36"
110.28.24.173 - - [23/Nov/2024:20:06:32 +0800] "-" 408 3742 "-" "-"
220.129.149.143 - - [23/Nov/2024:20:27:33 +0800] "-" 408 563 "-" "-"
220.135.127.108 - - [23/Nov/2024:20:30:12 +0800] "POST /wp-cron.php?doing_wp_cron=1732365012.2430250644683837890625 HTTP/1.1" 200 4035 "-" "WordPress/6.7.1; https://www.bio-power.tw"
68.183.23.195 - - [23/Nov/2024:20:30:11 +0800] "POST /xmlrpc.php HTTP/1.1" 200 4452 "-" "Mozilla/5.0 (Windows NT 10.0; Win64; x64) AppleWebKit/537.36 (KHTML, like Gecko) Chrome/61.0.3163.100 Safari/537.36"
68.183.23.195 - - [23/Nov/2024:20:30:14 +0800] "POST /xmlrpc.php HTTP/1.1" 200 4452 "-" "Mozilla/5.0 (Windows NT 10.0; Win64; x64) AppleWebKit/537.36 (KHTML, like Gecko) Chrome/61.0.3163.100 Safari/537.36"
203.159.92.34 - - [23/Nov/2024:20:30:15 +0800] "POST /xmlrpc.php HTTP/1.1" 200 4452 "-" "Mozilla/5.0 (Windows NT 6.1; Win64; x64; rv:57.0) Gecko/20100101 Firefox/57.0"
203.159.92.34 - - [23/Nov/2024:20:30:16 +0800] "POST /xmlrpc.php HTTP/1.1" 200 4452 "-" "Mozilla/5.0 (Windows NT 6.1; Win64; x64; rv:57.0) Gecko/20100101 Firefox/57.0"
205.196.221.238 - - [23/Nov/2024:20:30:47 +0800] "POST /xmlrpc.php HTTP/1.1" 200 4454 "-" "Mozilla/5.0 (Windows NT 10.0; Win64; x64; rv:57.0) Gecko/20100101 Firefox/57.0"
205.196.221.238 - - [23/Nov/2024:20:30:49 +0800] "POST /xmlrpc.php HTTP/1.1" 200 4454 "-" "Mozilla/5.0 (Windows NT 10.0; Win64; x64; rv:57.0) Gecko/20100101 Firefox/57.0"
164.163.69.20 - - [23/Nov/2024:20:30:50 +0800] "POST /xmlrpc.php HTTP/1.1" 200 4029 "-" "Mozilla/5.0 (Windows NT 6.3; Win64; x64) AppleWebKit/537.36 (KHTML, like Gecko) Chrome/60.0.3112.113 Safari/537.36"
164.163.69.20 - - [23/Nov/2024:20:30:53 +0800] "POST /xmlrpc.php HTTP/1.1" 200 4029 "-" "Mozilla/5.0 (Windows NT 6.3; Win64; x64) AppleWebKit/537.36 (KHTML, like Gecko) Chrome/60.0.3112.113 Safari/537.36"
95.216.50.251 - - [23/Nov/2024:20:30:57 +0800] "POST /xmlrpc.php HTTP/1.1" 200 4452 "-" "Mozilla/5.0 (Windows NT 10.0; WOW64; rv:52.0) Gecko/20100101 Firefox/52.0"
185.107.113.40 - - [23/Nov/2024:20:31:07 +0800] "POST /xmlrpc.php HTTP/1.1" 200 4453 "-" "Mozilla/5.0 (Windows NT 10.0; Win64; x64) AppleWebKit/537.36 (KHTML, like Gecko) Chrome/60.0.3112.113 Safari/537.36"
185.107.113.40 - - [23/Nov/2024:20:31:09 +0800] "POST /xmlrpc.php HTTP/1.1" 200 4453 "-" "Mozilla/5.0 (Windows NT 10.0; Win64; x64) AppleWebKit/537.36 (KHTML, like Gecko) Chrome/60.0.3112.113 Safari/537.36"
219.92.75.133 - - [23/Nov/2024:20:31:17 +0800] "POST /xmlrpc.php HTTP/1.1" 200 4452 "-" "Mozilla/5.0 (Windows NT 10.0; Win64; x64) AppleWebKit/537.36 (KHTML, like Gecko) Chrome/88.0.4324.104 Safari/537.36"
194.74.100.18 - - [23/Nov/2024:20:31:17 +0800] "POST /xmlrpc.php HTTP/1.1" 200 3984 "-" "Mozilla/5.0 (Windows NT 10.0; Win64; x64) AppleWebKit/537.36 (KHTML, like Gecko) Chrome/80.0.3987.163 Safari/537.36"
219.92.75.133 - - [23/Nov/2024:20:31:18 +0800] "POST /xmlrpc.php HTTP/1.1" 200 4452 "-" "Mozilla/5.0 (Windows NT 10.0; Win64; x64) AppleWebKit/537.36 (KHTML, like Gecko) Chrome/88.0.4324.104 Safari/537.36"
194.74.100.18 - - [23/Nov/2024:20:31:20 +0800] "POST /xmlrpc.php HTTP/1.1" 200 3984 "-" "Mozilla/5.0 (Windows NT 10.0; Win64; x64) AppleWebKit/537.36 (KHTML, like Gecko) Chrome/80.0.3987.163 Safari/537.36"
45.139.11.215 - - [23/Nov/2024:20:31:22 +0800] "POST /xmlrpc.php HTTP/1.1" 200 4452 "-" "Mozilla/5.0 (Windows NT 6.1; Win64; x64; rv:61.0) Gecko/20100101 Firefox/61.0"
45.139.11.215 - - [23/Nov/2024:20:31:25 +0800] "POST /xmlrpc.php HTTP/1.1" 200 4452 "-" "Mozilla/5.0 (Windows NT 6.1; Win64; x64; rv:61.0) Gecko/20100101 Firefox/61.0"
219.92.75.133 - - [23/Nov/2024:20:31:27 +0800] "POST /xmlrpc.php HTTP/1.1" 200 4452 "-" "Mozilla/5.0 (Windows NT 6.1; WOW64; rv:18.0) Gecko/20100101 Firefox/18.0"
219.92.75.133 - - [23/Nov/2024:20:31:27 +0800] "POST /xmlrpc.php HTTP/1.1" 200 4452 "-" "Mozilla/5.0 (Windows NT 6.1; WOW64; rv:18.0) Gecko/20100101 Firefox/18.0"
167.172.226.92 - - [23/Nov/2024:20:31:28 +0800] "POST /xmlrpc.php HTTP/1.1" 200 4453 "-" "Mozilla/5.0 (Windows NT 10.0; Win64; x64) AppleWebKit/537.36 (KHTML, like Gecko) Chrome/88.0.4324.104 Safari/537.36"
167.172.226.92 - - [23/Nov/2024:20:31:30 +0800] "POST /xmlrpc.php HTTP/1.1" 200 4453 "-" "Mozilla/5.0 (Windows NT 10.0; Win64; x64) AppleWebKit/537.36 (KHTML, like Gecko) Chrome/88.0.4324.104 Safari/537.36"
212.72.205.4 - - [23/Nov/2024:20:31:32 +0800] "POST /xmlrpc.php HTTP/1.1" 200 4451 "-" "Mozilla/5.0 (Windows NT 10.0; Win64; x64) AppleWebKit/537.36 (KHTML, like Gecko) Chrome/79.0.3945.130 Safari/537.36"
212.72.205.4 - - [23/Nov/2024:20:31:34 +0800] "POST /xmlrpc.php HTTP/1.1" 200 4451 "-" "Mozilla/5.0 (Windows NT 10.0; Win64; x64) AppleWebKit/537.36 (KHTML, like Gecko) Chrome/79.0.3945.130 Safari/537.36"
36.234.22.239 - - [23/Nov/2024:20:41:18 +0800] "-" 408 3778 "-" "-"
36.234.22.239 - - [23/Nov/2024:20:41:19 +0800] "-" 408 579 "-" "-"
36.234.22.239 - - [23/Nov/2024:20:41:52 +0800] "-" 408 563 "-" "-"
36.239.65.16 - - [23/Nov/2024:20:42:32 +0800] "-" 408 563 "-" "-"
36.234.22.239 - - [23/Nov/2024:20:43:57 +0800] "-" 408 579 "-" "-"
36.234.22.239 - - [23/Nov/2024:20:44:17 +0800] "-" 408 563 "-" "-"
220.135.127.108 - - [23/Nov/2024:20:44:26 +0800] "POST /wp-cron.php?doing_wp_cron=1732365866.0927860736846923828125 HTTP/1.1" 200 4035 "-" "WordPress/6.7.1; https://www.bio-power.tw"
4.43.184.114 - - [23/Nov/2024:20:44:25 +0800] "GET /wp-content/sso/login.php HTTP/1.0" 301 3647 "-" "Mozilla/5.0 (X11; Linux x86_64) AppleWebKit/534.30 (KHTML, like Gecko) Ubuntu/11.04 Chromium/12.0.742.112 Chrome/12.0.742.112 Safari/534.30"
4.43.184.114 - - [23/Nov/2024:20:44:28 +0800] "GET /wp-content/sso/login.php HTTP/1.0" 404 76616 "-" "Mozilla/5.0 (X11; U; Linux x86_64; en-US) AppleWebKit/533.4 (KHTML, like Gecko) Chrome/5.0.375.53 Safari/533.4"
36.234.22.239 - - [23/Nov/2024:20:44:41 +0800] "-" 408 579 "-" "-"
36.234.22.239 - - [23/Nov/2024:20:44:41 +0800] "-" 408 579 "-" "-"
36.234.22.239 - - [23/Nov/2024:20:45:27 +0800] "-" 408 579 "-" "-"
36.234.22.239 - - [23/Nov/2024:20:45:27 +0800] "-" 408 563 "-" "-"
36.234.22.239 - - [23/Nov/2024:20:46:24 +0800] "-" 408 563 "-" "-"
36.234.22.239 - - [23/Nov/2024:20:46:24 +0800] "-" 408 563 "-" "-"
220.135.127.108 - - [23/Nov/2024:20:55:44 +0800] "POST /wp-cron.php?doing_wp_cron=1732366544.8100171089172363281250 HTTP/1.1" 200 4035 "-" "WordPress/6.7.1; https://www.bio-power.tw"
40.77.167.157 - - [23/Nov/2024:20:55:44 +0800] "GET /category/uncategorized/ HTTP/1.1" 200 28119 "-" "Mozilla/5.0 AppleWebKit/537.36 (KHTML, like Gecko; compatible; bingbot/2.0; +http://www.bing.com/bingbot.htm) Chrome/116.0.1938.76 Safari/537.36"
4.43.184.114 - - [23/Nov/2024:20:58:45 +0800] "GET /wp-content/sso/login.php HTTP/1.0" 301 576 "-" "Mozilla/5.0 (Macintosh; Intel Mac OS X 10_6_6) AppleWebKit/535.1 (KHTML, like Gecko) Chrome/14.0.835.202 Safari/535.1"
220.135.127.108 - - [23/Nov/2024:20:58:47 +0800] "POST /wp-cron.php?doing_wp_cron=1732366727.0152089595794677734375 HTTP/1.1" 200 4035 "-" "WordPress/6.7.1; https://www.bio-power.tw"
4.43.184.114 - - [23/Nov/2024:20:58:46 +0800] "GET /wp-content/sso/login.php HTTP/1.0" 301 3647 "-" "Mozilla/4.0 (compatible; MSIE 8.0; Windows NT 5.1; Trident/4.0)"
4.43.184.114 - - [23/Nov/2024:20:58:49 +0800] "GET /wp-content/sso/login.php HTTP/1.0" 404 76616 "-" "Mozilla/4.0 (compatible; MSIE 8.0; Windows NT 5.1; Trident/4.0)"
223.137.157.19 - - [23/Nov/2024:21:16:02 +0800] "-" 408 3742 "-" "-"
220.135.127.108 - - [23/Nov/2024:21:20:40 +0800] "POST /wp-cron.php?doing_wp_cron=1732368040.7793080806732177734375 HTTP/1.1" 200 4035 "-" "WordPress/6.7.1; https://www.bio-power.tw"
81.19.215.165 - - [23/Nov/2024:21:20:40 +0800] "POST /xmlrpc.php HTTP/1.1" 200 4029 "-" "Mozilla/5.0 (Windows NT 6.1; Win64; x64; rv:61.0) Gecko/20100101 Firefox/61.0"
81.19.215.165 - - [23/Nov/2024:21:20:43 +0800] "POST /xmlrpc.php HTTP/1.1" 200 4029 "-" "Mozilla/5.0 (Windows NT 6.1; Win64; x64; rv:61.0) Gecko/20100101 Firefox/61.0"
108.178.43.90 - - [23/Nov/2024:21:20:45 +0800] "POST /xmlrpc.php HTTP/1.1" 200 4452 "-" "Mozilla/5.0 (Linux; Android 10; SM-A205U) AppleWebKit/537.36 (KHTML, like Gecko) Chrome/91.0.4472.114 Mobile Safari/537.36"
108.178.43.90 - - [23/Nov/2024:21:20:47 +0800] "POST /xmlrpc.php HTTP/1.1" 200 4452 "-" "Mozilla/5.0 (Linux; Android 10; SM-A205U) AppleWebKit/537.36 (KHTML, like Gecko) Chrome/91.0.4472.114 Mobile Safari/537.36"
164.163.69.20 - - [23/Nov/2024:21:20:56 +0800] "POST /xmlrpc.php HTTP/1.1" 200 4029 "-" "Mozilla/5.0 (Windows NT 6.3; Win64; x64; rv:73.0) Gecko/20100101 Firefox/73.0"
164.163.69.20 - - [23/Nov/2024:21:20:58 +0800] "POST /xmlrpc.php HTTP/1.1" 200 4029 "-" "Mozilla/5.0 (Windows NT 6.3; Win64; x64; rv:73.0) Gecko/20100101 Firefox/73.0"
187.45.188.21 - - [23/Nov/2024:21:21:12 +0800] "POST /xmlrpc.php HTTP/1.1" 200 4029 "-" "Mozilla/5.0 (Windows NT 6.1; Win64; x64) AppleWebKit/537.36 (KHTML, like Gecko) Chrome/60.0.3112.90 Safari/537.36"
187.45.188.21 - - [23/Nov/2024:21:21:15 +0800] "POST /xmlrpc.php HTTP/1.1" 200 4029 "-" "Mozilla/5.0 (Windows NT 6.1; Win64; x64) AppleWebKit/537.36 (KHTML, like Gecko) Chrome/60.0.3112.90 Safari/537.36"
66.29.141.248 - - [23/Nov/2024:21:21:30 +0800] "POST /xmlrpc.php HTTP/1.1" 200 4452 "-" "Mozilla/5.0 (Windows; U; Windows NT 5.1; en-US; rv:1.7.5) Gecko/20041107 Firefox/1.0"
66.29.141.248 - - [23/Nov/2024:21:21:32 +0800] "POST /xmlrpc.php HTTP/1.1" 200 4452 "-" "Mozilla/5.0 (Windows; U; Windows NT 5.1; en-US; rv:1.7.5) Gecko/20041107 Firefox/1.0"
172.96.185.68 - - [23/Nov/2024:21:21:32 +0800] "POST /xmlrpc.php HTTP/1.1" 200 4452 "-" "Mozilla/5.0 (Windows NT 10.0; Win64; x64) AppleWebKit/537.36 (KHTML, like Gecko) Chrome/90.0.4430.212 Safari/537.36"
172.96.185.68 - - [23/Nov/2024:21:21:34 +0800] "POST /xmlrpc.php HTTP/1.1" 200 4452 "-" "Mozilla/5.0 (Windows NT 10.0; Win64; x64) AppleWebKit/537.36 (KHTML, like Gecko) Chrome/90.0.4430.212 Safari/537.36"
150.107.201.125 - - [23/Nov/2024:21:21:36 +0800] "POST /xmlrpc.php HTTP/1.1" 200 4454 "-" "Mozilla/5.0 (Windows NT 10.0; WOW64) AppleWebKit/537.36 (KHTML, like Gecko) Chrome/72.0.3626.121 Safari/537.36"
150.107.201.125 - - [23/Nov/2024:21:21:38 +0800] "POST /xmlrpc.php HTTP/1.1" 200 4454 "-" "Mozilla/5.0 (Windows NT 10.0; WOW64) AppleWebKit/537.36 (KHTML, like Gecko) Chrome/72.0.3626.121 Safari/537.36"
158.180.238.53 - - [23/Nov/2024:21:21:45 +0800] "POST /xmlrpc.php HTTP/1.1" 200 4453 "-" "Mozilla/5.0 (iPad; CPU OS 14_6 like Mac OS X) AppleWebKit/605.1.15 (KHTML, like Gecko) CriOS/91.0.4472.80 Mobile/15E148 Safari/604.1"
158.180.238.53 - - [23/Nov/2024:21:21:48 +0800] "POST /xmlrpc.php HTTP/1.1" 200 4453 "-" "Mozilla/5.0 (iPad; CPU OS 14_6 like Mac OS X) AppleWebKit/605.1.15 (KHTML, like Gecko) CriOS/91.0.4472.80 Mobile/15E148 Safari/604.1"
220.135.127.108 - - [23/Nov/2024:21:21:55 +0800] "POST /wp-cron.php?doing_wp_cron=1732368115.5756959915161132812500 HTTP/1.1" 200 4035 "-" "WordPress/6.7.1; https://www.bio-power.tw"
185.243.77.80 - - [23/Nov/2024:21:21:55 +0800] "POST /xmlrpc.php HTTP/1.1" 200 4452 "-" "Mozilla/5.0 (Windows NT 6.3; Win64; x64) AppleWebKit/537.36 (KHTML, like Gecko) Chrome/60.0.3112.113 Safari/537.36"
185.243.77.80 - - [23/Nov/2024:21:21:57 +0800] "POST /xmlrpc.php HTTP/1.1" 200 4452 "-" "Mozilla/5.0 (Windows NT 6.3; Win64; x64) AppleWebKit/537.36 (KHTML, like Gecko) Chrome/60.0.3112.113 Safari/537.36"
77.55.253.202 - - [23/Nov/2024:21:21:59 +0800] "POST /xmlrpc.php HTTP/1.1" 200 4452 "-" "Mozilla/5.0 (Windows NT 5.1) AppleWebKit/537.36 (KHTML, like Gecko) Chrome/46.0.2490.71 Safari/537.36"
77.55.253.202 - - [23/Nov/2024:21:22:02 +0800] "POST /xmlrpc.php HTTP/1.1" 200 4452 "-" "Mozilla/5.0 (Windows NT 5.1) AppleWebKit/537.36 (KHTML, like Gecko) Chrome/46.0.2490.71 Safari/537.36"
158.180.238.53 - - [23/Nov/2024:21:22:11 +0800] "POST /xmlrpc.php HTTP/1.1" 200 4453 "-" "Mozilla/5.0 (Windows NT 10.0; Win64; x64) AppleWebKit/537.36 (KHTML, like Gecko) Chrome/70.0.3538.102 Safari/537.36"
158.180.238.53 - - [23/Nov/2024:21:22:13 +0800] "POST /xmlrpc.php HTTP/1.1" 200 4453 "-" "Mozilla/5.0 (Windows NT 10.0; Win64; x64) AppleWebKit/537.36 (KHTML, like Gecko) Chrome/70.0.3538.102 Safari/537.36"
158.180.238.53 - - [23/Nov/2024:21:22:33 +0800] "POST /xmlrpc.php HTTP/1.1" 200 4453 "-" "Mozilla/5.0 (Windows NT 10.0; Win64; x64) AppleWebKit/537.36 (KHTML, like Gecko) Chrome/72.0.3626.121 Safari/537.36"
220.135.127.108 - - [23/Nov/2024:21:22:35 +0800] "POST /wp-cron.php?doing_wp_cron=1732368155.7453279495239257812500 HTTP/1.1" 200 4035 "-" "WordPress/6.7.1; https://www.bio-power.tw"
158.180.238.53 - - [23/Nov/2024:21:22:35 +0800] "POST /xmlrpc.php HTTP/1.1" 200 4453 "-" "Mozilla/5.0 (Windows NT 10.0; Win64; x64) AppleWebKit/537.36 (KHTML, like Gecko) Chrome/72.0.3626.121 Safari/537.36"
220.135.127.108 - - [23/Nov/2024:21:34:34 +0800] "POST /wp-cron.php?doing_wp_cron=1732368874.7885088920593261718750 HTTP/1.1" 200 4035 "-" "WordPress/6.7.1; https://www.bio-power.tw"
64.64.112.9 - - [23/Nov/2024:21:34:34 +0800] "GET / HTTP/1.1" 200 30644 "-" "Mozilla/5.0 (Windows NT 10.0; Win64; x64) AppleWebKit/537.36 (KHTML, like Gecko) Chrome/91.0.4472.124 Safari/537.36"
65.108.128.54 - - [23/Nov/2024:21:35:27 +0800] "GET /robots.txt HTTP/1.1" 301 560 "-" "Mozilla/5.0 (compatible; MJ12bot/v1.4.8; http://mj12bot.com/)"
65.108.128.54 - - [23/Nov/2024:21:35:29 +0800] "GET /robots.txt HTTP/1.1" 200 3686 "-" "Mozilla/5.0 (compatible; MJ12bot/v1.4.8; http://mj12bot.com/)"
65.108.128.54 - - [23/Nov/2024:21:35:31 +0800] "GET /?feed=rss2&cat=12&lang=zh-hans HTTP/1.1" 301 616 "-" "Mozilla/5.0 (compatible; MJ12bot/v1.4.8; http://mj12bot.com/)"
65.108.128.54 - - [23/Nov/2024:21:35:33 +0800] "GET /?feed=rss2&cat=12&lang=zh-hans HTTP/1.1" 301 3634 "-" "Mozilla/5.0 (compatible; MJ12bot/v1.4.8; http://mj12bot.com/)"
65.108.128.54 - - [23/Nov/2024:21:35:36 +0800] "GET /feed/?amp%3Bcat=12&lang=zh-hans HTTP/1.1" 200 4259 "-" "Mozilla/5.0 (compatible; MJ12bot/v1.4.8; http://mj12bot.com/)"
65.108.128.54 - - [23/Nov/2024:21:35:38 +0800] "GET /?feed=rss2&cat=13&lang=en HTTP/1.1" 301 606 "-" "Mozilla/5.0 (compatible; MJ12bot/v1.4.8; http://mj12bot.com/)"
65.108.128.54 - - [23/Nov/2024:21:35:40 +0800] "GET /?feed=rss2&cat=13&lang=en HTTP/1.1" 301 3629 "-" "Mozilla/5.0 (compatible; MJ12bot/v1.4.8; http://mj12bot.com/)"
65.108.128.54 - - [23/Nov/2024:21:35:43 +0800] "GET /feed/?amp%3Bcat=13&lang=en HTTP/1.1" 200 4256 "-" "Mozilla/5.0 (compatible; MJ12bot/v1.4.8; http://mj12bot.com/)"
220.135.127.108 - - [23/Nov/2024:21:42:27 +0800] "POST /wp-cron.php?doing_wp_cron=1732369347.0951919555664062500000 HTTP/1.1" 200 4035 "-" "WordPress/6.7.1; https://www.bio-power.tw"
45.157.52.117 - - [23/Nov/2024:21:42:26 +0800] "GET /wp-content/plugins/zujaxuqam/zujaxuqam.php HTTP/1.1" 301 4136 "-" "Mozilla/5.0 (Windows NT 10.0) AppleWebKit/537.36 (KHTML, like Gecko) Chrome/124.0.0.0 Safari/537.36"
45.157.52.117 - - [23/Nov/2024:21:42:29 +0800] "GET /wp-content/plugins/zujaxuqam/zujaxuqam.php HTTP/1.1" 404 77249 "-" "Mozilla/5.0 (Windows NT 10.0) AppleWebKit/537.36 (KHTML, like Gecko) Chrome/124.0.0.0 Safari/537.36"
45.157.52.117 - - [23/Nov/2024:21:42:33 +0800] "GET /wp-content/plugins/incache/front/incache.js HTTP/1.1" 301 4137 "-" "Mozilla/5.0 (Windows NT 10.0; Win64; x64) AppleWebKit/537.36 (KHTML, like Gecko) Chrome/127.0.0.0 Safari/537.36"
220.135.127.108 - - [23/Nov/2024:21:42:37 +0800] "POST /wp-cron.php?doing_wp_cron=1732369357.8630630970001220703125 HTTP/1.1" 200 4035 "-" "WordPress/6.7.1; https://www.bio-power.tw"
45.157.52.117 - - [23/Nov/2024:21:42:37 +0800] "GET /wp-content/plugins/WordPressCore/include.php HTTP/1.1" 301 4138 "-" "Mozilla/5.0 (Windows NT 10.0; Win64; x64) AppleWebKit/537.36 (KHTML, like Gecko) Chrome/127.0.0.0 Safari/537.36"
45.157.52.117 - - [23/Nov/2024:21:42:39 +0800] "GET /wp-content/plugins/WordPressCore/include.php HTTP/1.1" 404 77249 "-" "Mozilla/5.0 (Windows NT 10.0; Win64; x64) AppleWebKit/537.36 (KHTML, like Gecko) Chrome/127.0.0.0 Safari/537.36"
45.157.52.117 - - [23/Nov/2024:21:42:47 +0800] "GET /wp-includes/images/include.php HTTP/1.1" 301 4124 "-" "Mozilla/5.0 (Windows NT 10.0; Win64; x64) AppleWebKit/537.36 (KHTML, like Gecko) Chrome/127.0.0.0 Safari/537.36"
45.157.52.117 - - [23/Nov/2024:21:42:50 +0800] "GET /wp-includes/widgets/include.php HTTP/1.1" 301 4125 "-" "Mozilla/5.0 (Windows NT 10.0; Win64; x64) AppleWebKit/537.36 (KHTML, like Gecko) Chrome/127.0.0.0 Safari/537.36"
45.157.52.117 - - [23/Nov/2024:21:42:52 +0800] "GET /wp-includes/widgets/include.php HTTP/1.1" 404 77249 "-" "Mozilla/5.0 (Windows NT 10.0; Win64; x64) AppleWebKit/537.36 (KHTML, like Gecko) Chrome/127.0.0.0 Safari/537.36"
45.156.129.48 - - [23/Nov/2024:21:43:40 +0800] "GET / HTTP/1.1" 301 3332 "-" "Mozilla/5.0 (Windows NT 10.0; Win64; x64) AppleWebKit/537.36 (KHTML, like Gecko) Chrome/60.0.3112.113 Safari/537.36"
220.135.127.108 - - [23/Nov/2024:21:49:08 +0800] "POST /wp-cron.php?doing_wp_cron=1732369748.0710840225219726562500 HTTP/1.1" 200 4035 "-" "WordPress/6.7.1; https://www.bio-power.tw"
51.222.253.6 - - [23/Nov/2024:21:49:07 +0800] "GET /%E6%94%B9%E8%AE%8A%E7%87%83%E6%B2%B9/ HTTP/1.1" 200 29584 "-" "Mozilla/5.0 (compatible; AhrefsBot/7.0; +http://ahrefs.com/robot/)"
220.135.127.108 - - [23/Nov/2024:22:00:28 +0800] "POST /wp-cron.php?doing_wp_cron=1732370428.6574690341949462890625 HTTP/1.1" 200 4035 "-" "WordPress/6.7.1; https://www.bio-power.tw"
45.148.10.127 - - [23/Nov/2024:22:00:28 +0800] "GET /login.php HTTP/1.1" 302 3494 "-" "Mozilla/5.0 zgrab/0.x"
220.135.127.108 - - [23/Nov/2024:22:05:43 +0800] "POST /wp-cron.php?doing_wp_cron=1732370743.2736949920654296875000 HTTP/1.1" 200 4035 "-" "WordPress/6.7.1; https://www.bio-power.tw"
93.159.230.28 - - [23/Nov/2024:22:05:42 +0800] "GET / HTTP/1.1" 301 3918 "-" "Mozilla/5.0 (Linux; arm_64; Android 12; CPH2205) AppleWebKit/537.36 (KHTML, like Gecko) Chrome/110.0.0.0 YaBrowser/23.3.3.86.00 SA/3 Mobile Safari/537.36"
93.159.230.28 - - [23/Nov/2024:22:05:44 +0800] "GET / HTTP/1.1" 200 30702 "https://mix.matador.tw" "Mozilla/5.0 (Linux; arm_64; Android 12; CPH2205) AppleWebKit/537.36 (KHTML, like Gecko) Chrome/110.0.0.0 YaBrowser/23.3.3.86.00 SA/3 Mobile Safari/537.36"
220.135.127.108 - - [23/Nov/2024:22:15:37 +0800] "POST /wp-cron.php?doing_wp_cron=1732371337.0387299060821533203125 HTTP/1.1" 200 4035 "-" "WordPress/6.7.1; https://www.bio-power.tw"
35.86.200.242 - - [23/Nov/2024:22:15:36 +0800] "GET / HTTP/1.1" 301 3954 "-" "Mozilla/5.0 (compatible; MyCrawler/1.0)"
35.86.200.242 - - [23/Nov/2024:22:15:38 +0800] "GET / HTTP/1.1" 200 87390 "https://bio-power.tw" "Mozilla/5.0 (compatible; MyCrawler/1.0)"
220.135.127.108 - - [23/Nov/2024:22:17:43 +0800] "POST /wp-cron.php?doing_wp_cron=1732371463.1342129707336425781250 HTTP/1.1" 200 4035 "-" "WordPress/6.7.1; https://www.bio-power.tw"
185.243.77.80 - - [23/Nov/2024:22:17:43 +0800] "POST /xmlrpc.php HTTP/1.1" 200 4452 "-" "Mozilla/5.0 (Windows NT 10.0; Win64; x64) AppleWebKit/537.36 (KHTML, like Gecko) Chrome/63.0.3239.132 Safari/537.36"
198.54.114.36 - - [23/Nov/2024:22:17:42 +0800] "POST /xmlrpc.php HTTP/1.1" 200 4452 "-" "Mozilla/5.0 (Windows NT 6.3; Win64; x64) AppleWebKit/537.36 (KHTML, like Gecko) Chrome/60.0.3112.113 Safari/537.36"
185.243.77.80 - - [23/Nov/2024:22:17:45 +0800] "POST /xmlrpc.php HTTP/1.1" 200 4452 "-" "Mozilla/5.0 (Windows NT 10.0; Win64; x64) AppleWebKit/537.36 (KHTML, like Gecko) Chrome/63.0.3239.132 Safari/537.36"
198.54.114.36 - - [23/Nov/2024:22:17:45 +0800] "POST /xmlrpc.php HTTP/1.1" 200 4452 "-" "Mozilla/5.0 (Windows NT 6.3; Win64; x64) AppleWebKit/537.36 (KHTML, like Gecko) Chrome/60.0.3112.113 Safari/537.36"
220.135.127.108 - - [23/Nov/2024:22:17:55 +0800] "POST /wp-cron.php?doing_wp_cron=1732371475.1069939136505126953125 HTTP/1.1" 200 4035 "-" "WordPress/6.7.1; https://www.bio-power.tw"
219.92.75.133 - - [23/Nov/2024:22:17:54 +0800] "POST /xmlrpc.php HTTP/1.1" 200 4452 "-" "Mozilla/5.0 (Macintosh; Intel Mac OS X 10_10; rv:33.0) Gecko/20100101 Firefox/33.0"
219.92.75.133 - - [23/Nov/2024:22:17:56 +0800] "POST /xmlrpc.php HTTP/1.1" 200 4452 "-" "Mozilla/5.0 (Macintosh; Intel Mac OS X 10_10; rv:33.0) Gecko/20100101 Firefox/33.0"
78.142.211.121 - - [23/Nov/2024:22:18:13 +0800] "POST /xmlrpc.php HTTP/1.1" 200 4030 "-" "Mozilla/5.0 (Windows; U; Windows NT 5.1; en-US; rv:1.7.12) Gecko/20050915 Firefox/1.0.7"
78.142.211.121 - - [23/Nov/2024:22:18:17 +0800] "POST /xmlrpc.php HTTP/1.1" 200 4030 "-" "Mozilla/5.0 (Windows; U; Windows NT 5.1; en-US; rv:1.7.12) Gecko/20050915 Firefox/1.0.7"
164.163.69.20 - - [23/Nov/2024:22:18:23 +0800] "POST /xmlrpc.php HTTP/1.1" 200 4029 "-" "Mozilla/5.0 (Macintosh; Intel Mac OS X 11_4) AppleWebKit/537.36 (KHTML, like Gecko) Chrome/91.0.4472.114 Safari/537.36"
164.163.69.20 - - [23/Nov/2024:22:18:26 +0800] "POST /xmlrpc.php HTTP/1.1" 200 4029 "-" "Mozilla/5.0 (Macintosh; Intel Mac OS X 11_4) AppleWebKit/537.36 (KHTML, like Gecko) Chrome/91.0.4472.114 Safari/537.36"
164.163.69.20 - - [23/Nov/2024:22:18:32 +0800] "POST /xmlrpc.php HTTP/1.1" 200 4029 "-" "Mozilla/5.0 (Windows NT 6.1; WOW64; rv:45.0) Gecko/20100101 Firefox/45.0"
164.163.69.20 - - [23/Nov/2024:22:18:34 +0800] "POST /xmlrpc.php HTTP/1.1" 200 4029 "-" "Mozilla/5.0 (Windows NT 6.1; WOW64; rv:45.0) Gecko/20100101 Firefox/45.0"
220.135.127.108 - - [23/Nov/2024:22:18:41 +0800] "POST /wp-cron.php?doing_wp_cron=1732371521.3170080184936523437500 HTTP/1.1" 200 4035 "-" "WordPress/6.7.1; https://www.bio-power.tw"
103.152.79.3 - - [23/Nov/2024:22:18:41 +0800] "POST /xmlrpc.php HTTP/1.1" 200 4451 "-" "Mozilla/5.0 (Windows NT 6.1; WOW64; rv:18.0) Gecko/20100101 Firefox/18.0"
213.8.103.81 - - [23/Nov/2024:22:18:41 +0800] "POST /xmlrpc.php HTTP/1.1" 200 4028 "-" "Mozilla/5.0 (Windows NT 6.1; Win64; x64) AppleWebKit/537.36 (KHTML, like Gecko) Chrome/74.0.3729.169 Safari/537.36"
103.152.79.3 - - [23/Nov/2024:22:18:43 +0800] "POST /xmlrpc.php HTTP/1.1" 200 4451 "-" "Mozilla/5.0 (Windows NT 6.1; WOW64; rv:18.0) Gecko/20100101 Firefox/18.0"
213.8.103.81 - - [23/Nov/2024:22:18:45 +0800] "POST /xmlrpc.php HTTP/1.1" 200 4028 "-" "Mozilla/5.0 (Windows NT 6.1; Win64; x64) AppleWebKit/537.36 (KHTML, like Gecko) Chrome/74.0.3729.169 Safari/537.36"
114.34.168.241 - - [23/Nov/2024:22:19:00 +0800] "POST /xmlrpc.php HTTP/1.1" 200 4453 "-" "Mozilla/5.0 (Windows NT 6.1; WOW64; rv:40.0) Gecko/20100101 Firefox/40.1"
114.34.168.241 - - [23/Nov/2024:22:19:01 +0800] "POST /xmlrpc.php HTTP/1.1" 200 4453 "-" "Mozilla/5.0 (Windows NT 6.1; WOW64; rv:40.0) Gecko/20100101 Firefox/40.1"
65.21.251.206 - - [23/Nov/2024:22:19:14 +0800] "POST /xmlrpc.php HTTP/1.1" 200 4452 "-" "Mozilla/5.0 (Linux; Android 10; SM-A102U) AppleWebKit/537.36 (KHTML, like Gecko) Chrome/91.0.4472.114 Mobile Safari/537.36"
65.21.251.206 - - [23/Nov/2024:22:19:16 +0800] "POST /xmlrpc.php HTTP/1.1" 200 4452 "-" "Mozilla/5.0 (Linux; Android 10; SM-A102U) AppleWebKit/537.36 (KHTML, like Gecko) Chrome/91.0.4472.114 Mobile Safari/537.36"
158.180.238.53 - - [23/Nov/2024:22:19:30 +0800] "POST /xmlrpc.php HTTP/1.1" 200 4453 "-" "Mozilla/5.0 (Windows NT 10.0; Win64; x64; rv:66.0) Gecko/20100101 Firefox/66.0"
158.180.238.53 - - [23/Nov/2024:22:19:32 +0800] "POST /xmlrpc.php HTTP/1.1" 200 4453 "-" "Mozilla/5.0 (Windows NT 10.0; Win64; x64; rv:66.0) Gecko/20100101 Firefox/66.0"
158.180.238.53 - - [23/Nov/2024:22:20:30 +0800] "POST /xmlrpc.php HTTP/1.1" 200 4453 "-" "Mozilla/5.0 (Windows NT 6.1; Win64; x64) AppleWebKit/537.36 (KHTML, like Gecko) Chrome/63.0.3239.132 Safari/537.36"
158.180.238.53 - - [23/Nov/2024:22:20:33 +0800] "POST /xmlrpc.php HTTP/1.1" 200 4453 "-" "Mozilla/5.0 (Windows NT 6.1; Win64; x64) AppleWebKit/537.36 (KHTML, like Gecko) Chrome/63.0.3239.132 Safari/537.36"
36.233.56.193 - - [23/Nov/2024:22:23:35 +0800] "-" 408 3742 "-" "-"
220.135.127.108 - - [23/Nov/2024:22:31:35 +0800] "POST /wp-cron.php?doing_wp_cron=1732372295.7172560691833496093750 HTTP/1.1" 200 4035 "-" "WordPress/6.7.1; https://www.bio-power.tw"
4.43.184.114 - - [23/Nov/2024:22:31:35 +0800] "GET /wp-content/sso/login.php HTTP/1.0" 301 3647 "-" "Mozilla/5.0 (Windows; U; Windows NT 6.1; en-US; rv:1.9.2.18) Gecko/20110614 Firefox/3.6.18"
4.43.184.114 - - [23/Nov/2024:22:31:37 +0800] "GET /wp-content/sso/login.php HTTP/1.0" 404 76616 "-" "Mozilla/5.0 (X11; Linux i686) AppleWebKit/534.30 (KHTML, like Gecko) Chrome/12.0.742.100 Safari/534.30"
220.135.127.108 - - [23/Nov/2024:22:35:00 +0800] "POST /wp-cron.php?doing_wp_cron=1732372500.5347230434417724609375 HTTP/1.1" 200 4035 "-" "WordPress/6.7.1; https://www.bio-power.tw"
72.14.199.96 - - [23/Nov/2024:22:35:00 +0800] "GET /googlefde87d184da3b31d.html HTTP/1.1" 404 77290 "-" "Mozilla/5.0 (compatible; Google-Site-Verification/1.0)"
72.14.199.96 - - [23/Nov/2024:22:36:24 +0800] "GET /google2632de28e7511316.html HTTP/1.1" 200 4097 "-" "Mozilla/5.0 (compatible; Google-Site-Verification/1.0)"
1.200.144.48 - - [23/Nov/2024:22:42:41 +0800] "-" 408 3742 "-" "-"
220.135.127.108 - - [23/Nov/2024:22:43:55 +0800] "POST /wp-cron.php?doing_wp_cron=1732373035.2739539146423339843750 HTTP/1.1" 200 4035 "-" "WordPress/6.7.1; https://www.bio-power.tw"
