Файловый менеджер - Редактировать - /var/www/biopower/log/access.log
Назад
223.139.4.74 - - [23/Nov/2024:10:33:52 +0800] "-" 408 3754 "-" "-"
223.139.4.74 - - [23/Nov/2024:10:33:52 +0800] "-" 408 3754 "-" "-"
49.217.62.172 - - [23/Nov/2024:10:41:46 +0800] "-" 408 3742 "-" "-"
220.135.127.108 - - [23/Nov/2024:10:47:47 +0800] "POST /wp-cron.php?doing_wp_cron=1732330067.1524670124053955078125 HTTP/1.1" 200 4035 "-" "WordPress/6.7.1; https://www.bio-power.tw"
152.53.66.18 - - [23/Nov/2024:10:47:46 +0800] "POST /xmlrpc.php HTTP/1.1" 200 4451 "-" "Mozilla/5.0 (Windows NT 6.1; Win64; x64) AppleWebKit/537.36 (KHTML, like Gecko) Chrome/63.0.3239.132 Safari/537.36"
206.189.18.26 - - [23/Nov/2024:10:47:47 +0800] "POST /xmlrpc.php HTTP/1.1" 200 4452 "-" "Mozilla/5.0 (Windows NT 10.0; Win64; x64; rv:66.0) Gecko/20100101 Firefox/66.0"
152.53.66.18 - - [23/Nov/2024:10:47:49 +0800] "POST /xmlrpc.php HTTP/1.1" 200 4451 "-" "Mozilla/5.0 (Windows NT 6.1; Win64; x64) AppleWebKit/537.36 (KHTML, like Gecko) Chrome/63.0.3239.132 Safari/537.36"
206.189.18.26 - - [23/Nov/2024:10:47:50 +0800] "POST /xmlrpc.php HTTP/1.1" 200 4452 "-" "Mozilla/5.0 (Windows NT 10.0; Win64; x64; rv:66.0) Gecko/20100101 Firefox/66.0"
217.196.49.100 - - [23/Nov/2024:10:48:09 +0800] "POST /xmlrpc.php HTTP/1.1" 200 4453 "-" "Mozilla/5.0 (Windows NT 10.0; Win64; x64; rv:62.0) Gecko/20100101 Firefox/62.0"
217.196.49.100 - - [23/Nov/2024:10:48:11 +0800] "POST /xmlrpc.php HTTP/1.1" 200 4453 "-" "Mozilla/5.0 (Windows NT 10.0; Win64; x64; rv:62.0) Gecko/20100101 Firefox/62.0"
185.99.135.177 - - [23/Nov/2024:10:48:24 +0800] "POST /xmlrpc.php HTTP/1.1" 200 4030 "-" "Mozilla/5.0 (Macintosh; Intel Mac OS X 10_10; rv:33.0) Gecko/20100101 Firefox/33.0"
185.99.135.177 - - [23/Nov/2024:10:48:26 +0800] "POST /xmlrpc.php HTTP/1.1" 200 4030 "-" "Mozilla/5.0 (Macintosh; Intel Mac OS X 10_10; rv:33.0) Gecko/20100101 Firefox/33.0"
220.135.127.108 - - [23/Nov/2024:10:52:24 +0800] "POST /wp-cron.php?doing_wp_cron=1732330344.8058888912200927734375 HTTP/1.1" 200 4035 "-" "WordPress/6.7.1; https://www.bio-power.tw"
106.75.186.101 - - [23/Nov/2024:10:52:24 +0800] "GET /dqgqoeCXckuwPtxov HTTP/1.1" 301 4130 "-" "-"
220.135.127.108 - - [23/Nov/2024:10:57:10 +0800] "POST /wp-cron.php?doing_wp_cron=1732330630.8411500453948974609375 HTTP/1.1" 200 4035 "-" "WordPress/6.7.1; https://www.bio-power.tw"
164.52.24.190 - - [23/Nov/2024:10:57:10 +0800] "GET / HTTP/1.1" 301 3918 "-" "Mozilla/5.0 (Windows NT 10.0; Win64; x64) AppleWebKit/537.36 (KHTML, like Gecko) Chrome/114.0.0.0 Safari/537.36"
164.52.24.190 - - [23/Nov/2024:10:57:14 +0800] "GET / HTTP/1.1" 301 247 "-" "-"
220.135.127.108 - - [23/Nov/2024:10:57:46 +0800] "POST /wp-cron.php?doing_wp_cron=1732330666.2041649818420410156250 HTTP/1.1" 200 4035 "-" "WordPress/6.7.1; https://www.bio-power.tw"
164.52.24.190 - - [23/Nov/2024:10:57:45 +0800] "GET / HTTP/1.1" 200 87390 "-" "Mozilla/5.0 (Windows NT 10.0; Win64; x64) AppleWebKit/537.36 (KHTML, like Gecko) Chrome/114.0.0.0 Safari/537.36"
4.43.184.114 - - [23/Nov/2024:10:58:52 +0800] "GET /wp-content/sso/login.php HTTP/1.0" 301 3647 "-" "Mozilla/5.0 (Windows NT 5.1) AppleWebKit/534.24 (KHTML, like Gecko) Chrome/11.0.696.68 Safari/534.24"
4.43.184.114 - - [23/Nov/2024:10:58:54 +0800] "GET /wp-content/sso/login.php HTTP/1.0" 404 76616 "-" "Mozilla/4.0 (compatible;MSIE 7.0;Windows NT 6.1;SV1;.NET CLR 1.0.3705;.NET CLR 3.0.30618)"
36.239.65.16 - - [23/Nov/2024:11:01:49 +0800] "-" 408 3742 "-" "-"
36.239.65.16 - - [23/Nov/2024:11:01:49 +0800] "-" 408 563 "-" "-"
220.135.127.108 - - [23/Nov/2024:11:06:54 +0800] "POST /wp-cron.php?doing_wp_cron=1732331214.4753348827362060546875 HTTP/1.1" 200 4035 "-" "WordPress/6.7.1; https://www.bio-power.tw"
198.235.24.2 - - [23/Nov/2024:11:06:54 +0800] "GET / HTTP/1.1" 301 3918 "-" "Expanse, a Palo Alto Networks company, searches across the global IPv4 space multiple times per day to identify customers' presences on the Internet. If you would like to be excluded from our scans, please send IP addresses/domains to: scaninfo@paloaltonetworks.com"
220.135.127.108 - - [23/Nov/2024:11:08:34 +0800] "POST /wp-cron.php?doing_wp_cron=1732331314.7329130172729492187500 HTTP/1.1" 200 4035 "-" "WordPress/6.7.1; https://www.bio-power.tw"
72.46.130.218 - - [23/Nov/2024:11:08:34 +0800] "GET /admin/modules/framework/amp_conf/htdocs/admin/config.php HTTP/1.1" 404 76802 "-" "python-requests/2.27.1"
92.255.85.164 - - [23/Nov/2024:11:09:07 +0800] "GET / HTTP/1.0" 301 528 "http://bio-power.tw/" "Mozilla/5.0 (Windows NT 10.0.0; Win64; x64; ) AppleWebKit/537.36 (KHTML, like Gecko) Chrome/124.0.6367.93 Chrome/124.0.6367.93 Not-A.Brand/99 Safari/537.36"
92.255.85.164 - - [23/Nov/2024:11:09:08 +0800] "GET / HTTP/1.0" 301 3550 "https://bio-power.tw/" "Mozilla/5.0 (Windows NT 10.0.0; Win64; x64; ) AppleWebKit/537.36 (KHTML, like Gecko) Chrome/124.0.6367.93 Chrome/124.0.6367.93 Not-A.Brand/99 Safari/537.36"
92.255.85.164 - - [23/Nov/2024:11:09:10 +0800] "GET / HTTP/1.0" 200 86754 "https://www.bio-power.tw/" "Mozilla/5.0 (Windows NT 10.0.0; Win64; x64; ) AppleWebKit/537.36 (KHTML, like Gecko) Chrome/124.0.6367.93 Chrome/124.0.6367.93 Not-A.Brand/99 Safari/537.36"
101.136.112.207 - - [23/Nov/2024:11:13:18 +0800] "-" 408 563 "-" "-"
4.43.184.114 - - [23/Nov/2024:11:14:03 +0800] "GET /wp-content/sso/login.php HTTP/1.0" 301 576 "-" "Mozilla/4.0 (compatible; MSIE 7.0; Windows NT 6.0; Trident/4.0)"
220.135.127.108 - - [23/Nov/2024:11:14:04 +0800] "POST /wp-cron.php?doing_wp_cron=1732331644.7760729789733886718750 HTTP/1.1" 200 4035 "-" "WordPress/6.7.1; https://www.bio-power.tw"
4.43.184.114 - - [23/Nov/2024:11:14:04 +0800] "GET /wp-content/sso/login.php HTTP/1.0" 301 3647 "-" "Mozilla/5.0 (Windows; U; Windows NT 6.0; en-US; rv:1.9.2.8) Gecko/20100722 Firefox/3.6.8"
4.43.184.114 - - [23/Nov/2024:11:14:05 +0800] "GET /wp-content/sso/login.php HTTP/1.0" 404 76616 "-" "Mozilla/5.0 (compatible; MSIE 9.0; Windows NT 6.0; Trident/5.0)"
152.32.216.14 - - [23/Nov/2024:11:17:07 +0800] "GET / HTTP/1.0" 400 622 "-" "-"
220.135.127.108 - - [23/Nov/2024:11:17:16 +0800] "POST /wp-cron.php?doing_wp_cron=1732331836.6965379714965820312500 HTTP/1.1" 200 4035 "-" "WordPress/6.7.1; https://www.bio-power.tw"
152.32.216.14 - - [23/Nov/2024:11:17:16 +0800] "GET / HTTP/1.1" 301 3918 "-" "curl/7.29.0"
152.32.216.14 - - [23/Nov/2024:11:17:18 +0800] "t3 12.1.2\n" 400 4180 "-" "-"
111.246.162.106 - - [23/Nov/2024:11:19:28 +0800] "-" 408 563 "-" "-"
111.246.162.106 - - [23/Nov/2024:11:19:28 +0800] "-" 408 3742 "-" "-"
1.164.153.52 - - [23/Nov/2024:11:39:48 +0800] "-" 408 3762 "-" "-"
66.220.149.33 - - [23/Nov/2024:11:40:52 +0800] "GET /robots.txt HTTP/1.1" 200 4238 "-" "facebookexternalhit/1.1 (+http://www.facebook.com/externalhit_uatext.php)"
220.135.127.108 - - [23/Nov/2024:11:40:53 +0800] "POST /wp-cron.php?doing_wp_cron=1732333253.4848060607910156250000 HTTP/1.1" 200 4035 "-" "WordPress/6.7.1; https://www.bio-power.tw"
66.220.149.25 - - [23/Nov/2024:11:40:53 +0800] "GET /robots.txt HTTP/1.1" 200 4238 "-" "facebookexternalhit/1.1 (+http://www.facebook.com/externalhit_uatext.php)"
220.135.127.108 - - [23/Nov/2024:11:40:53 +0800] "POST /wp-cron.php?doing_wp_cron=1732333253.4848430156707763671875 HTTP/1.1" 200 4035 "-" "WordPress/6.7.1; https://www.bio-power.tw"
66.220.149.11 - - [23/Nov/2024:11:40:53 +0800] "GET /robots.txt HTTP/1.1" 200 4238 "-" "facebookexternalhit/1.1 (+http://www.facebook.com/externalhit_uatext.php)"
66.220.149.1 - - [23/Nov/2024:11:41:01 +0800] "GET /meta.json HTTP/1.1" 404 77305 "-" "facebookexternalhit/1.1 (+http://www.facebook.com/externalhit_uatext.php)"
66.220.149.37 - - [23/Nov/2024:11:41:01 +0800] "GET / HTTP/1.1" 200 87461 "-" "facebookexternalhit/1.1 (+http://www.facebook.com/externalhit_uatext.php)"
66.220.149.3 - - [23/Nov/2024:11:41:01 +0800] "GET / HTTP/1.1" 200 87461 "-" "facebookexternalhit/1.1 (+http://www.facebook.com/externalhit_uatext.php)"
23.128.64.13 - - [23/Nov/2024:11:45:35 +0800] "GET /xmlrpc.php?rsd HTTP/1.1" 301 593 "-" "Mozilla/5.0 (Windows NT 10.0; Win64; x64) AppleWebKit/537.36 (KHTML, like Gecko) Chrome/95.0.4638.69 Safari/537.36"
23.128.64.13 - - [23/Nov/2024:11:45:37 +0800] "GET /blog/wp-includes/wlwmanifest.xml HTTP/1.1" 301 628 "-" "Mozilla/5.0 (Windows NT 10.0; Win64; x64) AppleWebKit/537.36 (KHTML, like Gecko) Chrome/95.0.4638.69 Safari/537.36"
23.128.64.13 - - [23/Nov/2024:11:45:40 +0800] "GET /web/wp-includes/wlwmanifest.xml HTTP/1.1" 301 626 "-" "Mozilla/5.0 (Windows NT 10.0; Win64; x64) AppleWebKit/537.36 (KHTML, like Gecko) Chrome/95.0.4638.69 Safari/537.36"
23.128.64.13 - - [23/Nov/2024:11:45:42 +0800] "GET /wordpress/wp-includes/wlwmanifest.xml HTTP/1.1" 301 638 "-" "Mozilla/5.0 (Windows NT 10.0; Win64; x64) AppleWebKit/537.36 (KHTML, like Gecko) Chrome/95.0.4638.69 Safari/537.36"
23.128.64.13 - - [23/Nov/2024:11:45:44 +0800] "GET /wp/wp-includes/wlwmanifest.xml HTTP/1.1" 301 624 "-" "Mozilla/5.0 (Windows NT 10.0; Win64; x64) AppleWebKit/537.36 (KHTML, like Gecko) Chrome/95.0.4638.69 Safari/537.36"
23.128.64.13 - - [23/Nov/2024:11:45:46 +0800] "GET /2020/wp-includes/wlwmanifest.xml HTTP/1.1" 301 628 "-" "Mozilla/5.0 (Windows NT 10.0; Win64; x64) AppleWebKit/537.36 (KHTML, like Gecko) Chrome/95.0.4638.69 Safari/537.36"
23.128.64.13 - - [23/Nov/2024:11:45:49 +0800] "GET /2019/wp-includes/wlwmanifest.xml HTTP/1.1" 301 628 "-" "Mozilla/5.0 (Windows NT 10.0; Win64; x64) AppleWebKit/537.36 (KHTML, like Gecko) Chrome/95.0.4638.69 Safari/537.36"
23.128.64.13 - - [23/Nov/2024:11:45:51 +0800] "GET /2021/wp-includes/wlwmanifest.xml HTTP/1.1" 301 628 "-" "Mozilla/5.0 (Windows NT 10.0; Win64; x64) AppleWebKit/537.36 (KHTML, like Gecko) Chrome/95.0.4638.69 Safari/537.36"
23.128.64.13 - - [23/Nov/2024:11:45:53 +0800] "GET /shop/wp-includes/wlwmanifest.xml HTTP/1.1" 301 628 "-" "Mozilla/5.0 (Windows NT 10.0; Win64; x64) AppleWebKit/537.36 (KHTML, like Gecko) Chrome/95.0.4638.69 Safari/537.36"
23.128.64.13 - - [23/Nov/2024:11:45:55 +0800] "GET /wp1/wp-includes/wlwmanifest.xml HTTP/1.1" 301 626 "-" "Mozilla/5.0 (Windows NT 10.0; Win64; x64) AppleWebKit/537.36 (KHTML, like Gecko) Chrome/95.0.4638.69 Safari/537.36"
23.128.64.13 - - [23/Nov/2024:11:45:58 +0800] "GET /test/wp-includes/wlwmanifest.xml HTTP/1.1" 301 628 "-" "Mozilla/5.0 (Windows NT 10.0; Win64; x64) AppleWebKit/537.36 (KHTML, like Gecko) Chrome/95.0.4638.69 Safari/537.36"
23.128.64.13 - - [23/Nov/2024:11:46:00 +0800] "GET /site/wp-includes/wlwmanifest.xml HTTP/1.1" 301 628 "-" "Mozilla/5.0 (Windows NT 10.0; Win64; x64) AppleWebKit/537.36 (KHTML, like Gecko) Chrome/95.0.4638.69 Safari/537.36"
23.128.64.13 - - [23/Nov/2024:11:46:02 +0800] "GET /cms/wp-includes/wlwmanifest.xml HTTP/1.1" 301 626 "-" "Mozilla/5.0 (Windows NT 10.0; Win64; x64) AppleWebKit/537.36 (KHTML, like Gecko) Chrome/95.0.4638.69 Safari/537.36"
220.135.127.108 - - [23/Nov/2024:11:48:03 +0800] "POST /wp-cron.php?doing_wp_cron=1732333683.1433169841766357421875 HTTP/1.1" 200 4035 "-" "WordPress/6.7.1; https://www.bio-power.tw"
51.222.253.17 - - [23/Nov/2024:11:48:02 +0800] "GET /robots.txt HTTP/1.1" 200 4162 "-" "Mozilla/5.0 (compatible; AhrefsBot/7.0; +http://ahrefs.com/robot/)"
92.204.55.112 - - [23/Nov/2024:11:48:56 +0800] "POST /xmlrpc.php HTTP/1.1" 200 3984 "-" "Mozilla/5.0 (Linux; Android 10; SM-A205U) AppleWebKit/537.36 (KHTML, like Gecko) Chrome/91.0.4472.114 Mobile Safari/537.36"
92.204.55.112 - - [23/Nov/2024:11:49:00 +0800] "POST /xmlrpc.php HTTP/1.1" 200 3984 "-" "Mozilla/5.0 (Linux; Android 10; SM-A205U) AppleWebKit/537.36 (KHTML, like Gecko) Chrome/91.0.4472.114 Mobile Safari/537.36"
57.155.216.22 - - [23/Nov/2024:11:49:07 +0800] "POST /xmlrpc.php HTTP/1.1" 200 4452 "-" "Mozilla/5.0 (Windows NT 10.0; Win64; x64; rv:84.0) Gecko/20100101 Firefox/84.0"
57.155.216.22 - - [23/Nov/2024:11:49:08 +0800] "POST /xmlrpc.php HTTP/1.1" 200 4452 "-" "Mozilla/5.0 (Windows NT 10.0; Win64; x64; rv:84.0) Gecko/20100101 Firefox/84.0"
178.33.109.109 - - [23/Nov/2024:11:49:23 +0800] "POST /xmlrpc.php HTTP/1.1" 200 4453 "-" "Mozilla/5.0 (Windows NT 10.0; Win64; x64) AppleWebKit/537.36 (KHTML, like Gecko) Chrome/61.0.3163.100 Safari/537.36"
178.33.109.109 - - [23/Nov/2024:11:49:26 +0800] "POST /xmlrpc.php HTTP/1.1" 200 4453 "-" "Mozilla/5.0 (Windows NT 10.0; Win64; x64) AppleWebKit/537.36 (KHTML, like Gecko) Chrome/61.0.3163.100 Safari/537.36"
158.180.238.53 - - [23/Nov/2024:11:49:34 +0800] "POST /xmlrpc.php HTTP/1.1" 200 4453 "-" "Mozilla/5.0 (Windows NT 10.0; Win64; x64) AppleWebKit/537.36 (KHTML, like Gecko) Chrome/69.0.3497.100 Safari/537.36"
158.180.238.53 - - [23/Nov/2024:11:49:37 +0800] "POST /xmlrpc.php HTTP/1.1" 200 4453 "-" "Mozilla/5.0 (Windows NT 10.0; Win64; x64) AppleWebKit/537.36 (KHTML, like Gecko) Chrome/69.0.3497.100 Safari/537.36"
78.46.167.107 - - [23/Nov/2024:11:49:39 +0800] "POST /xmlrpc.php HTTP/1.1" 200 4452 "-" "Mozilla/5.0 (Windows NT 10.0; Win64; x64) AppleWebKit/537.36 (KHTML, like Gecko) Chrome/81.0.4044.138 Safari/537.36"
78.46.167.107 - - [23/Nov/2024:11:49:41 +0800] "POST /xmlrpc.php HTTP/1.1" 200 4452 "-" "Mozilla/5.0 (Windows NT 10.0; Win64; x64) AppleWebKit/537.36 (KHTML, like Gecko) Chrome/81.0.4044.138 Safari/537.36"
173.252.107.13 - - [23/Nov/2024:11:54:12 +0800] "GET /?page_id=1410 HTTP/1.1" 301 603 "-" "facebookexternalhit/1.1 (+http://www.facebook.com/externalhit_uatext.php)"
220.135.127.108 - - [23/Nov/2024:11:54:14 +0800] "POST /wp-cron.php?doing_wp_cron=1732334054.0980620384216308593750 HTTP/1.1" 200 4035 "-" "WordPress/6.7.1; https://www.bio-power.tw"
173.252.107.8 - - [23/Nov/2024:11:54:13 +0800] "GET /?page_id=1410 HTTP/1.1" 404 77305 "-" "facebookexternalhit/1.1 (+http://www.facebook.com/externalhit_uatext.php)"
147.185.132.48 - - [23/Nov/2024:11:55:51 +0800] "GET / HTTP/1.1" 301 3918 "-" "Expanse, a Palo Alto Networks company, searches across the global IPv4 space multiple times per day to identify customers' presences on the Internet. If you would like to be excluded from our scans, please send IP addresses/domains to: scaninfo@paloaltonetworks.com"
36.234.40.164 - - [23/Nov/2024:12:17:01 +0800] "-" 408 3742 "-" "-"
220.135.127.108 - - [23/Nov/2024:12:26:03 +0800] "POST /wp-cron.php?doing_wp_cron=1732335962.9947149753570556640625 HTTP/1.1" 200 4035 "-" "WordPress/6.7.1; https://www.bio-power.tw"
116.179.32.91 - - [23/Nov/2024:12:26:02 +0800] "GET /?lang=en HTTP/1.1" 200 30094 "-" "Mozilla/5.0 (compatible; Baiduspider/2.0; +http://www.baidu.com/search/spider.html)"
116.179.37.226 - - [23/Nov/2024:12:26:03 +0800] "GET /wp-content/themes/twentyseventeen/assets/js/global.js?ver=20211130 HTTP/1.1" 200 6758 "https://www.bio-power.tw/?lang=en" "Mozilla/5.0 (compatible; Baiduspider-render/2.0; +http://www.baidu.com/search/spider.html)"
116.179.37.225 - - [23/Nov/2024:12:26:03 +0800] "GET /wp-content/themes/twentyseventeen/assets/js/jquery.scrollTo.js?ver=2.1.3 HTTP/1.1" 200 6534 "https://www.bio-power.tw/?lang=en" "Mozilla/5.0 (compatible; Baiduspider-render/2.0; +http://www.baidu.com/search/spider.html)"
125.122.14.144 - - [23/Nov/2024:12:26:18 +0800] "GET /e/data/html/postinfo.js HTTP/1.1" 301 623 "http://www.bio-power.tw/e/data/html/postinfo.js" "Mozilla/5.0 (compatible; MSIE 9.0; Windows NT 6.1; Win64; x64; Trident/5.0)"
125.122.14.144 - - [23/Nov/2024:12:26:18 +0800] "GET /e/data/html/postinfo.js HTTP/1.1" 404 77393 "http://www.bio-power.tw/e/data/html/postinfo.js" "Mozilla/5.0 (compatible; MSIE 9.0; Windows NT 6.1; Win64; x64; Trident/5.0)"
220.135.127.108 - - [23/Nov/2024:12:27:04 +0800] "POST /wp-cron.php?doing_wp_cron=1732336024.6181600093841552734375 HTTP/1.1" 200 4035 "-" "WordPress/6.7.1; https://www.bio-power.tw"
205.210.31.136 - - [23/Nov/2024:12:27:04 +0800] "GET / HTTP/1.1" 301 3918 "-" "-"
205.210.31.136 - - [23/Nov/2024:12:27:06 +0800] "GET / HTTP/1.1" 200 87390 "-" "-"
101.136.112.207 - - [23/Nov/2024:12:27:58 +0800] "-" 408 3754 "-" "-"
101.136.112.207 - - [23/Nov/2024:12:27:58 +0800] "-" 408 3754 "-" "-"
114.32.248.129 - - [23/Nov/2024:12:35:08 +0800] "-" 408 563 "-" "-"
114.32.248.129 - - [23/Nov/2024:12:35:08 +0800] "-" 408 563 "-" "-"
114.32.248.129 - - [23/Nov/2024:12:36:08 +0800] "-" 408 563 "-" "-"
114.32.248.129 - - [23/Nov/2024:12:36:08 +0800] "-" 408 563 "-" "-"
114.32.248.129 - - [23/Nov/2024:12:37:08 +0800] "-" 408 563 "-" "-"
114.32.248.129 - - [23/Nov/2024:12:37:08 +0800] "-" 408 563 "-" "-"
114.32.248.129 - - [23/Nov/2024:12:38:08 +0800] "-" 408 563 "-" "-"
114.32.248.129 - - [23/Nov/2024:12:38:08 +0800] "-" 408 563 "-" "-"
114.136.67.206 - - [23/Nov/2024:12:52:32 +0800] "-" 408 563 "-" "-"
114.136.67.206 - - [23/Nov/2024:12:52:32 +0800] "-" 408 563 "-" "-"
114.136.67.206 - - [23/Nov/2024:12:52:35 +0800] "-" 408 3754 "-" "-"
58.114.67.109 - - [23/Nov/2024:12:53:01 +0800] "-" 408 563 "-" "-"
58.114.67.109 - - [23/Nov/2024:12:53:01 +0800] "-" 408 563 "-" "-"
58.114.67.109 - - [23/Nov/2024:12:53:44 +0800] "-" 408 563 "-" "-"
122.121.167.45 - - [23/Nov/2024:12:54:15 +0800] "-" 408 3742 "-" "-"
122.121.167.45 - - [23/Nov/2024:12:54:15 +0800] "-" 408 3742 "-" "-"
220.135.127.108 - - [23/Nov/2024:12:57:28 +0800] "POST /wp-cron.php?doing_wp_cron=1732337848.3676500320434570312500 HTTP/1.1" 200 4035 "-" "WordPress/6.7.1; https://www.bio-power.tw"
4.43.184.114 - - [23/Nov/2024:12:57:27 +0800] "GET /wp-content/sso/login.php HTTP/1.0" 301 3647 "-" "Mozilla/5.0 (Macintosh; Intel Mac OS X 10_7_2) AppleWebKit/534.52.7 (KHTML, like Gecko) Version/5.1 Safari/534.50"
4.43.184.114 - - [23/Nov/2024:12:57:31 +0800] "GET /wp-content/sso/login.php HTTP/1.0" 404 76616 "-" "Mozilla/5.0 (Windows NT 5.1) Gecko/20100101 Firefox/7.0.1"
220.135.127.108 - - [23/Nov/2024:12:59:53 +0800] "POST /wp-cron.php?doing_wp_cron=1732337993.3094089031219482421875 HTTP/1.1" 200 4035 "-" "WordPress/6.7.1; https://www.bio-power.tw"
112.86.225.212 - - [23/Nov/2024:12:59:53 +0800] "GET / HTTP/1.1" 200 30721 "-" "Sogou web spider/4.0(+http://www.sogou.com/docs/help/webmasters.htm#07)"
115.231.78.4 - - [23/Nov/2024:13:01:10 +0800] "GET / HTTP/1.1" 200 87127 "-" "Mozilla/5.0 (Windows NT 6.1) AppleWebKit/537.36 (KHTML, like Gecko) Chrome/71.0.2623.112 Safari/537.36"
115.231.78.4 - - [23/Nov/2024:13:01:11 +0800] "GET / HTTP/1.1" 200 30625 "-" "Mozilla/5.0 (Windows NT 6.1; WOW64) AppleWebKit/537.36 (KHTML, like Gecko) Chrome/63.0.3239.132 Safari/537.36 QIHU 360SE"
115.231.78.4 - - [23/Nov/2024:13:01:12 +0800] "GET /favicon.ico HTTP/1.1" 302 4018 "-" "Mozilla/5.0 (Windows NT 6.1; WOW64) AppleWebKit/537.36 (KHTML, like Gecko) Chrome/63.0.3239.132 Safari/537.36 QIHU 360SE"
115.231.78.4 - - [23/Nov/2024:13:01:13 +0800] "GET /robots.txt HTTP/1.1" 301 3927 "-" "Mozilla/5.0 (Windows NT 6.1; WOW64) AppleWebKit/537.36 (KHTML, like Gecko) Chrome/63.0.3239.132 Safari/537.36 QIHU 360SE"
115.231.78.4 - - [23/Nov/2024:13:01:22 +0800] "GET /wp-content/themes/twentyseventeen/assets/js/global.js?ver=20211130 HTTP/1.1" 200 6739 "-" "Mozilla/5.0 (Windows NT 6.1; WOW64) AppleWebKit/537.36 (KHTML, like Gecko) Chrome/63.0.3239.132 Safari/537.36 QIHU 360SE"
115.231.78.4 - - [23/Nov/2024:13:01:22 +0800] "GET /wp-content/themes/twentyseventeen/assets/js/jquery.scrollTo.js?ver=2.1.3 HTTP/1.1" 200 6515 "-" "Mozilla/5.0 (Windows NT 6.1; WOW64) AppleWebKit/537.36 (KHTML, like Gecko) Chrome/63.0.3239.132 Safari/537.36 QIHU 360SE"
45.115.124.123 - - [23/Nov/2024:13:12:16 +0800] "GET /e/data/html/postinfo.js HTTP/1.1" 301 623 "http://www.bio-power.tw/e/data/html/postinfo.js" "Mozilla/5.0 (compatible; MSIE 9.0; Windows NT 6.1; Win64; x64; Trident/5.0)"
45.115.124.123 - - [23/Nov/2024:13:12:16 +0800] "GET /e/data/html/postinfo.js HTTP/1.1" 404 77578 "http://www.bio-power.tw/e/data/html/postinfo.js" "Mozilla/5.0 (compatible; MSIE 9.0; Windows NT 6.1; Win64; x64; Trident/5.0)"
220.135.127.108 - - [23/Nov/2024:13:12:17 +0800] "GET /wp-json/jetpack/v4/sync/spawn-sync?time=1732338737&request_lock_id=1732338737.7435 HTTP/1.1" 200 4053 "-" "WordPress/6.7.1; https://www.bio-power.tw"
220.135.127.108 - - [23/Nov/2024:13:12:16 +0800] "POST /wp-cron.php?doing_wp_cron=1732338736.6863489151000976562500 HTTP/1.1" 200 4035 "-" "WordPress/6.7.1; https://www.bio-power.tw"
220.135.127.108 - - [23/Nov/2024:13:12:29 +0800] "GET /wp-json/jetpack/v4/sync/spawn-sync?time=1732338748&request_lock_id=1732338748.9675 HTTP/1.1" 200 4053 "-" "WordPress/6.7.1; https://www.bio-power.tw"
223.109.252.184 - - [23/Nov/2024:13:19:20 +0800] "GET / HTTP/1.1" 301 540 "-" "Sogou web spider/4.0(+http://www.sogou.com/docs/help/webmasters.htm#07)"
220.135.127.108 - - [23/Nov/2024:13:19:21 +0800] "POST /wp-cron.php?doing_wp_cron=1732339161.0628080368041992187500 HTTP/1.1" 200 4035 "-" "WordPress/6.7.1; https://www.bio-power.tw"
223.109.252.184 - - [23/Nov/2024:13:19:20 +0800] "GET / HTTP/1.1" 200 30721 "-" "Sogou web spider/4.0(+http://www.sogou.com/docs/help/webmasters.htm#07)"
45.158.12.116 - - [23/Nov/2024:13:27:04 +0800] "POST /wp-login.php HTTP/1.1" 401 7578 "-" "ddg_android/5.173.1 (com.duckduckgo.mobile.android; Android API 33)"
220.135.127.108 - - [23/Nov/2024:13:27:10 +0800] "POST /wp-cron.php HTTP/1.1" 200 4035 "-" "WordPress/6.7.1; https://www.bio-power.tw"
220.135.127.108 - - [23/Nov/2024:13:27:10 +0800] "GET / HTTP/1.1" 200 30736 "-" "WordPress/6.7.1; https://www.bio-power.tw"
220.135.127.108 - - [23/Nov/2024:13:27:10 +0800] "GET / HTTP/1.1" 200 30736 "-" "WordPress/6.7.1; https://www.bio-power.tw"
220.135.127.108 - - [23/Nov/2024:13:27:10 +0800] "GET / HTTP/1.1" 200 30736 "-" "WordPress/6.7.1; https://www.bio-power.tw"
220.135.127.108 - - [23/Nov/2024:13:27:11 +0800] "GET / HTTP/1.1" 200 30736 "-" "WordPress/6.7.1; https://www.bio-power.tw"
220.135.127.108 - - [23/Nov/2024:13:27:11 +0800] "GET /?timestamp=1732339631 HTTP/1.1" 200 30724 "-" "WordPress/6.7.1; https://www.bio-power.tw"
220.135.127.108 - - [23/Nov/2024:13:27:05 +0800] "POST /wp-cron.php?doing_wp_cron=1732339625.9378089904785156250000 HTTP/1.1" 200 4035 "-" "WordPress/6.7.1; https://www.bio-power.tw"
52.167.144.175 - - [23/Nov/2024:13:34:31 +0800] "GET /sitemap.xml HTTP/1.1" 200 4340 "-" "Mozilla/5.0 AppleWebKit/537.36 (KHTML, like Gecko; compatible; bingbot/2.0; +http://www.bing.com/bingbot.htm) Chrome/116.0.1938.76 Safari/537.36"
52.167.144.175 - - [23/Nov/2024:13:34:31 +0800] "GET /news-sitemap.xml HTTP/1.1" 200 493 "-" "Mozilla/5.0 AppleWebKit/537.36 (KHTML, like Gecko; compatible; bingbot/2.0; +http://www.bing.com/bingbot.htm) Chrome/116.0.1938.76 Safari/537.36"
220.135.127.108 - - [23/Nov/2024:13:40:53 +0800] "POST /wp-cron.php?doing_wp_cron=1732340453.7927329540252685546875 HTTP/1.1" 200 4035 "-" "WordPress/6.7.1; https://www.bio-power.tw"
167.94.146.61 - - [23/Nov/2024:13:40:53 +0800] "GET / HTTP/1.1" 200 78077 "-" "-"
167.94.146.61 - - [23/Nov/2024:13:40:58 +0800] "GET / HTTP/1.1" 301 3918 "-" "Mozilla/5.0 (compatible; CensysInspect/1.1; +https://about.censys.io/)"
167.94.146.61 - - [23/Nov/2024:13:41:16 +0800] "GET / HTTP/1.1" 200 30702 "-" "Mozilla/5.0 (compatible; CensysInspect/1.1; +https://about.censys.io/)"
147.185.132.162 - - [23/Nov/2024:13:41:16 +0800] "GET / HTTP/1.1" 301 3918 "-" "Expanse, a Palo Alto Networks company, searches across the global IPv4 space multiple times per day to identify customers' presences on the Internet. If you would like to be excluded from our scans, please send IP addresses/domains to: scaninfo@paloaltonetworks.com"
167.94.146.61 - - [23/Nov/2024:13:41:17 +0800] "GET /favicon.ico HTTP/1.1" 302 4105 "-" "Mozilla/5.0 (compatible; CensysInspect/1.1; +https://about.censys.io/)"
167.94.146.61 - - [23/Nov/2024:13:41:19 +0800] "GET /wp-includes/images/w-logo-blue-white-bg.png HTTP/1.1" 200 8152 "https://www.bio-power.tw/favicon.ico" "Mozilla/5.0 (compatible; CensysInspect/1.1; +https://about.censys.io/)"
220.135.127.108 - - [23/Nov/2024:13:44:47 +0800] "POST /wp-cron.php?doing_wp_cron=1732340687.6961100101470947265625 HTTP/1.1" 200 4035 "-" "WordPress/6.7.1; https://www.bio-power.tw"
45.124.84.92 - - [23/Nov/2024:13:44:47 +0800] "POST /xmlrpc.php HTTP/1.1" 200 4028 "-" "Mozilla/5.0 (Windows NT 10.0; Win64; x64) AppleWebKit/537.36 (KHTML, like Gecko) Chrome/61.0.3163.100 Safari/537.36"
45.124.84.92 - - [23/Nov/2024:13:44:49 +0800] "POST /xmlrpc.php HTTP/1.1" 200 4028 "-" "Mozilla/5.0 (Windows NT 10.0; Win64; x64) AppleWebKit/537.36 (KHTML, like Gecko) Chrome/61.0.3163.100 Safari/537.36"
81.3.14.20 - - [23/Nov/2024:13:45:12 +0800] "POST /xmlrpc.php HTTP/1.1" 200 4449 "-" "Mozilla/5.0 (Windows NT 10.0; Win64; x64) AppleWebKit/537.36 (KHTML, like Gecko) Chrome/80.0.3987.149 Safari/537.36"
81.3.14.20 - - [23/Nov/2024:13:45:16 +0800] "POST /xmlrpc.php HTTP/1.1" 200 4449 "-" "Mozilla/5.0 (Windows NT 10.0; Win64; x64) AppleWebKit/537.36 (KHTML, like Gecko) Chrome/80.0.3987.149 Safari/537.36"
176.9.53.18 - - [23/Nov/2024:13:45:19 +0800] "POST /xmlrpc.php HTTP/1.1" 200 4450 "-" "Mozilla/5.0 (Windows NT 10.0; Win64; x64) AppleWebKit/537.36 (KHTML, like Gecko) Chrome/60.0.3112.113 Safari/537.36"
176.9.53.18 - - [23/Nov/2024:13:45:21 +0800] "POST /xmlrpc.php HTTP/1.1" 200 4450 "-" "Mozilla/5.0 (Windows NT 10.0; Win64; x64) AppleWebKit/537.36 (KHTML, like Gecko) Chrome/60.0.3112.113 Safari/537.36"
150.107.201.125 - - [23/Nov/2024:13:45:36 +0800] "POST /xmlrpc.php HTTP/1.1" 200 4454 "-" "Mozilla/5.0 (Windows NT 10.0; Win64; x64) AppleWebKit/537.36 (KHTML, like Gecko) Chrome/69.0.3497.100 Safari/537.36"
150.107.201.125 - - [23/Nov/2024:13:45:40 +0800] "POST /xmlrpc.php HTTP/1.1" 200 4454 "-" "Mozilla/5.0 (Windows NT 10.0; Win64; x64) AppleWebKit/537.36 (KHTML, like Gecko) Chrome/69.0.3497.100 Safari/537.36"
220.135.127.108 - - [23/Nov/2024:14:03:08 +0800] "POST /wp-cron.php?doing_wp_cron=1732341788.8063631057739257812500 HTTP/1.1" 200 4035 "-" "WordPress/6.7.1; https://www.bio-power.tw"
51.222.253.17 - - [23/Nov/2024:14:03:08 +0800] "GET /%E7%87%83%E6%B2%B9%E7%94%9F%E5%8C%96%E9%85%B6-%E6%B1%BD%E6%B2%B9%E7%89%88-g66/ HTTP/1.1" 200 29939 "-" "Mozilla/5.0 (compatible; AhrefsBot/7.0; +http://ahrefs.com/robot/)"
220.135.127.108 - - [23/Nov/2024:14:08:25 +0800] "POST /wp-cron.php?doing_wp_cron=1732342105.6082160472869873046875 HTTP/1.1" 200 4035 "-" "WordPress/6.7.1; https://www.bio-power.tw"
205.210.31.140 - - [23/Nov/2024:14:08:25 +0800] "GET / HTTP/1.1" 301 3918 "-" "-"
205.210.31.140 - - [23/Nov/2024:14:08:27 +0800] "GET / HTTP/1.1" 200 87390 "-" "-"
1.165.216.44 - - [23/Nov/2024:14:13:32 +0800] "-" 408 563 "-" "-"
106.64.48.200 - - [23/Nov/2024:14:18:22 +0800] "-" 408 563 "-" "-"
106.64.48.200 - - [23/Nov/2024:14:18:22 +0800] "-" 408 3742 "-" "-"
220.135.127.108 - - [23/Nov/2024:14:22:02 +0800] "POST /wp-cron.php?doing_wp_cron=1732342922.8533101081848144531250 HTTP/1.1" 200 4035 "-" "WordPress/6.7.1; https://www.bio-power.tw"
40.80.158.10 - - [23/Nov/2024:14:22:02 +0800] "GET / HTTP/1.1" 301 4057 "-" "Mozilla/5.0 (Windows NT 10.0; Win64; x64) AppleWebKit/537.36 (KHTML, like Gecko) Chrome/125.0.6422.114 Safari/537.36"
40.80.158.10 - - [23/Nov/2024:14:22:03 +0800] "GET / HTTP/1.1" 200 30773 "-" "Mozilla/5.0 (Windows NT 10.0; Win64; x64) AppleWebKit/537.36 (KHTML, like Gecko) Chrome/125.0.6422.114 Safari/537.36"
40.80.158.10 - - [23/Nov/2024:14:22:04 +0800] "GET /wp-content/themes/twentyseventeen/assets/fonts/font-libre-franklin.css?ver=20230328 HTTP/1.1" 200 1113 "https://www.bio-power.tw/" "Mozilla/5.0 (Windows NT 10.0; Win64; x64) AppleWebKit/537.36 (KHTML, like Gecko) Chrome/125.0.6422.114 Safari/537.36"
40.80.158.10 - - [23/Nov/2024:14:22:04 +0800] "GET /wp-content/themes/twentyseventeen/style.css?ver=20241112 HTTP/1.1" 200 16377 "https://www.bio-power.tw/" "Mozilla/5.0 (Windows NT 10.0; Win64; x64) AppleWebKit/537.36 (KHTML, like Gecko) Chrome/125.0.6422.114 Safari/537.36"
40.80.158.10 - - [23/Nov/2024:14:22:04 +0800] "GET /wp-content/themes/twentyseventeen/assets/css/blocks.css?ver=20240729 HTTP/1.1" 200 3012 "https://www.bio-power.tw/" "Mozilla/5.0 (Windows NT 10.0; Win64; x64) AppleWebKit/537.36 (KHTML, like Gecko) Chrome/125.0.6422.114 Safari/537.36"
40.80.158.10 - - [23/Nov/2024:14:22:05 +0800] "GET /wp-content/themes/twentyseventeen/assets/js/jquery.scrollTo.js?ver=2.1.3 HTTP/1.1" 200 2831 "https://www.bio-power.tw/" "Mozilla/5.0 (Windows NT 10.0; Win64; x64) AppleWebKit/537.36 (KHTML, like Gecko) Chrome/125.0.6422.114 Safari/537.36"
40.80.158.10 - - [23/Nov/2024:14:22:05 +0800] "GET /wp-content/themes/twentyseventeen/assets/js/global.js?ver=20211130 HTTP/1.1" 200 3055 "https://www.bio-power.tw/" "Mozilla/5.0 (Windows NT 10.0; Win64; x64) AppleWebKit/537.36 (KHTML, like Gecko) Chrome/125.0.6422.114 Safari/537.36"
40.80.158.10 - - [23/Nov/2024:14:22:06 +0800] "GET /wp-includes/js/wp-emoji-release.min.js?ver=6.7.1 HTTP/1.1" 200 5479 "https://www.bio-power.tw/" "Mozilla/5.0 (Windows NT 10.0; Win64; x64) AppleWebKit/537.36 (KHTML, like Gecko) Chrome/125.0.6422.114 Safari/537.36"
40.80.158.10 - - [23/Nov/2024:14:22:32 +0800] "GET /favicon.ico HTTP/1.1" 302 4157 "https://www.bio-power.tw/" "Mozilla/5.0 (Windows NT 10.0; Win64; x64) AppleWebKit/537.36 (KHTML, like Gecko) Chrome/125.0.6422.114 Safari/537.36"
40.80.158.10 - - [23/Nov/2024:14:22:32 +0800] "GET /wp-includes/images/w-logo-blue-white-bg.png HTTP/1.1" 200 4449 "https://www.bio-power.tw/" "Mozilla/5.0 (Windows NT 10.0; Win64; x64) AppleWebKit/537.36 (KHTML, like Gecko) Chrome/125.0.6422.114 Safari/537.36"
220.135.127.108 - - [23/Nov/2024:14:23:05 +0800] "POST /wp-cron.php?doing_wp_cron=1732342985.3840310573577880859375 HTTP/1.1" 200 4035 "-" "WordPress/6.7.1; https://www.bio-power.tw"
40.80.158.10 - - [23/Nov/2024:14:23:05 +0800] "GET / HTTP/1.1" 200 30773 "https://www.bio-power.tw/" "Mozilla/5.0 (Windows NT 10.0; Win64; x64) AppleWebKit/537.36 (KHTML, like Gecko) Chrome/127.0.6523.4 Safari/537.36"
40.80.158.10 - - [23/Nov/2024:14:23:06 +0800] "GET /wp-content/themes/twentyseventeen/assets/fonts/font-libre-franklin.css?ver=20230328 HTTP/1.1" 200 1113 "https://www.bio-power.tw/" "Mozilla/5.0 (Windows NT 10.0; Win64; x64) AppleWebKit/537.36 (KHTML, like Gecko) Chrome/127.0.6523.4 Safari/537.36"
40.80.158.10 - - [23/Nov/2024:14:23:06 +0800] "GET /wp-content/themes/twentyseventeen/style.css?ver=20241112 HTTP/1.1" 200 16377 "https://www.bio-power.tw/" "Mozilla/5.0 (Windows NT 10.0; Win64; x64) AppleWebKit/537.36 (KHTML, like Gecko) Chrome/127.0.6523.4 Safari/537.36"
40.80.158.10 - - [23/Nov/2024:14:23:06 +0800] "GET /wp-content/themes/twentyseventeen/assets/css/blocks.css?ver=20240729 HTTP/1.1" 200 3012 "https://www.bio-power.tw/" "Mozilla/5.0 (Windows NT 10.0; Win64; x64) AppleWebKit/537.36 (KHTML, like Gecko) Chrome/127.0.6523.4 Safari/537.36"
40.80.158.10 - - [23/Nov/2024:14:23:06 +0800] "GET /wp-content/themes/twentyseventeen/assets/js/global.js?ver=20211130 HTTP/1.1" 200 3055 "https://www.bio-power.tw/" "Mozilla/5.0 (Windows NT 10.0; Win64; x64) AppleWebKit/537.36 (KHTML, like Gecko) Chrome/127.0.6523.4 Safari/537.36"
40.80.158.10 - - [23/Nov/2024:14:23:06 +0800] "GET /wp-content/themes/twentyseventeen/assets/js/jquery.scrollTo.js?ver=2.1.3 HTTP/1.1" 200 2831 "https://www.bio-power.tw/" "Mozilla/5.0 (Windows NT 10.0; Win64; x64) AppleWebKit/537.36 (KHTML, like Gecko) Chrome/127.0.6523.4 Safari/537.36"
40.80.158.10 - - [23/Nov/2024:14:23:07 +0800] "GET /wp-includes/js/wp-emoji-release.min.js?ver=6.7.1 HTTP/1.1" 200 5479 "https://www.bio-power.tw/" "Mozilla/5.0 (Windows NT 10.0; Win64; x64) AppleWebKit/537.36 (KHTML, like Gecko) Chrome/127.0.6523.4 Safari/537.36"
40.80.158.10 - - [23/Nov/2024:14:23:08 +0800] "POST /?ob=open-bridge/events HTTP/1.1" 200 497 "https://www.bio-power.tw/" "Mozilla/5.0 (Windows NT 10.0; Win64; x64) AppleWebKit/537.36 (KHTML, like Gecko) Chrome/127.0.6523.4 Safari/537.36"
40.80.158.10 - - [23/Nov/2024:14:23:34 +0800] "GET /favicon.ico HTTP/1.1" 302 4157 "https://www.bio-power.tw/" "Mozilla/5.0 (Windows NT 10.0; Win64; x64) AppleWebKit/537.36 (KHTML, like Gecko) Chrome/127.0.6523.4 Safari/537.36"
40.80.158.10 - - [23/Nov/2024:14:23:35 +0800] "GET /wp-includes/images/w-logo-blue-white-bg.png HTTP/1.1" 200 4449 "https://www.bio-power.tw/" "Mozilla/5.0 (Windows NT 10.0; Win64; x64) AppleWebKit/537.36 (KHTML, like Gecko) Chrome/127.0.6523.4 Safari/537.36"
223.109.252.196 - - [23/Nov/2024:14:28:09 +0800] "GET / HTTP/1.1" 301 540 "-" "Sogou web spider/4.0(+http://www.sogou.com/docs/help/webmasters.htm#07)"
220.135.127.108 - - [23/Nov/2024:14:28:10 +0800] "POST /wp-cron.php?doing_wp_cron=1732343290.4098980426788330078125 HTTP/1.1" 200 4035 "-" "WordPress/6.7.1; https://www.bio-power.tw"
223.109.252.196 - - [23/Nov/2024:14:28:10 +0800] "GET / HTTP/1.1" 200 30721 "-" "Sogou web spider/4.0(+http://www.sogou.com/docs/help/webmasters.htm#07)"
220.135.127.108 - - [23/Nov/2024:14:35:34 +0800] "POST /wp-cron.php?doing_wp_cron=1732343734.0180718898773193359375 HTTP/1.1" 200 4035 "-" "WordPress/6.7.1; https://www.bio-power.tw"
187.45.188.21 - - [23/Nov/2024:14:35:33 +0800] "POST /xmlrpc.php HTTP/1.1" 200 4029 "-" "Mozilla/5.0 (X11; Linux x86_64) AppleWebKit/537.36 (KHTML, like Gecko) Chrome/91.0.4472.114 Safari/537.36"
187.45.188.21 - - [23/Nov/2024:14:35:37 +0800] "POST /xmlrpc.php HTTP/1.1" 200 4029 "-" "Mozilla/5.0 (X11; Linux x86_64) AppleWebKit/537.36 (KHTML, like Gecko) Chrome/91.0.4472.114 Safari/537.36"
158.180.238.53 - - [23/Nov/2024:14:35:56 +0800] "POST /xmlrpc.php HTTP/1.1" 200 4453 "-" "Mozilla/5.0 (iPhone; CPU iPhone OS 14_6 like Mac OS X) AppleWebKit/605.1.15 (KHTML, like Gecko) CriOS/91.0.4472.80 Mobile/15E148 Safari/604.1"
158.180.238.53 - - [23/Nov/2024:14:35:59 +0800] "POST /xmlrpc.php HTTP/1.1" 200 4453 "-" "Mozilla/5.0 (iPhone; CPU iPhone OS 14_6 like Mac OS X) AppleWebKit/605.1.15 (KHTML, like Gecko) CriOS/91.0.4472.80 Mobile/15E148 Safari/604.1"
3.22.149.52 - - [23/Nov/2024:14:36:06 +0800] "POST /xmlrpc.php HTTP/1.1" 200 4450 "-" "Mozilla/5.0 (Windows NT 10.0; Win64; x64) AppleWebKit/537.36 (KHTML, like Gecko) Chrome/89.0.4389.90 Safari/537.36"
3.22.149.52 - - [23/Nov/2024:14:36:08 +0800] "POST /xmlrpc.php HTTP/1.1" 200 4450 "-" "Mozilla/5.0 (Windows NT 10.0; Win64; x64) AppleWebKit/537.36 (KHTML, like Gecko) Chrome/89.0.4389.90 Safari/537.36"
78.46.167.107 - - [23/Nov/2024:14:36:18 +0800] "POST /xmlrpc.php HTTP/1.1" 200 4452 "-" "Mozilla/5.0 (Windows NT 10.0; Win64; x64) AppleWebKit/537.36 (KHTML, like Gecko) Chrome/85.0.4183.121 Safari/537.36"
78.46.167.107 - - [23/Nov/2024:14:36:20 +0800] "POST /xmlrpc.php HTTP/1.1" 200 4452 "-" "Mozilla/5.0 (Windows NT 10.0; Win64; x64) AppleWebKit/537.36 (KHTML, like Gecko) Chrome/85.0.4183.121 Safari/537.36"
49.217.63.204 - - [23/Nov/2024:14:37:15 +0800] "-" 408 563 "-" "-"
49.217.63.204 - - [23/Nov/2024:14:37:15 +0800] "-" 408 563 "-" "-"
49.217.63.204 - - [23/Nov/2024:14:38:15 +0800] "-" 408 563 "-" "-"
49.217.63.204 - - [23/Nov/2024:14:38:15 +0800] "-" 408 563 "-" "-"
49.217.63.204 - - [23/Nov/2024:14:39:15 +0800] "-" 408 563 "-" "-"
49.217.63.204 - - [23/Nov/2024:14:39:15 +0800] "-" 408 563 "-" "-"
49.217.63.204 - - [23/Nov/2024:14:40:15 +0800] "-" 408 563 "-" "-"
49.217.63.204 - - [23/Nov/2024:14:40:15 +0800] "-" 408 563 "-" "-"
220.135.127.108 - - [23/Nov/2024:14:41:27 +0800] "POST /wp-cron.php?doing_wp_cron=1732344087.5963990688323974609375 HTTP/1.1" 200 4035 "-" "WordPress/6.7.1; https://www.bio-power.tw"
121.229.156.21 - - [23/Nov/2024:14:41:27 +0800] "GET / HTTP/1.1" 200 30721 "-" "Sogou web spider/4.0(+http://www.sogou.com/docs/help/webmasters.htm#07)"
4.43.184.114 - - [23/Nov/2024:14:43:20 +0800] "GET /wp-content/sso/login.php HTTP/1.0" 301 576 "-" "Mozilla/5.0 (Windows; U; Windows NT 6.1; en-US) AppleWebKit/534.16 (KHTML, like Gecko) Chrome/10.0.648.133 Safari/534.16"
220.135.127.108 - - [23/Nov/2024:14:43:21 +0800] "POST /wp-cron.php?doing_wp_cron=1732344201.8717489242553710937500 HTTP/1.1" 200 4035 "-" "WordPress/6.7.1; https://www.bio-power.tw"
4.43.184.114 - - [23/Nov/2024:14:43:21 +0800] "GET /wp-content/sso/login.php HTTP/1.0" 301 3647 "-" "Mozilla/5.0 (Macintosh; U; Intel Mac OS X 10.6; en-US) Gecko/20101012 Firefox/3.6.11"
4.43.184.114 - - [23/Nov/2024:14:43:23 +0800] "GET /wp-content/sso/login.php HTTP/1.0" 404 76616 "-" "Mozilla/5.0 (compatible; MSIE 9.0; Windows NT 6.0; Trident/5.0)"
101.9.101.210 - - [23/Nov/2024:14:46:38 +0800] "-" 408 563 "-" "-"
220.135.127.108 - - [23/Nov/2024:14:47:33 +0800] "POST /wp-cron.php?doing_wp_cron=1732344453.9569849967956542968750 HTTP/1.1" 200 4035 "-" "WordPress/6.7.1; https://www.bio-power.tw"
87.236.176.162 - - [23/Nov/2024:14:47:33 +0800] "GET / HTTP/1.1" 301 3937 "-" "Mozilla/5.0 (compatible; InternetMeasurement/1.0; +https://internet-measurement.com/)"
220.135.127.108 - - [23/Nov/2024:14:47:35 +0800] "POST /wp-cron.php?doing_wp_cron=1732344455.6958639621734619140625 HTTP/1.1" 200 4035 "-" "WordPress/6.7.1; https://www.bio-power.tw"
87.236.176.162 - - [23/Nov/2024:14:47:35 +0800] "GET / HTTP/1.1" 200 30653 "https://mix.matador.tw" "Mozilla/5.0 (compatible; InternetMeasurement/1.0; +https://internet-measurement.com/)"
87.236.176.43 - - [23/Nov/2024:14:47:37 +0800] "GET /favicon.ico HTTP/1.1" 302 4120 "-" "Mozilla/5.0 (compatible; InternetMeasurement/1.0; +https://internet-measurement.com/)"
87.236.176.43 - - [23/Nov/2024:14:47:38 +0800] "GET /wp-includes/images/w-logo-blue-white-bg.png HTTP/1.1" 200 8148 "https://www.bio-power.tw/favicon.ico" "Mozilla/5.0 (compatible; InternetMeasurement/1.0; +https://internet-measurement.com/)"
101.9.101.210 - - [23/Nov/2024:14:47:40 +0800] "-" 408 563 "-" "-"
101.9.101.210 - - [23/Nov/2024:14:47:40 +0800] "-" 408 563 "-" "-"
101.9.101.210 - - [23/Nov/2024:14:48:40 +0800] "-" 408 563 "-" "-"
101.9.101.210 - - [23/Nov/2024:14:48:40 +0800] "-" 408 563 "-" "-"
101.9.101.210 - - [23/Nov/2024:14:49:06 +0800] "-" 408 563 "-" "-"
101.9.101.210 - - [23/Nov/2024:14:49:06 +0800] "-" 408 563 "-" "-"
220.135.127.108 - - [23/Nov/2024:14:53:49 +0800] "POST /wp-cron.php?doing_wp_cron=1732344829.4933390617370605468750 HTTP/1.1" 200 4035 "-" "WordPress/6.7.1; https://www.bio-power.tw"
157.245.129.229 - - [23/Nov/2024:14:53:48 +0800] "POST /wp-login.php HTTP/1.1" 401 7577 "-" "Mozilla/5.0 (compatible; DuckDuckGo-Favicons-Bot/1.0; +http://duckduckgo.com)"
156.233.90.148 - - [23/Nov/2024:14:58:33 +0800] "GET /wp-content/plugins/wp-judicatory-software/index.php HTTP/1.1" 200 4143 "-" "Opera/9.80 (Windows NT 6.1; WOW64; MRA 5.8 (build 4157)) Presto/2.12.388 Version/12.14"
220.135.127.108 - - [23/Nov/2024:14:58:39 +0800] "GET /wp-content/plugins/all-in-one-wp-migration/all-in-one-wp-migration.css?ch=1 HTTP/1.1" 500 4583 "-" "-"
220.135.127.108 - - [23/Nov/2024:14:58:39 +0800] "GET /wp-content/uploads/2012/10/10.php?ch=1 HTTP/1.1" 200 3958 "-" "-"
220.135.127.108 - - [23/Nov/2024:14:58:43 +0800] "GET /wp-content/uploads/2012/10/10.php?ch=1 HTTP/1.1" 200 3958 "-" "-"
154.213.196.145 - - [23/Nov/2024:14:58:37 +0800] "GET /wp-content/plugins/wp-judicatory-software/index.php HTTP/1.1" 200 4261 "-" "Opera/9.80 (Windows NT 6.1; WOW64; MRA 5.8 (build 4157)) Presto/2.12.388 Version/12.14"
209.38.220.100 - - [23/Nov/2024:15:10:47 +0800] "GET / HTTP/1.1" 301 509 "-" "Mozilla/5.0 (X11; Linux x86_64) AppleWebKit/537.36 (KHTML, like Gecko) Chrome/129.0.0.0 Safari/537.36"
220.135.127.108 - - [23/Nov/2024:15:10:48 +0800] "POST /wp-cron.php?doing_wp_cron=1732345848.5195739269256591796875 HTTP/1.1" 200 4035 "-" "WordPress/6.7.1; https://www.bio-power.tw"
209.38.220.100 - - [23/Nov/2024:15:10:48 +0800] "GET / HTTP/1.1" 301 3954 "-" "Mozilla/5.0 (X11; Linux x86_64) AppleWebKit/537.36 (KHTML, like Gecko) Chrome/129.0.0.0 Safari/537.36"
220.135.127.108 - - [23/Nov/2024:15:12:30 +0800] "POST /wp-cron.php?doing_wp_cron=1732345950.7715339660644531250000 HTTP/1.1" 200 4035 "-" "WordPress/6.7.1; https://www.bio-power.tw"
91.242.162.9 - - [23/Nov/2024:15:12:30 +0800] "GET /robots.txt HTTP/1.1" 200 4182 "-" "Mozilla/5.0 (compatible; Qwantbot-prod/1.0; +Qwantbot@qwant.com)"
91.242.162.4 - - [23/Nov/2024:15:12:31 +0800] "GET / HTTP/1.1" 200 30717 "-" "Mozilla/5.0 (compatible; Qwantbot-prod990819/1.0; +Qwantbot@qwant.com)"
139.59.58.140 - - [23/Nov/2024:15:21:24 +0800] "GET / HTTP/1.0" 400 622 "-" "-"
139.59.58.140 - - [23/Nov/2024:15:21:26 +0800] "GET / HTTP/1.0" 400 622 "-" "-"
139.59.58.140 - - [23/Nov/2024:15:21:27 +0800] "GET / HTTP/1.0" 400 622 "-" "-"
220.135.127.108 - - [23/Nov/2024:15:32:33 +0800] "POST /wp-cron.php?doing_wp_cron=1732347153.8009409904479980468750 HTTP/1.1" 200 4035 "-" "WordPress/6.7.1; https://www.bio-power.tw"
45.148.10.206 - - [23/Nov/2024:15:32:33 +0800] "GET /.git/config HTTP/1.1" 301 4077 "-" "Mozilla/5.0 (Macintosh; Intel Mac OS X 10_15_7) AppleWebKit/605.1.15 (KHTML, like Gecko) Version/17.2.1 Safari/605.4.19"
220.135.127.108 - - [23/Nov/2024:15:36:16 +0800] "POST /wp-cron.php?doing_wp_cron=1732347376.4440379142761230468750 HTTP/1.1" 200 4035 "-" "WordPress/6.7.1; https://www.bio-power.tw"
125.212.214.104 - - [23/Nov/2024:15:36:16 +0800] "POST /xmlrpc.php HTTP/1.1" 200 4031 "-" "Mozilla/5.0 (Windows NT 10.0; Win64; x64) AppleWebKit/537.36 (KHTML, like Gecko) Chrome/63.0.3239.132 Safari/537.36"
125.212.214.104 - - [23/Nov/2024:15:36:18 +0800] "POST /xmlrpc.php HTTP/1.1" 200 4031 "-" "Mozilla/5.0 (Windows NT 10.0; Win64; x64) AppleWebKit/537.36 (KHTML, like Gecko) Chrome/63.0.3239.132 Safari/537.36"
40.77.167.19 - - [23/Nov/2024:15:36:22 +0800] "GET /news-sitemap.xml HTTP/1.1" 200 4328 "-" "Mozilla/5.0 AppleWebKit/537.36 (KHTML, like Gecko; compatible; bingbot/2.0; +http://www.bing.com/bingbot.htm) Chrome/116.0.1938.76 Safari/537.36"
144.91.65.248 - - [23/Nov/2024:15:36:36 +0800] "POST /xmlrpc.php HTTP/1.1" 200 4452 "-" "Mozilla/5.0 (Windows NT 10.0; Win64; x64) AppleWebKit/537.36 (KHTML, like Gecko) Chrome/79.0.3945.88 Safari/537.36"
116.203.54.23 - - [23/Nov/2024:15:36:36 +0800] "POST /xmlrpc.php HTTP/1.1" 200 4452 "-" "Mozilla/5.0 (Windows NT 10.0; Win64; x64; rv:84.0) Gecko/20100101 Firefox/84.0"
116.203.54.23 - - [23/Nov/2024:15:36:38 +0800] "POST /xmlrpc.php HTTP/1.1" 200 4452 "-" "Mozilla/5.0 (Windows NT 10.0; Win64; x64; rv:84.0) Gecko/20100101 Firefox/84.0"
144.91.65.248 - - [23/Nov/2024:15:36:38 +0800] "POST /xmlrpc.php HTTP/1.1" 200 4452 "-" "Mozilla/5.0 (Windows NT 10.0; Win64; x64) AppleWebKit/537.36 (KHTML, like Gecko) Chrome/79.0.3945.88 Safari/537.36"
220.135.127.108 - - [23/Nov/2024:15:37:05 +0800] "POST /wp-cron.php?doing_wp_cron=1732347425.8116559982299804687500 HTTP/1.1" 200 4035 "-" "WordPress/6.7.1; https://www.bio-power.tw"
13.65.241.130 - - [23/Nov/2024:15:37:05 +0800] "POST /xmlrpc.php HTTP/1.1" 200 4452 "-" "Mozilla/5.0 (Windows NT 6.1; WOW64; rv:47.0) Gecko/20100101 Firefox/47.0"
13.65.241.130 - - [23/Nov/2024:15:37:07 +0800] "POST /xmlrpc.php HTTP/1.1" 200 4452 "-" "Mozilla/5.0 (Windows NT 6.1; WOW64; rv:47.0) Gecko/20100101 Firefox/47.0"
158.180.238.53 - - [23/Nov/2024:15:37:11 +0800] "POST /xmlrpc.php HTTP/1.1" 200 4453 "-" "Mozilla/5.0 (Linux; Android 10; LM-Q710(FGN)) AppleWebKit/537.36 (KHTML, like Gecko) Chrome/91.0.4472.114 Mobile Safari/537.36"
158.180.238.53 - - [23/Nov/2024:15:37:13 +0800] "POST /xmlrpc.php HTTP/1.1" 200 4453 "-" "Mozilla/5.0 (Linux; Android 10; LM-Q710(FGN)) AppleWebKit/537.36 (KHTML, like Gecko) Chrome/91.0.4472.114 Mobile Safari/537.36"
220.135.127.108 - - [23/Nov/2024:15:37:40 +0800] "POST /wp-cron.php?doing_wp_cron=1732347460.6613171100616455078125 HTTP/1.1" 200 4035 "-" "WordPress/6.7.1; https://www.bio-power.tw"
103.98.6.153 - - [23/Nov/2024:15:37:40 +0800] "POST /xmlrpc.php HTTP/1.1" 200 4451 "-" "Mozilla/5.0 (Windows NT 10.0; Win64; x64) AppleWebKit/537.36 (KHTML, like Gecko) Chrome/79.0.3945.117 Safari/537.36"
103.98.6.153 - - [23/Nov/2024:15:37:42 +0800] "POST /xmlrpc.php HTTP/1.1" 200 4451 "-" "Mozilla/5.0 (Windows NT 10.0; Win64; x64) AppleWebKit/537.36 (KHTML, like Gecko) Chrome/79.0.3945.117 Safari/537.36"
20.171.207.42 - - [23/Nov/2024:15:48:36 +0800] "GET /robots.txt HTTP/1.1" 301 541 "-" "Mozilla/5.0 AppleWebKit/537.36 (KHTML, like Gecko; compatible; GPTBot/1.2; +https://openai.com/gptbot)"
220.135.127.108 - - [23/Nov/2024:15:48:37 +0800] "POST /wp-cron.php?doing_wp_cron=1732348117.5147531032562255859375 HTTP/1.1" 200 4035 "-" "WordPress/6.7.1; https://www.bio-power.tw"
20.171.207.42 - - [23/Nov/2024:15:48:37 +0800] "GET /robots.txt HTTP/1.1" 200 4162 "http://www.bio-power.tw/robots.txt" "Mozilla/5.0 AppleWebKit/537.36 (KHTML, like Gecko; compatible; GPTBot/1.2; +https://openai.com/gptbot)"
4.227.36.27 - - [23/Nov/2024:15:48:50 +0800] "GET / HTTP/1.1" 301 521 "-" "Mozilla/5.0 AppleWebKit/537.36 (KHTML, like Gecko; compatible; GPTBot/1.2; +https://openai.com/gptbot)"
20.171.207.42 - - [23/Nov/2024:15:48:51 +0800] "GET /robots.txt HTTP/1.1" 200 4162 "-" "Mozilla/5.0 AppleWebKit/537.36 (KHTML, like Gecko; compatible; GPTBot/1.2; +https://openai.com/gptbot)"
4.227.36.27 - - [23/Nov/2024:15:49:01 +0800] "GET / HTTP/1.1" 200 30717 "-" "Mozilla/5.0 AppleWebKit/537.36 (KHTML, like Gecko; compatible; GPTBot/1.2; +https://openai.com/gptbot)"
4.227.36.27 - - [23/Nov/2024:15:49:09 +0800] "GET /?page_id=89 HTTP/1.1" 301 4079 "-" "Mozilla/5.0 AppleWebKit/537.36 (KHTML, like Gecko; compatible; GPTBot/1.2; +https://openai.com/gptbot)"
4.227.36.27 - - [23/Nov/2024:15:49:12 +0800] "GET /?page_id=97 HTTP/1.1" 301 326 "-" "Mozilla/5.0 AppleWebKit/537.36 (KHTML, like Gecko; compatible; GPTBot/1.2; +https://openai.com/gptbot)"
4.227.36.27 - - [23/Nov/2024:15:54:28 +0800] "GET /?page_id=2655 HTTP/1.1" 301 547 "-" "Mozilla/5.0 AppleWebKit/537.36 (KHTML, like Gecko; compatible; GPTBot/1.2; +https://openai.com/gptbot)"
35.216.247.45 - - [23/Nov/2024:15:58:53 +0800] "GET / HTTP/1.1" 400 4180 "-" "-"
220.135.127.108 - - [23/Nov/2024:15:59:00 +0800] "POST /wp-cron.php?doing_wp_cron=1732348740.1140410900115966796875 HTTP/1.1" 200 4035 "-" "WordPress/6.7.1; https://www.bio-power.tw"
35.216.247.45 - - [23/Nov/2024:15:58:59 +0800] "GET / HTTP/1.1" 301 3937 "-" "abuse.xmco.fr"
35.216.247.45 - - [23/Nov/2024:15:59:04 +0800] "GET /.env HTTP/1.1" 404 77239 "-" "Mozilla/5.0 (Macintosh; Intel Mac OS X 10.15; rv:103.0) Gecko/20100101 Firefox/103.0 abuse.xmco.fr"
4.227.36.27 - - [23/Nov/2024:15:59:05 +0800] "GET /?page_id=2655 HTTP/1.1" 404 77249 "-" "Mozilla/5.0 AppleWebKit/537.36 (KHTML, like Gecko; compatible; GPTBot/1.2; +https://openai.com/gptbot)"
35.216.247.45 - - [23/Nov/2024:15:59:06 +0800] "GET /telescope/requests HTTP/1.1" 404 77239 "-" "Mozilla/5.0 (Macintosh; Intel Mac OS X 10.15; rv:103.0) Gecko/20100101 Firefox/103.0 abuse.xmco.fr"
35.216.247.45 - - [23/Nov/2024:15:59:08 +0800] "GET /info.php HTTP/1.1" 404 77239 "-" "Mozilla/5.0 (Macintosh; Intel Mac OS X 10.15; rv:103.0) Gecko/20100101 Firefox/103.0 abuse.xmco.fr"
35.216.247.45 - - [23/Nov/2024:15:59:09 +0800] "GET /.git/config HTTP/1.1" 404 77239 "-" "Mozilla/5.0 (Macintosh; Intel Mac OS X 10.15; rv:103.0) Gecko/20100101 Firefox/103.0 abuse.xmco.fr"
35.216.247.45 - - [23/Nov/2024:15:59:11 +0800] "GET /server-status HTTP/1.1" 403 4154 "-" "Mozilla/5.0 (Macintosh; Intel Mac OS X 10.15; rv:103.0) Gecko/20100101 Firefox/103.0 abuse.xmco.fr"
35.216.247.45 - - [23/Nov/2024:15:59:12 +0800] "GET /config.json HTTP/1.1" 404 77239 "-" "Mozilla/5.0 (Macintosh; Intel Mac OS X 10.15; rv:103.0) Gecko/20100101 Firefox/103.0 abuse.xmco.fr"
52.167.144.213 - - [23/Nov/2024:16:02:44 +0800] "GET /sitemap.xml HTTP/1.1" 200 4340 "-" "Mozilla/5.0 AppleWebKit/537.36 (KHTML, like Gecko; compatible; bingbot/2.0; +http://www.bing.com/bingbot.htm) Chrome/116.0.1938.76 Safari/537.36"
180.177.26.32 - - [23/Nov/2024:16:10:53 +0800] "-" 408 579 "-" "-"
220.135.127.108 - - [23/Nov/2024:16:17:51 +0800] "POST /wp-cron.php?doing_wp_cron=1732349871.4984281063079833984375 HTTP/1.1" 200 4035 "-" "WordPress/6.7.1; https://www.bio-power.tw"
207.96.149.53 - - [23/Nov/2024:16:17:50 +0800] "POST /wp-login.php HTTP/1.1" 401 7577 "-" "ddg_android/5.169.0 (com.duckduckgo.mobile.android; Android API 33)"
14.0.236.20 - - [23/Nov/2024:16:18:09 +0800] "-" 408 3738 "-" "-"
220.135.127.108 - - [23/Nov/2024:16:25:23 +0800] "POST /wp-cron.php?doing_wp_cron=1732350323.6075971126556396484375 HTTP/1.1" 200 4035 "-" "WordPress/6.7.1; https://www.bio-power.tw"
4.43.184.114 - - [23/Nov/2024:16:25:22 +0800] "GET /wp-content/sso/login.php HTTP/1.0" 301 3647 "-" "Mozilla/5.0 (Windows; U; Windows NT 6.1; en-US; rv:1.9.2.7) Gecko/20100713 Firefox/3.6.7"
4.43.184.114 - - [23/Nov/2024:16:25:25 +0800] "GET /wp-content/sso/login.php HTTP/1.0" 404 76616 "-" "Mozilla/5.0 (Windows; U; Windows NT 6.1; en-US; rv:1.9.2.13) Gecko/20101203 Firefox/3.6.13"
185.206.225.142 - - [23/Nov/2024:16:27:34 +0800] "POST /wp-content/uploads/2023/10/ALFA_DATA/alfacgiapi/option.php HTTP/1.1" 200 3461 "https://www.bio-power.tw" "Mozilla/5.0 (Windows NT 10.0; Win64; x64) AppleWebKit/537.36 (KHTML, like Gecko) Chrome/62.0.2885.36 Safari/537.36"
172.212.60.112 - - [23/Nov/2024:16:32:45 +0800] "GET / HTTP/1.0" 400 622 "-" "-"
220.135.127.108 - - [23/Nov/2024:16:34:50 +0800] "POST /wp-cron.php?doing_wp_cron=1732350889.9837169647216796875000 HTTP/1.1" 200 4035 "-" "WordPress/6.7.1; https://www.bio-power.tw"
157.245.105.246 - - [23/Nov/2024:16:34:49 +0800] "GET /.env HTTP/1.1" 404 76746 "-" "Mozilla/5.0 Keydrop"
157.245.105.246 - - [23/Nov/2024:16:34:51 +0800] "GET / HTTP/1.0" 400 622 "-" "-"
220.135.127.108 - - [23/Nov/2024:16:43:49 +0800] "POST /wp-cron.php?doing_wp_cron=1732351429.6729290485382080078125 HTTP/1.1" 200 4035 "-" "WordPress/6.7.1; https://www.bio-power.tw"
5.23.51.23 - - [23/Nov/2024:16:43:49 +0800] "POST /xmlrpc.php HTTP/1.1" 200 4449 "-" "Mozilla/5.0 (Windows NT 10.0; Win64; x64; rv:84.0) Gecko/20100101 Firefox/84.0"
5.23.51.23 - - [23/Nov/2024:16:43:51 +0800] "POST /xmlrpc.php HTTP/1.1" 200 4449 "-" "Mozilla/5.0 (iPhone; CPU iPhone OS 14_6 like Mac OS X) AppleWebKit/605.1.15 (KHTML, like Gecko) CriOS/91.0.4472.80 Mobile/15E148 Safari/604.1"
5.23.51.23 - - [23/Nov/2024:16:43:52 +0800] "POST /xmlrpc.php HTTP/1.1" 200 4449 "-" "Mozilla/5.0 (Windows NT 10.0; Win64; x64; rv:84.0) Gecko/20100101 Firefox/84.0"
