198.235.24.225 - - [23/Nov/2024:12:15:42 +0800] "GET / HTTP/1.1" 301 509 "-" "Expanse, a Palo Alto Networks company, searches across the global IPv4 space multiple times per day to identify customers' presences on the Internet. If you would like to be excluded from our scans, please send IP addresses/domains to: scaninfo@paloaltonetworks.com"
220.135.127.108 - - [23/Nov/2024:12:15:48 +0800] "POST /wp-cron.php?doing_wp_cron=1732335348.0960431098937988281250 HTTP/1.1" 200 4050 "-" "WordPress/6.7.1; https://www.car32.tw"
192.0.82.55 - - [23/Nov/2024:12:15:47 +0800] "HEAD / HTTP/1.1" 200 4000 "-" "jetmon/1.0 (Jetpack Site Uptime Monitor by WordPress.com)"
140.238.59.22 - - [23/Nov/2024:12:15:56 +0800] "GET /feed/ HTTP/1.1" 200 6804 "https://www.car32.tw/feed/" "FreshRSS/1.24.3 (Linux; https://freshrss.org)"
65.108.2.171 - - [23/Nov/2024:12:16:07 +0800] "GET /robots.txt HTTP/1.1" 200 3682 "-" "Mozilla/5.0 (compatible; MJ12bot/v1.4.8; http://mj12bot.com/)"
65.108.2.171 - - [23/Nov/2024:12:16:10 +0800] "GET /page/2/ HTTP/1.1" 200 25856 "-" "Mozilla/5.0 (compatible; MJ12bot/v1.4.8; http://mj12bot.com/)"
4.227.36.14 - - [23/Nov/2024:12:16:35 +0800] "GET /%e9%bb%83%e9%87%91%e7%b7%9a%e6%8f%9b%e5%ad%a3%e4%bf%9d%e9%a4%8a%e5%b0%8f%e6%95%99%e5%ae%a4/embed/ HTTP/1.1" 200 10973 "-" "Mozilla/5.0 AppleWebKit/537.36 (KHTML, like Gecko; compatible; GPTBot/1.2; +https://openai.com/gptbot)"
4.227.36.14 - - [23/Nov/2024:12:17:49 +0800] "GET /%e9%bb%83%e9%87%91%e7%b7%9a%e6%8f%9b%e5%ad%a3%e4%bf%9d%e9%a4%8a%e5%b0%8f%e6%95%99%e5%ae%a4/embed/ HTTP/1.1" 200 10972 "-" "Mozilla/5.0 AppleWebKit/537.36 (KHTML, like Gecko; compatible; GPTBot/1.2; +https://openai.com/gptbot)"
220.135.127.108 - - [23/Nov/2024:12:17:53 +0800] "POST /wp-cron.php HTTP/1.1" 200 4023 "-" "WordPress/6.7.1; https://www.car32.tw"
220.135.127.108 - - [23/Nov/2024:12:17:53 +0800] "GET / HTTP/1.1" 200 24230 "-" "WordPress/6.7.1; https://www.car32.tw"
220.135.127.108 - - [23/Nov/2024:12:17:54 +0800] "GET / HTTP/1.1" 200 24231 "-" "WordPress/6.7.1; https://www.car32.tw"
220.135.127.108 - - [23/Nov/2024:12:17:54 +0800] "GET / HTTP/1.1" 200 24231 "-" "WordPress/6.7.1; https://www.car32.tw"
220.135.127.108 - - [23/Nov/2024:12:17:54 +0800] "GET / HTTP/1.1" 200 24230 "-" "WordPress/6.7.1; https://www.car32.tw"
220.135.127.108 - - [23/Nov/2024:12:17:54 +0800] "GET /?timestamp=1732335474 HTTP/1.1" 200 24230 "-" "WordPress/6.7.1; https://www.car32.tw"
220.135.127.108 - - [23/Nov/2024:12:17:49 +0800] "POST /wp-cron.php?doing_wp_cron=1732335469.6278638839721679687500 HTTP/1.1" 200 4050 "-" "WordPress/6.7.1; https://www.car32.tw"
4.227.36.14 - - [23/Nov/2024:12:18:50 +0800] "GET /%e9%bb%83%e9%87%91%e7%b7%9a%e6%8f%9b%e5%ad%a3%e4%bf%9d%e9%a4%8a%e5%b0%8f%e6%95%99%e5%ae%a4/embed/ HTTP/1.1" 200 10973 "-" "Mozilla/5.0 AppleWebKit/537.36 (KHTML, like Gecko; compatible; GPTBot/1.2; +https://openai.com/gptbot)"
112.86.225.156 - - [23/Nov/2024:12:19:36 +0800] "GET / HTTP/1.1" 301 528 "-" "Sogou web spider/4.0(+http://www.sogou.com/docs/help/webmasters.htm#07)"
220.135.127.108 - - [23/Nov/2024:12:19:37 +0800] "POST /wp-cron.php?doing_wp_cron=1732335577.1392400264739990234375 HTTP/1.1" 200 4050 "-" "WordPress/6.7.1; https://www.car32.tw"
112.86.225.156 - - [23/Nov/2024:12:19:36 +0800] "GET / HTTP/1.1" 200 24184 "-" "Sogou web spider/4.0(+http://www.sogou.com/docs/help/webmasters.htm#07)"
66.249.77.135 - - [23/Nov/2024:12:20:06 +0800] "GET /tag/%E7%87%83%E6%B2%B9%E6%B7%BB%E5%8A%A0%E5%8A%91/ HTTP/1.1" 200 30343 "-" "Mozilla/5.0 (Linux; Android 6.0.1; Nexus 5X Build/MMB29P) AppleWebKit/537.36 (KHTML, like Gecko) Chrome/131.0.6778.69 Mobile Safari/537.36 (compatible; Googlebot/2.1; +http://www.google.com/bot.html)"
4.227.36.14 - - [23/Nov/2024:12:20:11 +0800] "GET /%e9%bb%83%e9%87%91%e7%b7%9a%e6%8f%9b%e5%ad%a3%e4%bf%9d%e9%a4%8a%e5%b0%8f%e6%95%99%e5%ae%a4/embed/ HTTP/1.1" 200 10973 "-" "Mozilla/5.0 AppleWebKit/537.36 (KHTML, like Gecko; compatible; GPTBot/1.2; +https://openai.com/gptbot)"
66.249.77.135 - - [23/Nov/2024:12:20:14 +0800] "POST /?ob=open-bridge/events HTTP/1.1" 200 4216 "https://www.car32.tw/tag/%E7%87%83%E6%B2%B9%E6%B7%BB%E5%8A%A0%E5%8A%91/" "Mozilla/5.0 (Linux; Android 6.0.1; Nexus 5X Build/MMB29P) AppleWebKit/537.36 (KHTML, like Gecko) Chrome/131.0.6778.69 Mobile Safari/537.36 (compatible; Googlebot/2.1; +http://www.google.com/bot.html)"
220.135.127.108 - - [23/Nov/2024:12:20:49 +0800] "POST /wp-cron.php?doing_wp_cron=1732335649.1226639747619628906250 HTTP/1.1" 200 4050 "-" "WordPress/6.7.1; https://www.car32.tw"
192.0.82.55 - - [23/Nov/2024:12:20:48 +0800] "HEAD / HTTP/1.1" 200 4000 "-" "jetmon/1.0 (Jetpack Site Uptime Monitor by WordPress.com)"
4.227.36.14 - - [23/Nov/2024:12:21:36 +0800] "GET /%e9%bb%83%e9%87%91%e7%b7%9a%e6%8f%9b%e5%ad%a3%e4%bf%9d%e9%a4%8a%e5%b0%8f%e6%95%99%e5%ae%a4/embed/ HTTP/1.1" 200 10971 "-" "Mozilla/5.0 AppleWebKit/537.36 (KHTML, like Gecko; compatible; GPTBot/1.2; +https://openai.com/gptbot)"
35.93.10.170 - - [23/Nov/2024:12:21:52 +0800] "GET /%25E8%25AE%258A%25E9%2580%259F%25E7%25AE%25B1%25E6%25B2%25B9%25E5%2588%25B0%25E5%25BA%2595%25E6%2598%25AF%25E6%258F%259B%25E9%2582%2584%25E6%2598%25AF%25E6%25B0%25B8%25E4%25B9%2585%25E5%2585%258D%25E6%258F%259B%25EF%25BC%259F%25E2%2580%25A8/ HTTP/1.1" 404 31473 "-" "Mozilla/5.0 (Windows NT 10.0; Win64; x64) AppleWebKit/537.36 (KHTML, like Gecko) Chrome/113.0.0.0 Safari/537.36"
4.227.36.14 - - [23/Nov/2024:12:23:42 +0800] "GET /%e9%bb%83%e9%87%91%e7%b7%9a%e6%8f%9b%e5%ad%a3%e4%bf%9d%e9%a4%8a%e5%b0%8f%e6%95%99%e5%ae%a4/embed/ HTTP/1.1" 200 10974 "-" "Mozilla/5.0 AppleWebKit/537.36 (KHTML, like Gecko; compatible; GPTBot/1.2; +https://openai.com/gptbot)"
220.135.127.108 - - [23/Nov/2024:12:24:39 +0800] "POST /wp-cron.php?doing_wp_cron=1732335879.6554520130157470703125 HTTP/1.1" 200 4050 "-" "WordPress/6.7.1; https://www.car32.tw"
66.249.71.135 - - [23/Nov/2024:12:24:39 +0800] "GET /%E6%B2%B9%E9%9B%BB%E8%BB%8A%E4%BF%9D%E9%A4%8A/ HTTP/1.1" 200 18083 "-" "Mozilla/5.0 (Linux; Android 6.0.1; Nexus 5X Build/MMB29P) AppleWebKit/537.36 (KHTML, like Gecko) Chrome/131.0.6778.69 Mobile Safari/537.36 (compatible; Googlebot/2.1; +http://www.google.com/bot.html)"
220.135.127.108 - - [23/Nov/2024:12:24:47 +0800] "POST /wp-cron.php?doing_wp_cron=1732335887.4399120807647705078125 HTTP/1.1" 200 4050 "-" "WordPress/6.7.1; https://www.car32.tw"
66.249.77.134 - - [23/Nov/2024:12:24:47 +0800] "POST /?ob=open-bridge/events HTTP/1.1" 200 4216 "https://www.car32.tw/%E6%B2%B9%E9%9B%BB%E8%BB%8A%E4%BF%9D%E9%A4%8A/" "Mozilla/5.0 (Linux; Android 6.0.1; Nexus 5X Build/MMB29P) AppleWebKit/537.36 (KHTML, like Gecko) Chrome/131.0.6778.69 Mobile Safari/537.36 (compatible; Googlebot/2.1; +http://www.google.com/bot.html)"
66.249.71.134 - - [23/Nov/2024:12:24:55 +0800] "GET /%E6%B2%B9%E9%9B%BB%E8%BB%8A%E4%BF%9D%E9%A4%8A/?relatedposts=1 HTTP/1.1" 200 6886 "https://www.car32.tw/%E6%B2%B9%E9%9B%BB%E8%BB%8A%E4%BF%9D%E9%A4%8A/" "Mozilla/5.0 (Linux; Android 6.0.1; Nexus 5X Build/MMB29P) AppleWebKit/537.36 (KHTML, like Gecko) Chrome/131.0.6778.69 Mobile Safari/537.36 (compatible; Googlebot/2.1; +http://www.google.com/bot.html)"
220.135.127.108 - - [23/Nov/2024:12:25:48 +0800] "POST /wp-cron.php?doing_wp_cron=1732335948.0706789493560791015625 HTTP/1.1" 200 4050 "-" "WordPress/6.7.1; https://www.car32.tw"
192.0.82.55 - - [23/Nov/2024:12:25:47 +0800] "HEAD / HTTP/1.1" 200 4000 "-" "jetmon/1.0 (Jetpack Site Uptime Monitor by WordPress.com)"
220.135.127.108 - - [23/Nov/2024:12:26:25 +0800] "POST /wp-cron.php?doing_wp_cron=1732335985.4507200717926025390625 HTTP/1.1" 200 4050 "-" "WordPress/6.7.1; https://www.car32.tw"
4.227.36.14 - - [23/Nov/2024:12:26:25 +0800] "GET /%e9%bb%83%e9%87%91%e7%b7%9a%e6%8f%9b%e5%ad%a3%e4%bf%9d%e9%a4%8a%e5%b0%8f%e6%95%99%e5%ae%a4/embed/ HTTP/1.1" 200 10974 "-" "Mozilla/5.0 AppleWebKit/537.36 (KHTML, like Gecko; compatible; GPTBot/1.2; +https://openai.com/gptbot)"
17.241.227.74 - - [23/Nov/2024:12:26:54 +0800] "GET /tag/%E6%9F%B4%E6%B2%B9%E7%B2%BE/ HTTP/1.1" 200 30426 "-" "Mozilla/5.0 (Macintosh; Intel Mac OS X 10_15_7) AppleWebKit/605.1.15 (KHTML, like Gecko) Version/17.4 Safari/605.1.15 (Applebot/0.1; +http://www.apple.com/go/applebot)"
36.231.93.166 - - [23/Nov/2024:12:27:03 +0800] "GET /favicon.ico HTTP/1.1" 302 4198 "-" "NetworkingExtension/8619.2.8.10.7 Network/4277.42.2 iOS/18.1"
36.231.93.166 - - [23/Nov/2024:12:27:03 +0800] "GET /apple-touch-icon-precomposed.png HTTP/1.1" 404 31510 "-" "NetworkingExtension/8619.2.8.10.7 Network/4277.42.2 iOS/18.1"
36.231.93.166 - - [23/Nov/2024:12:27:03 +0800] "GET /apple-touch-icon.png HTTP/1.1" 404 31510 "-" "NetworkingExtension/8619.2.8.10.7 Network/4277.42.2 iOS/18.1"
36.231.93.166 - - [23/Nov/2024:12:27:03 +0800] "GET /tag/%E6%A9%9F%E6%B2%B9%E5%A3%93%E5%8A%9B/ HTTP/1.1" 200 26699 "-" "Mozilla/5.0 (Macintosh; Intel Mac OS X 10_11_1) AppleWebKit/601.2.4 (KHTML, like Gecko) Version/9.0.1 Safari/601.2.4 facebookexternalhit/1.1 Facebot Twitterbot/1.0"
192.0.114.18 - - [23/Nov/2024:12:27:04 +0800] "GET /wp-content/uploads/2021/05/oil_1.5bar.jpg HTTP/1.1" 200 1902034 "-" "Photon/1.0"
17.22.253.161 - - [23/Nov/2024:12:27:25 +0800] "GET /wp-content/themes/twentytwelve/fonts/font-open-sans.css?ver=20230328 HTTP/1.1" 200 4984 "https://www.car32.tw/tag/%E6%9F%B4%E6%B2%B9%E7%B2%BE/" "Mozilla/5.0 (Macintosh; Intel Mac OS X 10_15_7) AppleWebKit/605.1.15 (KHTML, like Gecko) Version/17.4 Safari/605.1.15 (Applebot/0.1; +http://www.apple.com/go/applebot)"
17.22.237.157 - - [23/Nov/2024:12:27:25 +0800] "GET /wp-content/themes/twentytwelve/js/navigation.js?ver=20141205 HTTP/1.1" 200 4723 "https://www.car32.tw/tag/%E6%9F%B4%E6%B2%B9%E7%B2%BE/" "Mozilla/5.0 (Macintosh; Intel Mac OS X 10_15_7) AppleWebKit/605.1.15 (KHTML, like Gecko) Version/17.4 Safari/605.1.15 (Applebot/0.1; +http://www.apple.com/go/applebot)"
17.22.253.131 - - [23/Nov/2024:12:27:26 +0800] "GET /wp-content/themes/twentytwelve/css/blocks.css?ver=20240603 HTTP/1.1" 200 5988 "https://www.car32.tw/tag/%E6%9F%B4%E6%B2%B9%E7%B2%BE/" "Mozilla/5.0 (Macintosh; Intel Mac OS X 10_15_7) AppleWebKit/605.1.15 (KHTML, like Gecko) Version/17.4 Safari/605.1.15 (Applebot/0.1; +http://www.apple.com/go/applebot)"
17.22.245.141 - - [23/Nov/2024:12:27:26 +0800] "GET /wp-content/themes/twentytwelve/style.css?ver=20240716 HTTP/1.1" 200 12376 "https://www.car32.tw/tag/%E6%9F%B4%E6%B2%B9%E7%B2%BE/" "Mozilla/5.0 (Macintosh; Intel Mac OS X 10_15_7) AppleWebKit/605.1.15 (KHTML, like Gecko) Version/17.4 Safari/605.1.15 (Applebot/0.1; +http://www.apple.com/go/applebot)"
17.22.237.22 - - [23/Nov/2024:12:27:28 +0800] "GET /wp-includes/js/wp-emoji-release.min.js?ver=6.7.1 HTTP/1.1" 200 9175 "https://www.car32.tw/tag/%E6%9F%B4%E6%B2%B9%E7%B2%BE/" "Mozilla/5.0 (Macintosh; Intel Mac OS X 10_15_7) AppleWebKit/605.1.15 (KHTML, like Gecko) Version/17.4 Safari/605.1.15 (Applebot/0.1; +http://www.apple.com/go/applebot)"
4.227.36.14 - - [23/Nov/2024:12:28:12 +0800] "GET /%e9%bb%83%e9%87%91%e7%b7%9a%e6%8f%9b%e5%ad%a3%e4%bf%9d%e9%a4%8a%e5%b0%8f%e6%95%99%e5%ae%a4/embed/ HTTP/1.1" 200 10973 "-" "Mozilla/5.0 AppleWebKit/537.36 (KHTML, like Gecko; compatible; GPTBot/1.2; +https://openai.com/gptbot)"
220.135.127.108 - - [23/Nov/2024:12:29:49 +0800] "POST /wp-cron.php?doing_wp_cron=1732336189.4851651191711425781250 HTTP/1.1" 200 4050 "-" "WordPress/6.7.1; https://www.car32.tw"
146.190.51.156 - - [23/Nov/2024:12:29:49 +0800] "POST /xmlrpc.php HTTP/1.1" 200 4461 "-" "Mozilla/5.0 (Linux; Android 6.0.1; RedMi Note 5 Build/RB3N5C; wv) AppleWebKit/537.36 (KHTML, like Gecko) Version/4.0 Chrome/68.0.3440.91 Mobile Safari/537.36"
146.190.51.156 - - [23/Nov/2024:12:29:51 +0800] "POST /xmlrpc.php HTTP/1.1" 200 4461 "-" "Mozilla/5.0 (Linux; Android 6.0.1; RedMi Note 5 Build/RB3N5C; wv) AppleWebKit/537.36 (KHTML, like Gecko) Version/4.0 Chrome/68.0.3440.91 Mobile Safari/537.36"
185.26.122.51 - - [23/Nov/2024:12:29:51 +0800] "POST /xmlrpc.php HTTP/1.1" 200 4021 "-" "Mozilla/5.0 (Linux; Android 10; SM-G960U) AppleWebKit/537.36 (KHTML, like Gecko) Chrome/91.0.4472.114 Mobile Safari/537.36"
185.26.122.51 - - [23/Nov/2024:12:29:54 +0800] "POST /xmlrpc.php HTTP/1.1" 200 4021 "-" "Mozilla/5.0 (Linux; Android 10; SM-G960U) AppleWebKit/537.36 (KHTML, like Gecko) Chrome/91.0.4472.114 Mobile Safari/537.36"
211.35.70.34 - - [23/Nov/2024:12:29:57 +0800] "POST /xmlrpc.php HTTP/1.1" 200 4459 "-" "Mozilla/5.0 (Windows NT 5.1; rv:36.0) Gecko/20100101 Firefox/36.0"
211.35.70.34 - - [23/Nov/2024:12:29:59 +0800] "POST /xmlrpc.php HTTP/1.1" 200 4459 "-" "Mozilla/5.0 (Windows NT 5.1; rv:36.0) Gecko/20100101 Firefox/36.0"
218.100.84.242 - - [23/Nov/2024:12:29:58 +0800] "POST /xmlrpc.php HTTP/1.1" 200 4461 "-" "Mozilla/5.0 (Windows NT 10.0; Win64; x64) AppleWebKit/537.36 (KHTML, like Gecko) Chrome/70.0.3538.102 Safari/537.36"
218.100.84.242 - - [23/Nov/2024:12:29:59 +0800] "POST /xmlrpc.php HTTP/1.1" 200 4461 "-" "Mozilla/5.0 (Windows NT 10.0; Win64; x64) AppleWebKit/537.36 (KHTML, like Gecko) Chrome/70.0.3538.102 Safari/537.36"
66.249.77.133 - - [23/Nov/2024:12:30:02 +0800] "GET /?p=524 HTTP/1.1" 301 577 "-" "Mozilla/5.0 (Linux; Android 6.0.1; Nexus 5X Build/MMB29P) AppleWebKit/537.36 (KHTML, like Gecko) Chrome/131.0.6778.69 Mobile Safari/537.36 (compatible; Googlebot/2.1; +http://www.google.com/bot.html)"
207.7.83.146 - - [23/Nov/2024:12:30:09 +0800] "POST /xmlrpc.php HTTP/1.1" 200 4459 "-" "Mozilla/5.0 (Windows NT 5.1) AppleWebKit/537.36 (KHTML, like Gecko) Chrome/46.0.2490.71 Safari/537.36"
4.227.36.14 - - [23/Nov/2024:12:30:10 +0800] "GET /%e9%bb%83%e9%87%91%e7%b7%9a%e6%8f%9b%e5%ad%a3%e4%bf%9d%e9%a4%8a%e5%b0%8f%e6%95%99%e5%ae%a4/embed/ HTTP/1.1" 200 10971 "-" "Mozilla/5.0 AppleWebKit/537.36 (KHTML, like Gecko; compatible; GPTBot/1.2; +https://openai.com/gptbot)"
207.7.83.146 - - [23/Nov/2024:12:30:11 +0800] "POST /xmlrpc.php HTTP/1.1" 200 4459 "-" "Mozilla/5.0 (Windows NT 5.1) AppleWebKit/537.36 (KHTML, like Gecko) Chrome/46.0.2490.71 Safari/537.36"
66.249.71.135 - - [23/Nov/2024:12:30:18 +0800] "GET /?p=524 HTTP/1.1" 301 4112 "-" "Mozilla/5.0 (Linux; Android 6.0.1; Nexus 5X Build/MMB29P) AppleWebKit/537.36 (KHTML, like Gecko) Chrome/131.0.6778.69 Mobile Safari/537.36 (compatible; Googlebot/2.1; +http://www.google.com/bot.html)"
103.177.95.19 - - [23/Nov/2024:12:30:24 +0800] "POST /xmlrpc.php HTTP/1.1" 200 4460 "-" "Mozilla/5.0 (Windows NT 10.0; Win64; x64) AppleWebKit/537.36 (KHTML, like Gecko) Chrome/74.0.3729.131 Safari/537.36"
103.177.95.19 - - [23/Nov/2024:12:30:26 +0800] "POST /xmlrpc.php HTTP/1.1" 200 4460 "-" "Mozilla/5.0 (Windows NT 10.0; Win64; x64) AppleWebKit/537.36 (KHTML, like Gecko) Chrome/74.0.3729.131 Safari/537.36"
66.249.77.134 - - [23/Nov/2024:12:30:26 +0800] "GET /%E9%A4%8A%E8%BB%8A%E7%B6%93%E6%BF%9F%E5%AD%B8/ HTTP/1.1" 200 17928 "-" "Mozilla/5.0 (Linux; Android 6.0.1; Nexus 5X Build/MMB29P) AppleWebKit/537.36 (KHTML, like Gecko) Chrome/131.0.6778.69 Mobile Safari/537.36 (compatible; Googlebot/2.1; +http://www.google.com/bot.html)"
220.135.127.108 - - [23/Nov/2024:12:30:33 +0800] "POST /wp-cron.php?doing_wp_cron=1732336233.4505889415740966796875 HTTP/1.1" 200 4050 "-" "WordPress/6.7.1; https://www.car32.tw"
66.249.71.134 - - [23/Nov/2024:12:30:33 +0800] "GET /%E9%A4%8A%E8%BB%8A%E7%B6%93%E6%BF%9F%E5%AD%B8/?relatedposts=1 HTTP/1.1" 200 7046 "https://www.car32.tw/%E9%A4%8A%E8%BB%8A%E7%B6%93%E6%BF%9F%E5%AD%B8/" "Mozilla/5.0 (Linux; Android 6.0.1; Nexus 5X Build/MMB29P) AppleWebKit/537.36 (KHTML, like Gecko) Chrome/131.0.6778.69 Mobile Safari/537.36 (compatible; Googlebot/2.1; +http://www.google.com/bot.html)"
103.124.93.184 - - [23/Nov/2024:12:30:33 +0800] "POST /xmlrpc.php HTTP/1.1" 200 4022 "-" "Mozilla/5.0 (Windows; U; Windows NT 5.1; en-US; rv:1.7.10) Gecko/20050716 Firefox/1.0.6"
103.124.93.184 - - [23/Nov/2024:12:30:35 +0800] "POST /xmlrpc.php HTTP/1.1" 200 4022 "-" "Mozilla/5.0 (Windows; U; Windows NT 5.1; en-US; rv:1.7.10) Gecko/20050716 Firefox/1.0.6"
192.0.82.55 - - [23/Nov/2024:12:30:48 +0800] "HEAD / HTTP/1.1" 200 4000 "-" "jetmon/1.0 (Jetpack Site Uptime Monitor by WordPress.com)"
185.213.164.189 - - [23/Nov/2024:12:30:57 +0800] "POST /xmlrpc.php HTTP/1.1" 200 4462 "-" "Mozilla/5.0 (Linux; Android 10; SM-G960U) AppleWebKit/537.36 (KHTML, like Gecko) Chrome/91.0.4472.114 Mobile Safari/537.36"
185.213.164.189 - - [23/Nov/2024:12:31:00 +0800] "POST /xmlrpc.php HTTP/1.1" 200 4462 "-" "Mozilla/5.0 (Linux; Android 10; SM-G960U) AppleWebKit/537.36 (KHTML, like Gecko) Chrome/91.0.4472.114 Mobile Safari/537.36"
198.54.114.56 - - [23/Nov/2024:12:31:06 +0800] "POST /xmlrpc.php HTTP/1.1" 200 4460 "-" "Mozilla/5.0 (Windows NT 6.1; WOW64; rv:45.0) Gecko/20100101 Firefox/45.0"
198.54.114.56 - - [23/Nov/2024:12:31:08 +0800] "POST /xmlrpc.php HTTP/1.1" 200 4460 "-" "Mozilla/5.0 (Windows NT 6.1; WOW64; rv:45.0) Gecko/20100101 Firefox/45.0"
45.89.237.11 - - [23/Nov/2024:12:31:13 +0800] "POST /xmlrpc.php HTTP/1.1" 200 4020 "-" "Mozilla/5.0 (Windows NT 10.0; Win64; x64) AppleWebKit/537.36 (KHTML, like Gecko) Chrome/74.0.3729.131 Safari/537.36"
45.89.237.11 - - [23/Nov/2024:12:31:17 +0800] "POST /xmlrpc.php HTTP/1.1" 200 4020 "-" "Mozilla/5.0 (Windows NT 10.0; Win64; x64) AppleWebKit/537.36 (KHTML, like Gecko) Chrome/74.0.3729.131 Safari/537.36"
97.74.86.127 - - [23/Nov/2024:12:31:26 +0800] "POST /xmlrpc.php HTTP/1.1" 200 4020 "-" "Mozilla/5.0 (Windows NT 10.0; Win64; x64) AppleWebKit/537.36 (KHTML, like Gecko) Chrome/74.0.3729.169 Safari/537.36"
97.74.86.127 - - [23/Nov/2024:12:31:27 +0800] "POST /xmlrpc.php HTTP/1.1" 200 4020 "-" "Mozilla/5.0 (Windows NT 10.0; Win64; x64) AppleWebKit/537.36 (KHTML, like Gecko) Chrome/74.0.3729.169 Safari/537.36"
4.227.36.14 - - [23/Nov/2024:12:31:43 +0800] "GET /%e9%bb%83%e9%87%91%e7%b7%9a%e6%8f%9b%e5%ad%a3%e4%bf%9d%e9%a4%8a%e5%b0%8f%e6%95%99%e5%ae%a4/embed/ HTTP/1.1" 200 10973 "-" "Mozilla/5.0 AppleWebKit/537.36 (KHTML, like Gecko; compatible; GPTBot/1.2; +https://openai.com/gptbot)"
178.18.243.103 - - [23/Nov/2024:12:31:48 +0800] "POST /xmlrpc.php HTTP/1.1" 200 4022 "-" "Mozilla/5.0 (Windows NT 5.1; rv:30.0) Gecko/20100101 Firefox/30.0"
178.18.243.103 - - [23/Nov/2024:12:31:50 +0800] "POST /xmlrpc.php HTTP/1.1" 200 4022 "-" "Mozilla/5.0 (Windows NT 5.1; rv:30.0) Gecko/20100101 Firefox/30.0"
4.227.36.14 - - [23/Nov/2024:12:33:41 +0800] "GET /%e9%bb%83%e9%87%91%e7%b7%9a%e6%8f%9b%e5%ad%a3%e4%bf%9d%e9%a4%8a%e5%b0%8f%e6%95%99%e5%ae%a4/embed/ HTTP/1.1" 200 10973 "-" "Mozilla/5.0 AppleWebKit/537.36 (KHTML, like Gecko; compatible; GPTBot/1.2; +https://openai.com/gptbot)"
114.32.248.129 - - [23/Nov/2024:12:33:45 +0800] "GET /%e5%bc%95%e6%93%8e%e5%90%83%e6%a9%9f%e6%b2%b9-%e6%80%8e%e6%a8%a3%e7%ae%97%e5%9a%b4%e9%87%8d-%e8%a9%b2%e5%a6%82%e4%bd%95%e8%99%95%e7%90%86/ HTTP/1.1" 200 18277 "https://www.bing.com/" "Mozilla/5.0 (Windows NT 10.0; Win64; x64) AppleWebKit/537.36 (KHTML, like Gecko) Chrome/131.0.0.0 Safari/537.36 Edg/131.0.0.0"
114.32.248.129 - - [23/Nov/2024:12:33:46 +0800] "GET /wp-content/themes/twentytwelve/fonts/font-open-sans.css?ver=20230328 HTTP/1.1" 200 1288 "https://www.car32.tw/%e5%bc%95%e6%93%8e%e5%90%83%e6%a9%9f%e6%b2%b9-%e6%80%8e%e6%a8%a3%e7%ae%97%e5%9a%b4%e9%87%8d-%e8%a9%b2%e5%a6%82%e4%bd%95%e8%99%95%e7%90%86/" "Mozilla/5.0 (Windows NT 10.0; Win64; x64) AppleWebKit/537.36 (KHTML, like Gecko) Chrome/131.0.0.0 Safari/537.36 Edg/131.0.0.0"
114.32.248.129 - - [23/Nov/2024:12:33:46 +0800] "GET /wp-content/themes/twentytwelve/style.css?ver=20240716 HTTP/1.1" 200 12423 "https://www.car32.tw/%e5%bc%95%e6%93%8e%e5%90%83%e6%a9%9f%e6%b2%b9-%e6%80%8e%e6%a8%a3%e7%ae%97%e5%9a%b4%e9%87%8d-%e8%a9%b2%e5%a6%82%e4%bd%95%e8%99%95%e7%90%86/" "Mozilla/5.0 (Windows NT 10.0; Win64; x64) AppleWebKit/537.36 (KHTML, like Gecko) Chrome/131.0.0.0 Safari/537.36 Edg/131.0.0.0"
114.32.248.129 - - [23/Nov/2024:12:33:46 +0800] "GET /wp-content/themes/twentytwelve/css/blocks.css?ver=20240603 HTTP/1.1" 200 2292 "https://www.car32.tw/%e5%bc%95%e6%93%8e%e5%90%83%e6%a9%9f%e6%b2%b9-%e6%80%8e%e6%a8%a3%e7%ae%97%e5%9a%b4%e9%87%8d-%e8%a9%b2%e5%a6%82%e4%bd%95%e8%99%95%e7%90%86/" "Mozilla/5.0 (Windows NT 10.0; Win64; x64) AppleWebKit/537.36 (KHTML, like Gecko) Chrome/131.0.0.0 Safari/537.36 Edg/131.0.0.0"
114.32.248.129 - - [23/Nov/2024:12:33:46 +0800] "GET /wp-content/themes/twentytwelve/js/navigation.js?ver=20141205 HTTP/1.1" 200 1027 "https://www.car32.tw/%e5%bc%95%e6%93%8e%e5%90%83%e6%a9%9f%e6%b2%b9-%e6%80%8e%e6%a8%a3%e7%ae%97%e5%9a%b4%e9%87%8d-%e8%a9%b2%e5%a6%82%e4%bd%95%e8%99%95%e7%90%86/" "Mozilla/5.0 (Windows NT 10.0; Win64; x64) AppleWebKit/537.36 (KHTML, like Gecko) Chrome/131.0.0.0 Safari/537.36 Edg/131.0.0.0"
114.32.248.129 - - [23/Nov/2024:12:33:46 +0800] "GET /wp-content/themes/twentytwelve/fonts/open-sans/open-sans-latin-400-normal.woff2?ver=34 HTTP/1.1" 200 17094 "https://www.car32.tw/wp-content/themes/twentytwelve/fonts/font-open-sans.css?ver=20230328" "Mozilla/5.0 (Windows NT 10.0; Win64; x64) AppleWebKit/537.36 (KHTML, like Gecko) Chrome/131.0.0.0 Safari/537.36 Edg/131.0.0.0"
114.32.248.129 - - [23/Nov/2024:12:33:46 +0800] "GET /wp-content/themes/twentytwelve/fonts/open-sans/open-sans-latin-700-normal.woff2?ver=34 HTTP/1.1" 200 16704 "https://www.car32.tw/wp-content/themes/twentytwelve/fonts/font-open-sans.css?ver=20230328" "Mozilla/5.0 (Windows NT 10.0; Win64; x64) AppleWebKit/537.36 (KHTML, like Gecko) Chrome/131.0.0.0 Safari/537.36 Edg/131.0.0.0"
114.32.248.129 - - [23/Nov/2024:12:33:46 +0800] "GET /wp-includes/js/wp-emoji-release.min.js?ver=6.7.1 HTTP/1.1" 200 5479 "https://www.car32.tw/%e5%bc%95%e6%93%8e%e5%90%83%e6%a9%9f%e6%b2%b9-%e6%80%8e%e6%a8%a3%e7%ae%97%e5%9a%b4%e9%87%8d-%e8%a9%b2%e5%a6%82%e4%bd%95%e8%99%95%e7%90%86/" "Mozilla/5.0 (Windows NT 10.0; Win64; x64) AppleWebKit/537.36 (KHTML, like Gecko) Chrome/131.0.0.0 Safari/537.36 Edg/131.0.0.0"
114.32.248.129 - - [23/Nov/2024:12:33:46 +0800] "POST /?ob=open-bridge/events HTTP/1.1" 200 520 "https://www.car32.tw/%e5%bc%95%e6%93%8e%e5%90%83%e6%a9%9f%e6%b2%b9-%e6%80%8e%e6%a8%a3%e7%ae%97%e5%9a%b4%e9%87%8d-%e8%a9%b2%e5%a6%82%e4%bd%95%e8%99%95%e7%90%86/" "Mozilla/5.0 (Windows NT 10.0; Win64; x64) AppleWebKit/537.36 (KHTML, like Gecko) Chrome/131.0.0.0 Safari/537.36 Edg/131.0.0.0"
114.32.248.129 - - [23/Nov/2024:12:33:46 +0800] "GET /%e5%bc%95%e6%93%8e%e5%90%83%e6%a9%9f%e6%b2%b9-%e6%80%8e%e6%a8%a3%e7%ae%97%e5%9a%b4%e9%87%8d-%e8%a9%b2%e5%a6%82%e4%bd%95%e8%99%95%e7%90%86/?relatedposts=1 HTTP/1.1" 200 5004 "https://www.car32.tw/%e5%bc%95%e6%93%8e%e5%90%83%e6%a9%9f%e6%b2%b9-%e6%80%8e%e6%a8%a3%e7%ae%97%e5%9a%b4%e9%87%8d-%e8%a9%b2%e5%a6%82%e4%bd%95%e8%99%95%e7%90%86/" "Mozilla/5.0 (Windows NT 10.0; Win64; x64) AppleWebKit/537.36 (KHTML, like Gecko) Chrome/131.0.0.0 Safari/537.36 Edg/131.0.0.0"
220.135.127.108 - - [23/Nov/2024:12:35:05 +0800] "POST /wp-cron.php?doing_wp_cron=1732336505.2650530338287353515625 HTTP/1.1" 200 4050 "-" "WordPress/6.7.1; https://www.car32.tw"
4.227.36.14 - - [23/Nov/2024:12:35:05 +0800] "GET /%e9%bb%83%e9%87%91%e7%b7%9a%e6%8f%9b%e5%ad%a3%e4%bf%9d%e9%a4%8a%e5%b0%8f%e6%95%99%e5%ae%a4/embed/ HTTP/1.1" 200 10974 "-" "Mozilla/5.0 AppleWebKit/537.36 (KHTML, like Gecko; compatible; GPTBot/1.2; +https://openai.com/gptbot)"
220.135.127.108 - - [23/Nov/2024:12:35:49 +0800] "POST /wp-cron.php?doing_wp_cron=1732336549.3610560894012451171875 HTTP/1.1" 200 4050 "-" "WordPress/6.7.1; https://www.car32.tw"
192.0.82.55 - - [23/Nov/2024:12:35:49 +0800] "HEAD / HTTP/1.1" 200 4000 "-" "jetmon/1.0 (Jetpack Site Uptime Monitor by WordPress.com)"
23.128.64.13 - - [23/Nov/2024:12:36:29 +0800] "GET / HTTP/1.1" 301 553 "-" "Mozilla/5.0 (Windows NT 10.0; Win64; x64) AppleWebKit/537.36 (KHTML, like Gecko) Chrome/95.0.4638.69 Safari/537.36"
23.128.64.13 - - [23/Nov/2024:12:36:43 +0800] "GET //wp-includes/ID3/license.txt HTTP/1.1" 200 4984 "-" "Mozilla/5.0 (Windows NT 10.0; Win64; x64) AppleWebKit/537.36 (KHTML, like Gecko) Chrome/95.0.4638.69 Safari/537.36"
23.128.64.13 - - [23/Nov/2024:12:36:46 +0800] "GET //feed/ HTTP/1.1" 301 435 "-" "Mozilla/5.0 (Windows NT 10.0; Win64; x64) AppleWebKit/537.36 (KHTML, like Gecko) Chrome/95.0.4638.69 Safari/537.36"
23.128.64.13 - - [23/Nov/2024:12:37:11 +0800] "GET //blog/wp-includes/wlwmanifest.xml HTTP/1.1" 301 3707 "-" "Mozilla/5.0 (Windows NT 10.0; Win64; x64) AppleWebKit/537.36 (KHTML, like Gecko) Chrome/95.0.4638.69 Safari/537.36"
23.128.64.13 - - [23/Nov/2024:12:37:13 +0800] "GET //web/wp-includes/wlwmanifest.xml HTTP/1.1" 301 456 "-" "Mozilla/5.0 (Windows NT 10.0; Win64; x64) AppleWebKit/537.36 (KHTML, like Gecko) Chrome/95.0.4638.69 Safari/537.36"
4.227.36.14 - - [23/Nov/2024:12:37:13 +0800] "GET /%e9%bb%83%e9%87%91%e7%b7%9a%e6%8f%9b%e5%ad%a3%e4%bf%9d%e9%a4%8a%e5%b0%8f%e6%95%99%e5%ae%a4/embed/ HTTP/1.1" 200 10973 "-" "Mozilla/5.0 AppleWebKit/537.36 (KHTML, like Gecko; compatible; GPTBot/1.2; +https://openai.com/gptbot)"
23.128.64.13 - - [23/Nov/2024:12:37:15 +0800] "GET //wordpress/wp-includes/wlwmanifest.xml HTTP/1.1" 301 462 "-" "Mozilla/5.0 (Windows NT 10.0; Win64; x64) AppleWebKit/537.36 (KHTML, like Gecko) Chrome/95.0.4638.69 Safari/537.36"
23.128.64.13 - - [23/Nov/2024:12:37:18 +0800] "GET //wp/wp-includes/wlwmanifest.xml HTTP/1.1" 301 455 "-" "Mozilla/5.0 (Windows NT 10.0; Win64; x64) AppleWebKit/537.36 (KHTML, like Gecko) Chrome/95.0.4638.69 Safari/537.36"
23.128.64.13 - - [23/Nov/2024:12:37:20 +0800] "GET //2020/wp-includes/wlwmanifest.xml HTTP/1.1" 301 457 "-" "Mozilla/5.0 (Windows NT 10.0; Win64; x64) AppleWebKit/537.36 (KHTML, like Gecko) Chrome/95.0.4638.69 Safari/537.36"
23.128.64.13 - - [23/Nov/2024:12:37:22 +0800] "GET //2019/wp-includes/wlwmanifest.xml HTTP/1.1" 301 457 "-" "Mozilla/5.0 (Windows NT 10.0; Win64; x64) AppleWebKit/537.36 (KHTML, like Gecko) Chrome/95.0.4638.69 Safari/537.36"
23.128.64.13 - - [23/Nov/2024:12:37:25 +0800] "GET //2021/wp-includes/wlwmanifest.xml HTTP/1.1" 301 457 "-" "Mozilla/5.0 (Windows NT 10.0; Win64; x64) AppleWebKit/537.36 (KHTML, like Gecko) Chrome/95.0.4638.69 Safari/537.36"
23.128.64.13 - - [23/Nov/2024:12:37:27 +0800] "GET //shop/wp-includes/wlwmanifest.xml HTTP/1.1" 301 457 "-" "Mozilla/5.0 (Windows NT 10.0; Win64; x64) AppleWebKit/537.36 (KHTML, like Gecko) Chrome/95.0.4638.69 Safari/537.36"
23.128.64.13 - - [23/Nov/2024:12:37:29 +0800] "GET //wp1/wp-includes/wlwmanifest.xml HTTP/1.1" 301 456 "-" "Mozilla/5.0 (Windows NT 10.0; Win64; x64) AppleWebKit/537.36 (KHTML, like Gecko) Chrome/95.0.4638.69 Safari/537.36"
23.128.64.13 - - [23/Nov/2024:12:37:31 +0800] "GET //test/wp-includes/wlwmanifest.xml HTTP/1.1" 301 457 "-" "Mozilla/5.0 (Windows NT 10.0; Win64; x64) AppleWebKit/537.36 (KHTML, like Gecko) Chrome/95.0.4638.69 Safari/537.36"
23.128.64.13 - - [23/Nov/2024:12:37:33 +0800] "GET //site/wp-includes/wlwmanifest.xml HTTP/1.1" 301 457 "-" "Mozilla/5.0 (Windows NT 10.0; Win64; x64) AppleWebKit/537.36 (KHTML, like Gecko) Chrome/95.0.4638.69 Safari/537.36"
23.128.64.13 - - [23/Nov/2024:12:37:35 +0800] "GET //cms/wp-includes/wlwmanifest.xml HTTP/1.1" 301 456 "-" "Mozilla/5.0 (Windows NT 10.0; Win64; x64) AppleWebKit/537.36 (KHTML, like Gecko) Chrome/95.0.4638.69 Safari/537.36"
4.227.36.14 - - [23/Nov/2024:12:37:55 +0800] "GET /%e9%bb%83%e9%87%91%e7%b7%9a%e6%8f%9b%e5%ad%a3%e4%bf%9d%e9%a4%8a%e5%b0%8f%e6%95%99%e5%ae%a4/embed/ HTTP/1.1" 200 10973 "-" "Mozilla/5.0 AppleWebKit/537.36 (KHTML, like Gecko; compatible; GPTBot/1.2; +https://openai.com/gptbot)"
4.227.36.14 - - [23/Nov/2024:12:39:03 +0800] "GET /%e9%bb%83%e9%87%91%e7%b7%9a%e6%8f%9b%e5%ad%a3%e4%bf%9d%e9%a4%8a%e5%b0%8f%e6%95%99%e5%ae%a4/embed/ HTTP/1.1" 200 10973 "-" "Mozilla/5.0 AppleWebKit/537.36 (KHTML, like Gecko; compatible; GPTBot/1.2; +https://openai.com/gptbot)"
220.135.127.108 - - [23/Nov/2024:12:40:40 +0800] "POST /wp-cron.php?doing_wp_cron=1732336840.3022689819335937500000 HTTP/1.1" 200 4050 "-" "WordPress/6.7.1; https://www.car32.tw"
140.238.59.22 - - [23/Nov/2024:12:40:39 +0800] "GET /feed/ HTTP/1.1" 200 6804 "https://www.car32.tw/feed/" "FreshRSS/1.24.3 (Linux; https://freshrss.org)"
4.227.36.14 - - [23/Nov/2024:12:40:46 +0800] "GET /%e9%bb%83%e9%87%91%e7%b7%9a%e6%8f%9b%e5%ad%a3%e4%bf%9d%e9%a4%8a%e5%b0%8f%e6%95%99%e5%ae%a4/embed/ HTTP/1.1" 200 10973 "-" "Mozilla/5.0 AppleWebKit/537.36 (KHTML, like Gecko; compatible; GPTBot/1.2; +https://openai.com/gptbot)"
192.0.82.55 - - [23/Nov/2024:12:40:48 +0800] "HEAD / HTTP/1.1" 200 4000 "-" "jetmon/1.0 (Jetpack Site Uptime Monitor by WordPress.com)"
4.227.36.14 - - [23/Nov/2024:12:41:40 +0800] "GET /%e9%bb%83%e9%87%91%e7%b7%9a%e6%8f%9b%e5%ad%a3%e4%bf%9d%e9%a4%8a%e5%b0%8f%e6%95%99%e5%ae%a4/embed/ HTTP/1.1" 200 10973 "-" "Mozilla/5.0 AppleWebKit/537.36 (KHTML, like Gecko; compatible; GPTBot/1.2; +https://openai.com/gptbot)"
4.227.36.14 - - [23/Nov/2024:12:43:51 +0800] "GET /%e9%bb%83%e9%87%91%e7%b7%9a%e6%8f%9b%e5%ad%a3%e4%bf%9d%e9%a4%8a%e5%b0%8f%e6%95%99%e5%ae%a4/embed/ HTTP/1.1" 200 10973 "-" "Mozilla/5.0 AppleWebKit/537.36 (KHTML, like Gecko; compatible; GPTBot/1.2; +https://openai.com/gptbot)"
66.249.77.136 - - [23/Nov/2024:12:43:54 +0800] "GET /tag/%E9%9A%94%E7%86%B1%E7%B4%99/ HTTP/1.1" 200 18559 "-" "Mozilla/5.0 (Linux; Android 6.0.1; Nexus 5X Build/MMB29P) AppleWebKit/537.36 (KHTML, like Gecko) Chrome/131.0.6778.69 Mobile Safari/537.36 (compatible; Googlebot/2.1; +http://www.google.com/bot.html)"
66.249.77.136 - - [23/Nov/2024:12:44:03 +0800] "POST /?ob=open-bridge/events HTTP/1.1" 200 4216 "https://www.car32.tw/tag/%E9%9A%94%E7%86%B1%E7%B4%99/" "Mozilla/5.0 (Linux; Android 6.0.1; Nexus 5X Build/MMB29P) AppleWebKit/537.36 (KHTML, like Gecko) Chrome/131.0.6778.69 Mobile Safari/537.36 (compatible; Googlebot/2.1; +http://www.google.com/bot.html)"
220.135.127.108 - - [23/Nov/2024:12:45:33 +0800] "POST /wp-cron.php?doing_wp_cron=1732337133.5175778865814208984375 HTTP/1.1" 200 4050 "-" "WordPress/6.7.1; https://www.car32.tw"
4.227.36.14 - - [23/Nov/2024:12:45:33 +0800] "GET /%e9%bb%83%e9%87%91%e7%b7%9a%e6%8f%9b%e5%ad%a3%e4%bf%9d%e9%a4%8a%e5%b0%8f%e6%95%99%e5%ae%a4/embed/ HTTP/1.1" 200 10973 "-" "Mozilla/5.0 AppleWebKit/537.36 (KHTML, like Gecko; compatible; GPTBot/1.2; +https://openai.com/gptbot)"
192.0.82.55 - - [23/Nov/2024:12:45:49 +0800] "HEAD / HTTP/1.1" 200 4000 "-" "jetmon/1.0 (Jetpack Site Uptime Monitor by WordPress.com)"
4.227.36.14 - - [23/Nov/2024:12:48:22 +0800] "GET /%e9%bb%83%e9%87%91%e7%b7%9a%e6%8f%9b%e5%ad%a3%e4%bf%9d%e9%a4%8a%e5%b0%8f%e6%95%99%e5%ae%a4/embed/ HTTP/1.1" 200 10972 "-" "Mozilla/5.0 AppleWebKit/537.36 (KHTML, like Gecko; compatible; GPTBot/1.2; +https://openai.com/gptbot)"
74.225.146.210 - - [23/Nov/2024:12:48:43 +0800] "GET /wp-admin/css/ HTTP/1.1" 301 579 "binance.com" "Mozilla/5.0 (Windows NT 10.0; Win64; x64) AppleWebKit/537.36 (KHTML, like Gecko) Chrome/90.0.4430.85 Safari/537.36"
74.225.146.210 - - [23/Nov/2024:12:48:47 +0800] "GET /wp-admin/css/ HTTP/1.1" 200 4945 "binance.com" "Mozilla/5.0 (Windows NT 10.0; Win64; x64) AppleWebKit/537.36 (KHTML, like Gecko) Chrome/90.0.4430.85 Safari/537.36"
74.225.146.210 - - [23/Nov/2024:12:48:50 +0800] "GET /wp-content/uploads/2024/11/ HTTP/1.1" 301 607 "binance.com" "Mozilla/5.0 (Windows NT 10.0; Win64; x64) AppleWebKit/537.36 (KHTML, like Gecko) Chrome/90.0.4430.85 Safari/537.36"
74.225.146.210 - - [23/Nov/2024:12:48:58 +0800] "GET /wp-content/uploads/2024/11/ HTTP/1.1" 301 3538 "binance.com" "Mozilla/5.0 (Windows NT 10.0; Win64; x64) AppleWebKit/537.36 (KHTML, like Gecko) Chrome/90.0.4430.85 Safari/537.36"
74.225.146.210 - - [23/Nov/2024:12:49:03 +0800] "GET /wp-content/uploads/2024/11/ HTTP/1.1" 404 31259 "binance.com" "Mozilla/5.0 (Windows NT 10.0; Win64; x64) AppleWebKit/537.36 (KHTML, like Gecko) Chrome/90.0.4430.85 Safari/537.36"
74.225.146.210 - - [23/Nov/2024:12:49:05 +0800] "GET /wp-content/uploads/2024/10/ HTTP/1.1" 301 607 "binance.com" "Mozilla/5.0 (Windows NT 10.0; Win64; x64) AppleWebKit/537.36 (KHTML, like Gecko) Chrome/90.0.4430.85 Safari/537.36"
74.225.146.210 - - [23/Nov/2024:12:49:07 +0800] "GET /wp-content/uploads/2024/10/ HTTP/1.1" 301 3538 "binance.com" "Mozilla/5.0 (Windows NT 10.0; Win64; x64) AppleWebKit/537.36 (KHTML, like Gecko) Chrome/90.0.4430.85 Safari/537.36"
74.225.146.210 - - [23/Nov/2024:12:49:10 +0800] "GET /wp-content/uploads/2024/10/ HTTP/1.1" 404 31259 "binance.com" "Mozilla/5.0 (Windows NT 10.0; Win64; x64) AppleWebKit/537.36 (KHTML, like Gecko) Chrome/90.0.4430.85 Safari/537.36"
74.225.146.210 - - [23/Nov/2024:12:49:14 +0800] "GET /wp-content/uploads/ HTTP/1.1" 301 591 "binance.com" "Mozilla/5.0 (Windows NT 10.0; Win64; x64) AppleWebKit/537.36 (KHTML, like Gecko) Chrome/90.0.4430.85 Safari/537.36"
74.225.146.210 - - [23/Nov/2024:12:49:16 +0800] "GET /wp-content/uploads/ HTTP/1.1" 200 8588 "binance.com" "Mozilla/5.0 (Windows NT 10.0; Win64; x64) AppleWebKit/537.36 (KHTML, like Gecko) Chrome/90.0.4430.85 Safari/537.36"
74.225.146.210 - - [23/Nov/2024:12:49:19 +0800] "GET /wp-content/uploads/ HTTP/1.1" 301 591 "binance.com" "Mozilla/5.0 (Windows NT 10.0; Win64; x64) AppleWebKit/537.36 (KHTML, like Gecko) Chrome/90.0.4430.85 Safari/537.36"
74.225.146.210 - - [23/Nov/2024:12:49:22 +0800] "GET /wp-content/uploads/ HTTP/1.1" 200 8588 "binance.com" "Mozilla/5.0 (Windows NT 10.0; Win64; x64) AppleWebKit/537.36 (KHTML, like Gecko) Chrome/90.0.4430.85 Safari/537.36"
74.225.146.210 - - [23/Nov/2024:12:49:25 +0800] "GET /wp-content/uploads/base3124.php HTTP/1.1" 301 615 "binance.com" "Mozilla/5.0 (Windows NT 10.0; Win64; x64) AppleWebKit/537.36 (KHTML, like Gecko) Chrome/90.0.4430.85 Safari/537.36"
74.225.146.210 - - [23/Nov/2024:12:49:30 +0800] "GET /wp-content/uploads/base3124.php HTTP/1.1" 200 3569 "binance.com" "Mozilla/5.0 (Windows NT 10.0; Win64; x64) AppleWebKit/537.36 (KHTML, like Gecko) Chrome/90.0.4430.85 Safari/537.36"
74.225.146.210 - - [23/Nov/2024:12:49:35 +0800] "GET /wp-content/uploads/login.php HTTP/1.1" 301 609 "binance.com" "Mozilla/5.0 (Windows NT 10.0; Win64; x64) AppleWebKit/537.36 (KHTML, like Gecko) Chrome/90.0.4430.85 Safari/537.36"
74.225.146.210 - - [23/Nov/2024:12:49:39 +0800] "GET /wp-content/uploads/login.php HTTP/1.1" 200 3464 "binance.com" "Mozilla/5.0 (Windows NT 10.0; Win64; x64) AppleWebKit/537.36 (KHTML, like Gecko) Chrome/90.0.4430.85 Safari/537.36"
220.135.127.108 - - [23/Nov/2024:12:49:39 +0800] "POST /wp-cron.php?doing_wp_cron=1732337379.7660369873046875000000 HTTP/1.1" 200 4050 "-" "WordPress/6.7.1; https://www.car32.tw"
4.227.36.14 - - [23/Nov/2024:12:49:39 +0800] "GET /%e9%bb%83%e9%87%91%e7%b7%9a%e6%8f%9b%e5%ad%a3%e4%bf%9d%e9%a4%8a%e5%b0%8f%e6%95%99%e5%ae%a4/embed/ HTTP/1.1" 200 10972 "-" "Mozilla/5.0 AppleWebKit/537.36 (KHTML, like Gecko; compatible; GPTBot/1.2; +https://openai.com/gptbot)"
74.225.146.210 - - [23/Nov/2024:12:49:42 +0800] "GET /wp-content/uploads/mcptm1.php HTTP/1.1" 301 611 "binance.com" "Mozilla/5.0 (Windows NT 10.0; Win64; x64) AppleWebKit/537.36 (KHTML, like Gecko) Chrome/90.0.4430.85 Safari/537.36"
74.225.146.210 - - [23/Nov/2024:12:49:46 +0800] "GET /wp-content/uploads/mcptm1.php HTTP/1.1" 200 32864 "binance.com" "Mozilla/5.0 (Windows NT 10.0; Win64; x64) AppleWebKit/537.36 (KHTML, like Gecko) Chrome/90.0.4430.85 Safari/537.36"
74.225.146.210 - - [23/Nov/2024:12:49:50 +0800] "GET /wp-content/upgrade/ HTTP/1.1" 301 591 "binance.com" "Mozilla/5.0 (Windows NT 10.0; Win64; x64) AppleWebKit/537.36 (KHTML, like Gecko) Chrome/90.0.4430.85 Safari/537.36"
74.225.146.210 - - [23/Nov/2024:12:49:54 +0800] "GET /wp-content/upgrade/ HTTP/1.1" 200 3775 "binance.com" "Mozilla/5.0 (Windows NT 10.0; Win64; x64) AppleWebKit/537.36 (KHTML, like Gecko) Chrome/90.0.4430.85 Safari/537.36"
74.225.146.210 - - [23/Nov/2024:12:49:58 +0800] "GET /wp-content/languages/ HTTP/1.1" 301 595 "binance.com" "Mozilla/5.0 (Windows NT 10.0; Win64; x64) AppleWebKit/537.36 (KHTML, like Gecko) Chrome/90.0.4430.85 Safari/537.36"
74.225.146.210 - - [23/Nov/2024:12:50:01 +0800] "GET /wp-content/languages/ HTTP/1.1" 200 6009 "binance.com" "Mozilla/5.0 (Windows NT 10.0; Win64; x64) AppleWebKit/537.36 (KHTML, like Gecko) Chrome/90.0.4430.85 Safari/537.36"
74.225.146.210 - - [23/Nov/2024:12:50:04 +0800] "GET /wp-content/languages/ HTTP/1.1" 301 595 "binance.com" "Mozilla/5.0 (Windows NT 10.0; Win64; x64) AppleWebKit/537.36 (KHTML, like Gecko) Chrome/90.0.4430.85 Safari/537.36"
74.225.146.210 - - [23/Nov/2024:12:50:07 +0800] "GET /wp-content/languages/ HTTP/1.1" 200 6009 "binance.com" "Mozilla/5.0 (Windows NT 10.0; Win64; x64) AppleWebKit/537.36 (KHTML, like Gecko) Chrome/90.0.4430.85 Safari/537.36"
74.225.146.210 - - [23/Nov/2024:12:50:09 +0800] "GET /wp-content/languages/admin-network-zh_TW.l10n.php HTTP/1.1" 301 651 "binance.com" "Mozilla/5.0 (Windows NT 10.0; Win64; x64) AppleWebKit/537.36 (KHTML, like Gecko) Chrome/90.0.4430.85 Safari/537.36"
52.167.144.140 - - [23/Nov/2024:12:50:10 +0800] "GET /page/9/ HTTP/1.1" 200 23160 "-" "Mozilla/5.0 AppleWebKit/537.36 (KHTML, like Gecko; compatible; bingbot/2.0; +http://www.bing.com/bingbot.htm) Chrome/116.0.1938.76 Safari/537.36"
74.225.146.210 - - [23/Nov/2024:12:50:12 +0800] "GET /wp-content/languages/admin-network-zh_TW.l10n.php HTTP/1.1" 200 3317 "binance.com" "Mozilla/5.0 (Windows NT 10.0; Win64; x64) AppleWebKit/537.36 (KHTML, like Gecko) Chrome/90.0.4430.85 Safari/537.36"
74.225.146.210 - - [23/Nov/2024:12:50:15 +0800] "GET /wp-content/languages/admin-zh_TW.l10n.php HTTP/1.1" 301 635 "binance.com" "Mozilla/5.0 (Windows NT 10.0; Win64; x64) AppleWebKit/537.36 (KHTML, like Gecko) Chrome/90.0.4430.85 Safari/537.36"
74.225.146.210 - - [23/Nov/2024:12:50:20 +0800] "GET /wp-content/languages/admin-zh_TW.l10n.php HTTP/1.1" 200 3317 "binance.com" "Mozilla/5.0 (Windows NT 10.0; Win64; x64) AppleWebKit/537.36 (KHTML, like Gecko) Chrome/90.0.4430.85 Safari/537.36"
74.225.146.210 - - [23/Nov/2024:12:50:24 +0800] "GET /wp-content/languages/continents-cities-zh_TW.l10n.php HTTP/1.1" 301 659 "binance.com" "Mozilla/5.0 (Windows NT 10.0; Win64; x64) AppleWebKit/537.36 (KHTML, like Gecko) Chrome/90.0.4430.85 Safari/537.36"
74.225.146.210 - - [23/Nov/2024:12:50:39 +0800] "GET /wp-content/languages/continents-cities-zh_TW.l10n.php HTTP/1.1" 200 3317 "binance.com" "Mozilla/5.0 (Windows NT 10.0; Win64; x64) AppleWebKit/537.36 (KHTML, like Gecko) Chrome/90.0.4430.85 Safari/537.36"
74.225.146.210 - - [23/Nov/2024:12:50:44 +0800] "GET /wp-content/languages/zh_TW.l10n.php HTTP/1.1" 301 623 "binance.com" "Mozilla/5.0 (Windows NT 10.0; Win64; x64) AppleWebKit/537.36 (KHTML, like Gecko) Chrome/90.0.4430.85 Safari/537.36"
220.135.127.108 - - [23/Nov/2024:12:50:49 +0800] "POST /wp-cron.php?doing_wp_cron=1732337449.5184690952301025390625 HTTP/1.1" 200 4050 "-" "WordPress/6.7.1; https://www.car32.tw"
192.0.82.55 - - [23/Nov/2024:12:50:49 +0800] "HEAD / HTTP/1.1" 200 4000 "-" "jetmon/1.0 (Jetpack Site Uptime Monitor by WordPress.com)"
74.225.146.210 - - [23/Nov/2024:12:50:58 +0800] "GET /wp-content/languages/zh_TW.l10n.php HTTP/1.1" 200 3317 "binance.com" "Mozilla/5.0 (Windows NT 10.0; Win64; x64) AppleWebKit/537.36 (KHTML, like Gecko) Chrome/90.0.4430.85 Safari/537.36"
74.225.146.210 - - [23/Nov/2024:12:51:03 +0800] "GET /wp-admin/includes/ HTTP/1.1" 301 589 "binance.com" "Mozilla/5.0 (Windows NT 10.0; Win64; x64) AppleWebKit/537.36 (KHTML, like Gecko) Chrome/90.0.4430.85 Safari/537.36"
74.225.146.210 - - [23/Nov/2024:12:51:07 +0800] "GET /wp-admin/includes/ HTTP/1.1" 200 5548 "binance.com" "Mozilla/5.0 (Windows NT 10.0; Win64; x64) AppleWebKit/537.36 (KHTML, like Gecko) Chrome/90.0.4430.85 Safari/537.36"
74.225.146.210 - - [23/Nov/2024:12:51:11 +0800] "GET /wp-admin/includes/ HTTP/1.1" 301 589 "binance.com" "Mozilla/5.0 (Windows NT 10.0; Win64; x64) AppleWebKit/537.36 (KHTML, like Gecko) Chrome/90.0.4430.85 Safari/537.36"
4.227.36.14 - - [23/Nov/2024:12:51:12 +0800] "GET /%e9%bb%83%e9%87%91%e7%b7%9a%e6%8f%9b%e5%ad%a3%e4%bf%9d%e9%a4%8a%e5%b0%8f%e6%95%99%e5%ae%a4/embed/ HTTP/1.1" 200 10973 "-" "Mozilla/5.0 AppleWebKit/537.36 (KHTML, like Gecko; compatible; GPTBot/1.2; +https://openai.com/gptbot)"
74.225.146.210 - - [23/Nov/2024:12:51:18 +0800] "GET /wp-admin/includes/ HTTP/1.1" 200 5548 "binance.com" "Mozilla/5.0 (Windows NT 10.0; Win64; x64) AppleWebKit/537.36 (KHTML, like Gecko) Chrome/90.0.4430.85 Safari/537.36"
74.225.146.210 - - [23/Nov/2024:12:51:22 +0800] "GET /wp-admin/maint/ HTTP/1.1" 301 583 "binance.com" "Mozilla/5.0 (Windows NT 10.0; Win64; x64) AppleWebKit/537.36 (KHTML, like Gecko) Chrome/90.0.4430.85 Safari/537.36"
17.241.75.236 - - [23/Nov/2024:12:51:22 +0800] "GET /tag/%E6%A9%9F%E6%B2%B9%E7%B2%BE/ HTTP/1.1" 200 25366 "-" "Mozilla/5.0 (Macintosh; Intel Mac OS X 10_15_7) AppleWebKit/605.1.15 (KHTML, like Gecko) Version/17.4 Safari/605.1.15 (Applebot/0.1; +http://www.apple.com/go/applebot)"
74.225.146.210 - - [23/Nov/2024:12:51:26 +0800] "GET /wp-admin/maint/ HTTP/1.1" 200 3827 "binance.com" "Mozilla/5.0 (Windows NT 10.0; Win64; x64) AppleWebKit/537.36 (KHTML, like Gecko) Chrome/90.0.4430.85 Safari/537.36"
42.79.117.237 - - [23/Nov/2024:12:51:29 +0800] "GET /tag/%E6%A9%9F%E6%B2%B9%E6%BA%AB%E5%BA%A6/ HTTP/1.1" 200 26704 "https://www.google.com/" "Mozilla/5.0 (iPhone; CPU iPhone OS 18_1 like Mac OS X) AppleWebKit/605.1.15 (KHTML, like Gecko) Version/18.1 Mobile/15E148 Safari/604.1"
42.79.117.237 - - [23/Nov/2024:12:51:29 +0800] "GET /wp-content/themes/twentytwelve/fonts/font-open-sans.css?ver=20230328 HTTP/1.1" 200 5031 "https://www.car32.tw/tag/%E6%A9%9F%E6%B2%B9%E6%BA%AB%E5%BA%A6/" "Mozilla/5.0 (iPhone; CPU iPhone OS 18_1 like Mac OS X) AppleWebKit/605.1.15 (KHTML, like Gecko) Version/18.1 Mobile/15E148 Safari/604.1"
42.79.117.237 - - [23/Nov/2024:12:51:29 +0800] "GET /wp-content/themes/twentytwelve/style.css?ver=20240716 HTTP/1.1" 200 8680 "https://www.car32.tw/tag/%E6%A9%9F%E6%B2%B9%E6%BA%AB%E5%BA%A6/" "Mozilla/5.0 (iPhone; CPU iPhone OS 18_1 like Mac OS X) AppleWebKit/605.1.15 (KHTML, like Gecko) Version/18.1 Mobile/15E148 Safari/604.1"
42.79.117.237 - - [23/Nov/2024:12:51:29 +0800] "GET /wp-content/themes/twentytwelve/js/navigation.js?ver=20141205 HTTP/1.1" 200 4770 "https://www.car32.tw/tag/%E6%A9%9F%E6%B2%B9%E6%BA%AB%E5%BA%A6/" "Mozilla/5.0 (iPhone; CPU iPhone OS 18_1 like Mac OS X) AppleWebKit/605.1.15 (KHTML, like Gecko) Version/18.1 Mobile/15E148 Safari/604.1"
42.79.117.237 - - [23/Nov/2024:12:51:29 +0800] "GET /wp-content/themes/twentytwelve/css/blocks.css?ver=20240603 HTTP/1.1" 200 6035 "https://www.car32.tw/tag/%E6%A9%9F%E6%B2%B9%E6%BA%AB%E5%BA%A6/" "Mozilla/5.0 (iPhone; CPU iPhone OS 18_1 like Mac OS X) AppleWebKit/605.1.15 (KHTML, like Gecko) Version/18.1 Mobile/15E148 Safari/604.1"
42.79.117.237 - - [23/Nov/2024:12:51:29 +0800] "GET /wp-content/themes/twentytwelve/fonts/open-sans/open-sans-latin-400-normal.woff2?ver=34 HTTP/1.1" 200 17094 "https://www.car32.tw/tag/%E6%A9%9F%E6%B2%B9%E6%BA%AB%E5%BA%A6/" "Mozilla/5.0 (iPhone; CPU iPhone OS 18_1 like Mac OS X) AppleWebKit/605.1.15 (KHTML, like Gecko) Version/18.1 Mobile/15E148 Safari/604.1"
42.79.117.237 - - [23/Nov/2024:12:51:29 +0800] "GET /wp-content/themes/twentytwelve/fonts/open-sans/open-sans-latin-700-normal.woff2?ver=34 HTTP/1.1" 200 16704 "https://www.car32.tw/tag/%E6%A9%9F%E6%B2%B9%E6%BA%AB%E5%BA%A6/" "Mozilla/5.0 (iPhone; CPU iPhone OS 18_1 like Mac OS X) AppleWebKit/605.1.15 (KHTML, like Gecko) Version/18.1 Mobile/15E148 Safari/604.1"
42.79.117.237 - - [23/Nov/2024:12:51:29 +0800] "GET /wp-content/themes/twentytwelve/fonts/open-sans/open-sans-latin-400-italic.woff2?ver=34 HTTP/1.1" 200 18174 "https://www.car32.tw/tag/%E6%A9%9F%E6%B2%B9%E6%BA%AB%E5%BA%A6/" "Mozilla/5.0 (iPhone; CPU iPhone OS 18_1 like Mac OS X) AppleWebKit/605.1.15 (KHTML, like Gecko) Version/18.1 Mobile/15E148 Safari/604.1"
42.79.117.237 - - [23/Nov/2024:12:51:30 +0800] "POST /?ob=open-bridge/events HTTP/1.1" 200 4263 "https://www.car32.tw/tag/%E6%A9%9F%E6%B2%B9%E6%BA%AB%E5%BA%A6/" "Mozilla/5.0 (iPhone; CPU iPhone OS 18_1 like Mac OS X) AppleWebKit/605.1.15 (KHTML, like Gecko) Version/18.1 Mobile/15E148 Safari/604.1"
74.225.146.210 - - [23/Nov/2024:12:51:31 +0800] "GET /wp-admin/maint/ HTTP/1.1" 301 583 "binance.com" "Mozilla/5.0 (Windows NT 10.0; Win64; x64) AppleWebKit/537.36 (KHTML, like Gecko) Chrome/90.0.4430.85 Safari/537.36"
74.225.146.210 - - [23/Nov/2024:12:51:34 +0800] "GET /wp-admin/maint/ HTTP/1.1" 200 3827 "binance.com" "Mozilla/5.0 (Windows NT 10.0; Win64; x64) AppleWebKit/537.36 (KHTML, like Gecko) Chrome/90.0.4430.85 Safari/537.36"
58.114.67.109 - - [23/Nov/2024:12:51:39 +0800] "GET /wp-content/themes/twentytwelve/fonts/font-open-sans.css?ver=20230328 HTTP/1.1" 200 1852 "-" "Mozilla/5.0 (Linux; Android 10; K) AppleWebKit/537.36 (KHTML, like Gecko) Chrome/131.0.0.0 Mobile Safari/537.36"
58.114.67.109 - - [23/Nov/2024:12:51:39 +0800] "GET /wp-content/themes/twentytwelve/style.css?ver=20240716 HTTP/1.1" 200 8680 "-" "Mozilla/5.0 (Linux; Android 10; K) AppleWebKit/537.36 (KHTML, like Gecko) Chrome/131.0.0.0 Mobile Safari/537.36"
58.114.67.109 - - [23/Nov/2024:12:51:39 +0800] "GET /wp-content/themes/twentytwelve/css/blocks.css?ver=20240603 HTTP/1.1" 200 2856 "-" "Mozilla/5.0 (Linux; Android 10; K) AppleWebKit/537.36 (KHTML, like Gecko) Chrome/131.0.0.0 Mobile Safari/537.36"
58.114.67.109 - - [23/Nov/2024:12:51:39 +0800] "GET /tag/%E8%AE%8A%E9%80%9F%E7%AE%B1%E6%B2%B9%E7%B2%BE/ HTTP/1.1" 200 25474 "https://www.google.com/" "Mozilla/5.0 (Linux; Android 10; K) AppleWebKit/537.36 (KHTML, like Gecko) Chrome/131.0.0.0 Mobile Safari/537.36"
58.114.67.109 - - [23/Nov/2024:12:51:39 +0800] "GET /wp-content/themes/twentytwelve/js/navigation.js?ver=20141205 HTTP/1.1" 200 1027 "https://www.car32.tw/tag/%E8%AE%8A%E9%80%9F%E7%AE%B1%E6%B2%B9%E7%B2%BE/" "Mozilla/5.0 (Linux; Android 10; K) AppleWebKit/537.36 (KHTML, like Gecko) Chrome/131.0.0.0 Mobile Safari/537.36"
58.114.67.109 - - [23/Nov/2024:12:51:39 +0800] "GET /wp-content/themes/twentytwelve/fonts/open-sans/open-sans-latin-400-normal.woff2?ver=34 HTTP/1.1" 200 17094 "https://www.car32.tw/wp-content/themes/twentytwelve/fonts/font-open-sans.css?ver=20230328" "Mozilla/5.0 (Linux; Android 10; K) AppleWebKit/537.36 (KHTML, like Gecko) Chrome/131.0.0.0 Mobile Safari/537.36"
58.114.67.109 - - [23/Nov/2024:12:51:39 +0800] "GET /wp-content/themes/twentytwelve/fonts/open-sans/open-sans-latin-700-normal.woff2?ver=34 HTTP/1.1" 200 16704 "https://www.car32.tw/wp-content/themes/twentytwelve/fonts/font-open-sans.css?ver=20230328" "Mozilla/5.0 (Linux; Android 10; K) AppleWebKit/537.36 (KHTML, like Gecko) Chrome/131.0.0.0 Mobile Safari/537.36"
58.114.67.109 - - [23/Nov/2024:12:51:39 +0800] "GET /wp-content/themes/twentytwelve/fonts/open-sans/open-sans-latin-400-italic.woff2?ver=34 HTTP/1.1" 200 18738 "https://www.car32.tw/wp-content/themes/twentytwelve/fonts/font-open-sans.css?ver=20230328" "Mozilla/5.0 (Linux; Android 10; K) AppleWebKit/537.36 (KHTML, like Gecko) Chrome/131.0.0.0 Mobile Safari/537.36"
74.225.146.210 - - [23/Nov/2024:12:51:40 +0800] "GET /wp-admin/network/ HTTP/1.1" 301 587 "binance.com" "Mozilla/5.0 (Windows NT 10.0; Win64; x64) AppleWebKit/537.36 (KHTML, like Gecko) Chrome/90.0.4430.85 Safari/537.36"
74.225.146.210 - - [23/Nov/2024:12:51:46 +0800] "GET /wp-admin/network/ HTTP/1.1" 302 3552 "binance.com" "Mozilla/5.0 (Windows NT 10.0; Win64; x64) AppleWebKit/537.36 (KHTML, like Gecko) Chrome/90.0.4430.85 Safari/537.36"
74.225.146.210 - - [23/Nov/2024:12:51:50 +0800] "GET /wp-login.php?redirect_to=https%3A%2F%2Fcar32.tw%2Fwp-admin%2Fnetwork%2F&reauth=1 HTTP/1.1" 200 8530 "binance.com" "Mozilla/5.0 (Windows NT 10.0; Win64; x64) AppleWebKit/537.36 (KHTML, like Gecko) Chrome/90.0.4430.85 Safari/537.36"
74.225.146.210 - - [23/Nov/2024:12:51:54 +0800] "GET /wp-admin/user/ HTTP/1.1" 301 581 "binance.com" "Mozilla/5.0 (Windows NT 10.0; Win64; x64) AppleWebKit/537.36 (KHTML, like Gecko) Chrome/90.0.4430.85 Safari/537.36"
74.225.146.210 - - [23/Nov/2024:12:51:57 +0800] "GET /wp-admin/user/ HTTP/1.1" 302 3549 "binance.com" "Mozilla/5.0 (Windows NT 10.0; Win64; x64) AppleWebKit/537.36 (KHTML, like Gecko) Chrome/90.0.4430.85 Safari/537.36"
74.225.146.210 - - [23/Nov/2024:12:52:00 +0800] "GET /wp-login.php?redirect_to=https%3A%2F%2Fcar32.tw%2Fwp-admin%2Fuser%2F&reauth=1 HTTP/1.1" 200 8527 "binance.com" "Mozilla/5.0 (Windows NT 10.0; Win64; x64) AppleWebKit/537.36 (KHTML, like Gecko) Chrome/90.0.4430.85 Safari/537.36"
74.225.146.210 - - [23/Nov/2024:12:52:04 +0800] "GET /wp-admin/css/ HTTP/1.1" 301 579 "binance.com" "Mozilla/5.0 (Windows NT 10.0; Win64; x64) AppleWebKit/537.36 (KHTML, like Gecko) Chrome/90.0.4430.85 Safari/537.36"
74.225.146.210 - - [23/Nov/2024:12:52:07 +0800] "GET /wp-admin/css/ HTTP/1.1" 200 4945 "binance.com" "Mozilla/5.0 (Windows NT 10.0; Win64; x64) AppleWebKit/537.36 (KHTML, like Gecko) Chrome/90.0.4430.85 Safari/537.36"
74.225.146.210 - - [23/Nov/2024:12:52:10 +0800] "GET /wp-admin/css/colors/ HTTP/1.1" 301 593 "binance.com" "Mozilla/5.0 (Windows NT 10.0; Win64; x64) AppleWebKit/537.36 (KHTML, like Gecko) Chrome/90.0.4430.85 Safari/537.36"
74.225.146.210 - - [23/Nov/2024:12:52:13 +0800] "GET /wp-admin/css/colors/ HTTP/1.1" 200 3993 "binance.com" "Mozilla/5.0 (Windows NT 10.0; Win64; x64) AppleWebKit/537.36 (KHTML, like Gecko) Chrome/90.0.4430.85 Safari/537.36"
74.225.146.210 - - [23/Nov/2024:12:52:17 +0800] "GET /wp-admin/css/colors/blue/ HTTP/1.1" 301 603 "binance.com" "Mozilla/5.0 (Windows NT 10.0; Win64; x64) AppleWebKit/537.36 (KHTML, like Gecko) Chrome/90.0.4430.85 Safari/537.36"
74.225.146.210 - - [23/Nov/2024:12:52:21 +0800] "GET /wp-admin/css/colors/blue/ HTTP/1.1" 200 3886 "binance.com" "Mozilla/5.0 (Windows NT 10.0; Win64; x64) AppleWebKit/537.36 (KHTML, like Gecko) Chrome/90.0.4430.85 Safari/537.36"
74.225.146.210 - - [23/Nov/2024:12:52:25 +0800] "GET /wp-admin/css/colors/coffee/ HTTP/1.1" 301 607 "binance.com" "Mozilla/5.0 (Windows NT 10.0; Win64; x64) AppleWebKit/537.36 (KHTML, like Gecko) Chrome/90.0.4430.85 Safari/537.36"
74.225.146.210 - - [23/Nov/2024:12:52:30 +0800] "GET /wp-admin/css/colors/coffee/ HTTP/1.1" 200 3887 "binance.com" "Mozilla/5.0 (Windows NT 10.0; Win64; x64) AppleWebKit/537.36 (KHTML, like Gecko) Chrome/90.0.4430.85 Safari/537.36"
