54.38.85.17 - - [23/Nov/2024:21:14:43 +0800] "GET /?feed=rss2&tag=%E8%AE%8A%E9%80%9F%E7%AE%B1%E6%B2%B9%E7%B2%BE HTTP/1.1" 301 3706 "-" "Mozilla/5.0 (compatible; MJ12bot/v1.4.8; http://mj12bot.com/)"
54.38.85.17 - - [23/Nov/2024:21:14:45 +0800] "GET /tag/%E8%AE%8A%E9%80%9F%E7%AE%B1%E6%B2%B9%E7%B2%BE/feed/ HTTP/1.1" 200 5017 "-" "Mozilla/5.0 (compatible; MJ12bot/v1.4.8; http://mj12bot.com/)"
54.38.85.17 - - [23/Nov/2024:21:14:47 +0800] "GET /?feed=rss2&tag=%E9%80%B2%E6%B0%A3%E5%B2%90%E7%AE%A1 HTTP/1.1" 301 413 "-" "Mozilla/5.0 (compatible; MJ12bot/v1.4.8; http://mj12bot.com/)"
54.38.85.17 - - [23/Nov/2024:21:14:50 +0800] "GET /tag/%E9%80%B2%E6%B0%A3%E5%B2%90%E7%AE%A1/feed/ HTTP/1.1" 200 4945 "-" "Mozilla/5.0 (compatible; MJ12bot/v1.4.8; http://mj12bot.com/)"
54.38.85.17 - - [23/Nov/2024:21:14:52 +0800] "GET /?feed=rss2&tag=%E9%95%B7%E9%80%94 HTTP/1.1" 301 635 "-" "Mozilla/5.0 (compatible; MJ12bot/v1.4.8; http://mj12bot.com/)"
54.38.85.17 - - [23/Nov/2024:21:14:54 +0800] "GET /?feed=rss2&tag=%E9%95%B7%E9%80%94 HTTP/1.1" 301 395 "-" "Mozilla/5.0 (compatible; MJ12bot/v1.4.8; http://mj12bot.com/)"
54.38.85.17 - - [23/Nov/2024:21:14:57 +0800] "GET /tag/%E9%95%B7%E9%80%94/feed/ HTTP/1.1" 200 5042 "-" "Mozilla/5.0 (compatible; MJ12bot/v1.4.8; http://mj12bot.com/)"
54.38.85.17 - - [23/Nov/2024:21:14:59 +0800] "GET /?feed=rss2&tag=%E9%95%B7%E9%80%94 HTTP/1.1" 301 395 "-" "Mozilla/5.0 (compatible; MJ12bot/v1.4.8; http://mj12bot.com/)"
54.38.85.17 - - [23/Nov/2024:21:15:01 +0800] "GET /tag/%E9%95%B7%E9%80%94/feed/ HTTP/1.1" 200 5042 "-" "Mozilla/5.0 (compatible; MJ12bot/v1.4.8; http://mj12bot.com/)"
54.38.85.17 - - [23/Nov/2024:21:15:03 +0800] "GET /?feed=rss2&tag=%E9%99%B8%E4%BC%AF%E5%98%89 HTTP/1.1" 301 597 "-" "Mozilla/5.0 (compatible; MJ12bot/v1.4.8; http://mj12bot.com/)"
54.38.85.17 - - [23/Nov/2024:21:15:05 +0800] "GET /?feed=rss2&tag=%E9%99%B8%E4%BC%AF%E5%98%89 HTTP/1.1" 301 404 "-" "Mozilla/5.0 (compatible; MJ12bot/v1.4.8; http://mj12bot.com/)"
54.38.85.17 - - [23/Nov/2024:21:15:08 +0800] "GET /tag/%E9%99%B8%E4%BC%AF%E5%98%89/feed/ HTTP/1.1" 200 5617 "-" "Mozilla/5.0 (compatible; MJ12bot/v1.4.8; http://mj12bot.com/)"
4.227.36.14 - - [23/Nov/2024:21:15:10 +0800] "GET /%e9%bb%83%e9%87%91%e7%b7%9a%e6%8f%9b%e5%ad%a3%e4%bf%9d%e9%a4%8a%e5%b0%8f%e6%95%99%e5%ae%a4/embed/ HTTP/1.1" 200 10973 "-" "Mozilla/5.0 AppleWebKit/537.36 (KHTML, like Gecko; compatible; GPTBot/1.2; +https://openai.com/gptbot)"
54.38.85.17 - - [23/Nov/2024:21:15:10 +0800] "GET /?feed=rss2&tag=%E9%99%B8%E4%BC%AF%E5%98%89 HTTP/1.1" 301 404 "-" "Mozilla/5.0 (compatible; MJ12bot/v1.4.8; http://mj12bot.com/)"
54.38.85.17 - - [23/Nov/2024:21:15:13 +0800] "GET /tag/%E9%99%B8%E4%BC%AF%E5%98%89/feed/ HTTP/1.1" 200 5617 "-" "Mozilla/5.0 (compatible; MJ12bot/v1.4.8; http://mj12bot.com/)"
54.38.85.17 - - [23/Nov/2024:21:15:14 +0800] "GET /?feed=rss2&tag=%E9%9A%94%E7%86%B1%E7%B4%99 HTTP/1.1" 301 404 "-" "Mozilla/5.0 (compatible; MJ12bot/v1.4.8; http://mj12bot.com/)"
54.38.85.17 - - [23/Nov/2024:21:15:17 +0800] "GET /tag/%E9%9A%94%E7%86%B1%E7%B4%99/feed/ HTTP/1.1" 200 5083 "-" "Mozilla/5.0 (compatible; MJ12bot/v1.4.8; http://mj12bot.com/)"
54.38.85.17 - - [23/Nov/2024:21:15:19 +0800] "GET /?feed=rss2&tag=%E9%9B%99b HTTP/1.1" 301 563 "-" "Mozilla/5.0 (compatible; MJ12bot/v1.4.8; http://mj12bot.com/)"
54.38.85.17 - - [23/Nov/2024:21:15:21 +0800] "GET /?feed=rss2&tag=%E9%9B%99b HTTP/1.1" 301 387 "-" "Mozilla/5.0 (compatible; MJ12bot/v1.4.8; http://mj12bot.com/)"
54.38.85.17 - - [23/Nov/2024:21:15:23 +0800] "GET /tag/%E9%9B%99b/feed/ HTTP/1.1" 200 5379 "-" "Mozilla/5.0 (compatible; MJ12bot/v1.4.8; http://mj12bot.com/)"
54.38.85.17 - - [23/Nov/2024:21:15:25 +0800] "GET /?feed=rss2&tag=%E9%9B%99b HTTP/1.1" 301 387 "-" "Mozilla/5.0 (compatible; MJ12bot/v1.4.8; http://mj12bot.com/)"
54.38.85.17 - - [23/Nov/2024:21:15:28 +0800] "GET /tag/%E9%9B%99b/feed/ HTTP/1.1" 200 5379 "-" "Mozilla/5.0 (compatible; MJ12bot/v1.4.8; http://mj12bot.com/)"
220.135.127.108 - - [23/Nov/2024:21:15:30 +0800] "POST /wp-cron.php?doing_wp_cron=1732367730.4348020553588867187500 HTTP/1.1" 200 4050 "-" "WordPress/6.7.1; https://www.car32.tw"
54.38.85.17 - - [23/Nov/2024:21:15:30 +0800] "GET /?feed=rss2&tag=win-win-%E8%B7%A8%E7%95%8C%E5%A4%A7%E8%B4%8F%E5%AE%B6 HTTP/1.1" 301 430 "-" "Mozilla/5.0 (compatible; MJ12bot/v1.4.8; http://mj12bot.com/)"
54.38.85.17 - - [23/Nov/2024:21:15:33 +0800] "GET /tag/win-win-%E8%B7%A8%E7%95%8C%E5%A4%A7%E8%B4%8F%E5%AE%B6/feed/ HTTP/1.1" 200 4900 "-" "Mozilla/5.0 (compatible; MJ12bot/v1.4.8; http://mj12bot.com/)"
54.38.85.17 - - [23/Nov/2024:21:15:35 +0800] "GET /?paged=2&tag=%E5%9C%B0%E7%90%83%E9%BB%83%E9%87%91%E7%B7%9A HTTP/1.1" 301 629 "-" "Mozilla/5.0 (compatible; MJ12bot/v1.4.8; http://mj12bot.com/)"
54.38.85.17 - - [23/Nov/2024:21:15:37 +0800] "GET /?paged=2&tag=%E5%9C%B0%E7%90%83%E9%BB%83%E9%87%91%E7%B7%9A HTTP/1.1" 301 326 "-" "Mozilla/5.0 (compatible; MJ12bot/v1.4.8; http://mj12bot.com/)"
54.38.85.17 - - [23/Nov/2024:21:15:39 +0800] "GET /tag/%E5%9C%B0%E7%90%83%E9%BB%83%E9%87%91%E7%B7%9A/page/2/ HTTP/1.1" 200 17605 "-" "Mozilla/5.0 (compatible; MJ12bot/v1.4.8; http://mj12bot.com/)"
54.38.85.17 - - [23/Nov/2024:21:15:41 +0800] "GET /?tag=%E4%B8%AD%E5%8F%A4%E8%BB%8A HTTP/1.1" 301 573 "-" "Mozilla/5.0 (compatible; MJ12bot/v1.4.8; http://mj12bot.com/)"
54.38.85.17 - - [23/Nov/2024:21:15:43 +0800] "GET /?tag=%E4%B8%AD%E5%8F%A4%E8%BB%8A HTTP/1.1" 301 301 "-" "Mozilla/5.0 (compatible; MJ12bot/v1.4.8; http://mj12bot.com/)"
40.77.167.78 - - [23/Nov/2024:21:15:45 +0800] "GET / HTTP/1.1" 200 24291 "-" "Mozilla/5.0 AppleWebKit/537.36 (KHTML, like Gecko; compatible; bingbot/2.0; +http://www.bing.com/bingbot.htm) Chrome/116.0.1938.76 Safari/537.36"
54.38.85.17 - - [23/Nov/2024:21:15:46 +0800] "GET /tag/%E4%B8%AD%E5%8F%A4%E8%BB%8A/ HTTP/1.1" 200 22320 "-" "Mozilla/5.0 (compatible; MJ12bot/v1.4.8; http://mj12bot.com/)"
54.38.85.17 - - [23/Nov/2024:21:15:48 +0800] "GET /?tag=%E4%B8%AD%E5%8F%A4%E8%BB%8A HTTP/1.1" 301 301 "-" "Mozilla/5.0 (compatible; MJ12bot/v1.4.8; http://mj12bot.com/)"
54.38.85.17 - - [23/Nov/2024:21:15:51 +0800] "GET /tag/%E4%B8%AD%E5%8F%A4%E8%BB%8A/ HTTP/1.1" 200 22320 "-" "Mozilla/5.0 (compatible; MJ12bot/v1.4.8; http://mj12bot.com/)"
192.0.82.55 - - [23/Nov/2024:21:15:51 +0800] "HEAD / HTTP/1.1" 200 4000 "-" "jetmon/1.0 (Jetpack Site Uptime Monitor by WordPress.com)"
4.227.36.14 - - [23/Nov/2024:21:15:52 +0800] "GET /%e9%bb%83%e9%87%91%e7%b7%9a%e6%8f%9b%e5%ad%a3%e4%bf%9d%e9%a4%8a%e5%b0%8f%e6%95%99%e5%ae%a4/embed/ HTTP/1.1" 200 10973 "-" "Mozilla/5.0 AppleWebKit/537.36 (KHTML, like Gecko; compatible; GPTBot/1.2; +https://openai.com/gptbot)"
54.38.85.17 - - [23/Nov/2024:21:15:53 +0800] "GET /?tag=%E4%B8%AD%E5%8F%A4%E9%9B%99b HTTP/1.1" 301 575 "-" "Mozilla/5.0 (compatible; MJ12bot/v1.4.8; http://mj12bot.com/)"
54.38.85.17 - - [23/Nov/2024:21:15:55 +0800] "GET /?tag=%E4%B8%AD%E5%8F%A4%E9%9B%99b HTTP/1.1" 301 302 "-" "Mozilla/5.0 (compatible; MJ12bot/v1.4.8; http://mj12bot.com/)"
54.38.85.17 - - [23/Nov/2024:21:15:57 +0800] "GET /tag/%E4%B8%AD%E5%8F%A4%E9%9B%99b/ HTTP/1.1" 200 17073 "-" "Mozilla/5.0 (compatible; MJ12bot/v1.4.8; http://mj12bot.com/)"
54.38.85.17 - - [23/Nov/2024:21:15:59 +0800] "GET /?tag=%E4%B8%AD%E5%8F%A4%E9%9B%99b HTTP/1.1" 301 302 "-" "Mozilla/5.0 (compatible; MJ12bot/v1.4.8; http://mj12bot.com/)"
54.38.85.17 - - [23/Nov/2024:21:16:02 +0800] "GET /tag/%E4%B8%AD%E5%8F%A4%E9%9B%99b/ HTTP/1.1" 200 17072 "-" "Mozilla/5.0 (compatible; MJ12bot/v1.4.8; http://mj12bot.com/)"
54.38.85.17 - - [23/Nov/2024:21:16:04 +0800] "GET /?tag=%E4%BA%8B%E6%95%85%E8%99%95%E7%90%86 HTTP/1.1" 301 591 "-" "Mozilla/5.0 (compatible; MJ12bot/v1.4.8; http://mj12bot.com/)"
17.246.19.118 - - [23/Nov/2024:21:16:05 +0800] "GET /%E6%9F%B4%E6%B2%B9%E9%96%80-dieselgate/?relatedposts=1 HTTP/1.1" 200 7644 "https://www.car32.tw/%E6%9F%B4%E6%B2%B9%E9%96%80-dieselgate/" "Mozilla/5.0 (Macintosh; Intel Mac OS X 10_15_7) AppleWebKit/605.1.15 (KHTML, like Gecko) Version/17.4 Safari/605.1.15 (Applebot/0.1; +http://www.apple.com/go/applebot)"
54.38.85.17 - - [23/Nov/2024:21:16:06 +0800] "GET /?tag=%E4%BA%8B%E6%95%85%E8%99%95%E7%90%86 HTTP/1.1" 301 310 "-" "Mozilla/5.0 (compatible; MJ12bot/v1.4.8; http://mj12bot.com/)"
54.38.85.17 - - [23/Nov/2024:21:16:09 +0800] "GET /tag/%E4%BA%8B%E6%95%85%E8%99%95%E7%90%86/ HTTP/1.1" 200 27344 "-" "Mozilla/5.0 (compatible; MJ12bot/v1.4.8; http://mj12bot.com/)"
54.38.85.17 - - [23/Nov/2024:21:16:11 +0800] "GET /?tag=%E4%BA%8B%E6%95%85%E8%99%95%E7%90%86 HTTP/1.1" 301 310 "-" "Mozilla/5.0 (compatible; MJ12bot/v1.4.8; http://mj12bot.com/)"
54.38.85.17 - - [23/Nov/2024:21:16:13 +0800] "GET /tag/%E4%BA%8B%E6%95%85%E8%99%95%E7%90%86/ HTTP/1.1" 200 27344 "-" "Mozilla/5.0 (compatible; MJ12bot/v1.4.8; http://mj12bot.com/)"
54.38.85.17 - - [23/Nov/2024:21:16:16 +0800] "GET /?tag=%E5%86%8D%E7%94%9F HTTP/1.1" 301 555 "-" "Mozilla/5.0 (compatible; MJ12bot/v1.4.8; http://mj12bot.com/)"
54.38.85.17 - - [23/Nov/2024:21:16:18 +0800] "GET /?tag=%E5%86%8D%E7%94%9F HTTP/1.1" 301 292 "-" "Mozilla/5.0 (compatible; MJ12bot/v1.4.8; http://mj12bot.com/)"
54.38.85.17 - - [23/Nov/2024:21:16:20 +0800] "GET /tag/%E5%86%8D%E7%94%9F/ HTTP/1.1" 200 33615 "-" "Mozilla/5.0 (compatible; MJ12bot/v1.4.8; http://mj12bot.com/)"
54.38.85.17 - - [23/Nov/2024:21:16:22 +0800] "GET /?tag=%E5%86%8D%E7%94%9F HTTP/1.1" 301 292 "-" "Mozilla/5.0 (compatible; MJ12bot/v1.4.8; http://mj12bot.com/)"
54.38.85.17 - - [23/Nov/2024:21:16:25 +0800] "GET /tag/%E5%86%8D%E7%94%9F/ HTTP/1.1" 200 33615 "-" "Mozilla/5.0 (compatible; MJ12bot/v1.4.8; http://mj12bot.com/)"
4.227.36.14 - - [23/Nov/2024:21:16:26 +0800] "GET /%e9%bb%83%e9%87%91%e7%b7%9a%e6%8f%9b%e5%ad%a3%e4%bf%9d%e9%a4%8a%e5%b0%8f%e6%95%99%e5%ae%a4/embed/ HTTP/1.1" 200 10972 "-" "Mozilla/5.0 AppleWebKit/537.36 (KHTML, like Gecko; compatible; GPTBot/1.2; +https://openai.com/gptbot)"
54.38.85.17 - - [23/Nov/2024:21:16:28 +0800] "GET /?tag=%E5%86%B7%E5%8D%BB%E6%B6%B2 HTTP/1.1" 301 573 "-" "Mozilla/5.0 (compatible; MJ12bot/v1.4.8; http://mj12bot.com/)"
54.38.85.17 - - [23/Nov/2024:21:16:29 +0800] "GET /?tag=%E5%86%B7%E5%8D%BB%E6%B6%B2 HTTP/1.1" 301 301 "-" "Mozilla/5.0 (compatible; MJ12bot/v1.4.8; http://mj12bot.com/)"
54.38.85.17 - - [23/Nov/2024:21:16:32 +0800] "GET /tag/%E5%86%B7%E5%8D%BB%E6%B6%B2/ HTTP/1.1" 200 16984 "-" "Mozilla/5.0 (compatible; MJ12bot/v1.4.8; http://mj12bot.com/)"
54.38.85.17 - - [23/Nov/2024:21:16:34 +0800] "GET /?tag=%E5%86%B7%E5%8D%BB%E6%B6%B2 HTTP/1.1" 301 301 "-" "Mozilla/5.0 (compatible; MJ12bot/v1.4.8; http://mj12bot.com/)"
54.38.85.17 - - [23/Nov/2024:21:16:37 +0800] "GET /tag/%E5%86%B7%E5%8D%BB%E6%B6%B2/ HTTP/1.1" 200 16984 "-" "Mozilla/5.0 (compatible; MJ12bot/v1.4.8; http://mj12bot.com/)"
54.38.85.17 - - [23/Nov/2024:21:16:39 +0800] "GET /?tag=%E5%86%B7%E5%8D%BB%E7%B3%BB%E7%B5%B1 HTTP/1.1" 301 591 "-" "Mozilla/5.0 (compatible; MJ12bot/v1.4.8; http://mj12bot.com/)"
54.38.85.17 - - [23/Nov/2024:21:16:41 +0800] "GET /?tag=%E5%86%B7%E5%8D%BB%E7%B3%BB%E7%B5%B1 HTTP/1.1" 301 310 "-" "Mozilla/5.0 (compatible; MJ12bot/v1.4.8; http://mj12bot.com/)"
54.38.85.17 - - [23/Nov/2024:21:16:43 +0800] "GET /tag/%E5%86%B7%E5%8D%BB%E7%B3%BB%E7%B5%B1/ HTTP/1.1" 200 17106 "-" "Mozilla/5.0 (compatible; MJ12bot/v1.4.8; http://mj12bot.com/)"
54.38.85.17 - - [23/Nov/2024:21:16:45 +0800] "GET /?tag=%E5%86%B7%E5%8D%BB%E7%B3%BB%E7%B5%B1 HTTP/1.1" 301 310 "-" "Mozilla/5.0 (compatible; MJ12bot/v1.4.8; http://mj12bot.com/)"
54.38.85.17 - - [23/Nov/2024:21:16:48 +0800] "GET /tag/%E5%86%B7%E5%8D%BB%E7%B3%BB%E7%B5%B1/ HTTP/1.1" 200 17106 "-" "Mozilla/5.0 (compatible; MJ12bot/v1.4.8; http://mj12bot.com/)"
54.38.85.17 - - [23/Nov/2024:21:16:50 +0800] "GET /?tag=%E5%86%B7%E5%95%9F%E5%8B%95 HTTP/1.1" 301 573 "-" "Mozilla/5.0 (compatible; MJ12bot/v1.4.8; http://mj12bot.com/)"
54.38.85.17 - - [23/Nov/2024:21:16:52 +0800] "GET /?tag=%E5%86%B7%E5%95%9F%E5%8B%95 HTTP/1.1" 301 301 "-" "Mozilla/5.0 (compatible; MJ12bot/v1.4.8; http://mj12bot.com/)"
54.38.85.17 - - [23/Nov/2024:21:16:55 +0800] "GET /tag/%E5%86%B7%E5%95%9F%E5%8B%95/ HTTP/1.1" 200 24882 "-" "Mozilla/5.0 (compatible; MJ12bot/v1.4.8; http://mj12bot.com/)"
54.38.85.17 - - [23/Nov/2024:21:16:57 +0800] "GET /?tag=%E5%86%B7%E5%95%9F%E5%8B%95 HTTP/1.1" 301 301 "-" "Mozilla/5.0 (compatible; MJ12bot/v1.4.8; http://mj12bot.com/)"
54.38.85.17 - - [23/Nov/2024:21:17:00 +0800] "GET /tag/%E5%86%B7%E5%95%9F%E5%8B%95/ HTTP/1.1" 200 24882 "-" "Mozilla/5.0 (compatible; MJ12bot/v1.4.8; http://mj12bot.com/)"
54.38.85.17 - - [23/Nov/2024:21:17:02 +0800] "GET /?tag=%E5%86%B7%E6%9A%96%E7%A9%BA%E8%AA%BF HTTP/1.1" 301 591 "-" "Mozilla/5.0 (compatible; MJ12bot/v1.4.8; http://mj12bot.com/)"
54.38.85.17 - - [23/Nov/2024:21:17:04 +0800] "GET /?tag=%E5%86%B7%E6%9A%96%E7%A9%BA%E8%AA%BF HTTP/1.1" 301 310 "-" "Mozilla/5.0 (compatible; MJ12bot/v1.4.8; http://mj12bot.com/)"
4.227.36.14 - - [23/Nov/2024:21:17:05 +0800] "GET /%e9%bb%83%e9%87%91%e7%b7%9a%e6%8f%9b%e5%ad%a3%e4%bf%9d%e9%a4%8a%e5%b0%8f%e6%95%99%e5%ae%a4/embed/ HTTP/1.1" 200 10974 "-" "Mozilla/5.0 AppleWebKit/537.36 (KHTML, like Gecko; compatible; GPTBot/1.2; +https://openai.com/gptbot)"
54.38.85.17 - - [23/Nov/2024:21:17:07 +0800] "GET /tag/%E5%86%B7%E6%9A%96%E7%A9%BA%E8%AA%BF/ HTTP/1.1" 200 22502 "-" "Mozilla/5.0 (compatible; MJ12bot/v1.4.8; http://mj12bot.com/)"
54.38.85.17 - - [23/Nov/2024:21:17:09 +0800] "GET /?tag=%E5%86%B7%E6%9A%96%E7%A9%BA%E8%AA%BF HTTP/1.1" 301 310 "-" "Mozilla/5.0 (compatible; MJ12bot/v1.4.8; http://mj12bot.com/)"
54.38.85.17 - - [23/Nov/2024:21:17:12 +0800] "GET /tag/%E5%86%B7%E6%9A%96%E7%A9%BA%E8%AA%BF/ HTTP/1.1" 200 22502 "-" "Mozilla/5.0 (compatible; MJ12bot/v1.4.8; http://mj12bot.com/)"
54.38.85.17 - - [23/Nov/2024:21:17:14 +0800] "GET /?tag=%E5%86%B7%E6%B0%A3 HTTP/1.1" 301 292 "-" "Mozilla/5.0 (compatible; MJ12bot/v1.4.8; http://mj12bot.com/)"
54.38.85.17 - - [23/Nov/2024:21:17:17 +0800] "GET /tag/%E5%86%B7%E6%B0%A3/ HTTP/1.1" 200 18024 "-" "Mozilla/5.0 (compatible; MJ12bot/v1.4.8; http://mj12bot.com/)"
54.38.85.17 - - [23/Nov/2024:21:17:19 +0800] "GET /?tag=%E5%90%83%E6%A9%9F%E6%B2%B9 HTTP/1.1" 301 573 "-" "Mozilla/5.0 (compatible; MJ12bot/v1.4.8; http://mj12bot.com/)"
54.38.85.17 - - [23/Nov/2024:21:17:21 +0800] "GET /?tag=%E5%90%83%E6%A9%9F%E6%B2%B9 HTTP/1.1" 301 301 "-" "Mozilla/5.0 (compatible; MJ12bot/v1.4.8; http://mj12bot.com/)"
54.38.85.17 - - [23/Nov/2024:21:17:24 +0800] "GET /tag/%E5%90%83%E6%A9%9F%E6%B2%B9/ HTTP/1.1" 200 16946 "-" "Mozilla/5.0 (compatible; MJ12bot/v1.4.8; http://mj12bot.com/)"
195.210.46.64 - - [23/Nov/2024:21:17:24 +0800] "POST /xmlrpc.php HTTP/1.1" 200 4021 "-" "Mozilla/5.0 (Windows NT 5.1; Win64; x64) AppleWebKit/537.36 (KHTML, like Gecko) Chrome/60.0.3112.90 Safari/537.36"
54.38.85.17 - - [23/Nov/2024:21:17:26 +0800] "GET /?tag=%E5%90%83%E6%A9%9F%E6%B2%B9 HTTP/1.1" 301 301 "-" "Mozilla/5.0 (compatible; MJ12bot/v1.4.8; http://mj12bot.com/)"
195.210.46.64 - - [23/Nov/2024:21:17:27 +0800] "POST /xmlrpc.php HTTP/1.1" 200 4021 "-" "Mozilla/5.0 (Windows NT 5.1; Win64; x64) AppleWebKit/537.36 (KHTML, like Gecko) Chrome/60.0.3112.90 Safari/537.36"
54.38.85.17 - - [23/Nov/2024:21:17:29 +0800] "GET /tag/%E5%90%83%E6%A9%9F%E6%B2%B9/ HTTP/1.1" 200 16946 "-" "Mozilla/5.0 (compatible; MJ12bot/v1.4.8; http://mj12bot.com/)"
103.171.92.225 - - [23/Nov/2024:21:17:28 +0800] "POST /xmlrpc.php HTTP/1.1" 200 4022 "-" "Mozilla/5.0 (Windows NT 6.1; Win64; x64) AppleWebKit/537.36 (KHTML, like Gecko) Chrome/69.0.3497.100 Safari/537.36"
103.171.92.225 - - [23/Nov/2024:21:17:29 +0800] "POST /xmlrpc.php HTTP/1.1" 200 4022 "-" "Mozilla/5.0 (Windows NT 6.1; Win64; x64) AppleWebKit/537.36 (KHTML, like Gecko) Chrome/69.0.3497.100 Safari/537.36"
54.38.85.17 - - [23/Nov/2024:21:17:31 +0800] "GET /?tag=%E5%9C%B0%E7%90%83%E9%BB%83%E9%87%91%E7%B7%9A HTTP/1.1" 301 609 "-" "Mozilla/5.0 (compatible; MJ12bot/v1.4.8; http://mj12bot.com/)"
176.123.10.85 - - [23/Nov/2024:21:17:31 +0800] "POST /xmlrpc.php HTTP/1.1" 200 4021 "-" "Mozilla/5.0 (Windows NT 6.1; rv:17.0) Gecko/20100101 Firefox/20.6.14"
54.38.85.17 - - [23/Nov/2024:21:17:33 +0800] "GET /?tag=%E5%9C%B0%E7%90%83%E9%BB%83%E9%87%91%E7%B7%9A HTTP/1.1" 301 319 "-" "Mozilla/5.0 (compatible; MJ12bot/v1.4.8; http://mj12bot.com/)"
176.123.10.85 - - [23/Nov/2024:21:17:34 +0800] "POST /xmlrpc.php HTTP/1.1" 200 4021 "-" "Mozilla/5.0 (Windows NT 6.1; rv:17.0) Gecko/20100101 Firefox/20.6.14"
54.38.85.17 - - [23/Nov/2024:21:17:36 +0800] "GET /tag/%E5%9C%B0%E7%90%83%E9%BB%83%E9%87%91%E7%B7%9A/ HTTP/1.1" 200 17812 "-" "Mozilla/5.0 (compatible; MJ12bot/v1.4.8; http://mj12bot.com/)"
54.38.85.17 - - [23/Nov/2024:21:17:38 +0800] "GET /?tag=%E5%9C%B0%E7%90%83%E9%BB%83%E9%87%91%E7%B7%9A HTTP/1.1" 301 319 "-" "Mozilla/5.0 (compatible; MJ12bot/v1.4.8; http://mj12bot.com/)"
54.38.85.17 - - [23/Nov/2024:21:17:41 +0800] "GET /tag/%E5%9C%B0%E7%90%83%E9%BB%83%E9%87%91%E7%B7%9A/ HTTP/1.1" 200 17810 "-" "Mozilla/5.0 (compatible; MJ12bot/v1.4.8; http://mj12bot.com/)"
195.210.46.64 - - [23/Nov/2024:21:17:41 +0800] "POST /xmlrpc.php HTTP/1.1" 200 4021 "-" "Mozilla/5.0 (Windows NT 10.0; Win64; x64) AppleWebKit/537.36 (KHTML, like Gecko) Chrome/79.0.3945.117 Safari/537.36"
54.38.85.17 - - [23/Nov/2024:21:17:43 +0800] "GET /?tag=%E5%A4%8F%E5%AD%A3%E4%BF%9D%E9%A4%8A HTTP/1.1" 301 591 "-" "Mozilla/5.0 (compatible; MJ12bot/v1.4.8; http://mj12bot.com/)"
195.210.46.64 - - [23/Nov/2024:21:17:43 +0800] "POST /xmlrpc.php HTTP/1.1" 200 4021 "-" "Mozilla/5.0 (Windows NT 10.0; Win64; x64) AppleWebKit/537.36 (KHTML, like Gecko) Chrome/79.0.3945.117 Safari/537.36"
54.38.85.17 - - [23/Nov/2024:21:17:45 +0800] "GET /?tag=%E5%A4%8F%E5%AD%A3%E4%BF%9D%E9%A4%8A HTTP/1.1" 301 310 "-" "Mozilla/5.0 (compatible; MJ12bot/v1.4.8; http://mj12bot.com/)"
54.38.85.17 - - [23/Nov/2024:21:17:48 +0800] "GET /tag/%E5%A4%8F%E5%AD%A3%E4%BF%9D%E9%A4%8A/ HTTP/1.1" 200 16988 "-" "Mozilla/5.0 (compatible; MJ12bot/v1.4.8; http://mj12bot.com/)"
54.38.85.17 - - [23/Nov/2024:21:17:49 +0800] "GET /?tag=%E5%A4%8F%E5%AD%A3%E4%BF%9D%E9%A4%8A HTTP/1.1" 301 310 "-" "Mozilla/5.0 (compatible; MJ12bot/v1.4.8; http://mj12bot.com/)"
4.227.36.14 - - [23/Nov/2024:21:17:50 +0800] "GET /%e9%bb%83%e9%87%91%e7%b7%9a%e6%8f%9b%e5%ad%a3%e4%bf%9d%e9%a4%8a%e5%b0%8f%e6%95%99%e5%ae%a4/embed/ HTTP/1.1" 200 10973 "-" "Mozilla/5.0 AppleWebKit/537.36 (KHTML, like Gecko; compatible; GPTBot/1.2; +https://openai.com/gptbot)"
188.40.28.140 - - [23/Nov/2024:21:17:49 +0800] "POST /xmlrpc.php HTTP/1.1" 200 4460 "-" "Mozilla/5.0 (Linux; Android 10; SM-A205U) AppleWebKit/537.36 (KHTML, like Gecko) Chrome/91.0.4472.114 Mobile Safari/537.36"
188.40.28.140 - - [23/Nov/2024:21:17:51 +0800] "POST /xmlrpc.php HTTP/1.1" 200 4460 "-" "Mozilla/5.0 (Linux; Android 10; SM-A205U) AppleWebKit/537.36 (KHTML, like Gecko) Chrome/91.0.4472.114 Mobile Safari/537.36"
54.38.85.17 - - [23/Nov/2024:21:17:52 +0800] "GET /tag/%E5%A4%8F%E5%AD%A3%E4%BF%9D%E9%A4%8A/ HTTP/1.1" 200 16989 "-" "Mozilla/5.0 (compatible; MJ12bot/v1.4.8; http://mj12bot.com/)"
54.38.85.17 - - [23/Nov/2024:21:17:55 +0800] "GET /?tag=%E5%A4%96%E5%8C%AF%E8%BB%8A HTTP/1.1" 301 573 "-" "Mozilla/5.0 (compatible; MJ12bot/v1.4.8; http://mj12bot.com/)"
54.38.85.17 - - [23/Nov/2024:21:17:56 +0800] "GET /?tag=%E5%A4%96%E5%8C%AF%E8%BB%8A HTTP/1.1" 301 301 "-" "Mozilla/5.0 (compatible; MJ12bot/v1.4.8; http://mj12bot.com/)"
54.38.85.17 - - [23/Nov/2024:21:17:59 +0800] "GET /tag/%E5%A4%96%E5%8C%AF%E8%BB%8A/ HTTP/1.1" 200 21309 "-" "Mozilla/5.0 (compatible; MJ12bot/v1.4.8; http://mj12bot.com/)"
54.38.85.17 - - [23/Nov/2024:21:18:01 +0800] "GET /?tag=%E5%A4%96%E5%8C%AF%E8%BB%8A HTTP/1.1" 301 301 "-" "Mozilla/5.0 (compatible; MJ12bot/v1.4.8; http://mj12bot.com/)"
54.38.85.17 - - [23/Nov/2024:21:18:04 +0800] "GET /tag/%E5%A4%96%E5%8C%AF%E8%BB%8A/ HTTP/1.1" 200 21309 "-" "Mozilla/5.0 (compatible; MJ12bot/v1.4.8; http://mj12bot.com/)"
103.171.92.225 - - [23/Nov/2024:21:18:06 +0800] "POST /xmlrpc.php HTTP/1.1" 200 4022 "-" "Mozilla/5.0 (iPhone; CPU iPhone OS 14_6 like Mac OS X) AppleWebKit/605.1.15 (KHTML, like Gecko) CriOS/91.0.4472.80 Mobile/15E148 Safari/604.1"
103.171.92.225 - - [23/Nov/2024:21:18:07 +0800] "POST /xmlrpc.php HTTP/1.1" 200 4022 "-" "Mozilla/5.0 (iPhone; CPU iPhone OS 14_6 like Mac OS X) AppleWebKit/605.1.15 (KHTML, like Gecko) CriOS/91.0.4472.80 Mobile/15E148 Safari/604.1"
54.38.85.17 - - [23/Nov/2024:21:18:07 +0800] "GET /?tag=%E5%A4%96%E5%BB%A0%E5%8A%A0%E8%A3%9D HTTP/1.1" 301 591 "-" "Mozilla/5.0 (compatible; MJ12bot/v1.4.8; http://mj12bot.com/)"
54.38.85.17 - - [23/Nov/2024:21:18:09 +0800] "GET /?tag=%E5%A4%96%E5%BB%A0%E5%8A%A0%E8%A3%9D HTTP/1.1" 301 310 "-" "Mozilla/5.0 (compatible; MJ12bot/v1.4.8; http://mj12bot.com/)"
54.38.85.17 - - [23/Nov/2024:21:18:12 +0800] "GET /tag/%E5%A4%96%E5%BB%A0%E5%8A%A0%E8%A3%9D/ HTTP/1.1" 200 17223 "-" "Mozilla/5.0 (compatible; MJ12bot/v1.4.8; http://mj12bot.com/)"
212.33.203.188 - - [23/Nov/2024:21:18:11 +0800] "POST /xmlrpc.php HTTP/1.1" 200 4461 "-" "Mozilla/5.0 (iPhone; CPU iPhone OS 14_6 like Mac OS X) AppleWebKit/605.1.15 (KHTML, like Gecko) CriOS/91.0.4472.80 Mobile/15E148 Safari/604.1"
54.38.85.17 - - [23/Nov/2024:21:18:14 +0800] "GET /?tag=%E5%A4%96%E5%BB%A0%E5%8A%A0%E8%A3%9D HTTP/1.1" 301 310 "-" "Mozilla/5.0 (compatible; MJ12bot/v1.4.8; http://mj12bot.com/)"
212.33.203.188 - - [23/Nov/2024:21:18:14 +0800] "POST /xmlrpc.php HTTP/1.1" 200 4461 "-" "Mozilla/5.0 (iPhone; CPU iPhone OS 14_6 like Mac OS X) AppleWebKit/605.1.15 (KHTML, like Gecko) CriOS/91.0.4472.80 Mobile/15E148 Safari/604.1"
54.38.85.17 - - [23/Nov/2024:21:18:17 +0800] "GET /tag/%E5%A4%96%E5%BB%A0%E5%8A%A0%E8%A3%9D/ HTTP/1.1" 200 17223 "-" "Mozilla/5.0 (compatible; MJ12bot/v1.4.8; http://mj12bot.com/)"
54.38.85.17 - - [23/Nov/2024:21:18:19 +0800] "GET /?tag=%E5%A4%A9%E5%86%B7%E7%9A%84%E6%8F%9B%E6%AA%94%E4%B8%8D%E9%A0%86 HTTP/1.1" 301 645 "-" "Mozilla/5.0 (compatible; MJ12bot/v1.4.8; http://mj12bot.com/)"
54.38.85.17 - - [23/Nov/2024:21:18:21 +0800] "GET /?tag=%E5%A4%A9%E5%86%B7%E7%9A%84%E6%8F%9B%E6%AA%94%E4%B8%8D%E9%A0%86 HTTP/1.1" 301 337 "-" "Mozilla/5.0 (compatible; MJ12bot/v1.4.8; http://mj12bot.com/)"
143.198.54.169 - - [23/Nov/2024:21:18:20 +0800] "POST /xmlrpc.php HTTP/1.1" 200 4461 "-" "Mozilla/5.0 (Windows NT 10.0; Win64; x64; rv:63.0) Gecko/20100101 Firefox/63.0"
143.198.54.169 - - [23/Nov/2024:21:18:22 +0800] "POST /xmlrpc.php HTTP/1.1" 200 4461 "-" "Mozilla/5.0 (Windows NT 10.0; Win64; x64; rv:63.0) Gecko/20100101 Firefox/63.0"
54.38.85.17 - - [23/Nov/2024:21:18:23 +0800] "GET /tag/%E5%A4%A9%E5%86%B7%E7%9A%84%E6%8F%9B%E6%AA%94%E4%B8%8D%E9%A0%86/ HTTP/1.1" 200 24896 "-" "Mozilla/5.0 (compatible; MJ12bot/v1.4.8; http://mj12bot.com/)"
185.107.113.233 - - [23/Nov/2024:21:18:23 +0800] "POST /xmlrpc.php HTTP/1.1" 200 4462 "-" "Mozilla/5.0 (Windows; U; Windows NT 5.1; en-US; rv:1.7.10) Gecko/20050716 Firefox/1.0.6"
54.38.85.17 - - [23/Nov/2024:21:18:26 +0800] "GET /?tag=%E5%A4%A9%E5%86%B7%E7%9A%84%E6%8F%9B%E6%AA%94%E4%B8%8D%E9%A0%86 HTTP/1.1" 301 337 "-" "Mozilla/5.0 (compatible; MJ12bot/v1.4.8; http://mj12bot.com/)"
185.107.113.233 - - [23/Nov/2024:21:18:26 +0800] "POST /xmlrpc.php HTTP/1.1" 200 4462 "-" "Mozilla/5.0 (Windows; U; Windows NT 5.1; en-US; rv:1.7.10) Gecko/20050716 Firefox/1.0.6"
54.38.85.17 - - [23/Nov/2024:21:18:28 +0800] "GET /tag/%E5%A4%A9%E5%86%B7%E7%9A%84%E6%8F%9B%E6%AA%94%E4%B8%8D%E9%A0%86/ HTTP/1.1" 200 24896 "-" "Mozilla/5.0 (compatible; MJ12bot/v1.4.8; http://mj12bot.com/)"
54.38.85.17 - - [23/Nov/2024:21:18:31 +0800] "GET /?tag=%E5%B9%B4%E5%BA%A6%E4%BF%9D%E9%A4%8A HTTP/1.1" 301 591 "-" "Mozilla/5.0 (compatible; MJ12bot/v1.4.8; http://mj12bot.com/)"
54.38.85.17 - - [23/Nov/2024:21:18:32 +0800] "GET /?tag=%E5%B9%B4%E5%BA%A6%E4%BF%9D%E9%A4%8A HTTP/1.1" 301 310 "-" "Mozilla/5.0 (compatible; MJ12bot/v1.4.8; http://mj12bot.com/)"
54.38.85.17 - - [23/Nov/2024:21:18:35 +0800] "GET /tag/%E5%B9%B4%E5%BA%A6%E4%BF%9D%E9%A4%8A/ HTTP/1.1" 200 17055 "-" "Mozilla/5.0 (compatible; MJ12bot/v1.4.8; http://mj12bot.com/)"
4.227.36.14 - - [23/Nov/2024:21:18:36 +0800] "GET /%e9%bb%83%e9%87%91%e7%b7%9a%e6%8f%9b%e5%ad%a3%e4%bf%9d%e9%a4%8a%e5%b0%8f%e6%95%99%e5%ae%a4/embed/ HTTP/1.1" 200 10973 "-" "Mozilla/5.0 AppleWebKit/537.36 (KHTML, like Gecko; compatible; GPTBot/1.2; +https://openai.com/gptbot)"
156.244.79.2 - - [23/Nov/2024:21:18:35 +0800] "POST /xmlrpc.php HTTP/1.1" 200 4020 "-" "Mozilla/5.0 (Windows NT 10.0; Win64; x64) AppleWebKit/537.36 (KHTML, like Gecko) Chrome/70.0.3538.102 Safari/537.36"
156.244.79.2 - - [23/Nov/2024:21:18:37 +0800] "POST /xmlrpc.php HTTP/1.1" 200 4020 "-" "Mozilla/5.0 (Windows NT 10.0; Win64; x64) AppleWebKit/537.36 (KHTML, like Gecko) Chrome/70.0.3538.102 Safari/537.36"
54.38.85.17 - - [23/Nov/2024:21:18:37 +0800] "GET /?tag=%E5%B9%B4%E5%BA%A6%E4%BF%9D%E9%A4%8A HTTP/1.1" 301 310 "-" "Mozilla/5.0 (compatible; MJ12bot/v1.4.8; http://mj12bot.com/)"
54.38.85.17 - - [23/Nov/2024:21:18:40 +0800] "GET /tag/%E5%B9%B4%E5%BA%A6%E4%BF%9D%E9%A4%8A/ HTTP/1.1" 200 17054 "-" "Mozilla/5.0 (compatible; MJ12bot/v1.4.8; http://mj12bot.com/)"
54.38.85.17 - - [23/Nov/2024:21:18:42 +0800] "GET /?tag=%E5%BC%95%E6%93%8E%E5%86%B7%E5%95%9F%E5%8B%95 HTTP/1.1" 301 609 "-" "Mozilla/5.0 (compatible; MJ12bot/v1.4.8; http://mj12bot.com/)"
54.38.85.17 - - [23/Nov/2024:21:18:44 +0800] "GET /?tag=%E5%BC%95%E6%93%8E%E5%86%B7%E5%95%9F%E5%8B%95 HTTP/1.1" 301 319 "-" "Mozilla/5.0 (compatible; MJ12bot/v1.4.8; http://mj12bot.com/)"
54.38.85.17 - - [23/Nov/2024:21:18:47 +0800] "GET /tag/%E5%BC%95%E6%93%8E%E5%86%B7%E5%95%9F%E5%8B%95/ HTTP/1.1" 200 26126 "-" "Mozilla/5.0 (compatible; MJ12bot/v1.4.8; http://mj12bot.com/)"
54.38.85.17 - - [23/Nov/2024:21:18:49 +0800] "GET /?tag=%E5%BC%95%E6%93%8E%E5%86%B7%E5%95%9F%E5%8B%95 HTTP/1.1" 301 319 "-" "Mozilla/5.0 (compatible; MJ12bot/v1.4.8; http://mj12bot.com/)"
54.38.85.17 - - [23/Nov/2024:21:18:52 +0800] "GET /tag/%E5%BC%95%E6%93%8E%E5%86%B7%E5%95%9F%E5%8B%95/ HTTP/1.1" 200 26126 "-" "Mozilla/5.0 (compatible; MJ12bot/v1.4.8; http://mj12bot.com/)"
54.38.85.17 - - [23/Nov/2024:21:18:54 +0800] "GET /?tag=%E5%BC%95%E6%93%8E%E6%A9%9F%E6%B2%B9 HTTP/1.1" 301 591 "-" "Mozilla/5.0 (compatible; MJ12bot/v1.4.8; http://mj12bot.com/)"
54.38.85.17 - - [23/Nov/2024:21:18:56 +0800] "GET /?tag=%E5%BC%95%E6%93%8E%E6%A9%9F%E6%B2%B9 HTTP/1.1" 301 310 "-" "Mozilla/5.0 (compatible; MJ12bot/v1.4.8; http://mj12bot.com/)"
4.227.36.14 - - [23/Nov/2024:21:19:12 +0800] "GET /%e9%bb%83%e9%87%91%e7%b7%9a%e6%8f%9b%e5%ad%a3%e4%bf%9d%e9%a4%8a%e5%b0%8f%e6%95%99%e5%ae%a4/embed/ HTTP/1.1" 200 10973 "-" "Mozilla/5.0 AppleWebKit/537.36 (KHTML, like Gecko; compatible; GPTBot/1.2; +https://openai.com/gptbot)"
220.135.127.108 - - [23/Nov/2024:21:19:27 +0800] "POST /wp-cron.php?doing_wp_cron=1732367967.2310729026794433593750 HTTP/1.1" 200 4050 "-" "WordPress/6.7.1; https://www.car32.tw"
185.191.171.4 - - [23/Nov/2024:21:19:27 +0800] "GET /tag/%E6%B6%B2%E6%85%8B%E8%A0%9F%E9%85%AF/ HTTP/1.1" 200 28391 "-" "Mozilla/5.0 (compatible; SemrushBot/7~bl; +http://www.semrush.com/bot.html)"
4.227.36.14 - - [23/Nov/2024:21:19:51 +0800] "GET /%e9%bb%83%e9%87%91%e7%b7%9a%e6%8f%9b%e5%ad%a3%e4%bf%9d%e9%a4%8a%e5%b0%8f%e6%95%99%e5%ae%a4/embed/ HTTP/1.1" 200 10972 "-" "Mozilla/5.0 AppleWebKit/537.36 (KHTML, like Gecko; compatible; GPTBot/1.2; +https://openai.com/gptbot)"
54.38.85.17 - - [23/Nov/2024:21:19:54 +0800] "GET /?tag=%E5%BC%95%E6%93%8E%E6%A9%9F%E6%B2%B9 HTTP/1.1" 301 647 "-" "Mozilla/5.0 (compatible; MJ12bot/v1.4.8; http://mj12bot.com/)"
54.38.85.17 - - [23/Nov/2024:21:19:57 +0800] "GET /?tag=%E5%BC%95%E6%93%8E%E6%A9%9F%E6%B2%B9 HTTP/1.1" 301 3594 "-" "Mozilla/5.0 (compatible; MJ12bot/v1.4.8; http://mj12bot.com/)"
54.38.85.17 - - [23/Nov/2024:21:19:59 +0800] "GET /tag/%E5%BC%95%E6%93%8E%E6%A9%9F%E6%B2%B9/ HTTP/1.1" 200 17569 "-" "Mozilla/5.0 (compatible; MJ12bot/v1.4.8; http://mj12bot.com/)"
54.38.85.17 - - [23/Nov/2024:21:20:01 +0800] "GET /?tag=%E5%BC%95%E6%93%8E%E6%A9%9F%E6%B2%B9 HTTP/1.1" 301 310 "-" "Mozilla/5.0 (compatible; MJ12bot/v1.4.8; http://mj12bot.com/)"
54.38.85.17 - - [23/Nov/2024:21:20:04 +0800] "GET /tag/%E5%BC%95%E6%93%8E%E6%A9%9F%E6%B2%B9/ HTTP/1.1" 200 17569 "-" "Mozilla/5.0 (compatible; MJ12bot/v1.4.8; http://mj12bot.com/)"
54.38.85.17 - - [23/Nov/2024:21:20:06 +0800] "GET /?tag=%E5%BC%95%E6%93%8E%E9%9B%9C%E9%9F%B3 HTTP/1.1" 301 591 "-" "Mozilla/5.0 (compatible; MJ12bot/v1.4.8; http://mj12bot.com/)"
54.38.85.17 - - [23/Nov/2024:21:20:08 +0800] "GET /?tag=%E5%BC%95%E6%93%8E%E9%9B%9C%E9%9F%B3 HTTP/1.1" 301 310 "-" "Mozilla/5.0 (compatible; MJ12bot/v1.4.8; http://mj12bot.com/)"
54.38.85.17 - - [23/Nov/2024:21:20:11 +0800] "GET /tag/%E5%BC%95%E6%93%8E%E9%9B%9C%E9%9F%B3/ HTTP/1.1" 200 24892 "-" "Mozilla/5.0 (compatible; MJ12bot/v1.4.8; http://mj12bot.com/)"
54.38.85.17 - - [23/Nov/2024:21:20:13 +0800] "GET /?tag=%E5%BC%95%E6%93%8E%E9%9B%9C%E9%9F%B3 HTTP/1.1" 301 310 "-" "Mozilla/5.0 (compatible; MJ12bot/v1.4.8; http://mj12bot.com/)"
54.38.85.17 - - [23/Nov/2024:21:20:15 +0800] "GET /tag/%E5%BC%95%E6%93%8E%E9%9B%9C%E9%9F%B3/ HTTP/1.1" 200 24892 "-" "Mozilla/5.0 (compatible; MJ12bot/v1.4.8; http://mj12bot.com/)"
54.38.85.17 - - [23/Nov/2024:21:20:18 +0800] "GET /?tag=%E5%BF%AB%E6%A8%82%E8%B7%91 HTTP/1.1" 301 573 "-" "Mozilla/5.0 (compatible; MJ12bot/v1.4.8; http://mj12bot.com/)"
54.38.85.17 - - [23/Nov/2024:21:20:19 +0800] "GET /?tag=%E5%BF%AB%E6%A8%82%E8%B7%91 HTTP/1.1" 301 301 "-" "Mozilla/5.0 (compatible; MJ12bot/v1.4.8; http://mj12bot.com/)"
54.38.85.17 - - [23/Nov/2024:21:20:22 +0800] "GET /tag/%E5%BF%AB%E6%A8%82%E8%B7%91/ HTTP/1.1" 200 28964 "-" "Mozilla/5.0 (compatible; MJ12bot/v1.4.8; http://mj12bot.com/)"
54.38.85.17 - - [23/Nov/2024:21:20:24 +0800] "GET /?tag=%E5%BF%AB%E6%A8%82%E8%B7%91 HTTP/1.1" 301 301 "-" "Mozilla/5.0 (compatible; MJ12bot/v1.4.8; http://mj12bot.com/)"
54.38.85.17 - - [23/Nov/2024:21:20:27 +0800] "GET /tag/%E5%BF%AB%E6%A8%82%E8%B7%91/ HTTP/1.1" 200 28964 "-" "Mozilla/5.0 (compatible; MJ12bot/v1.4.8; http://mj12bot.com/)"
54.38.85.17 - - [23/Nov/2024:21:20:29 +0800] "GET /?tag=%E6%80%A7%E8%83%BD%E8%AA%BF%E6%95%B4 HTTP/1.1" 301 591 "-" "Mozilla/5.0 (compatible; MJ12bot/v1.4.8; http://mj12bot.com/)"
4.227.36.14 - - [23/Nov/2024:21:20:29 +0800] "GET /%e9%bb%83%e9%87%91%e7%b7%9a%e6%8f%9b%e5%ad%a3%e4%bf%9d%e9%a4%8a%e5%b0%8f%e6%95%99%e5%ae%a4/embed/ HTTP/1.1" 200 10973 "-" "Mozilla/5.0 AppleWebKit/537.36 (KHTML, like Gecko; compatible; GPTBot/1.2; +https://openai.com/gptbot)"
220.135.127.108 - - [23/Nov/2024:21:20:31 +0800] "POST /wp-cron.php?doing_wp_cron=1732368031.2134070396423339843750 HTTP/1.1" 200 4050 "-" "WordPress/6.7.1; https://www.car32.tw"
54.38.85.17 - - [23/Nov/2024:21:20:31 +0800] "GET /?tag=%E6%80%A7%E8%83%BD%E8%AA%BF%E6%95%B4 HTTP/1.1" 301 310 "-" "Mozilla/5.0 (compatible; MJ12bot/v1.4.8; http://mj12bot.com/)"
54.38.85.17 - - [23/Nov/2024:21:20:33 +0800] "GET /tag/%E6%80%A7%E8%83%BD%E8%AA%BF%E6%95%B4/ HTTP/1.1" 200 30262 "-" "Mozilla/5.0 (compatible; MJ12bot/v1.4.8; http://mj12bot.com/)"
54.38.85.17 - - [23/Nov/2024:21:20:36 +0800] "GET /?tag=%E6%80%A7%E8%83%BD%E8%AA%BF%E6%95%B4 HTTP/1.1" 301 310 "-" "Mozilla/5.0 (compatible; MJ12bot/v1.4.8; http://mj12bot.com/)"
140.238.59.22 - - [23/Nov/2024:21:20:38 +0800] "GET /feed/ HTTP/1.1" 200 6804 "https://www.car32.tw/feed/" "FreshRSS/1.24.3 (Linux; https://freshrss.org)"
54.38.85.17 - - [23/Nov/2024:21:20:38 +0800] "GET /tag/%E6%80%A7%E8%83%BD%E8%AA%BF%E6%95%B4/ HTTP/1.1" 200 30263 "-" "Mozilla/5.0 (compatible; MJ12bot/v1.4.8; http://mj12bot.com/)"
54.38.85.17 - - [23/Nov/2024:21:20:41 +0800] "GET /?tag=%E6%8F%9B%E6%AA%94%E9%A0%93%E6%8C%AB HTTP/1.1" 301 591 "-" "Mozilla/5.0 (compatible; MJ12bot/v1.4.8; http://mj12bot.com/)"
54.38.85.17 - - [23/Nov/2024:21:20:43 +0800] "GET /?tag=%E6%8F%9B%E6%AA%94%E9%A0%93%E6%8C%AB HTTP/1.1" 301 310 "-" "Mozilla/5.0 (compatible; MJ12bot/v1.4.8; http://mj12bot.com/)"
54.38.85.17 - - [23/Nov/2024:21:20:45 +0800] "GET /tag/%E6%8F%9B%E6%AA%94%E9%A0%93%E6%8C%AB/ HTTP/1.1" 200 27899 "-" "Mozilla/5.0 (compatible; MJ12bot/v1.4.8; http://mj12bot.com/)"
54.38.85.17 - - [23/Nov/2024:21:20:47 +0800] "GET /?tag=%E6%8F%9B%E6%AA%94%E9%A0%93%E6%8C%AB HTTP/1.1" 301 310 "-" "Mozilla/5.0 (compatible; MJ12bot/v1.4.8; http://mj12bot.com/)"
54.38.85.17 - - [23/Nov/2024:21:20:50 +0800] "GET /tag/%E6%8F%9B%E6%AA%94%E9%A0%93%E6%8C%AB/ HTTP/1.1" 200 27901 "-" "Mozilla/5.0 (compatible; MJ12bot/v1.4.8; http://mj12bot.com/)"
192.0.82.55 - - [23/Nov/2024:21:20:52 +0800] "HEAD / HTTP/1.1" 200 4000 "-" "jetmon/1.0 (Jetpack Site Uptime Monitor by WordPress.com)"
54.38.85.17 - - [23/Nov/2024:21:20:53 +0800] "GET /?tag=%E6%94%B9%E9%9B%BB%E8%85%A6 HTTP/1.1" 301 573 "-" "Mozilla/5.0 (compatible; MJ12bot/v1.4.8; http://mj12bot.com/)"
54.38.85.17 - - [23/Nov/2024:21:20:54 +0800] "GET /?tag=%E6%94%B9%E9%9B%BB%E8%85%A6 HTTP/1.1" 301 301 "-" "Mozilla/5.0 (compatible; MJ12bot/v1.4.8; http://mj12bot.com/)"
54.38.85.17 - - [23/Nov/2024:21:20:57 +0800] "GET /tag/%E6%94%B9%E9%9B%BB%E8%85%A6/ HTTP/1.1" 200 17165 "-" "Mozilla/5.0 (compatible; MJ12bot/v1.4.8; http://mj12bot.com/)"
54.38.85.17 - - [23/Nov/2024:21:20:59 +0800] "GET /?tag=%E6%94%B9%E9%9B%BB%E8%85%A6 HTTP/1.1" 301 301 "-" "Mozilla/5.0 (compatible; MJ12bot/v1.4.8; http://mj12bot.com/)"
54.38.85.17 - - [23/Nov/2024:21:21:02 +0800] "GET /tag/%E6%94%B9%E9%9B%BB%E8%85%A6/ HTTP/1.1" 200 17165 "-" "Mozilla/5.0 (compatible; MJ12bot/v1.4.8; http://mj12bot.com/)"
54.38.85.17 - - [23/Nov/2024:21:21:04 +0800] "GET /?tag=%E6%9F%B4%E6%B2%B9%E7%B2%BE HTTP/1.1" 301 573 "-" "Mozilla/5.0 (compatible; MJ12bot/v1.4.8; http://mj12bot.com/)"
54.38.85.17 - - [23/Nov/2024:21:21:06 +0800] "GET /?tag=%E6%9F%B4%E6%B2%B9%E7%B2%BE HTTP/1.1" 301 301 "-" "Mozilla/5.0 (compatible; MJ12bot/v1.4.8; http://mj12bot.com/)"
4.227.36.14 - - [23/Nov/2024:21:21:07 +0800] "GET /%e9%bb%83%e9%87%91%e7%b7%9a%e6%8f%9b%e5%ad%a3%e4%bf%9d%e9%a4%8a%e5%b0%8f%e6%95%99%e5%ae%a4/embed/ HTTP/1.1" 200 10973 "-" "Mozilla/5.0 AppleWebKit/537.36 (KHTML, like Gecko; compatible; GPTBot/1.2; +https://openai.com/gptbot)"
54.38.85.17 - - [23/Nov/2024:21:21:09 +0800] "GET /tag/%E6%9F%B4%E6%B2%B9%E7%B2%BE/ HTTP/1.1" 200 29955 "-" "Mozilla/5.0 (compatible; MJ12bot/v1.4.8; http://mj12bot.com/)"
54.38.85.17 - - [23/Nov/2024:21:21:11 +0800] "GET /?tag=%E6%9F%B4%E6%B2%B9%E7%B2%BE HTTP/1.1" 301 301 "-" "Mozilla/5.0 (compatible; MJ12bot/v1.4.8; http://mj12bot.com/)"
54.38.85.17 - - [23/Nov/2024:21:21:14 +0800] "GET /tag/%E6%9F%B4%E6%B2%B9%E7%B2%BE/ HTTP/1.1" 200 29952 "-" "Mozilla/5.0 (compatible; MJ12bot/v1.4.8; http://mj12bot.com/)"
54.38.85.17 - - [23/Nov/2024:21:21:17 +0800] "GET /?tag=%E6%9F%B4%E6%B2%B9%E8%BB%8A HTTP/1.1" 301 573 "-" "Mozilla/5.0 (compatible; MJ12bot/v1.4.8; http://mj12bot.com/)"
54.38.85.17 - - [23/Nov/2024:21:21:19 +0800] "GET /?tag=%E6%9F%B4%E6%B2%B9%E8%BB%8A HTTP/1.1" 301 301 "-" "Mozilla/5.0 (compatible; MJ12bot/v1.4.8; http://mj12bot.com/)"
54.38.85.17 - - [23/Nov/2024:21:21:21 +0800] "GET /tag/%E6%9F%B4%E6%B2%B9%E8%BB%8A/ HTTP/1.1" 200 17962 "-" "Mozilla/5.0 (compatible; MJ12bot/v1.4.8; http://mj12bot.com/)"
54.38.85.17 - - [23/Nov/2024:21:21:23 +0800] "GET /?tag=%E6%9F%B4%E6%B2%B9%E8%BB%8A HTTP/1.1" 301 301 "-" "Mozilla/5.0 (compatible; MJ12bot/v1.4.8; http://mj12bot.com/)"
54.38.85.17 - - [23/Nov/2024:21:21:26 +0800] "GET /tag/%E6%9F%B4%E6%B2%B9%E8%BB%8A/ HTTP/1.1" 200 17962 "-" "Mozilla/5.0 (compatible; MJ12bot/v1.4.8; http://mj12bot.com/)"
54.38.85.17 - - [23/Nov/2024:21:21:29 +0800] "GET /?tag=%E6%A6%B4%E5%BD%88%E5%85%B5 HTTP/1.1" 301 573 "-" "Mozilla/5.0 (compatible; MJ12bot/v1.4.8; http://mj12bot.com/)"
54.38.85.17 - - [23/Nov/2024:21:21:31 +0800] "GET /?tag=%E6%A6%B4%E5%BD%88%E5%85%B5 HTTP/1.1" 301 301 "-" "Mozilla/5.0 (compatible; MJ12bot/v1.4.8; http://mj12bot.com/)"
54.38.85.17 - - [23/Nov/2024:21:21:34 +0800] "GET /tag/%E6%A6%B4%E5%BD%88%E5%85%B5/ HTTP/1.1" 200 26391 "-" "Mozilla/5.0 (compatible; MJ12bot/v1.4.8; http://mj12bot.com/)"
54.38.85.17 - - [23/Nov/2024:21:21:36 +0800] "GET /?tag=%E6%A6%B4%E5%BD%88%E5%85%B5 HTTP/1.1" 301 301 "-" "Mozilla/5.0 (compatible; MJ12bot/v1.4.8; http://mj12bot.com/)"
54.38.85.17 - - [23/Nov/2024:21:21:38 +0800] "GET /tag/%E6%A6%B4%E5%BD%88%E5%85%B5/ HTTP/1.1" 200 26390 "-" "Mozilla/5.0 (compatible; MJ12bot/v1.4.8; http://mj12bot.com/)"
54.38.85.17 - - [23/Nov/2024:21:21:41 +0800] "GET /?tag=%E6%A9%9F%E6%B2%B9%E5%A3%93%E5%8A%9B HTTP/1.1" 301 591 "-" "Mozilla/5.0 (compatible; MJ12bot/v1.4.8; http://mj12bot.com/)"
54.38.85.17 - - [23/Nov/2024:21:21:43 +0800] "GET /?tag=%E6%A9%9F%E6%B2%B9%E5%A3%93%E5%8A%9B HTTP/1.1" 301 310 "-" "Mozilla/5.0 (compatible; MJ12bot/v1.4.8; http://mj12bot.com/)"
54.38.85.17 - - [23/Nov/2024:21:21:45 +0800] "GET /tag/%E6%A9%9F%E6%B2%B9%E5%A3%93%E5%8A%9B/ HTTP/1.1" 200 26123 "-" "Mozilla/5.0 (compatible; MJ12bot/v1.4.8; http://mj12bot.com/)"
54.38.85.17 - - [23/Nov/2024:21:21:48 +0800] "GET /?tag=%E6%A9%9F%E6%B2%B9%E5%A3%93%E5%8A%9B HTTP/1.1" 301 310 "-" "Mozilla/5.0 (compatible; MJ12bot/v1.4.8; http://mj12bot.com/)"
4.227.36.14 - - [23/Nov/2024:21:21:50 +0800] "GET /%e9%bb%83%e9%87%91%e7%b7%9a%e6%8f%9b%e5%ad%a3%e4%bf%9d%e9%a4%8a%e5%b0%8f%e6%95%99%e5%ae%a4/embed/ HTTP/1.1" 200 10974 "-" "Mozilla/5.0 AppleWebKit/537.36 (KHTML, like Gecko; compatible; GPTBot/1.2; +https://openai.com/gptbot)"
54.38.85.17 - - [23/Nov/2024:21:21:50 +0800] "GET /tag/%E6%A9%9F%E6%B2%B9%E5%A3%93%E5%8A%9B/ HTTP/1.1" 200 26123 "-" "Mozilla/5.0 (compatible; MJ12bot/v1.4.8; http://mj12bot.com/)"
54.38.85.17 - - [23/Nov/2024:21:21:53 +0800] "GET /?tag=%E6%A9%9F%E6%B2%B9%E6%BA%AB%E5%BA%A6 HTTP/1.1" 301 591 "-" "Mozilla/5.0 (compatible; MJ12bot/v1.4.8; http://mj12bot.com/)"
54.38.85.17 - - [23/Nov/2024:21:21:55 +0800] "GET /?tag=%E6%A9%9F%E6%B2%B9%E6%BA%AB%E5%BA%A6 HTTP/1.1" 301 310 "-" "Mozilla/5.0 (compatible; MJ12bot/v1.4.8; http://mj12bot.com/)"
54.38.85.17 - - [23/Nov/2024:21:21:57 +0800] "GET /tag/%E6%A9%9F%E6%B2%B9%E6%BA%AB%E5%BA%A6/ HTTP/1.1" 200 26128 "-" "Mozilla/5.0 (compatible; MJ12bot/v1.4.8; http://mj12bot.com/)"
54.38.85.17 - - [23/Nov/2024:21:21:59 +0800] "GET /?tag=%E6%A9%9F%E6%B2%B9%E6%BA%AB%E5%BA%A6 HTTP/1.1" 301 310 "-" "Mozilla/5.0 (compatible; MJ12bot/v1.4.8; http://mj12bot.com/)"
54.38.85.17 - - [23/Nov/2024:21:22:02 +0800] "GET /tag/%E6%A9%9F%E6%B2%B9%E6%BA%AB%E5%BA%A6/ HTTP/1.1" 200 26128 "-" "Mozilla/5.0 (compatible; MJ12bot/v1.4.8; http://mj12bot.com/)"
54.38.85.17 - - [23/Nov/2024:21:22:04 +0800] "GET /?tag=%E6%A9%9F%E6%B2%B9%E7%B2%BE HTTP/1.1" 301 573 "-" "Mozilla/5.0 (compatible; MJ12bot/v1.4.8; http://mj12bot.com/)"
54.38.85.17 - - [23/Nov/2024:21:22:06 +0800] "GET /?tag=%E6%A9%9F%E6%B2%B9%E7%B2%BE HTTP/1.1" 301 301 "-" "Mozilla/5.0 (compatible; MJ12bot/v1.4.8; http://mj12bot.com/)"
54.38.85.17 - - [23/Nov/2024:21:22:09 +0800] "GET /tag/%E6%A9%9F%E6%B2%B9%E7%B2%BE/ HTTP/1.1" 200 24892 "-" "Mozilla/5.0 (compatible; MJ12bot/v1.4.8; http://mj12bot.com/)"
54.38.85.17 - - [23/Nov/2024:21:22:11 +0800] "GET /?tag=%E6%A9%9F%E6%B2%B9%E7%B2%BE HTTP/1.1" 301 301 "-" "Mozilla/5.0 (compatible; MJ12bot/v1.4.8; http://mj12bot.com/)"
54.38.85.17 - - [23/Nov/2024:21:22:14 +0800] "GET /tag/%E6%A9%9F%E6%B2%B9%E7%B2%BE/ HTTP/1.1" 200 24893 "-" "Mozilla/5.0 (compatible; MJ12bot/v1.4.8; http://mj12bot.com/)"
54.38.85.17 - - [23/Nov/2024:21:22:17 +0800] "GET /?tag=%E6%B1%BD%E6%B2%B9%E7%B2%BE HTTP/1.1" 301 573 "-" "Mozilla/5.0 (compatible; MJ12bot/v1.4.8; http://mj12bot.com/)"
54.38.85.17 - - [23/Nov/2024:21:22:18 +0800] "GET /?tag=%E6%B1%BD%E6%B2%B9%E7%B2%BE HTTP/1.1" 301 301 "-" "Mozilla/5.0 (compatible; MJ12bot/v1.4.8; http://mj12bot.com/)"
54.38.85.17 - - [23/Nov/2024:21:22:21 +0800] "GET /tag/%E6%B1%BD%E6%B2%B9%E7%B2%BE/ HTTP/1.1" 200 30980 "-" "Mozilla/5.0 (compatible; MJ12bot/v1.4.8; http://mj12bot.com/)"
54.38.85.17 - - [23/Nov/2024:21:22:23 +0800] "GET /?tag=%E6%B1%BD%E6%B2%B9%E7%B2%BE HTTP/1.1" 301 301 "-" "Mozilla/5.0 (compatible; MJ12bot/v1.4.8; http://mj12bot.com/)"
54.38.85.17 - - [23/Nov/2024:21:22:27 +0800] "GET /tag/%E6%B1%BD%E6%B2%B9%E7%B2%BE/ HTTP/1.1" 200 30978 "-" "Mozilla/5.0 (compatible; MJ12bot/v1.4.8; http://mj12bot.com/)"
54.38.85.17 - - [23/Nov/2024:21:22:29 +0800] "GET /?tag=%E6%B2%B9%E9%9B%BB%E8%BB%8A HTTP/1.1" 301 573 "-" "Mozilla/5.0 (compatible; MJ12bot/v1.4.8; http://mj12bot.com/)"
54.38.85.17 - - [23/Nov/2024:21:22:31 +0800] "GET /?tag=%E6%B2%B9%E9%9B%BB%E8%BB%8A HTTP/1.1" 301 301 "-" "Mozilla/5.0 (compatible; MJ12bot/v1.4.8; http://mj12bot.com/)"
54.38.85.17 - - [23/Nov/2024:21:22:34 +0800] "GET /tag/%E6%B2%B9%E9%9B%BB%E8%BB%8A/ HTTP/1.1" 200 25605 "-" "Mozilla/5.0 (compatible; MJ12bot/v1.4.8; http://mj12bot.com/)"
54.38.85.17 - - [23/Nov/2024:21:22:37 +0800] "GET /?tag=%E6%B2%B9%E9%9B%BB%E8%BB%8A HTTP/1.1" 301 301 "-" "Mozilla/5.0 (compatible; MJ12bot/v1.4.8; http://mj12bot.com/)"
54.38.85.17 - - [23/Nov/2024:21:22:39 +0800] "GET /tag/%E6%B2%B9%E9%9B%BB%E8%BB%8A/ HTTP/1.1" 200 25604 "-" "Mozilla/5.0 (compatible; MJ12bot/v1.4.8; http://mj12bot.com/)"
54.38.85.17 - - [23/Nov/2024:21:22:42 +0800] "GET /?tag=%E6%B6%B2%E6%85%8B%E8%A0%9F%E9%85%AF HTTP/1.1" 301 591 "-" "Mozilla/5.0 (compatible; MJ12bot/v1.4.8; http://mj12bot.com/)"
54.38.85.17 - - [23/Nov/2024:21:22:44 +0800] "GET /?tag=%E6%B6%B2%E6%85%8B%E8%A0%9F%E9%85%AF HTTP/1.1" 301 310 "-" "Mozilla/5.0 (compatible; MJ12bot/v1.4.8; http://mj12bot.com/)"
4.227.36.14 - - [23/Nov/2024:21:22:44 +0800] "GET /%e9%bb%83%e9%87%91%e7%b7%9a%e6%8f%9b%e5%ad%a3%e4%bf%9d%e9%a4%8a%e5%b0%8f%e6%95%99%e5%ae%a4/embed/ HTTP/1.1" 200 10972 "-" "Mozilla/5.0 AppleWebKit/537.36 (KHTML, like Gecko; compatible; GPTBot/1.2; +https://openai.com/gptbot)"
54.38.85.17 - - [23/Nov/2024:21:22:47 +0800] "GET /tag/%E6%B6%B2%E6%85%8B%E8%A0%9F%E9%85%AF/ HTTP/1.1" 200 27900 "-" "Mozilla/5.0 (compatible; MJ12bot/v1.4.8; http://mj12bot.com/)"
54.38.85.17 - - [23/Nov/2024:21:22:49 +0800] "GET /?tag=%E6%B6%B2%E6%85%8B%E8%A0%9F%E9%85%AF HTTP/1.1" 301 310 "-" "Mozilla/5.0 (compatible; MJ12bot/v1.4.8; http://mj12bot.com/)"
54.38.85.17 - - [23/Nov/2024:21:22:51 +0800] "GET /tag/%E6%B6%B2%E6%85%8B%E8%A0%9F%E9%85%AF/ HTTP/1.1" 200 27901 "-" "Mozilla/5.0 (compatible; MJ12bot/v1.4.8; http://mj12bot.com/)"
54.38.85.17 - - [23/Nov/2024:21:22:54 +0800] "GET /?tag=%E6%BC%8F%E6%B2%B9 HTTP/1.1" 301 555 "-" "Mozilla/5.0 (compatible; MJ12bot/v1.4.8; http://mj12bot.com/)"
54.38.85.17 - - [23/Nov/2024:21:22:56 +0800] "GET /?tag=%E6%BC%8F%E6%B2%B9 HTTP/1.1" 301 292 "-" "Mozilla/5.0 (compatible; MJ12bot/v1.4.8; http://mj12bot.com/)"
54.38.85.17 - - [23/Nov/2024:21:22:58 +0800] "GET /tag/%E6%BC%8F%E6%B2%B9/ HTTP/1.1" 200 25402 "-" "Mozilla/5.0 (compatible; MJ12bot/v1.4.8; http://mj12bot.com/)"
54.38.85.17 - - [23/Nov/2024:21:23:01 +0800] "GET /?tag=%E6%BC%8F%E6%B2%B9 HTTP/1.1" 301 292 "-" "Mozilla/5.0 (compatible; MJ12bot/v1.4.8; http://mj12bot.com/)"
54.38.85.17 - - [23/Nov/2024:21:23:03 +0800] "GET /tag/%E6%BC%8F%E6%B2%B9/ HTTP/1.1" 200 25402 "-" "Mozilla/5.0 (compatible; MJ12bot/v1.4.8; http://mj12bot.com/)"
54.38.85.17 - - [23/Nov/2024:21:23:06 +0800] "GET /?tag=%E6%BD%A4%E6%BB%91 HTTP/1.1" 301 555 "-" "Mozilla/5.0 (compatible; MJ12bot/v1.4.8; http://mj12bot.com/)"
54.38.85.17 - - [23/Nov/2024:21:23:08 +0800] "GET /?tag=%E6%BD%A4%E6%BB%91 HTTP/1.1" 301 292 "-" "Mozilla/5.0 (compatible; MJ12bot/v1.4.8; http://mj12bot.com/)"
54.38.85.17 - - [23/Nov/2024:21:23:10 +0800] "GET /tag/%E6%BD%A4%E6%BB%91/ HTTP/1.1" 200 26123 "-" "Mozilla/5.0 (compatible; MJ12bot/v1.4.8; http://mj12bot.com/)"
54.38.85.17 - - [23/Nov/2024:21:23:12 +0800] "GET /?tag=%E6%BD%A4%E6%BB%91 HTTP/1.1" 301 292 "-" "Mozilla/5.0 (compatible; MJ12bot/v1.4.8; http://mj12bot.com/)"
4.227.36.14 - - [23/Nov/2024:21:23:27 +0800] "GET /%e9%bb%83%e9%87%91%e7%b7%9a%e6%8f%9b%e5%ad%a3%e4%bf%9d%e9%a4%8a%e5%b0%8f%e6%95%99%e5%ae%a4/embed/ HTTP/1.1" 200 10972 "-" "Mozilla/5.0 AppleWebKit/537.36 (KHTML, like Gecko; compatible; GPTBot/1.2; +https://openai.com/gptbot)"
4.227.36.14 - - [23/Nov/2024:21:24:18 +0800] "GET /%e9%bb%83%e9%87%91%e7%b7%9a%e6%8f%9b%e5%ad%a3%e4%bf%9d%e9%a4%8a%e5%b0%8f%e6%95%99%e5%ae%a4/embed/ HTTP/1.1" 200 10973 "-" "Mozilla/5.0 AppleWebKit/537.36 (KHTML, like Gecko; compatible; GPTBot/1.2; +https://openai.com/gptbot)"
220.135.127.108 - - [23/Nov/2024:21:24:26 +0800] "POST /wp-cron.php?doing_wp_cron=1732368266.6206290721893310546875 HTTP/1.1" 200 4050 "-" "WordPress/6.7.1; https://www.car32.tw"
54.38.85.17 - - [23/Nov/2024:21:24:26 +0800] "GET /?tag=%E6%BD%A4%E6%BB%91 HTTP/1.1" 301 3576 "-" "Mozilla/5.0 (compatible; MJ12bot/v1.4.8; http://mj12bot.com/)"
54.38.85.17 - - [23/Nov/2024:21:24:29 +0800] "GET /tag/%E6%BD%A4%E6%BB%91/ HTTP/1.1" 200 26124 "-" "Mozilla/5.0 (compatible; MJ12bot/v1.4.8; http://mj12bot.com/)"
54.38.85.17 - - [23/Nov/2024:21:24:32 +0800] "GET /?tag=%E7%87%83%E6%B2%B9%E5%AF%B6 HTTP/1.1" 301 629 "-" "Mozilla/5.0 (compatible; MJ12bot/v1.4.8; http://mj12bot.com/)"
54.38.85.17 - - [23/Nov/2024:21:24:33 +0800] "GET /?tag=%E7%87%83%E6%B2%B9%E5%AF%B6 HTTP/1.1" 301 301 "-" "Mozilla/5.0 (compatible; MJ12bot/v1.4.8; http://mj12bot.com/)"
54.38.85.17 - - [23/Nov/2024:21:24:36 +0800] "GET /tag/%E7%87%83%E6%B2%B9%E5%AF%B6/ HTTP/1.1" 200 28975 "-" "Mozilla/5.0 (compatible; MJ12bot/v1.4.8; http://mj12bot.com/)"
54.38.85.17 - - [23/Nov/2024:21:24:38 +0800] "GET /?tag=%E7%87%83%E6%B2%B9%E5%AF%B6 HTTP/1.1" 301 301 "-" "Mozilla/5.0 (compatible; MJ12bot/v1.4.8; http://mj12bot.com/)"
54.38.85.17 - - [23/Nov/2024:21:24:41 +0800] "GET /tag/%E7%87%83%E6%B2%B9%E5%AF%B6/ HTTP/1.1" 200 28975 "-" "Mozilla/5.0 (compatible; MJ12bot/v1.4.8; http://mj12bot.com/)"
54.38.85.17 - - [23/Nov/2024:21:24:43 +0800] "GET /?tag=%E7%87%83%E6%B2%B9%E6%B7%BB%E5%8A%A0%E5%8A%91 HTTP/1.1" 301 609 "-" "Mozilla/5.0 (compatible; MJ12bot/v1.4.8; http://mj12bot.com/)"
220.135.127.108 - - [23/Nov/2024:21:24:45 +0800] "POST /wp-cron.php?doing_wp_cron=1732368285.2410030364990234375000 HTTP/1.1" 200 4050 "-" "WordPress/6.7.1; https://www.car32.tw"
54.38.85.17 - - [23/Nov/2024:21:24:45 +0800] "GET /?tag=%E7%87%83%E6%B2%B9%E6%B7%BB%E5%8A%A0%E5%8A%91 HTTP/1.1" 301 319 "-" "Mozilla/5.0 (compatible; MJ12bot/v1.4.8; http://mj12bot.com/)"
54.38.85.17 - - [23/Nov/2024:21:24:47 +0800] "GET /tag/%E7%87%83%E6%B2%B9%E6%B7%BB%E5%8A%A0%E5%8A%91/ HTTP/1.1" 200 29813 "-" "Mozilla/5.0 (compatible; MJ12bot/v1.4.8; http://mj12bot.com/)"
54.38.85.17 - - [23/Nov/2024:21:24:50 +0800] "GET /?tag=%E7%87%83%E6%B2%B9%E6%B7%BB%E5%8A%A0%E5%8A%91 HTTP/1.1" 301 319 "-" "Mozilla/5.0 (compatible; MJ12bot/v1.4.8; http://mj12bot.com/)"
54.38.85.17 - - [23/Nov/2024:21:24:52 +0800] "GET /tag/%E7%87%83%E6%B2%B9%E6%B7%BB%E5%8A%A0%E5%8A%91/ HTTP/1.1" 200 29813 "-" "Mozilla/5.0 (compatible; MJ12bot/v1.4.8; http://mj12bot.com/)"
54.38.85.17 - - [23/Nov/2024:21:24:55 +0800] "GET /?tag=%E7%94%9F%E5%8C%96%E9%85%B6 HTTP/1.1" 301 573 "-" "Mozilla/5.0 (compatible; MJ12bot/v1.4.8; http://mj12bot.com/)"
54.38.85.17 - - [23/Nov/2024:21:24:56 +0800] "GET /?tag=%E7%94%9F%E5%8C%96%E9%85%B6 HTTP/1.1" 301 301 "-" "Mozilla/5.0 (compatible; MJ12bot/v1.4.8; http://mj12bot.com/)"
54.38.85.17 - - [23/Nov/2024:21:24:59 +0800] "GET /tag/%E7%94%9F%E5%8C%96%E9%85%B6/ HTTP/1.1" 200 30983 "-" "Mozilla/5.0 (compatible; MJ12bot/v1.4.8; http://mj12bot.com/)"
54.38.85.17 - - [23/Nov/2024:21:25:01 +0800] "GET /?tag=%E7%94%9F%E5%8C%96%E9%85%B6 HTTP/1.1" 301 301 "-" "Mozilla/5.0 (compatible; MJ12bot/v1.4.8; http://mj12bot.com/)"
54.38.85.17 - - [23/Nov/2024:21:25:04 +0800] "GET /tag/%E7%94%9F%E5%8C%96%E9%85%B6/ HTTP/1.1" 200 30982 "-" "Mozilla/5.0 (compatible; MJ12bot/v1.4.8; http://mj12bot.com/)"
54.38.85.17 - - [23/Nov/2024:21:25:06 +0800] "GET /?tag=%E7%A9%8D%E7%A2%B3 HTTP/1.1" 301 555 "-" "Mozilla/5.0 (compatible; MJ12bot/v1.4.8; http://mj12bot.com/)"
54.38.85.17 - - [23/Nov/2024:21:25:08 +0800] "GET /?tag=%E7%A9%8D%E7%A2%B3 HTTP/1.1" 301 292 "-" "Mozilla/5.0 (compatible; MJ12bot/v1.4.8; http://mj12bot.com/)"
4.227.36.14 - - [23/Nov/2024:21:25:10 +0800] "GET /%e9%bb%83%e9%87%91%e7%b7%9a%e6%8f%9b%e5%ad%a3%e4%bf%9d%e9%a4%8a%e5%b0%8f%e6%95%99%e5%ae%a4/embed/ HTTP/1.1" 200 10974 "-" "Mozilla/5.0 AppleWebKit/537.36 (KHTML, like Gecko; compatible; GPTBot/1.2; +https://openai.com/gptbot)"
54.38.85.17 - - [23/Nov/2024:21:25:11 +0800] "GET /tag/%E7%A9%8D%E7%A2%B3/ HTTP/1.1" 200 23088 "-" "Mozilla/5.0 (compatible; MJ12bot/v1.4.8; http://mj12bot.com/)"
54.38.85.17 - - [23/Nov/2024:21:25:13 +0800] "GET /?tag=%E7%A9%8D%E7%A2%B3 HTTP/1.1" 301 292 "-" "Mozilla/5.0 (compatible; MJ12bot/v1.4.8; http://mj12bot.com/)"
54.38.85.17 - - [23/Nov/2024:21:25:15 +0800] "GET /tag/%E7%A9%8D%E7%A2%B3/ HTTP/1.1" 200 23088 "-" "Mozilla/5.0 (compatible; MJ12bot/v1.4.8; http://mj12bot.com/)"
54.38.85.17 - - [23/Nov/2024:21:25:18 +0800] "GET /?tag=%E7%A9%BA%E6%B0%A3%E6%B5%81%E9%87%8F%E8%A8%88 HTTP/1.1" 301 609 "-" "Mozilla/5.0 (compatible; MJ12bot/v1.4.8; http://mj12bot.com/)"
54.38.85.17 - - [23/Nov/2024:21:25:20 +0800] "GET /?tag=%E7%A9%BA%E6%B0%A3%E6%B5%81%E9%87%8F%E8%A8%88 HTTP/1.1" 301 319 "-" "Mozilla/5.0 (compatible; MJ12bot/v1.4.8; http://mj12bot.com/)"
54.38.85.17 - - [23/Nov/2024:21:25:22 +0800] "GET /tag/%E7%A9%BA%E6%B0%A3%E6%B5%81%E9%87%8F%E8%A8%88/ HTTP/1.1" 200 20230 "-" "Mozilla/5.0 (compatible; MJ12bot/v1.4.8; http://mj12bot.com/)"
54.38.85.17 - - [23/Nov/2024:21:25:24 +0800] "GET /?tag=%E7%A9%BA%E6%B0%A3%E6%B5%81%E9%87%8F%E8%A8%88 HTTP/1.1" 301 319 "-" "Mozilla/5.0 (compatible; MJ12bot/v1.4.8; http://mj12bot.com/)"
54.38.85.17 - - [23/Nov/2024:21:25:27 +0800] "GET /tag/%E7%A9%BA%E6%B0%A3%E6%B5%81%E9%87%8F%E8%A8%88/ HTTP/1.1" 200 20230 "-" "Mozilla/5.0 (compatible; MJ12bot/v1.4.8; http://mj12bot.com/)"
54.38.85.17 - - [23/Nov/2024:21:25:30 +0800] "GET /?tag=%E7%AF%80%E6%BA%AB%E5%99%A8 HTTP/1.1" 301 573 "-" "Mozilla/5.0 (compatible; MJ12bot/v1.4.8; http://mj12bot.com/)"
220.135.127.108 - - [23/Nov/2024:21:25:31 +0800] "POST /wp-cron.php?doing_wp_cron=1732368331.9230821132659912109375 HTTP/1.1" 200 4050 "-" "WordPress/6.7.1; https://www.car32.tw"
54.38.85.17 - - [23/Nov/2024:21:25:31 +0800] "GET /?tag=%E7%AF%80%E6%BA%AB%E5%99%A8 HTTP/1.1" 301 301 "-" "Mozilla/5.0 (compatible; MJ12bot/v1.4.8; http://mj12bot.com/)"
54.38.85.17 - - [23/Nov/2024:21:25:34 +0800] "GET /tag/%E7%AF%80%E6%BA%AB%E5%99%A8/ HTTP/1.1" 200 17105 "-" "Mozilla/5.0 (compatible; MJ12bot/v1.4.8; http://mj12bot.com/)"
