165.22.209.249 - - [23/Nov/2024:22:43:38 +0800] "GET /wp-includes/class-wp-block-template.php HTTP/1.1" 301 631 "binance.com" "Mozilla/5.0 (Windows NT 10.0; Win64; x64) AppleWebKit/537.36 (KHTML, like Gecko) Chrome/90.0.4430.85 Safari/537.36"
4.227.36.14 - - [23/Nov/2024:22:43:41 +0800] "GET /%e9%bb%83%e9%87%91%e7%b7%9a%e6%8f%9b%e5%ad%a3%e4%bf%9d%e9%a4%8a%e5%b0%8f%e6%95%99%e5%ae%a4/embed/ HTTP/1.1" 200 10973 "-" "Mozilla/5.0 AppleWebKit/537.36 (KHTML, like Gecko; compatible; GPTBot/1.2; +https://openai.com/gptbot)"
165.22.209.249 - - [23/Nov/2024:22:43:44 +0800] "GET /wp-includes/class-wp-block-template.php HTTP/1.1" 200 3317 "binance.com" "Mozilla/5.0 (Windows NT 10.0; Win64; x64) AppleWebKit/537.36 (KHTML, like Gecko) Chrome/90.0.4430.85 Safari/537.36"
4.227.36.14 - - [23/Nov/2024:22:43:48 +0800] "GET /%e9%bb%83%e9%87%91%e7%b7%9a%e6%8f%9b%e5%ad%a3%e4%bf%9d%e9%a4%8a%e5%b0%8f%e6%95%99%e5%ae%a4/embed/ HTTP/1.1" 200 10975 "-" "Mozilla/5.0 AppleWebKit/537.36 (KHTML, like Gecko; compatible; GPTBot/1.2; +https://openai.com/gptbot)"
165.22.209.249 - - [23/Nov/2024:22:43:50 +0800] "GET /wp-includes/class-wp-block-templates-registry.php HTTP/1.1" 301 651 "binance.com" "Mozilla/5.0 (Windows NT 10.0; Win64; x64) AppleWebKit/537.36 (KHTML, like Gecko) Chrome/90.0.4430.85 Safari/537.36"
165.22.209.249 - - [23/Nov/2024:22:43:55 +0800] "GET /wp-includes/class-wp-block-templates-registry.php HTTP/1.1" 200 3317 "binance.com" "Mozilla/5.0 (Windows NT 10.0; Win64; x64) AppleWebKit/537.36 (KHTML, like Gecko) Chrome/90.0.4430.85 Safari/537.36"
165.22.209.249 - - [23/Nov/2024:22:43:59 +0800] "GET /wp-includes/class-wp-classic-to-block-menu-converter.php HTTP/1.1" 301 665 "binance.com" "Mozilla/5.0 (Windows NT 10.0; Win64; x64) AppleWebKit/537.36 (KHTML, like Gecko) Chrome/90.0.4430.85 Safari/537.36"
4.227.36.14 - - [23/Nov/2024:22:44:04 +0800] "GET /%e9%bb%83%e9%87%91%e7%b7%9a%e6%8f%9b%e5%ad%a3%e4%bf%9d%e9%a4%8a%e5%b0%8f%e6%95%99%e5%ae%a4/embed/ HTTP/1.1" 200 10972 "-" "Mozilla/5.0 AppleWebKit/537.36 (KHTML, like Gecko; compatible; GPTBot/1.2; +https://openai.com/gptbot)"
165.22.209.249 - - [23/Nov/2024:22:44:06 +0800] "GET /wp-includes/class-wp-classic-to-block-menu-converter.php HTTP/1.1" 200 3317 "binance.com" "Mozilla/5.0 (Windows NT 10.0; Win64; x64) AppleWebKit/537.36 (KHTML, like Gecko) Chrome/90.0.4430.85 Safari/537.36"
4.227.36.14 - - [23/Nov/2024:22:44:11 +0800] "GET /%e9%bb%83%e9%87%91%e7%b7%9a%e6%8f%9b%e5%ad%a3%e4%bf%9d%e9%a4%8a%e5%b0%8f%e6%95%99%e5%ae%a4/embed/ HTTP/1.1" 200 10972 "-" "Mozilla/5.0 AppleWebKit/537.36 (KHTML, like Gecko; compatible; GPTBot/1.2; +https://openai.com/gptbot)"
165.22.209.249 - - [23/Nov/2024:22:44:11 +0800] "GET /wp-includes/class-wp-dependencies.php HTTP/1.1" 301 627 "binance.com" "Mozilla/5.0 (Windows NT 10.0; Win64; x64) AppleWebKit/537.36 (KHTML, like Gecko) Chrome/90.0.4430.85 Safari/537.36"
40.77.167.22 - - [23/Nov/2024:22:44:14 +0800] "GET /sitemap.xml HTTP/1.1" 200 4358 "-" "Mozilla/5.0 AppleWebKit/537.36 (KHTML, like Gecko; compatible; bingbot/2.0; +http://www.bing.com/bingbot.htm) Chrome/116.0.1938.76 Safari/537.36"
165.22.209.249 - - [23/Nov/2024:22:44:17 +0800] "GET /wp-includes/class-wp-dependencies.php HTTP/1.1" 200 3317 "binance.com" "Mozilla/5.0 (Windows NT 10.0; Win64; x64) AppleWebKit/537.36 (KHTML, like Gecko) Chrome/90.0.4430.85 Safari/537.36"
4.227.36.14 - - [23/Nov/2024:22:44:17 +0800] "GET /%e9%bb%83%e9%87%91%e7%b7%9a%e6%8f%9b%e5%ad%a3%e4%bf%9d%e9%a4%8a%e5%b0%8f%e6%95%99%e5%ae%a4/embed/ HTTP/1.1" 200 10973 "-" "Mozilla/5.0 AppleWebKit/537.36 (KHTML, like Gecko; compatible; GPTBot/1.2; +https://openai.com/gptbot)"
165.22.209.249 - - [23/Nov/2024:22:44:23 +0800] "GET /wp-includes/class-wp-duotone.php HTTP/1.1" 301 617 "binance.com" "Mozilla/5.0 (Windows NT 10.0; Win64; x64) AppleWebKit/537.36 (KHTML, like Gecko) Chrome/90.0.4430.85 Safari/537.36"
220.135.127.108 - - [23/Nov/2024:22:44:25 +0800] "POST /wp-cron.php?doing_wp_cron=1732373065.4294219017028808593750 HTTP/1.1" 200 4050 "-" "WordPress/6.7.1; https://www.car32.tw"
4.227.36.14 - - [23/Nov/2024:22:44:25 +0800] "GET /%e9%bb%83%e9%87%91%e7%b7%9a%e6%8f%9b%e5%ad%a3%e4%bf%9d%e9%a4%8a%e5%b0%8f%e6%95%99%e5%ae%a4/embed/ HTTP/1.1" 200 10973 "-" "Mozilla/5.0 AppleWebKit/537.36 (KHTML, like Gecko; compatible; GPTBot/1.2; +https://openai.com/gptbot)"
165.22.209.249 - - [23/Nov/2024:22:44:26 +0800] "GET /wp-includes/class-wp-duotone.php HTTP/1.1" 200 3317 "binance.com" "Mozilla/5.0 (Windows NT 10.0; Win64; x64) AppleWebKit/537.36 (KHTML, like Gecko) Chrome/90.0.4430.85 Safari/537.36"
165.22.209.249 - - [23/Nov/2024:22:44:30 +0800] "GET /wp-includes/class-wp-exception.php HTTP/1.1" 301 621 "binance.com" "Mozilla/5.0 (Windows NT 10.0; Win64; x64) AppleWebKit/537.36 (KHTML, like Gecko) Chrome/90.0.4430.85 Safari/537.36"
4.227.36.14 - - [23/Nov/2024:22:44:32 +0800] "GET /%e9%bb%83%e9%87%91%e7%b7%9a%e6%8f%9b%e5%ad%a3%e4%bf%9d%e9%a4%8a%e5%b0%8f%e6%95%99%e5%ae%a4/embed/ HTTP/1.1" 200 10973 "-" "Mozilla/5.0 AppleWebKit/537.36 (KHTML, like Gecko; compatible; GPTBot/1.2; +https://openai.com/gptbot)"
165.22.209.249 - - [23/Nov/2024:22:44:35 +0800] "GET /wp-includes/class-wp-exception.php HTTP/1.1" 200 3317 "binance.com" "Mozilla/5.0 (Windows NT 10.0; Win64; x64) AppleWebKit/537.36 (KHTML, like Gecko) Chrome/90.0.4430.85 Safari/537.36"
165.22.209.249 - - [23/Nov/2024:22:44:37 +0800] "GET /wp-includes/class-wp-http.php HTTP/1.1" 301 611 "binance.com" "Mozilla/5.0 (Windows NT 10.0; Win64; x64) AppleWebKit/537.36 (KHTML, like Gecko) Chrome/90.0.4430.85 Safari/537.36"
66.249.79.71 - - [23/Nov/2024:22:44:39 +0800] "GET /tag/b4/ HTTP/1.1" 200 21920 "-" "Mozilla/5.0 (Linux; Android 6.0.1; Nexus 5X Build/MMB29P) AppleWebKit/537.36 (KHTML, like Gecko) Chrome/131.0.6778.69 Mobile Safari/537.36 (compatible; Googlebot/2.1; +http://www.google.com/bot.html)"
165.22.209.249 - - [23/Nov/2024:22:44:42 +0800] "GET /wp-includes/class-wp-http.php HTTP/1.1" 500 3299 "binance.com" "Mozilla/5.0 (Windows NT 10.0; Win64; x64) AppleWebKit/537.36 (KHTML, like Gecko) Chrome/90.0.4430.85 Safari/537.36"
18.188.219.131 - - [23/Nov/2024:22:44:43 +0800] "GET /robots.txt HTTP/1.1" 301 4022 "-" "Mozilla/5.0 AppleWebKit/537.36 (KHTML, like Gecko; compatible; ClaudeBot/1.0; +claudebot@anthropic.com)"
18.188.219.131 - - [23/Nov/2024:22:44:43 +0800] "GET /robots.txt HTTP/1.1" 200 4164 "https://car32.tw/robots.txt" "Mozilla/5.0 AppleWebKit/537.36 (KHTML, like Gecko; compatible; ClaudeBot/1.0; +claudebot@anthropic.com)"
4.227.36.14 - - [23/Nov/2024:22:44:43 +0800] "GET /%e9%bb%83%e9%87%91%e7%b7%9a%e6%8f%9b%e5%ad%a3%e4%bf%9d%e9%a4%8a%e5%b0%8f%e6%95%99%e5%ae%a4/embed/ HTTP/1.1" 200 10973 "-" "Mozilla/5.0 AppleWebKit/537.36 (KHTML, like Gecko; compatible; GPTBot/1.2; +https://openai.com/gptbot)"
18.188.219.131 - - [23/Nov/2024:22:44:44 +0800] "GET /category/%e5%93%81%e7%89%8c%e7%9b%b8%e9%97%9c/page/13 HTTP/1.1" 301 324 "-" "Mozilla/5.0 AppleWebKit/537.36 (KHTML, like Gecko; compatible; ClaudeBot/1.0; +claudebot@anthropic.com)"
18.188.219.131 - - [23/Nov/2024:22:44:44 +0800] "GET /category/%e5%93%81%e7%89%8c%e7%9b%b8%e9%97%9c/page/13/ HTTP/1.1" 200 25730 "https://car32.tw/category/%e5%93%81%e7%89%8c%e7%9b%b8%e9%97%9c/page/13" "Mozilla/5.0 AppleWebKit/537.36 (KHTML, like Gecko; compatible; ClaudeBot/1.0; +claudebot@anthropic.com)"
165.22.209.249 - - [23/Nov/2024:22:44:46 +0800] "GET /wp-includes/class-wp-navigation-fallback.php HTTP/1.1" 301 641 "binance.com" "Mozilla/5.0 (Windows NT 10.0; Win64; x64) AppleWebKit/537.36 (KHTML, like Gecko) Chrome/90.0.4430.85 Safari/537.36"
165.22.209.249 - - [23/Nov/2024:22:44:54 +0800] "GET /wp-includes/class-wp-navigation-fallback.php HTTP/1.1" 200 3317 "binance.com" "Mozilla/5.0 (Windows NT 10.0; Win64; x64) AppleWebKit/537.36 (KHTML, like Gecko) Chrome/90.0.4430.85 Safari/537.36"
165.22.209.249 - - [23/Nov/2024:22:44:59 +0800] "GET /wp-includes/class-wp-plugin-dependencies.php HTTP/1.1" 301 641 "binance.com" "Mozilla/5.0 (Windows NT 10.0; Win64; x64) AppleWebKit/537.36 (KHTML, like Gecko) Chrome/90.0.4430.85 Safari/537.36"
165.22.209.249 - - [23/Nov/2024:22:45:01 +0800] "GET /wp-includes/class-wp-plugin-dependencies.php HTTP/1.1" 200 3317 "binance.com" "Mozilla/5.0 (Windows NT 10.0; Win64; x64) AppleWebKit/537.36 (KHTML, like Gecko) Chrome/90.0.4430.85 Safari/537.36"
165.22.209.249 - - [23/Nov/2024:22:45:07 +0800] "GET /wp-includes/class-wp-script-modules.php HTTP/1.1" 301 631 "binance.com" "Mozilla/5.0 (Windows NT 10.0; Win64; x64) AppleWebKit/537.36 (KHTML, like Gecko) Chrome/90.0.4430.85 Safari/537.36"
165.22.209.249 - - [23/Nov/2024:22:45:13 +0800] "GET /wp-includes/class-wp-script-modules.php HTTP/1.1" 200 3317 "binance.com" "Mozilla/5.0 (Windows NT 10.0; Win64; x64) AppleWebKit/537.36 (KHTML, like Gecko) Chrome/90.0.4430.85 Safari/537.36"
165.22.209.249 - - [23/Nov/2024:22:45:18 +0800] "GET /wp-includes/class-wp-scripts.php HTTP/1.1" 301 617 "binance.com" "Mozilla/5.0 (Windows NT 10.0; Win64; x64) AppleWebKit/537.36 (KHTML, like Gecko) Chrome/90.0.4430.85 Safari/537.36"
165.22.209.249 - - [23/Nov/2024:22:45:23 +0800] "GET /wp-includes/class-wp-scripts.php HTTP/1.1" 500 3299 "binance.com" "Mozilla/5.0 (Windows NT 10.0; Win64; x64) AppleWebKit/537.36 (KHTML, like Gecko) Chrome/90.0.4430.85 Safari/537.36"
165.22.209.249 - - [23/Nov/2024:22:45:26 +0800] "GET /wp-includes/class-wp-styles.php HTTP/1.1" 301 615 "binance.com" "Mozilla/5.0 (Windows NT 10.0; Win64; x64) AppleWebKit/537.36 (KHTML, like Gecko) Chrome/90.0.4430.85 Safari/537.36"
165.22.209.249 - - [23/Nov/2024:22:45:31 +0800] "GET /wp-includes/class-wp-styles.php HTTP/1.1" 500 3299 "binance.com" "Mozilla/5.0 (Windows NT 10.0; Win64; x64) AppleWebKit/537.36 (KHTML, like Gecko) Chrome/90.0.4430.85 Safari/537.36"
165.22.209.249 - - [23/Nov/2024:22:45:35 +0800] "GET /wp-includes/class-wp-textdomain-registry.php HTTP/1.1" 301 641 "binance.com" "Mozilla/5.0 (Windows NT 10.0; Win64; x64) AppleWebKit/537.36 (KHTML, like Gecko) Chrome/90.0.4430.85 Safari/537.36"
220.135.127.108 - - [23/Nov/2024:22:45:40 +0800] "POST /wp-cron.php?doing_wp_cron=1732373140.7695989608764648437500 HTTP/1.1" 200 4050 "-" "WordPress/6.7.1; https://www.car32.tw"
118.232.60.227 - - [23/Nov/2024:22:45:40 +0800] "GET /dpf-gpf-%E4%BD%A0%E9%9C%80%E8%A6%81%E7%95%A5%E7%9F%A5%E7%9A%84%E4%B8%89%E5%85%A9%E4%BA%8B/ HTTP/1.1" 200 34981 "-" "Mozilla/5.0 (iPhone; CPU iPhone OS 16_1_1 like Mac OS X) AppleWebKit/605.1.15 (KHTML, like Gecko) Version/16.1 Mobile/15E148 Safari/604.1"
118.232.60.227 - - [23/Nov/2024:22:45:41 +0800] "GET /apple-touch-icon-120x120-precomposed.png HTTP/1.1" 404 31510 "-" "MobileSafari/8614.2.9.0.10 CFNetwork/1399 Darwin/22.1.0"
118.232.60.227 - - [23/Nov/2024:22:45:41 +0800] "GET /apple-touch-icon-120x120.png HTTP/1.1" 404 27767 "-" "MobileSafari/8614.2.9.0.10 CFNetwork/1399 Darwin/22.1.0"
118.232.60.227 - - [23/Nov/2024:22:45:41 +0800] "GET /apple-touch-icon-precomposed.png HTTP/1.1" 404 27767 "-" "MobileSafari/8614.2.9.0.10 CFNetwork/1399 Darwin/22.1.0"
118.232.60.227 - - [23/Nov/2024:22:45:41 +0800] "GET /apple-touch-icon.png HTTP/1.1" 404 27767 "-" "MobileSafari/8614.2.9.0.10 CFNetwork/1399 Darwin/22.1.0"
118.232.60.227 - - [23/Nov/2024:22:45:41 +0800] "GET /favicon.ico HTTP/1.1" 302 455 "-" "MobileSafari/8614.2.9.0.10 CFNetwork/1399 Darwin/22.1.0"
165.22.209.249 - - [23/Nov/2024:22:45:51 +0800] "GET /wp-includes/class-wp-textdomain-registry.php HTTP/1.1" 200 3317 "binance.com" "Mozilla/5.0 (Windows NT 10.0; Win64; x64) AppleWebKit/537.36 (KHTML, like Gecko) Chrome/90.0.4430.85 Safari/537.36"
192.0.82.55 - - [23/Nov/2024:22:45:54 +0800] "HEAD / HTTP/1.1" 200 4000 "-" "jetmon/1.0 (Jetpack Site Uptime Monitor by WordPress.com)"
165.22.209.249 - - [23/Nov/2024:22:45:58 +0800] "GET /wp-includes/class-wp-theme-json-data.php HTTP/1.1" 301 633 "binance.com" "Mozilla/5.0 (Windows NT 10.0; Win64; x64) AppleWebKit/537.36 (KHTML, like Gecko) Chrome/90.0.4430.85 Safari/537.36"
165.22.209.249 - - [23/Nov/2024:22:46:06 +0800] "GET /wp-includes/class-wp-theme-json-data.php HTTP/1.1" 200 3317 "binance.com" "Mozilla/5.0 (Windows NT 10.0; Win64; x64) AppleWebKit/537.36 (KHTML, like Gecko) Chrome/90.0.4430.85 Safari/537.36"
185.191.171.7 - - [23/Nov/2024:22:46:10 +0800] "GET /page/5/ HTTP/1.1" 200 17930 "-" "Mozilla/5.0 (compatible; SemrushBot/7~bl; +http://www.semrush.com/bot.html)"
165.22.209.249 - - [23/Nov/2024:22:46:10 +0800] "GET /wp-includes/class-wp-theme-json-resolver.php HTTP/1.1" 301 641 "binance.com" "Mozilla/5.0 (Windows NT 10.0; Win64; x64) AppleWebKit/537.36 (KHTML, like Gecko) Chrome/90.0.4430.85 Safari/537.36"
165.22.209.249 - - [23/Nov/2024:22:46:15 +0800] "GET /wp-includes/class-wp-theme-json-resolver.php HTTP/1.1" 200 3317 "binance.com" "Mozilla/5.0 (Windows NT 10.0; Win64; x64) AppleWebKit/537.36 (KHTML, like Gecko) Chrome/90.0.4430.85 Safari/537.36"
165.22.209.249 - - [23/Nov/2024:22:46:21 +0800] "GET /wp-includes/class-wp-theme-json-schema.php HTTP/1.1" 301 637 "binance.com" "Mozilla/5.0 (Windows NT 10.0; Win64; x64) AppleWebKit/537.36 (KHTML, like Gecko) Chrome/90.0.4430.85 Safari/537.36"
165.22.209.249 - - [23/Nov/2024:22:46:28 +0800] "GET /wp-includes/class-wp-theme-json-schema.php HTTP/1.1" 200 3317 "binance.com" "Mozilla/5.0 (Windows NT 10.0; Win64; x64) AppleWebKit/537.36 (KHTML, like Gecko) Chrome/90.0.4430.85 Safari/537.36"
165.22.209.249 - - [23/Nov/2024:22:46:33 +0800] "GET /wp-includes/class-wp-theme-json.php HTTP/1.1" 301 623 "binance.com" "Mozilla/5.0 (Windows NT 10.0; Win64; x64) AppleWebKit/537.36 (KHTML, like Gecko) Chrome/90.0.4430.85 Safari/537.36"
165.22.209.249 - - [23/Nov/2024:22:46:38 +0800] "GET /wp-includes/class-wp-theme-json.php HTTP/1.1" 200 3317 "binance.com" "Mozilla/5.0 (Windows NT 10.0; Win64; x64) AppleWebKit/537.36 (KHTML, like Gecko) Chrome/90.0.4430.85 Safari/537.36"
165.22.209.249 - - [23/Nov/2024:22:46:43 +0800] "GET /wp-includes/class-wp-token-map.php HTTP/1.1" 301 621 "binance.com" "Mozilla/5.0 (Windows NT 10.0; Win64; x64) AppleWebKit/537.36 (KHTML, like Gecko) Chrome/90.0.4430.85 Safari/537.36"
165.22.209.249 - - [23/Nov/2024:22:46:47 +0800] "GET /wp-includes/class-wp-token-map.php HTTP/1.1" 200 3317 "binance.com" "Mozilla/5.0 (Windows NT 10.0; Win64; x64) AppleWebKit/537.36 (KHTML, like Gecko) Chrome/90.0.4430.85 Safari/537.36"
165.22.209.249 - - [23/Nov/2024:22:46:51 +0800] "GET /wp-includes/class-wpdb.php HTTP/1.1" 301 605 "binance.com" "Mozilla/5.0 (Windows NT 10.0; Win64; x64) AppleWebKit/537.36 (KHTML, like Gecko) Chrome/90.0.4430.85 Safari/537.36"
165.22.209.249 - - [23/Nov/2024:22:46:55 +0800] "GET /wp-includes/class-wpdb.php HTTP/1.1" 200 3317 "binance.com" "Mozilla/5.0 (Windows NT 10.0; Win64; x64) AppleWebKit/537.36 (KHTML, like Gecko) Chrome/90.0.4430.85 Safari/537.36"
165.22.209.249 - - [23/Nov/2024:22:46:59 +0800] "GET /wp-includes/fonts.php HTTP/1.1" 301 595 "binance.com" "Mozilla/5.0 (Windows NT 10.0; Win64; x64) AppleWebKit/537.36 (KHTML, like Gecko) Chrome/90.0.4430.85 Safari/537.36"
165.22.209.249 - - [23/Nov/2024:22:47:04 +0800] "GET /wp-includes/fonts.php HTTP/1.1" 200 3317 "binance.com" "Mozilla/5.0 (Windows NT 10.0; Win64; x64) AppleWebKit/537.36 (KHTML, like Gecko) Chrome/90.0.4430.85 Safari/537.36"
165.22.209.249 - - [23/Nov/2024:22:47:08 +0800] "GET /wp-includes/global-styles-and-settings.php HTTP/1.1" 301 637 "binance.com" "Mozilla/5.0 (Windows NT 10.0; Win64; x64) AppleWebKit/537.36 (KHTML, like Gecko) Chrome/90.0.4430.85 Safari/537.36"
165.22.209.249 - - [23/Nov/2024:22:47:13 +0800] "GET /wp-includes/global-styles-and-settings.php HTTP/1.1" 200 3317 "binance.com" "Mozilla/5.0 (Windows NT 10.0; Win64; x64) AppleWebKit/537.36 (KHTML, like Gecko) Chrome/90.0.4430.85 Safari/537.36"
165.22.209.249 - - [23/Nov/2024:22:47:19 +0800] "GET /wp-includes/https-detection.php HTTP/1.1" 301 615 "binance.com" "Mozilla/5.0 (Windows NT 10.0; Win64; x64) AppleWebKit/537.36 (KHTML, like Gecko) Chrome/90.0.4430.85 Safari/537.36"
165.22.209.249 - - [23/Nov/2024:22:47:23 +0800] "GET /wp-includes/https-detection.php HTTP/1.1" 200 3317 "binance.com" "Mozilla/5.0 (Windows NT 10.0; Win64; x64) AppleWebKit/537.36 (KHTML, like Gecko) Chrome/90.0.4430.85 Safari/537.36"
165.22.209.249 - - [23/Nov/2024:22:47:26 +0800] "GET /wp-includes/https-migration.php HTTP/1.1" 301 615 "binance.com" "Mozilla/5.0 (Windows NT 10.0; Win64; x64) AppleWebKit/537.36 (KHTML, like Gecko) Chrome/90.0.4430.85 Safari/537.36"
165.22.209.249 - - [23/Nov/2024:22:47:33 +0800] "GET /wp-includes/https-migration.php HTTP/1.1" 200 3317 "binance.com" "Mozilla/5.0 (Windows NT 10.0; Win64; x64) AppleWebKit/537.36 (KHTML, like Gecko) Chrome/90.0.4430.85 Safari/537.36"
165.22.209.249 - - [23/Nov/2024:22:47:42 +0800] "GET /wp-includes/robots-template.php HTTP/1.1" 301 615 "binance.com" "Mozilla/5.0 (Windows NT 10.0; Win64; x64) AppleWebKit/537.36 (KHTML, like Gecko) Chrome/90.0.4430.85 Safari/537.36"
165.22.209.249 - - [23/Nov/2024:22:47:47 +0800] "GET /wp-includes/robots-template.php HTTP/1.1" 200 3317 "binance.com" "Mozilla/5.0 (Windows NT 10.0; Win64; x64) AppleWebKit/537.36 (KHTML, like Gecko) Chrome/90.0.4430.85 Safari/537.36"
165.22.209.249 - - [23/Nov/2024:22:47:52 +0800] "GET /wp-includes/script-modules.php HTTP/1.1" 301 613 "binance.com" "Mozilla/5.0 (Windows NT 10.0; Win64; x64) AppleWebKit/537.36 (KHTML, like Gecko) Chrome/90.0.4430.85 Safari/537.36"
165.22.209.249 - - [23/Nov/2024:22:47:56 +0800] "GET /wp-includes/script-modules.php HTTP/1.1" 200 3317 "binance.com" "Mozilla/5.0 (Windows NT 10.0; Win64; x64) AppleWebKit/537.36 (KHTML, like Gecko) Chrome/90.0.4430.85 Safari/537.36"
165.22.209.249 - - [23/Nov/2024:22:48:00 +0800] "GET /wp-includes/style-engine.php HTTP/1.1" 301 609 "binance.com" "Mozilla/5.0 (Windows NT 10.0; Win64; x64) AppleWebKit/537.36 (KHTML, like Gecko) Chrome/90.0.4430.85 Safari/537.36"
165.22.209.249 - - [23/Nov/2024:22:48:07 +0800] "GET /wp-includes/style-engine.php HTTP/1.1" 200 3317 "binance.com" "Mozilla/5.0 (Windows NT 10.0; Win64; x64) AppleWebKit/537.36 (KHTML, like Gecko) Chrome/90.0.4430.85 Safari/537.36"
165.22.209.249 - - [23/Nov/2024:22:48:12 +0800] "GET /wp-includes/template-canvas.php HTTP/1.1" 301 615 "binance.com" "Mozilla/5.0 (Windows NT 10.0; Win64; x64) AppleWebKit/537.36 (KHTML, like Gecko) Chrome/90.0.4430.85 Safari/537.36"
165.22.209.249 - - [23/Nov/2024:22:48:17 +0800] "GET /wp-includes/template-canvas.php HTTP/1.1" 500 3299 "binance.com" "Mozilla/5.0 (Windows NT 10.0; Win64; x64) AppleWebKit/537.36 (KHTML, like Gecko) Chrome/90.0.4430.85 Safari/537.36"
165.22.209.249 - - [23/Nov/2024:22:48:21 +0800] "GET /wp-includes/theme-previews.php HTTP/1.1" 301 613 "binance.com" "Mozilla/5.0 (Windows NT 10.0; Win64; x64) AppleWebKit/537.36 (KHTML, like Gecko) Chrome/90.0.4430.85 Safari/537.36"
165.22.209.249 - - [23/Nov/2024:22:48:26 +0800] "GET /wp-includes/theme-previews.php HTTP/1.1" 200 3317 "binance.com" "Mozilla/5.0 (Windows NT 10.0; Win64; x64) AppleWebKit/537.36 (KHTML, like Gecko) Chrome/90.0.4430.85 Safari/537.36"
165.22.209.249 - - [23/Nov/2024:22:48:29 +0800] "GET /wp-includes/theme-templates.php HTTP/1.1" 301 615 "binance.com" "Mozilla/5.0 (Windows NT 10.0; Win64; x64) AppleWebKit/537.36 (KHTML, like Gecko) Chrome/90.0.4430.85 Safari/537.36"
165.22.209.249 - - [23/Nov/2024:22:48:32 +0800] "GET /wp-includes/theme-templates.php HTTP/1.1" 200 3317 "binance.com" "Mozilla/5.0 (Windows NT 10.0; Win64; x64) AppleWebKit/537.36 (KHTML, like Gecko) Chrome/90.0.4430.85 Safari/537.36"
165.22.209.249 - - [23/Nov/2024:22:48:40 +0800] "GET /wp-includes/ID3/ HTTP/1.1" 301 585 "binance.com" "Mozilla/5.0 (Windows NT 10.0; Win64; x64) AppleWebKit/537.36 (KHTML, like Gecko) Chrome/90.0.4430.85 Safari/537.36"
165.22.209.249 - - [23/Nov/2024:22:48:45 +0800] "GET /wp-includes/ID3/ HTTP/1.1" 200 4167 "binance.com" "Mozilla/5.0 (Windows NT 10.0; Win64; x64) AppleWebKit/537.36 (KHTML, like Gecko) Chrome/90.0.4430.85 Safari/537.36"
165.22.209.249 - - [23/Nov/2024:22:48:49 +0800] "GET /wp-includes/ID3/ HTTP/1.1" 301 585 "binance.com" "Mozilla/5.0 (Windows NT 10.0; Win64; x64) AppleWebKit/537.36 (KHTML, like Gecko) Chrome/90.0.4430.85 Safari/537.36"
165.22.209.249 - - [23/Nov/2024:22:48:54 +0800] "GET /wp-includes/ID3/ HTTP/1.1" 200 4167 "binance.com" "Mozilla/5.0 (Windows NT 10.0; Win64; x64) AppleWebKit/537.36 (KHTML, like Gecko) Chrome/90.0.4430.85 Safari/537.36"
165.22.209.249 - - [23/Nov/2024:22:48:59 +0800] "GET /wp-includes/IXR/ HTTP/1.1" 301 585 "binance.com" "Mozilla/5.0 (Windows NT 10.0; Win64; x64) AppleWebKit/537.36 (KHTML, like Gecko) Chrome/90.0.4430.85 Safari/537.36"
165.22.209.249 - - [23/Nov/2024:22:49:04 +0800] "GET /wp-includes/IXR/ HTTP/1.1" 200 4034 "binance.com" "Mozilla/5.0 (Windows NT 10.0; Win64; x64) AppleWebKit/537.36 (KHTML, like Gecko) Chrome/90.0.4430.85 Safari/537.36"
165.22.209.249 - - [23/Nov/2024:22:49:08 +0800] "GET /wp-includes/IXR/ HTTP/1.1" 301 585 "binance.com" "Mozilla/5.0 (Windows NT 10.0; Win64; x64) AppleWebKit/537.36 (KHTML, like Gecko) Chrome/90.0.4430.85 Safari/537.36"
165.22.209.249 - - [23/Nov/2024:22:49:15 +0800] "GET /wp-includes/IXR/ HTTP/1.1" 200 4034 "binance.com" "Mozilla/5.0 (Windows NT 10.0; Win64; x64) AppleWebKit/537.36 (KHTML, like Gecko) Chrome/90.0.4430.85 Safari/537.36"
165.22.209.249 - - [23/Nov/2024:22:49:19 +0800] "GET /wp-includes/PHPMailer/ HTTP/1.1" 301 597 "binance.com" "Mozilla/5.0 (Windows NT 10.0; Win64; x64) AppleWebKit/537.36 (KHTML, like Gecko) Chrome/90.0.4430.85 Safari/537.36"
165.22.209.249 - - [23/Nov/2024:22:49:27 +0800] "GET /wp-includes/PHPMailer/ HTTP/1.1" 200 3867 "binance.com" "Mozilla/5.0 (Windows NT 10.0; Win64; x64) AppleWebKit/537.36 (KHTML, like Gecko) Chrome/90.0.4430.85 Safari/537.36"
165.22.209.249 - - [23/Nov/2024:22:49:36 +0800] "GET /wp-includes/PHPMailer/ HTTP/1.1" 301 597 "binance.com" "Mozilla/5.0 (Windows NT 10.0; Win64; x64) AppleWebKit/537.36 (KHTML, like Gecko) Chrome/90.0.4430.85 Safari/537.36"
165.22.209.249 - - [23/Nov/2024:22:49:42 +0800] "GET /wp-includes/PHPMailer/ HTTP/1.1" 200 3867 "binance.com" "Mozilla/5.0 (Windows NT 10.0; Win64; x64) AppleWebKit/537.36 (KHTML, like Gecko) Chrome/90.0.4430.85 Safari/537.36"
165.22.209.249 - - [23/Nov/2024:22:49:47 +0800] "GET /wp-includes/Text/ HTTP/1.1" 301 587 "binance.com" "Mozilla/5.0 (Windows NT 10.0; Win64; x64) AppleWebKit/537.36 (KHTML, like Gecko) Chrome/90.0.4430.85 Safari/537.36"
165.22.209.249 - - [23/Nov/2024:22:49:51 +0800] "GET /wp-includes/Text/ HTTP/1.1" 200 3881 "binance.com" "Mozilla/5.0 (Windows NT 10.0; Win64; x64) AppleWebKit/537.36 (KHTML, like Gecko) Chrome/90.0.4430.85 Safari/537.36"
165.22.209.249 - - [23/Nov/2024:22:49:52 +0800] "GET /wp-includes/Text/ HTTP/1.1" 301 587 "binance.com" "Mozilla/5.0 (Windows NT 10.0; Win64; x64) AppleWebKit/537.36 (KHTML, like Gecko) Chrome/90.0.4430.85 Safari/537.36"
165.22.209.249 - - [23/Nov/2024:22:49:57 +0800] "GET /wp-includes/Text/ HTTP/1.1" 200 3881 "binance.com" "Mozilla/5.0 (Windows NT 10.0; Win64; x64) AppleWebKit/537.36 (KHTML, like Gecko) Chrome/90.0.4430.85 Safari/537.36"
165.22.209.249 - - [23/Nov/2024:22:50:04 +0800] "GET /wp-includes/Text/Diff/ HTTP/1.1" 301 597 "binance.com" "Mozilla/5.0 (Windows NT 10.0; Win64; x64) AppleWebKit/537.36 (KHTML, like Gecko) Chrome/90.0.4430.85 Safari/537.36"
165.22.209.249 - - [23/Nov/2024:22:50:08 +0800] "GET /wp-includes/Text/Diff/ HTTP/1.1" 200 3880 "binance.com" "Mozilla/5.0 (Windows NT 10.0; Win64; x64) AppleWebKit/537.36 (KHTML, like Gecko) Chrome/90.0.4430.85 Safari/537.36"
165.22.209.249 - - [23/Nov/2024:22:50:13 +0800] "GET /wp-includes/Text/Diff/ HTTP/1.1" 301 597 "binance.com" "Mozilla/5.0 (Windows NT 10.0; Win64; x64) AppleWebKit/537.36 (KHTML, like Gecko) Chrome/90.0.4430.85 Safari/537.36"
165.22.209.249 - - [23/Nov/2024:22:50:18 +0800] "GET /wp-includes/Text/Diff/ HTTP/1.1" 200 3880 "binance.com" "Mozilla/5.0 (Windows NT 10.0; Win64; x64) AppleWebKit/537.36 (KHTML, like Gecko) Chrome/90.0.4430.85 Safari/537.36"
220.135.127.108 - - [23/Nov/2024:22:50:21 +0800] "POST /wp-cron.php?doing_wp_cron=1732373421.0051109790802001953125 HTTP/1.1" 200 4050 "-" "WordPress/6.7.1; https://www.car32.tw"
66.249.79.69 - - [23/Nov/2024:22:50:20 +0800] "GET /tag/%E5%A4%96%E5%8C%AF%E8%BB%8A/ HTTP/1.1" 200 21837 "-" "Mozilla/5.0 (Linux; Android 6.0.1; Nexus 5X Build/MMB29P) AppleWebKit/537.36 (KHTML, like Gecko) Chrome/131.0.6778.69 Mobile Safari/537.36 (compatible; Googlebot/2.1; +http://www.google.com/bot.html)"
165.22.209.249 - - [23/Nov/2024:22:50:23 +0800] "GET /wp-includes/Text/Diff/Engine/ HTTP/1.1" 301 611 "binance.com" "Mozilla/5.0 (Windows NT 10.0; Win64; x64) AppleWebKit/537.36 (KHTML, like Gecko) Chrome/90.0.4430.85 Safari/537.36"
165.22.209.249 - - [23/Nov/2024:22:50:25 +0800] "GET /wp-includes/Text/Diff/Engine/ HTTP/1.1" 200 3885 "binance.com" "Mozilla/5.0 (Windows NT 10.0; Win64; x64) AppleWebKit/537.36 (KHTML, like Gecko) Chrome/90.0.4430.85 Safari/537.36"
165.22.209.249 - - [23/Nov/2024:22:50:30 +0800] "GET /wp-includes/Text/Diff/Engine/ HTTP/1.1" 301 611 "binance.com" "Mozilla/5.0 (Windows NT 10.0; Win64; x64) AppleWebKit/537.36 (KHTML, like Gecko) Chrome/90.0.4430.85 Safari/537.36"
165.22.209.249 - - [23/Nov/2024:22:50:35 +0800] "GET /wp-includes/Text/Diff/Engine/ HTTP/1.1" 200 3885 "binance.com" "Mozilla/5.0 (Windows NT 10.0; Win64; x64) AppleWebKit/537.36 (KHTML, like Gecko) Chrome/90.0.4430.85 Safari/537.36"
165.22.209.249 - - [23/Nov/2024:22:50:39 +0800] "GET /wp-includes/Text/Diff/Renderer/ HTTP/1.1" 301 615 "binance.com" "Mozilla/5.0 (Windows NT 10.0; Win64; x64) AppleWebKit/537.36 (KHTML, like Gecko) Chrome/90.0.4430.85 Safari/537.36"
165.22.209.249 - - [23/Nov/2024:22:50:43 +0800] "GET /wp-includes/Text/Diff/Renderer/ HTTP/1.1" 200 3839 "binance.com" "Mozilla/5.0 (Windows NT 10.0; Win64; x64) AppleWebKit/537.36 (KHTML, like Gecko) Chrome/90.0.4430.85 Safari/537.36"
165.22.209.249 - - [23/Nov/2024:22:50:45 +0800] "GET /wp-includes/Text/Diff/Renderer/ HTTP/1.1" 301 615 "binance.com" "Mozilla/5.0 (Windows NT 10.0; Win64; x64) AppleWebKit/537.36 (KHTML, like Gecko) Chrome/90.0.4430.85 Safari/537.36"
165.22.209.249 - - [23/Nov/2024:22:50:49 +0800] "GET /wp-includes/Text/Diff/Renderer/ HTTP/1.1" 200 3839 "binance.com" "Mozilla/5.0 (Windows NT 10.0; Win64; x64) AppleWebKit/537.36 (KHTML, like Gecko) Chrome/90.0.4430.85 Safari/537.36"
165.22.209.249 - - [23/Nov/2024:22:50:51 +0800] "GET /wp-includes/blocks/ HTTP/1.1" 301 591 "binance.com" "Mozilla/5.0 (Windows NT 10.0; Win64; x64) AppleWebKit/537.36 (KHTML, like Gecko) Chrome/90.0.4430.85 Safari/537.36"
220.135.127.108 - - [23/Nov/2024:22:50:52 +0800] "POST /wp-cron.php?doing_wp_cron=1732373452.7966749668121337890625 HTTP/1.1" 200 4050 "-" "WordPress/6.7.1; https://www.car32.tw"
192.0.82.55 - - [23/Nov/2024:22:50:52 +0800] "HEAD / HTTP/1.1" 200 4000 "-" "jetmon/1.0 (Jetpack Site Uptime Monitor by WordPress.com)"
165.22.209.249 - - [23/Nov/2024:22:50:54 +0800] "GET /wp-includes/blocks/ HTTP/1.1" 200 3319 "binance.com" "Mozilla/5.0 (Windows NT 10.0; Win64; x64) AppleWebKit/537.36 (KHTML, like Gecko) Chrome/90.0.4430.85 Safari/537.36"
165.22.209.249 - - [23/Nov/2024:22:50:58 +0800] "GET /wp-includes/pomo/ HTTP/1.1" 301 587 "binance.com" "Mozilla/5.0 (Windows NT 10.0; Win64; x64) AppleWebKit/537.36 (KHTML, like Gecko) Chrome/90.0.4430.85 Safari/537.36"
165.22.209.249 - - [23/Nov/2024:22:51:03 +0800] "GET /wp-includes/pomo/ HTTP/1.1" 200 3929 "binance.com" "Mozilla/5.0 (Windows NT 10.0; Win64; x64) AppleWebKit/537.36 (KHTML, like Gecko) Chrome/90.0.4430.85 Safari/537.36"
165.22.209.249 - - [23/Nov/2024:22:51:07 +0800] "GET /wp-includes/pomo/ HTTP/1.1" 301 587 "binance.com" "Mozilla/5.0 (Windows NT 10.0; Win64; x64) AppleWebKit/537.36 (KHTML, like Gecko) Chrome/90.0.4430.85 Safari/537.36"
165.22.209.249 - - [23/Nov/2024:22:51:11 +0800] "GET /wp-includes/pomo/ HTTP/1.1" 200 3929 "binance.com" "Mozilla/5.0 (Windows NT 10.0; Win64; x64) AppleWebKit/537.36 (KHTML, like Gecko) Chrome/90.0.4430.85 Safari/537.36"
165.22.209.249 - - [23/Nov/2024:22:51:15 +0800] "GET /wp-includes/sitemaps/ HTTP/1.1" 301 595 "binance.com" "Mozilla/5.0 (Windows NT 10.0; Win64; x64) AppleWebKit/537.36 (KHTML, like Gecko) Chrome/90.0.4430.85 Safari/537.36"
165.22.209.249 - - [23/Nov/2024:22:51:18 +0800] "GET /wp-includes/sitemaps/ HTTP/1.1" 200 3984 "binance.com" "Mozilla/5.0 (Windows NT 10.0; Win64; x64) AppleWebKit/537.36 (KHTML, like Gecko) Chrome/90.0.4430.85 Safari/537.36"
165.22.209.249 - - [23/Nov/2024:22:51:19 +0800] "GET /wp-includes/sitemaps/ HTTP/1.1" 301 595 "binance.com" "Mozilla/5.0 (Windows NT 10.0; Win64; x64) AppleWebKit/537.36 (KHTML, like Gecko) Chrome/90.0.4430.85 Safari/537.36"
165.22.209.249 - - [23/Nov/2024:22:51:22 +0800] "GET /wp-includes/sitemaps/ HTTP/1.1" 200 3984 "binance.com" "Mozilla/5.0 (Windows NT 10.0; Win64; x64) AppleWebKit/537.36 (KHTML, like Gecko) Chrome/90.0.4430.85 Safari/537.36"
165.22.209.249 - - [23/Nov/2024:22:51:25 +0800] "GET /wp-includes/sitemaps/providers/ HTTP/1.1" 301 615 "binance.com" "Mozilla/5.0 (Windows NT 10.0; Win64; x64) AppleWebKit/537.36 (KHTML, like Gecko) Chrome/90.0.4430.85 Safari/537.36"
165.22.209.249 - - [23/Nov/2024:22:51:29 +0800] "GET /wp-includes/sitemaps/providers/ HTTP/1.1" 200 3894 "binance.com" "Mozilla/5.0 (Windows NT 10.0; Win64; x64) AppleWebKit/537.36 (KHTML, like Gecko) Chrome/90.0.4430.85 Safari/537.36"
165.22.209.249 - - [23/Nov/2024:22:51:32 +0800] "GET /wp-includes/sitemaps/providers/ HTTP/1.1" 301 615 "binance.com" "Mozilla/5.0 (Windows NT 10.0; Win64; x64) AppleWebKit/537.36 (KHTML, like Gecko) Chrome/90.0.4430.85 Safari/537.36"
165.22.209.249 - - [23/Nov/2024:22:51:36 +0800] "GET /wp-includes/sitemaps/providers/ HTTP/1.1" 200 3894 "binance.com" "Mozilla/5.0 (Windows NT 10.0; Win64; x64) AppleWebKit/537.36 (KHTML, like Gecko) Chrome/90.0.4430.85 Safari/537.36"
165.22.209.249 - - [23/Nov/2024:22:51:40 +0800] "GET /wp-includes/widgets/ HTTP/1.1" 301 593 "binance.com" "Mozilla/5.0 (Windows NT 10.0; Win64; x64) AppleWebKit/537.36 (KHTML, like Gecko) Chrome/90.0.4430.85 Safari/537.36"
165.22.209.249 - - [23/Nov/2024:22:51:45 +0800] "GET /wp-includes/widgets/ HTTP/1.1" 200 4196 "binance.com" "Mozilla/5.0 (Windows NT 10.0; Win64; x64) AppleWebKit/537.36 (KHTML, like Gecko) Chrome/90.0.4430.85 Safari/537.36"
165.22.209.249 - - [23/Nov/2024:22:51:50 +0800] "GET /wp-includes/widgets/ HTTP/1.1" 301 593 "binance.com" "Mozilla/5.0 (Windows NT 10.0; Win64; x64) AppleWebKit/537.36 (KHTML, like Gecko) Chrome/90.0.4430.85 Safari/537.36"
165.22.209.249 - - [23/Nov/2024:22:51:56 +0800] "GET /wp-includes/widgets/ HTTP/1.1" 200 4196 "binance.com" "Mozilla/5.0 (Windows NT 10.0; Win64; x64) AppleWebKit/537.36 (KHTML, like Gecko) Chrome/90.0.4430.85 Safari/537.36"
165.22.209.249 - - [23/Nov/2024:22:52:00 +0800] "GET /wp-includes/widgets/class-wp-widget-block.php HTTP/1.1" 301 643 "binance.com" "Mozilla/5.0 (Windows NT 10.0; Win64; x64) AppleWebKit/537.36 (KHTML, like Gecko) Chrome/90.0.4430.85 Safari/537.36"
165.22.209.249 - - [23/Nov/2024:22:52:04 +0800] "GET /wp-includes/widgets/class-wp-widget-block.php HTTP/1.1" 500 3299 "binance.com" "Mozilla/5.0 (Windows NT 10.0; Win64; x64) AppleWebKit/537.36 (KHTML, like Gecko) Chrome/90.0.4430.85 Safari/537.36"
165.22.209.249 - - [23/Nov/2024:22:52:08 +0800] "GET /wp-includes/css/ HTTP/1.1" 301 585 "binance.com" "Mozilla/5.0 (Windows NT 10.0; Win64; x64) AppleWebKit/537.36 (KHTML, like Gecko) Chrome/90.0.4430.85 Safari/537.36"
165.22.209.249 - - [23/Nov/2024:22:52:10 +0800] "GET /wp-includes/css/ HTTP/1.1" 200 4393 "binance.com" "Mozilla/5.0 (Windows NT 10.0; Win64; x64) AppleWebKit/537.36 (KHTML, like Gecko) Chrome/90.0.4430.85 Safari/537.36"
165.22.209.249 - - [23/Nov/2024:22:52:13 +0800] "GET /wp-includes/css/dist/ HTTP/1.1" 301 595 "binance.com" "Mozilla/5.0 (Windows NT 10.0; Win64; x64) AppleWebKit/537.36 (KHTML, like Gecko) Chrome/90.0.4430.85 Safari/537.36"
165.22.209.249 - - [23/Nov/2024:22:52:17 +0800] "GET /wp-includes/css/dist/ HTTP/1.1" 200 4105 "binance.com" "Mozilla/5.0 (Windows NT 10.0; Win64; x64) AppleWebKit/537.36 (KHTML, like Gecko) Chrome/90.0.4430.85 Safari/537.36"
165.22.209.249 - - [23/Nov/2024:22:52:20 +0800] "GET /wp-includes/fonts/ HTTP/1.1" 301 589 "binance.com" "Mozilla/5.0 (Windows NT 10.0; Win64; x64) AppleWebKit/537.36 (KHTML, like Gecko) Chrome/90.0.4430.85 Safari/537.36"
165.22.209.249 - - [23/Nov/2024:22:52:28 +0800] "GET /wp-includes/fonts/ HTTP/1.1" 200 4024 "binance.com" "Mozilla/5.0 (Windows NT 10.0; Win64; x64) AppleWebKit/537.36 (KHTML, like Gecko) Chrome/90.0.4430.85 Safari/537.36"
165.22.209.249 - - [23/Nov/2024:22:52:30 +0800] "GET /wp-includes/fonts/ HTTP/1.1" 301 589 "binance.com" "Mozilla/5.0 (Windows NT 10.0; Win64; x64) AppleWebKit/537.36 (KHTML, like Gecko) Chrome/90.0.4430.85 Safari/537.36"
165.22.209.249 - - [23/Nov/2024:22:52:33 +0800] "GET /wp-includes/fonts/ HTTP/1.1" 200 4024 "binance.com" "Mozilla/5.0 (Windows NT 10.0; Win64; x64) AppleWebKit/537.36 (KHTML, like Gecko) Chrome/90.0.4430.85 Safari/537.36"
165.22.209.249 - - [23/Nov/2024:22:52:36 +0800] "GET /wp-includes/fonts/class-wp-font-collection.php HTTP/1.1" 301 645 "binance.com" "Mozilla/5.0 (Windows NT 10.0; Win64; x64) AppleWebKit/537.36 (KHTML, like Gecko) Chrome/90.0.4430.85 Safari/537.36"
165.22.209.249 - - [23/Nov/2024:22:52:41 +0800] "GET /wp-includes/fonts/class-wp-font-collection.php HTTP/1.1" 200 3317 "binance.com" "Mozilla/5.0 (Windows NT 10.0; Win64; x64) AppleWebKit/537.36 (KHTML, like Gecko) Chrome/90.0.4430.85 Safari/537.36"
165.22.209.249 - - [23/Nov/2024:22:52:49 +0800] "GET /wp-includes/fonts/class-wp-font-face-resolver.php HTTP/1.1" 301 651 "binance.com" "Mozilla/5.0 (Windows NT 10.0; Win64; x64) AppleWebKit/537.36 (KHTML, like Gecko) Chrome/90.0.4430.85 Safari/537.36"
165.22.209.249 - - [23/Nov/2024:22:52:54 +0800] "GET /wp-includes/fonts/class-wp-font-face-resolver.php HTTP/1.1" 200 3317 "binance.com" "Mozilla/5.0 (Windows NT 10.0; Win64; x64) AppleWebKit/537.36 (KHTML, like Gecko) Chrome/90.0.4430.85 Safari/537.36"
165.22.209.249 - - [23/Nov/2024:22:52:59 +0800] "GET /wp-includes/fonts/class-wp-font-face.php HTTP/1.1" 301 633 "binance.com" "Mozilla/5.0 (Windows NT 10.0; Win64; x64) AppleWebKit/537.36 (KHTML, like Gecko) Chrome/90.0.4430.85 Safari/537.36"
165.22.209.249 - - [23/Nov/2024:22:53:05 +0800] "GET /wp-includes/fonts/class-wp-font-face.php HTTP/1.1" 200 3317 "binance.com" "Mozilla/5.0 (Windows NT 10.0; Win64; x64) AppleWebKit/537.36 (KHTML, like Gecko) Chrome/90.0.4430.85 Safari/537.36"
165.22.209.249 - - [23/Nov/2024:22:53:09 +0800] "GET /wp-includes/fonts/class-wp-font-library.php HTTP/1.1" 301 639 "binance.com" "Mozilla/5.0 (Windows NT 10.0; Win64; x64) AppleWebKit/537.36 (KHTML, like Gecko) Chrome/90.0.4430.85 Safari/537.36"
165.22.209.249 - - [23/Nov/2024:22:53:14 +0800] "GET /wp-includes/fonts/class-wp-font-library.php HTTP/1.1" 200 3317 "binance.com" "Mozilla/5.0 (Windows NT 10.0; Win64; x64) AppleWebKit/537.36 (KHTML, like Gecko) Chrome/90.0.4430.85 Safari/537.36"
165.22.209.249 - - [23/Nov/2024:22:53:17 +0800] "GET /wp-includes/fonts/class-wp-font-utils.php HTTP/1.1" 301 635 "binance.com" "Mozilla/5.0 (Windows NT 10.0; Win64; x64) AppleWebKit/537.36 (KHTML, like Gecko) Chrome/90.0.4430.85 Safari/537.36"
165.22.209.249 - - [23/Nov/2024:22:53:19 +0800] "GET /wp-includes/fonts/class-wp-font-utils.php HTTP/1.1" 200 3317 "binance.com" "Mozilla/5.0 (Windows NT 10.0; Win64; x64) AppleWebKit/537.36 (KHTML, like Gecko) Chrome/90.0.4430.85 Safari/537.36"
165.22.209.249 - - [23/Nov/2024:22:53:24 +0800] "GET /wp-includes/images/ HTTP/1.1" 301 591 "binance.com" "Mozilla/5.0 (Windows NT 10.0; Win64; x64) AppleWebKit/537.36 (KHTML, like Gecko) Chrome/90.0.4430.85 Safari/537.36"
165.22.209.249 - - [23/Nov/2024:22:53:28 +0800] "GET /wp-includes/images/ HTTP/1.1" 200 4258 "binance.com" "Mozilla/5.0 (Windows NT 10.0; Win64; x64) AppleWebKit/537.36 (KHTML, like Gecko) Chrome/90.0.4430.85 Safari/537.36"
165.22.209.249 - - [23/Nov/2024:22:53:31 +0800] "GET /wp-includes/images/crystal/ HTTP/1.1" 301 607 "binance.com" "Mozilla/5.0 (Windows NT 10.0; Win64; x64) AppleWebKit/537.36 (KHTML, like Gecko) Chrome/90.0.4430.85 Safari/537.36"
165.22.209.249 - - [23/Nov/2024:22:53:36 +0800] "GET /wp-includes/images/crystal/ HTTP/1.1" 200 3989 "binance.com" "Mozilla/5.0 (Windows NT 10.0; Win64; x64) AppleWebKit/537.36 (KHTML, like Gecko) Chrome/90.0.4430.85 Safari/537.36"
165.22.209.249 - - [23/Nov/2024:22:53:40 +0800] "GET /wp-includes/images/media/ HTTP/1.1" 301 603 "binance.com" "Mozilla/5.0 (Windows NT 10.0; Win64; x64) AppleWebKit/537.36 (KHTML, like Gecko) Chrome/90.0.4430.85 Safari/537.36"
165.22.209.249 - - [23/Nov/2024:22:53:44 +0800] "GET /wp-includes/images/media/ HTTP/1.1" 200 4077 "binance.com" "Mozilla/5.0 (Windows NT 10.0; Win64; x64) AppleWebKit/537.36 (KHTML, like Gecko) Chrome/90.0.4430.85 Safari/537.36"
165.22.209.249 - - [23/Nov/2024:22:53:48 +0800] "GET /wp-includes/images/smilies/ HTTP/1.1" 301 607 "binance.com" "Mozilla/5.0 (Windows NT 10.0; Win64; x64) AppleWebKit/537.36 (KHTML, like Gecko) Chrome/90.0.4430.85 Safari/537.36"
165.22.209.249 - - [23/Nov/2024:22:53:54 +0800] "GET /wp-includes/images/smilies/ HTTP/1.1" 200 4201 "binance.com" "Mozilla/5.0 (Windows NT 10.0; Win64; x64) AppleWebKit/537.36 (KHTML, like Gecko) Chrome/90.0.4430.85 Safari/537.36"
165.22.209.249 - - [23/Nov/2024:22:53:56 +0800] "GET /wp-includes/images/wlw/ HTTP/1.1" 301 599 "binance.com" "Mozilla/5.0 (Windows NT 10.0; Win64; x64) AppleWebKit/537.36 (KHTML, like Gecko) Chrome/90.0.4430.85 Safari/537.36"
165.22.209.249 - - [23/Nov/2024:22:54:00 +0800] "GET /wp-includes/images/wlw/ HTTP/1.1" 301 3534 "binance.com" "Mozilla/5.0 (Windows NT 10.0; Win64; x64) AppleWebKit/537.36 (KHTML, like Gecko) Chrome/90.0.4430.85 Safari/537.36"
165.22.209.249 - - [23/Nov/2024:22:54:02 +0800] "GET /wp-includes/images/wlw/ HTTP/1.1" 404 31259 "binance.com" "Mozilla/5.0 (Windows NT 10.0; Win64; x64) AppleWebKit/537.36 (KHTML, like Gecko) Chrome/90.0.4430.85 Safari/537.36"
165.22.209.249 - - [23/Nov/2024:22:54:05 +0800] "GET /wp-includes/js/%20 HTTP/1.1" 301 585 "binance.com" "Mozilla/5.0 (Windows NT 10.0; Win64; x64) AppleWebKit/537.36 (KHTML, like Gecko) Chrome/90.0.4430.85 Safari/537.36"
165.22.209.249 - - [23/Nov/2024:22:54:07 +0800] "GET /wp-includes/js/ HTTP/1.1" 200 5607 "binance.com" "Mozilla/5.0 (Windows NT 10.0; Win64; x64) AppleWebKit/537.36 (KHTML, like Gecko) Chrome/90.0.4430.85 Safari/537.36"
165.22.209.249 - - [23/Nov/2024:22:54:10 +0800] "GET /wp-includes/js/codemirror/ HTTP/1.1" 301 605 "binance.com" "Mozilla/5.0 (Windows NT 10.0; Win64; x64) AppleWebKit/537.36 (KHTML, like Gecko) Chrome/90.0.4430.85 Safari/537.36"
165.22.209.249 - - [23/Nov/2024:22:54:12 +0800] "GET /wp-includes/js/codemirror/ HTTP/1.1" 200 3965 "binance.com" "Mozilla/5.0 (Windows NT 10.0; Win64; x64) AppleWebKit/537.36 (KHTML, like Gecko) Chrome/90.0.4430.85 Safari/537.36"
165.22.209.249 - - [23/Nov/2024:22:54:15 +0800] "GET /wp-includes/js/plupload/ HTTP/1.1" 301 601 "binance.com" "Mozilla/5.0 (Windows NT 10.0; Win64; x64) AppleWebKit/537.36 (KHTML, like Gecko) Chrome/90.0.4430.85 Safari/537.36"
165.22.209.249 - - [23/Nov/2024:22:54:17 +0800] "GET /wp-includes/js/plupload/ HTTP/1.1" 200 3985 "binance.com" "Mozilla/5.0 (Windows NT 10.0; Win64; x64) AppleWebKit/537.36 (KHTML, like Gecko) Chrome/90.0.4430.85 Safari/537.36"
165.22.209.249 - - [23/Nov/2024:22:54:19 +0800] "GET /.well-known/ HTTP/1.1" 301 577 "binance.com" "Mozilla/5.0 (Windows NT 10.0; Win64; x64) AppleWebKit/537.36 (KHTML, like Gecko) Chrome/90.0.4430.85 Safari/537.36"
165.22.209.249 - - [23/Nov/2024:22:54:21 +0800] "GET /.well-known/ HTTP/1.1" 301 3523 "binance.com" "Mozilla/5.0 (Windows NT 10.0; Win64; x64) AppleWebKit/537.36 (KHTML, like Gecko) Chrome/90.0.4430.85 Safari/537.36"
165.22.209.249 - - [23/Nov/2024:22:54:23 +0800] "GET /.well-known/ HTTP/1.1" 404 30930 "binance.com" "Mozilla/5.0 (Windows NT 10.0; Win64; x64) AppleWebKit/537.36 (KHTML, like Gecko) Chrome/90.0.4430.85 Safari/537.36"
220.135.127.108 - - [23/Nov/2024:22:54:58 +0800] "POST /wp-cron.php?doing_wp_cron=1732373698.2282390594482421875000 HTTP/1.1" 200 4050 "-" "WordPress/6.7.1; https://www.car32.tw"
4.227.36.14 - - [23/Nov/2024:22:54:58 +0800] "GET /%e9%bb%83%e9%87%91%e7%b7%9a%e6%8f%9b%e5%ad%a3%e4%bf%9d%e9%a4%8a%e5%b0%8f%e6%95%99%e5%ae%a4/embed/ HTTP/1.1" 200 10974 "-" "Mozilla/5.0 AppleWebKit/537.36 (KHTML, like Gecko; compatible; GPTBot/1.2; +https://openai.com/gptbot)"
4.227.36.14 - - [23/Nov/2024:22:55:08 +0800] "GET /%e9%bb%83%e9%87%91%e7%b7%9a%e6%8f%9b%e5%ad%a3%e4%bf%9d%e9%a4%8a%e5%b0%8f%e6%95%99%e5%ae%a4/embed/ HTTP/1.1" 200 10974 "-" "Mozilla/5.0 AppleWebKit/537.36 (KHTML, like Gecko; compatible; GPTBot/1.2; +https://openai.com/gptbot)"
4.227.36.14 - - [23/Nov/2024:22:55:14 +0800] "GET /%e9%bb%83%e9%87%91%e7%b7%9a%e6%8f%9b%e5%ad%a3%e4%bf%9d%e9%a4%8a%e5%b0%8f%e6%95%99%e5%ae%a4/embed/ HTTP/1.1" 200 10971 "-" "Mozilla/5.0 AppleWebKit/537.36 (KHTML, like Gecko; compatible; GPTBot/1.2; +https://openai.com/gptbot)"
4.227.36.14 - - [23/Nov/2024:22:55:22 +0800] "GET /%e9%bb%83%e9%87%91%e7%b7%9a%e6%8f%9b%e5%ad%a3%e4%bf%9d%e9%a4%8a%e5%b0%8f%e6%95%99%e5%ae%a4/embed/ HTTP/1.1" 200 10974 "-" "Mozilla/5.0 AppleWebKit/537.36 (KHTML, like Gecko; compatible; GPTBot/1.2; +https://openai.com/gptbot)"
220.135.127.108 - - [23/Nov/2024:22:55:30 +0800] "POST /wp-cron.php?doing_wp_cron=1732373730.1729009151458740234375 HTTP/1.1" 200 4050 "-" "WordPress/6.7.1; https://www.car32.tw"
4.227.36.14 - - [23/Nov/2024:22:55:30 +0800] "GET /%e9%bb%83%e9%87%91%e7%b7%9a%e6%8f%9b%e5%ad%a3%e4%bf%9d%e9%a4%8a%e5%b0%8f%e6%95%99%e5%ae%a4/embed/ HTTP/1.1" 200 10974 "-" "Mozilla/5.0 AppleWebKit/537.36 (KHTML, like Gecko; compatible; GPTBot/1.2; +https://openai.com/gptbot)"
4.227.36.14 - - [23/Nov/2024:22:55:36 +0800] "GET /%e9%bb%83%e9%87%91%e7%b7%9a%e6%8f%9b%e5%ad%a3%e4%bf%9d%e9%a4%8a%e5%b0%8f%e6%95%99%e5%ae%a4/embed/ HTTP/1.1" 200 10974 "-" "Mozilla/5.0 AppleWebKit/537.36 (KHTML, like Gecko; compatible; GPTBot/1.2; +https://openai.com/gptbot)"
85.208.96.194 - - [23/Nov/2024:22:55:43 +0800] "GET /category/%E6%87%89%E7%94%A8%E8%A7%80%E5%BF%B5/page/3/ HTTP/1.1" 200 29384 "-" "Mozilla/5.0 (compatible; SemrushBot/7~bl; +http://www.semrush.com/bot.html)"
4.227.36.14 - - [23/Nov/2024:22:55:49 +0800] "GET /%e9%bb%83%e9%87%91%e7%b7%9a%e6%8f%9b%e5%ad%a3%e4%bf%9d%e9%a4%8a%e5%b0%8f%e6%95%99%e5%ae%a4/embed/ HTTP/1.1" 200 10974 "-" "Mozilla/5.0 AppleWebKit/537.36 (KHTML, like Gecko; compatible; GPTBot/1.2; +https://openai.com/gptbot)"
192.0.82.55 - - [23/Nov/2024:22:55:53 +0800] "HEAD / HTTP/1.1" 200 4000 "-" "jetmon/1.0 (Jetpack Site Uptime Monitor by WordPress.com)"
4.227.36.14 - - [23/Nov/2024:22:55:55 +0800] "GET /%e9%bb%83%e9%87%91%e7%b7%9a%e6%8f%9b%e5%ad%a3%e4%bf%9d%e9%a4%8a%e5%b0%8f%e6%95%99%e5%ae%a4/embed/ HTTP/1.1" 200 10972 "-" "Mozilla/5.0 AppleWebKit/537.36 (KHTML, like Gecko; compatible; GPTBot/1.2; +https://openai.com/gptbot)"
4.227.36.14 - - [23/Nov/2024:22:56:02 +0800] "GET /%e9%bb%83%e9%87%91%e7%b7%9a%e6%8f%9b%e5%ad%a3%e4%bf%9d%e9%a4%8a%e5%b0%8f%e6%95%99%e5%ae%a4/embed/ HTTP/1.1" 200 10972 "-" "Mozilla/5.0 AppleWebKit/537.36 (KHTML, like Gecko; compatible; GPTBot/1.2; +https://openai.com/gptbot)"
4.227.36.14 - - [23/Nov/2024:22:56:11 +0800] "GET /%e9%bb%83%e9%87%91%e7%b7%9a%e6%8f%9b%e5%ad%a3%e4%bf%9d%e9%a4%8a%e5%b0%8f%e6%95%99%e5%ae%a4/embed/ HTTP/1.1" 200 10973 "-" "Mozilla/5.0 AppleWebKit/537.36 (KHTML, like Gecko; compatible; GPTBot/1.2; +https://openai.com/gptbot)"
4.227.36.14 - - [23/Nov/2024:22:56:17 +0800] "GET /%e9%bb%83%e9%87%91%e7%b7%9a%e6%8f%9b%e5%ad%a3%e4%bf%9d%e9%a4%8a%e5%b0%8f%e6%95%99%e5%ae%a4/embed/ HTTP/1.1" 200 10974 "-" "Mozilla/5.0 AppleWebKit/537.36 (KHTML, like Gecko; compatible; GPTBot/1.2; +https://openai.com/gptbot)"
4.227.36.14 - - [23/Nov/2024:22:56:24 +0800] "GET /%e9%bb%83%e9%87%91%e7%b7%9a%e6%8f%9b%e5%ad%a3%e4%bf%9d%e9%a4%8a%e5%b0%8f%e6%95%99%e5%ae%a4/embed/ HTTP/1.1" 200 10972 "-" "Mozilla/5.0 AppleWebKit/537.36 (KHTML, like Gecko; compatible; GPTBot/1.2; +https://openai.com/gptbot)"
4.227.36.14 - - [23/Nov/2024:22:56:37 +0800] "GET /%e9%bb%83%e9%87%91%e7%b7%9a%e6%8f%9b%e5%ad%a3%e4%bf%9d%e9%a4%8a%e5%b0%8f%e6%95%99%e5%ae%a4/embed/ HTTP/1.1" 200 10975 "-" "Mozilla/5.0 AppleWebKit/537.36 (KHTML, like Gecko; compatible; GPTBot/1.2; +https://openai.com/gptbot)"
4.227.36.14 - - [23/Nov/2024:22:56:43 +0800] "GET /%e9%bb%83%e9%87%91%e7%b7%9a%e6%8f%9b%e5%ad%a3%e4%bf%9d%e9%a4%8a%e5%b0%8f%e6%95%99%e5%ae%a4/embed/ HTTP/1.1" 200 10974 "-" "Mozilla/5.0 AppleWebKit/537.36 (KHTML, like Gecko; compatible; GPTBot/1.2; +https://openai.com/gptbot)"
4.227.36.14 - - [23/Nov/2024:22:56:51 +0800] "GET /%e9%bb%83%e9%87%91%e7%b7%9a%e6%8f%9b%e5%ad%a3%e4%bf%9d%e9%a4%8a%e5%b0%8f%e6%95%99%e5%ae%a4/embed/ HTTP/1.1" 200 10973 "-" "Mozilla/5.0 AppleWebKit/537.36 (KHTML, like Gecko; compatible; GPTBot/1.2; +https://openai.com/gptbot)"
4.227.36.14 - - [23/Nov/2024:22:56:58 +0800] "GET /%e9%bb%83%e9%87%91%e7%b7%9a%e6%8f%9b%e5%ad%a3%e4%bf%9d%e9%a4%8a%e5%b0%8f%e6%95%99%e5%ae%a4/embed/ HTTP/1.1" 200 10973 "-" "Mozilla/5.0 AppleWebKit/537.36 (KHTML, like Gecko; compatible; GPTBot/1.2; +https://openai.com/gptbot)"
4.227.36.14 - - [23/Nov/2024:22:57:04 +0800] "GET /%e9%bb%83%e9%87%91%e7%b7%9a%e6%8f%9b%e5%ad%a3%e4%bf%9d%e9%a4%8a%e5%b0%8f%e6%95%99%e5%ae%a4/embed/ HTTP/1.1" 200 10974 "-" "Mozilla/5.0 AppleWebKit/537.36 (KHTML, like Gecko; compatible; GPTBot/1.2; +https://openai.com/gptbot)"
185.191.171.19 - - [23/Nov/2024:22:57:06 +0800] "GET /page/44/?page=2 HTTP/1.1" 200 26798 "-" "Mozilla/5.0 (compatible; SemrushBot/7~bl; +http://www.semrush.com/bot.html)"
4.227.36.14 - - [23/Nov/2024:22:57:17 +0800] "GET /%e9%bb%83%e9%87%91%e7%b7%9a%e6%8f%9b%e5%ad%a3%e4%bf%9d%e9%a4%8a%e5%b0%8f%e6%95%99%e5%ae%a4/embed/ HTTP/1.1" 200 10972 "-" "Mozilla/5.0 AppleWebKit/537.36 (KHTML, like Gecko; compatible; GPTBot/1.2; +https://openai.com/gptbot)"
4.227.36.14 - - [23/Nov/2024:22:57:23 +0800] "GET /%e9%bb%83%e9%87%91%e7%b7%9a%e6%8f%9b%e5%ad%a3%e4%bf%9d%e9%a4%8a%e5%b0%8f%e6%95%99%e5%ae%a4/embed/ HTTP/1.1" 200 10973 "-" "Mozilla/5.0 AppleWebKit/537.36 (KHTML, like Gecko; compatible; GPTBot/1.2; +https://openai.com/gptbot)"
4.227.36.14 - - [23/Nov/2024:22:57:30 +0800] "GET /%e9%bb%83%e9%87%91%e7%b7%9a%e6%8f%9b%e5%ad%a3%e4%bf%9d%e9%a4%8a%e5%b0%8f%e6%95%99%e5%ae%a4/embed/ HTTP/1.1" 200 10971 "-" "Mozilla/5.0 AppleWebKit/537.36 (KHTML, like Gecko; compatible; GPTBot/1.2; +https://openai.com/gptbot)"
4.227.36.14 - - [23/Nov/2024:22:57:37 +0800] "GET /%e9%bb%83%e9%87%91%e7%b7%9a%e6%8f%9b%e5%ad%a3%e4%bf%9d%e9%a4%8a%e5%b0%8f%e6%95%99%e5%ae%a4/embed/ HTTP/1.1" 200 10972 "-" "Mozilla/5.0 AppleWebKit/537.36 (KHTML, like Gecko; compatible; GPTBot/1.2; +https://openai.com/gptbot)"
4.227.36.14 - - [23/Nov/2024:22:57:43 +0800] "GET /%e9%bb%83%e9%87%91%e7%b7%9a%e6%8f%9b%e5%ad%a3%e4%bf%9d%e9%a4%8a%e5%b0%8f%e6%95%99%e5%ae%a4/embed/ HTTP/1.1" 200 10972 "-" "Mozilla/5.0 AppleWebKit/537.36 (KHTML, like Gecko; compatible; GPTBot/1.2; +https://openai.com/gptbot)"
4.227.36.14 - - [23/Nov/2024:22:57:51 +0800] "GET /%e9%bb%83%e9%87%91%e7%b7%9a%e6%8f%9b%e5%ad%a3%e4%bf%9d%e9%a4%8a%e5%b0%8f%e6%95%99%e5%ae%a4/embed/ HTTP/1.1" 200 10972 "-" "Mozilla/5.0 AppleWebKit/537.36 (KHTML, like Gecko; compatible; GPTBot/1.2; +https://openai.com/gptbot)"
4.227.36.14 - - [23/Nov/2024:22:58:02 +0800] "GET /%e9%bb%83%e9%87%91%e7%b7%9a%e6%8f%9b%e5%ad%a3%e4%bf%9d%e9%a4%8a%e5%b0%8f%e6%95%99%e5%ae%a4/embed/ HTTP/1.1" 200 10970 "-" "Mozilla/5.0 AppleWebKit/537.36 (KHTML, like Gecko; compatible; GPTBot/1.2; +https://openai.com/gptbot)"
4.227.36.14 - - [23/Nov/2024:22:58:08 +0800] "GET /%e9%bb%83%e9%87%91%e7%b7%9a%e6%8f%9b%e5%ad%a3%e4%bf%9d%e9%a4%8a%e5%b0%8f%e6%95%99%e5%ae%a4/embed/ HTTP/1.1" 200 10971 "-" "Mozilla/5.0 AppleWebKit/537.36 (KHTML, like Gecko; compatible; GPTBot/1.2; +https://openai.com/gptbot)"
4.227.36.14 - - [23/Nov/2024:22:58:18 +0800] "GET /%e9%bb%83%e9%87%91%e7%b7%9a%e6%8f%9b%e5%ad%a3%e4%bf%9d%e9%a4%8a%e5%b0%8f%e6%95%99%e5%ae%a4/embed/ HTTP/1.1" 200 10974 "-" "Mozilla/5.0 AppleWebKit/537.36 (KHTML, like Gecko; compatible; GPTBot/1.2; +https://openai.com/gptbot)"
4.227.36.14 - - [23/Nov/2024:22:58:25 +0800] "GET /%e9%bb%83%e9%87%91%e7%b7%9a%e6%8f%9b%e5%ad%a3%e4%bf%9d%e9%a4%8a%e5%b0%8f%e6%95%99%e5%ae%a4/embed/ HTTP/1.1" 200 10973 "-" "Mozilla/5.0 AppleWebKit/537.36 (KHTML, like Gecko; compatible; GPTBot/1.2; +https://openai.com/gptbot)"
4.227.36.14 - - [23/Nov/2024:22:58:31 +0800] "GET /%e9%bb%83%e9%87%91%e7%b7%9a%e6%8f%9b%e5%ad%a3%e4%bf%9d%e9%a4%8a%e5%b0%8f%e6%95%99%e5%ae%a4/embed/ HTTP/1.1" 200 10973 "-" "Mozilla/5.0 AppleWebKit/537.36 (KHTML, like Gecko; compatible; GPTBot/1.2; +https://openai.com/gptbot)"
4.227.36.14 - - [23/Nov/2024:22:58:48 +0800] "GET /%e9%bb%83%e9%87%91%e7%b7%9a%e6%8f%9b%e5%ad%a3%e4%bf%9d%e9%a4%8a%e5%b0%8f%e6%95%99%e5%ae%a4/embed/ HTTP/1.1" 200 10973 "-" "Mozilla/5.0 AppleWebKit/537.36 (KHTML, like Gecko; compatible; GPTBot/1.2; +https://openai.com/gptbot)"
4.227.36.14 - - [23/Nov/2024:22:58:54 +0800] "GET /%e9%bb%83%e9%87%91%e7%b7%9a%e6%8f%9b%e5%ad%a3%e4%bf%9d%e9%a4%8a%e5%b0%8f%e6%95%99%e5%ae%a4/embed/ HTTP/1.1" 200 10973 "-" "Mozilla/5.0 AppleWebKit/537.36 (KHTML, like Gecko; compatible; GPTBot/1.2; +https://openai.com/gptbot)"
4.227.36.14 - - [23/Nov/2024:22:59:08 +0800] "GET /%e9%bb%83%e9%87%91%e7%b7%9a%e6%8f%9b%e5%ad%a3%e4%bf%9d%e9%a4%8a%e5%b0%8f%e6%95%99%e5%ae%a4/embed/ HTTP/1.1" 200 10969 "-" "Mozilla/5.0 AppleWebKit/537.36 (KHTML, like Gecko; compatible; GPTBot/1.2; +https://openai.com/gptbot)"
4.227.36.14 - - [23/Nov/2024:22:59:18 +0800] "GET /%e9%bb%83%e9%87%91%e7%b7%9a%e6%8f%9b%e5%ad%a3%e4%bf%9d%e9%a4%8a%e5%b0%8f%e6%95%99%e5%ae%a4/embed/ HTTP/1.1" 200 10974 "-" "Mozilla/5.0 AppleWebKit/537.36 (KHTML, like Gecko; compatible; GPTBot/1.2; +https://openai.com/gptbot)"
220.135.127.108 - - [23/Nov/2024:22:59:27 +0800] "POST /wp-cron.php?doing_wp_cron=1732373967.4886450767517089843750 HTTP/1.1" 200 4050 "-" "WordPress/6.7.1; https://www.car32.tw"
