17.246.15.133 - - [23/Nov/2024:17:02:10 +0800] "GET /wp-content/themes/twentytwelve/css/blocks.css?ver=20240603 HTTP/1.1" 200 5988 "https://www.car32.tw/%E5%9C%B0%E7%90%83%E9%BB%83%E9%87%91%E7%B7%9A%E6%84%9B%E8%BB%8A%E8%A8%BA%E7%99%82%E5%AE%A4/" "Mozilla/5.0 (Macintosh; Intel Mac OS X 10_15_7) AppleWebKit/605.1.15 (KHTML, like Gecko) Version/17.4 Safari/605.1.15 (Applebot/0.1; +http://www.apple.com/go/applebot)"
17.246.15.246 - - [23/Nov/2024:17:02:10 +0800] "GET /wp-content/themes/twentytwelve/js/navigation.js?ver=20141205 HTTP/1.1" 200 4723 "https://www.car32.tw/%E5%9C%B0%E7%90%83%E9%BB%83%E9%87%91%E7%B7%9A%E6%84%9B%E8%BB%8A%E8%A8%BA%E7%99%82%E5%AE%A4/" "Mozilla/5.0 (Macintosh; Intel Mac OS X 10_15_7) AppleWebKit/605.1.15 (KHTML, like Gecko) Version/17.4 Safari/605.1.15 (Applebot/0.1; +http://www.apple.com/go/applebot)"
17.246.19.41 - - [23/Nov/2024:17:02:12 +0800] "GET /wp-includes/js/wp-emoji-release.min.js?ver=6.7.1 HTTP/1.1" 200 9175 "https://www.car32.tw/%E5%9C%B0%E7%90%83%E9%BB%83%E9%87%91%E7%B7%9A%E6%84%9B%E8%BB%8A%E8%A8%BA%E7%99%82%E5%AE%A4/" "Mozilla/5.0 (Macintosh; Intel Mac OS X 10_15_7) AppleWebKit/605.1.15 (KHTML, like Gecko) Version/17.4 Safari/605.1.15 (Applebot/0.1; +http://www.apple.com/go/applebot)"
17.246.19.211 - - [23/Nov/2024:17:02:12 +0800] "GET /%E5%9C%B0%E7%90%83%E9%BB%83%E9%87%91%E7%B7%9A%E6%84%9B%E8%BB%8A%E8%A8%BA%E7%99%82%E5%AE%A4/?relatedposts=1 HTTP/1.1" 200 6905 "https://www.car32.tw/%E5%9C%B0%E7%90%83%E9%BB%83%E9%87%91%E7%B7%9A%E6%84%9B%E8%BB%8A%E8%A8%BA%E7%99%82%E5%AE%A4/" "Mozilla/5.0 (Macintosh; Intel Mac OS X 10_15_7) AppleWebKit/605.1.15 (KHTML, like Gecko) Version/17.4 Safari/605.1.15 (Applebot/0.1; +http://www.apple.com/go/applebot)"
4.227.36.14 - - [23/Nov/2024:17:03:04 +0800] "GET /%e9%bb%83%e9%87%91%e7%b7%9a%e6%8f%9b%e5%ad%a3%e4%bf%9d%e9%a4%8a%e5%b0%8f%e6%95%99%e5%ae%a4/embed/ HTTP/1.1" 200 10973 "-" "Mozilla/5.0 AppleWebKit/537.36 (KHTML, like Gecko; compatible; GPTBot/1.2; +https://openai.com/gptbot)"
220.135.127.108 - - [23/Nov/2024:17:05:44 +0800] "POST /wp-cron.php?doing_wp_cron=1732352744.3633029460906982421875 HTTP/1.1" 200 4050 "-" "WordPress/6.7.1; https://www.car32.tw"
52.167.144.170 - - [23/Nov/2024:17:05:44 +0800] "GET /?s= HTTP/1.1" 200 17834 "-" "Mozilla/5.0 AppleWebKit/537.36 (KHTML, like Gecko; compatible; bingbot/2.0; +http://www.bing.com/bingbot.htm) Chrome/116.0.1938.76 Safari/537.36"
192.0.82.55 - - [23/Nov/2024:17:05:50 +0800] "HEAD / HTTP/1.1" 200 4000 "-" "jetmon/1.0 (Jetpack Site Uptime Monitor by WordPress.com)"
66.249.71.136 - - [23/Nov/2024:17:08:48 +0800] "GET /category/%E4%BF%9D%E9%A4%8A%E8%A7%80%E5%BF%B5/page/3/ HTTP/1.1" 200 18063 "-" "Mozilla/5.0 (Linux; Android 6.0.1; Nexus 5X Build/MMB29P) AppleWebKit/537.36 (KHTML, like Gecko) Chrome/131.0.6778.69 Mobile Safari/537.36 (compatible; Googlebot/2.1; +http://www.google.com/bot.html)"
66.249.77.135 - - [23/Nov/2024:17:08:55 +0800] "POST /?ob=open-bridge/events HTTP/1.1" 200 4216 "https://www.car32.tw/category/%E4%BF%9D%E9%A4%8A%E8%A7%80%E5%BF%B5/page/3/" "Mozilla/5.0 (Linux; Android 6.0.1; Nexus 5X Build/MMB29P) AppleWebKit/537.36 (KHTML, like Gecko) Chrome/131.0.6778.69 Mobile Safari/537.36 (compatible; Googlebot/2.1; +http://www.google.com/bot.html)"
220.135.127.108 - - [23/Nov/2024:17:10:48 +0800] "POST /wp-cron.php?doing_wp_cron=1732353048.9763329029083251953125 HTTP/1.1" 200 4050 "-" "WordPress/6.7.1; https://www.car32.tw"
192.0.82.55 - - [23/Nov/2024:17:10:48 +0800] "HEAD / HTTP/1.1" 200 4000 "-" "jetmon/1.0 (Jetpack Site Uptime Monitor by WordPress.com)"
4.227.36.14 - - [23/Nov/2024:17:13:39 +0800] "GET /%e9%bb%83%e9%87%91%e7%b7%9a%e6%8f%9b%e5%ad%a3%e4%bf%9d%e9%a4%8a%e5%b0%8f%e6%95%99%e5%ae%a4/embed/ HTTP/1.1" 200 10972 "-" "Mozilla/5.0 AppleWebKit/537.36 (KHTML, like Gecko; compatible; GPTBot/1.2; +https://openai.com/gptbot)"
220.135.127.108 - - [23/Nov/2024:17:14:36 +0800] "POST /wp-cron.php?doing_wp_cron=1732353276.6420969963073730468750 HTTP/1.1" 200 4050 "-" "WordPress/6.7.1; https://www.car32.tw"
4.227.36.14 - - [23/Nov/2024:17:14:36 +0800] "GET /%e9%bb%83%e9%87%91%e7%b7%9a%e6%8f%9b%e5%ad%a3%e4%bf%9d%e9%a4%8a%e5%b0%8f%e6%95%99%e5%ae%a4/embed/ HTTP/1.1" 200 10972 "-" "Mozilla/5.0 AppleWebKit/537.36 (KHTML, like Gecko; compatible; GPTBot/1.2; +https://openai.com/gptbot)"
66.249.77.132 - - [23/Nov/2024:17:14:41 +0800] "GET /?tag=%E5%B9%B4%E5%BA%A6%E4%BF%9D%E9%A4%8A HTTP/1.1" 301 647 "-" "Mozilla/5.0 (Linux; Android 6.0.1; Nexus 5X Build/MMB29P) AppleWebKit/537.36 (KHTML, like Gecko) Chrome/131.0.6778.69 Mobile Safari/537.36 (compatible; Googlebot/2.1; +http://www.google.com/bot.html)"
66.249.77.134 - - [23/Nov/2024:17:15:05 +0800] "GET /?tag=%E5%B9%B4%E5%BA%A6%E4%BF%9D%E9%A4%8A HTTP/1.1" 301 4062 "-" "Mozilla/5.0 (Linux; Android 6.0.1; Nexus 5X Build/MMB29P) AppleWebKit/537.36 (KHTML, like Gecko) Chrome/131.0.6778.69 Mobile Safari/537.36 (compatible; Googlebot/2.1; +http://www.google.com/bot.html)"
66.249.77.134 - - [23/Nov/2024:17:15:21 +0800] "POST /?ob=open-bridge/events HTTP/1.1" 200 4216 "https://www.car32.tw/tag/%E5%B9%B4%E5%BA%A6%E4%BF%9D%E9%A4%8A/" "Mozilla/5.0 (Linux; Android 6.0.1; Nexus 5X Build/MMB29P) AppleWebKit/537.36 (KHTML, like Gecko) Chrome/131.0.6778.69 Mobile Safari/537.36 (compatible; Googlebot/2.1; +http://www.google.com/bot.html)"
220.135.127.108 - - [23/Nov/2024:17:15:33 +0800] "POST /wp-cron.php?doing_wp_cron=1732353333.2213299274444580078125 HTTP/1.1" 200 4050 "-" "WordPress/6.7.1; https://www.car32.tw"
4.227.36.14 - - [23/Nov/2024:17:15:33 +0800] "GET /%e9%bb%83%e9%87%91%e7%b7%9a%e6%8f%9b%e5%ad%a3%e4%bf%9d%e9%a4%8a%e5%b0%8f%e6%95%99%e5%ae%a4/embed/ HTTP/1.1" 200 10970 "-" "Mozilla/5.0 AppleWebKit/537.36 (KHTML, like Gecko; compatible; GPTBot/1.2; +https://openai.com/gptbot)"
140.238.59.22 - - [23/Nov/2024:17:15:39 +0800] "GET /feed/ HTTP/1.1" 200 6804 "https://www.car32.tw/feed/" "FreshRSS/1.24.3 (Linux; https://freshrss.org)"
192.0.82.55 - - [23/Nov/2024:17:15:48 +0800] "HEAD / HTTP/1.1" 200 4000 "-" "jetmon/1.0 (Jetpack Site Uptime Monitor by WordPress.com)"
185.242.191.143 - - [23/Nov/2024:17:19:37 +0800] "GET /wp-content/uploads/82533282_2691462197597667_8673591084523192320_n.jpeg HTTP/1.1" 200 228223 "https://www.google.com/" "Mozilla/5.0 (Linux; Android 10; K) AppleWebKit/537.36 (KHTML, like Gecko) Chrome/130.0.0.0 Mobile Safari/537.36"
220.135.127.108 - - [23/Nov/2024:17:20:48 +0800] "POST /wp-cron.php?doing_wp_cron=1732353648.3394849300384521484375 HTTP/1.1" 200 4050 "-" "WordPress/6.7.1; https://www.car32.tw"
192.0.82.55 - - [23/Nov/2024:17:20:48 +0800] "HEAD / HTTP/1.1" 200 4000 "-" "jetmon/1.0 (Jetpack Site Uptime Monitor by WordPress.com)"
44.244.17.114 - - [23/Nov/2024:17:24:25 +0800] "GET /wp-content/uploads/2020/09/e36_325i.png HTTP/1.1" 200 882296 "-" "Mozilla/5.0 (X11; Ubuntu; Linux x86_64; rv:72.0) Gecko/20100101 Firefox/72.0"
220.135.127.108 - - [23/Nov/2024:17:25:02 +0800] "POST /wp-cron.php?doing_wp_cron=1732353902.8102319240570068359375 HTTP/1.1" 200 4050 "-" "WordPress/6.7.1; https://www.car32.tw"
193.186.4.161 - - [23/Nov/2024:17:25:02 +0800] "GET /tag/%E5%86%B7%E5%95%9F%E5%8B%95/ HTTP/1.1" 200 25458 "https://www.google.com/" "Mozilla/5.0 (Windows NT 10.0; Win64; x64) AppleWebKit/537.36 (KHTML, like Gecko) Chrome/131.0.0.0 Safari/537.36"
220.135.127.108 - - [23/Nov/2024:17:25:49 +0800] "POST /wp-cron.php?doing_wp_cron=1732353948.8725318908691406250000 HTTP/1.1" 200 4050 "-" "WordPress/6.7.1; https://www.car32.tw"
192.0.82.55 - - [23/Nov/2024:17:25:48 +0800] "HEAD / HTTP/1.1" 200 4000 "-" "jetmon/1.0 (Jetpack Site Uptime Monitor by WordPress.com)"
220.135.127.108 - - [23/Nov/2024:17:26:34 +0800] "POST /wp-cron.php?doing_wp_cron=1732353994.2275419235229492187500 HTTP/1.1" 200 4050 "-" "WordPress/6.7.1; https://www.car32.tw"
4.227.36.14 - - [23/Nov/2024:17:26:34 +0800] "GET /%e9%bb%83%e9%87%91%e7%b7%9a%e6%8f%9b%e5%ad%a3%e4%bf%9d%e9%a4%8a%e5%b0%8f%e6%95%99%e5%ae%a4/embed/ HTTP/1.1" 200 10970 "-" "Mozilla/5.0 AppleWebKit/537.36 (KHTML, like Gecko; compatible; GPTBot/1.2; +https://openai.com/gptbot)"
17.241.227.29 - - [23/Nov/2024:17:27:58 +0800] "GET /tag/xd4/ HTTP/1.1" 200 22413 "-" "Mozilla/5.0 (Macintosh; Intel Mac OS X 10_15_7) AppleWebKit/605.1.15 (KHTML, like Gecko) Version/17.4 Safari/605.1.15 (Applebot/0.1; +http://www.apple.com/go/applebot)"
220.135.127.108 - - [23/Nov/2024:17:29:45 +0800] "POST /wp-cron.php?doing_wp_cron=1732354185.4342279434204101562500 HTTP/1.1" 200 4050 "-" "WordPress/6.7.1; https://www.car32.tw"
3.15.145.50 - - [23/Nov/2024:17:29:45 +0800] "GET /robots.txt HTTP/1.1" 301 4022 "-" "Mozilla/5.0 AppleWebKit/537.36 (KHTML, like Gecko; compatible; ClaudeBot/1.0; +claudebot@anthropic.com)"
3.15.145.50 - - [23/Nov/2024:17:29:46 +0800] "GET /robots.txt HTTP/1.1" 200 4164 "https://car32.tw/robots.txt" "Mozilla/5.0 AppleWebKit/537.36 (KHTML, like Gecko; compatible; ClaudeBot/1.0; +claudebot@anthropic.com)"
3.15.145.50 - - [23/Nov/2024:17:29:46 +0800] "GET /tag/gpf/feed HTTP/1.1" 301 381 "-" "Mozilla/5.0 AppleWebKit/537.36 (KHTML, like Gecko; compatible; ClaudeBot/1.0; +claudebot@anthropic.com)"
3.15.145.50 - - [23/Nov/2024:17:29:47 +0800] "GET /tag/gpf/feed/ HTTP/1.1" 200 1683 "https://car32.tw/tag/gpf/feed" "Mozilla/5.0 AppleWebKit/537.36 (KHTML, like Gecko; compatible; ClaudeBot/1.0; +claudebot@anthropic.com)"
18.119.141.115 - - [23/Nov/2024:17:30:00 +0800] "GET /%e9%bb%83%e9%87%91%e7%b7%9a%e6%8f%9b%e5%ad%a3%e4%bf%9d%e9%a4%8a%e5%b0%8f%e6%95%99%e5%ae%a4 HTTP/1.1" 301 4148 "-" "Mozilla/5.0 AppleWebKit/537.36 (KHTML, like Gecko; compatible; ClaudeBot/1.0; +claudebot@anthropic.com)"
18.119.141.115 - - [23/Nov/2024:17:30:01 +0800] "GET /%e9%bb%83%e9%87%91%e7%b7%9a%e6%8f%9b%e5%ad%a3%e4%bf%9d%e9%a4%8a%e5%b0%8f%e6%95%99%e5%ae%a4/ HTTP/1.1" 200 18241 "https://car32.tw/%e9%bb%83%e9%87%91%e7%b7%9a%e6%8f%9b%e5%ad%a3%e4%bf%9d%e9%a4%8a%e5%b0%8f%e6%95%99%e5%ae%a4" "Mozilla/5.0 AppleWebKit/537.36 (KHTML, like Gecko; compatible; ClaudeBot/1.0; +claudebot@anthropic.com)"
18.217.132.107 - - [23/Nov/2024:17:30:26 +0800] "GET /%e6%93%81%e6%9c%89%e6%9c%80%e5%a4%a7%e9%a6%ac%e5%8a%9b%e7%9a%84-alpina-%e8%b1%aa%e8%8f%af-bmw-%e5%ae%8c%e6%95%b4%e7%b4%80%e9%8c%84%e7%89%87 HTTP/1.1" 301 4197 "-" "Mozilla/5.0 AppleWebKit/537.36 (KHTML, like Gecko; compatible; ClaudeBot/1.0; +claudebot@anthropic.com)"
18.217.132.107 - - [23/Nov/2024:17:30:27 +0800] "GET /%e6%93%81%e6%9c%89%e6%9c%80%e5%a4%a7%e9%a6%ac%e5%8a%9b%e7%9a%84-alpina-%e8%b1%aa%e8%8f%af-bmw-%e5%ae%8c%e6%95%b4%e7%b4%80%e9%8c%84%e7%89%87/ HTTP/1.1" 200 18380 "https://car32.tw/%e6%93%81%e6%9c%89%e6%9c%80%e5%a4%a7%e9%a6%ac%e5%8a%9b%e7%9a%84-alpina-%e8%b1%aa%e8%8f%af-bmw-%e5%ae%8c%e6%95%b4%e7%b4%80%e9%8c%84%e7%89%87" "Mozilla/5.0 AppleWebKit/537.36 (KHTML, like Gecko; compatible; ClaudeBot/1.0; +claudebot@anthropic.com)"
220.135.127.108 - - [23/Nov/2024:17:30:49 +0800] "POST /wp-cron.php?doing_wp_cron=1732354249.4881219863891601562500 HTTP/1.1" 200 4050 "-" "WordPress/6.7.1; https://www.car32.tw"
192.0.82.55 - - [23/Nov/2024:17:30:49 +0800] "HEAD / HTTP/1.1" 200 4000 "-" "jetmon/1.0 (Jetpack Site Uptime Monitor by WordPress.com)"
3.145.108.43 - - [23/Nov/2024:17:31:54 +0800] "GET /wp-json/wp/v2/tags/12 HTTP/1.1" 200 4861 "-" "Mozilla/5.0 AppleWebKit/537.36 (KHTML, like Gecko; compatible; ClaudeBot/1.0; +claudebot@anthropic.com)"
66.249.71.135 - - [23/Nov/2024:17:33:32 +0800] "GET /dpf-gpf-%E4%BD%A0%E9%9C%80%E8%A6%81%E7%95%A5%E7%9F%A5%E7%9A%84%E4%B8%89%E5%85%A9%E4%BA%8B/feed/ HTTP/1.1" 200 4955 "-" "Mozilla/5.0 (Linux; Android 6.0.1; Nexus 5X Build/MMB29P) AppleWebKit/537.36 (KHTML, like Gecko) Chrome/131.0.6778.69 Mobile Safari/537.36 (compatible; Googlebot/2.1; +http://www.google.com/bot.html)"
66.249.77.133 - - [23/Nov/2024:17:34:12 +0800] "GET /?p=309 HTTP/1.1" 301 577 "-" "Mozilla/5.0 (Linux; Android 6.0.1; Nexus 5X Build/MMB29P) AppleWebKit/537.36 (KHTML, like Gecko) Chrome/131.0.6778.69 Mobile Safari/537.36 (compatible; Googlebot/2.1; +http://www.google.com/bot.html)"
66.249.71.135 - - [23/Nov/2024:17:34:22 +0800] "GET /?p=309 HTTP/1.1" 301 4229 "-" "Mozilla/5.0 (Linux; Android 6.0.1; Nexus 5X Build/MMB29P) AppleWebKit/537.36 (KHTML, like Gecko) Chrome/131.0.6778.69 Mobile Safari/537.36 (compatible; Googlebot/2.1; +http://www.google.com/bot.html)"
220.135.127.108 - - [23/Nov/2024:17:34:34 +0800] "POST /wp-cron.php?doing_wp_cron=1732354474.4982249736785888671875 HTTP/1.1" 200 4050 "-" "WordPress/6.7.1; https://www.car32.tw"
66.249.71.134 - - [23/Nov/2024:17:34:34 +0800] "GET /%E5%BC%95%E6%93%8E%E6%BB%B2%E6%B2%B9%E5%88%A5%E7%B7%8A%E5%BC%B5%EF%BC%81%E8%A9%B2%E5%A6%82%E4%BD%95%E8%99%95%E7%90%86%E5%8F%8A%E5%88%A4%E5%AE%9A%E5%95%8F%E9%A1%8C/ HTTP/1.1" 200 21691 "-" "Mozilla/5.0 (Linux; Android 6.0.1; Nexus 5X Build/MMB29P) AppleWebKit/537.36 (KHTML, like Gecko) Chrome/131.0.6778.69 Mobile Safari/537.36 (compatible; Googlebot/2.1; +http://www.google.com/bot.html)"
66.249.77.134 - - [23/Nov/2024:17:34:46 +0800] "GET /%E5%BC%95%E6%93%8E%E6%BB%B2%E6%B2%B9%E5%88%A5%E7%B7%8A%E5%BC%B5%EF%BC%81%E8%A9%B2%E5%A6%82%E4%BD%95%E8%99%95%E7%90%86%E5%8F%8A%E5%88%A4%E5%AE%9A%E5%95%8F%E9%A1%8C/?relatedposts=1 HTTP/1.1" 200 8638 "https://www.car32.tw/%E5%BC%95%E6%93%8E%E6%BB%B2%E6%B2%B9%E5%88%A5%E7%B7%8A%E5%BC%B5%EF%BC%81%E8%A9%B2%E5%A6%82%E4%BD%95%E8%99%95%E7%90%86%E5%8F%8A%E5%88%A4%E5%AE%9A%E5%95%8F%E9%A1%8C/" "Mozilla/5.0 (Linux; Android 6.0.1; Nexus 5X Build/MMB29P) AppleWebKit/537.36 (KHTML, like Gecko) Chrome/131.0.6778.69 Mobile Safari/537.36 (compatible; Googlebot/2.1; +http://www.google.com/bot.html)"
220.135.127.108 - - [23/Nov/2024:17:35:49 +0800] "POST /wp-cron.php?doing_wp_cron=1732354549.0585780143737792968750 HTTP/1.1" 200 4050 "-" "WordPress/6.7.1; https://www.car32.tw"
192.0.82.55 - - [23/Nov/2024:17:35:48 +0800] "HEAD / HTTP/1.1" 200 4000 "-" "jetmon/1.0 (Jetpack Site Uptime Monitor by WordPress.com)"
4.227.36.14 - - [23/Nov/2024:17:37:44 +0800] "GET /%e9%bb%83%e9%87%91%e7%b7%9a%e6%8f%9b%e5%ad%a3%e4%bf%9d%e9%a4%8a%e5%b0%8f%e6%95%99%e5%ae%a4/embed/ HTTP/1.1" 200 10974 "-" "Mozilla/5.0 AppleWebKit/537.36 (KHTML, like Gecko; compatible; GPTBot/1.2; +https://openai.com/gptbot)"
4.227.36.14 - - [23/Nov/2024:17:38:44 +0800] "GET /%e9%bb%83%e9%87%91%e7%b7%9a%e6%8f%9b%e5%ad%a3%e4%bf%9d%e9%a4%8a%e5%b0%8f%e6%95%99%e5%ae%a4/embed/ HTTP/1.1" 200 10971 "-" "Mozilla/5.0 AppleWebKit/537.36 (KHTML, like Gecko; compatible; GPTBot/1.2; +https://openai.com/gptbot)"
17.241.227.153 - - [23/Nov/2024:17:39:07 +0800] "GET /sph-10bt-%E7%9A%84%E9%9F%8C%E9%AB%94%E6%9B%B4%E6%96%B0/ HTTP/1.1" 200 24205 "-" "Mozilla/5.0 (Macintosh; Intel Mac OS X 10_15_7) AppleWebKit/605.1.15 (KHTML, like Gecko) Version/17.4 Safari/605.1.15 (Applebot/0.1; +http://www.apple.com/go/applebot)"
220.135.127.108 - - [23/Nov/2024:17:39:55 +0800] "POST /wp-cron.php?doing_wp_cron=1732354795.2996709346771240234375 HTTP/1.1" 200 4050 "-" "WordPress/6.7.1; https://www.car32.tw"
4.227.36.14 - - [23/Nov/2024:17:39:55 +0800] "GET /%e9%bb%83%e9%87%91%e7%b7%9a%e6%8f%9b%e5%ad%a3%e4%bf%9d%e9%a4%8a%e5%b0%8f%e6%95%99%e5%ae%a4/embed/ HTTP/1.1" 200 10972 "-" "Mozilla/5.0 AppleWebKit/537.36 (KHTML, like Gecko; compatible; GPTBot/1.2; +https://openai.com/gptbot)"
220.135.127.108 - - [23/Nov/2024:17:40:37 +0800] "POST /wp-cron.php?doing_wp_cron=1732354837.5337688922882080078125 HTTP/1.1" 200 4050 "-" "WordPress/6.7.1; https://www.car32.tw"
140.238.59.22 - - [23/Nov/2024:17:40:37 +0800] "GET /feed/ HTTP/1.1" 200 6804 "https://www.car32.tw/feed/" "FreshRSS/1.24.3 (Linux; https://freshrss.org)"
192.0.82.55 - - [23/Nov/2024:17:40:48 +0800] "HEAD / HTTP/1.1" 200 4000 "-" "jetmon/1.0 (Jetpack Site Uptime Monitor by WordPress.com)"
4.227.36.14 - - [23/Nov/2024:17:41:02 +0800] "GET /%e9%bb%83%e9%87%91%e7%b7%9a%e6%8f%9b%e5%ad%a3%e4%bf%9d%e9%a4%8a%e5%b0%8f%e6%95%99%e5%ae%a4/embed/ HTTP/1.1" 200 10973 "-" "Mozilla/5.0 AppleWebKit/537.36 (KHTML, like Gecko; compatible; GPTBot/1.2; +https://openai.com/gptbot)"
17.246.23.191 - - [23/Nov/2024:17:41:10 +0800] "GET /sph-10bt-%E7%9A%84%E9%9F%8C%E9%AB%94%E6%9B%B4%E6%96%B0/?relatedposts=1 HTTP/1.1" 200 9241 "https://www.car32.tw/sph-10bt-%E7%9A%84%E9%9F%8C%E9%AB%94%E6%9B%B4%E6%96%B0/" "Mozilla/5.0 (Macintosh; Intel Mac OS X 10_15_7) AppleWebKit/605.1.15 (KHTML, like Gecko) Version/17.4 Safari/605.1.15 (Applebot/0.1; +http://www.apple.com/go/applebot)"
4.227.36.14 - - [23/Nov/2024:17:42:36 +0800] "GET /%e9%bb%83%e9%87%91%e7%b7%9a%e6%8f%9b%e5%ad%a3%e4%bf%9d%e9%a4%8a%e5%b0%8f%e6%95%99%e5%ae%a4/embed/ HTTP/1.1" 200 10971 "-" "Mozilla/5.0 AppleWebKit/537.36 (KHTML, like Gecko; compatible; GPTBot/1.2; +https://openai.com/gptbot)"
18.118.193.28 - - [23/Nov/2024:17:42:44 +0800] "GET /wp-json/wp/v2/tags/115 HTTP/1.1" 200 4891 "-" "Mozilla/5.0 AppleWebKit/537.36 (KHTML, like Gecko; compatible; ClaudeBot/1.0; +claudebot@anthropic.com)"
42.73.90.126 - - [23/Nov/2024:17:44:04 +0800] "GET /tag/%E6%A9%9F%E6%B2%B9%E5%A3%93%E5%8A%9B/ HTTP/1.1" 200 26700 "https://www.google.com/" "Mozilla/5.0 (Linux; Android 10; K) AppleWebKit/537.36 (KHTML, like Gecko) Chrome/131.0.0.0 Mobile Safari/537.36"
42.73.90.126 - - [23/Nov/2024:17:44:05 +0800] "GET /wp-content/themes/twentytwelve/fonts/font-open-sans.css?ver=20230328 HTTP/1.1" 200 1288 "https://www.car32.tw/tag/%E6%A9%9F%E6%B2%B9%E5%A3%93%E5%8A%9B/" "Mozilla/5.0 (Linux; Android 10; K) AppleWebKit/537.36 (KHTML, like Gecko) Chrome/131.0.0.0 Mobile Safari/537.36"
42.73.90.126 - - [23/Nov/2024:17:44:05 +0800] "GET /wp-content/themes/twentytwelve/style.css?ver=20240716 HTTP/1.1" 200 9244 "https://www.car32.tw/tag/%E6%A9%9F%E6%B2%B9%E5%A3%93%E5%8A%9B/" "Mozilla/5.0 (Linux; Android 10; K) AppleWebKit/537.36 (KHTML, like Gecko) Chrome/131.0.0.0 Mobile Safari/537.36"
42.73.90.126 - - [23/Nov/2024:17:44:05 +0800] "GET /wp-content/themes/twentytwelve/css/blocks.css?ver=20240603 HTTP/1.1" 200 2292 "https://www.car32.tw/tag/%E6%A9%9F%E6%B2%B9%E5%A3%93%E5%8A%9B/" "Mozilla/5.0 (Linux; Android 10; K) AppleWebKit/537.36 (KHTML, like Gecko) Chrome/131.0.0.0 Mobile Safari/537.36"
42.73.90.126 - - [23/Nov/2024:17:44:05 +0800] "GET /wp-content/themes/twentytwelve/js/navigation.js?ver=20141205 HTTP/1.1" 200 1027 "https://www.car32.tw/tag/%E6%A9%9F%E6%B2%B9%E5%A3%93%E5%8A%9B/" "Mozilla/5.0 (Linux; Android 10; K) AppleWebKit/537.36 (KHTML, like Gecko) Chrome/131.0.0.0 Mobile Safari/537.36"
42.73.90.126 - - [23/Nov/2024:17:44:05 +0800] "GET /wp-content/themes/twentytwelve/fonts/open-sans/open-sans-latin-700-normal.woff2?ver=34 HTTP/1.1" 200 17268 "https://www.car32.tw/wp-content/themes/twentytwelve/fonts/font-open-sans.css?ver=20230328" "Mozilla/5.0 (Linux; Android 10; K) AppleWebKit/537.36 (KHTML, like Gecko) Chrome/131.0.0.0 Mobile Safari/537.36"
42.73.90.126 - - [23/Nov/2024:17:44:05 +0800] "GET /wp-content/themes/twentytwelve/fonts/open-sans/open-sans-latin-400-normal.woff2?ver=34 HTTP/1.1" 200 17094 "https://www.car32.tw/wp-content/themes/twentytwelve/fonts/font-open-sans.css?ver=20230328" "Mozilla/5.0 (Linux; Android 10; K) AppleWebKit/537.36 (KHTML, like Gecko) Chrome/131.0.0.0 Mobile Safari/537.36"
42.73.90.126 - - [23/Nov/2024:17:44:05 +0800] "GET /wp-content/themes/twentytwelve/fonts/open-sans/open-sans-latin-400-italic.woff2?ver=34 HTTP/1.1" 200 18174 "https://www.car32.tw/wp-content/themes/twentytwelve/fonts/font-open-sans.css?ver=20230328" "Mozilla/5.0 (Linux; Android 10; K) AppleWebKit/537.36 (KHTML, like Gecko) Chrome/131.0.0.0 Mobile Safari/537.36"
42.73.90.126 - - [23/Nov/2024:17:44:06 +0800] "POST /?ob=open-bridge/events HTTP/1.1" 200 520 "https://www.car32.tw/tag/%E6%A9%9F%E6%B2%B9%E5%A3%93%E5%8A%9B/" "Mozilla/5.0 (Linux; Android 10; K) AppleWebKit/537.36 (KHTML, like Gecko) Chrome/131.0.0.0 Mobile Safari/537.36"
220.135.127.108 - - [23/Nov/2024:17:45:48 +0800] "POST /wp-cron.php?doing_wp_cron=1732355148.8731439113616943359375 HTTP/1.1" 200 4050 "-" "WordPress/6.7.1; https://www.car32.tw"
192.0.82.55 - - [23/Nov/2024:17:45:48 +0800] "HEAD / HTTP/1.1" 200 4000 "-" "jetmon/1.0 (Jetpack Site Uptime Monitor by WordPress.com)"
220.135.127.108 - - [23/Nov/2024:17:50:48 +0800] "POST /wp-cron.php?doing_wp_cron=1732355448.2600219249725341796875 HTTP/1.1" 200 4050 "-" "WordPress/6.7.1; https://www.car32.tw"
192.0.82.55 - - [23/Nov/2024:17:50:48 +0800] "HEAD / HTTP/1.1" 200 4000 "-" "jetmon/1.0 (Jetpack Site Uptime Monitor by WordPress.com)"
4.227.36.14 - - [23/Nov/2024:17:52:44 +0800] "GET /%e9%bb%83%e9%87%91%e7%b7%9a%e6%8f%9b%e5%ad%a3%e4%bf%9d%e9%a4%8a%e5%b0%8f%e6%95%99%e5%ae%a4/embed/ HTTP/1.1" 200 10971 "-" "Mozilla/5.0 AppleWebKit/537.36 (KHTML, like Gecko; compatible; GPTBot/1.2; +https://openai.com/gptbot)"
220.135.127.108 - - [23/Nov/2024:17:55:50 +0800] "POST /wp-cron.php?doing_wp_cron=1732355750.5029590129852294921875 HTTP/1.1" 200 4050 "-" "WordPress/6.7.1; https://www.car32.tw"
192.0.82.55 - - [23/Nov/2024:17:55:50 +0800] "HEAD / HTTP/1.1" 200 4000 "-" "jetmon/1.0 (Jetpack Site Uptime Monitor by WordPress.com)"
3.140.186.189 - - [23/Nov/2024:17:57:56 +0800] "GET /tag/alpina/page/3 HTTP/1.1" 301 4030 "-" "Mozilla/5.0 AppleWebKit/537.36 (KHTML, like Gecko; compatible; ClaudeBot/1.0; +claudebot@anthropic.com)"
3.140.186.189 - - [23/Nov/2024:17:57:57 +0800] "GET /tag/alpina/page/3/ HTTP/1.1" 200 29783 "https://car32.tw/tag/alpina/page/3" "Mozilla/5.0 AppleWebKit/537.36 (KHTML, like Gecko; compatible; ClaudeBot/1.0; +claudebot@anthropic.com)"
146.190.51.156 - - [23/Nov/2024:17:58:45 +0800] "POST /xmlrpc.php HTTP/1.1" 200 4461 "-" "Mozilla/5.0 (Windows NT 6.1; WOW64; rv:18.0) Gecko/20100101 Firefox/18.0"
146.190.51.156 - - [23/Nov/2024:17:58:47 +0800] "POST /xmlrpc.php HTTP/1.1" 200 4461 "-" "Mozilla/5.0 (Windows NT 6.1; WOW64; rv:18.0) Gecko/20100101 Firefox/18.0"
124.156.240.51 - - [23/Nov/2024:17:58:53 +0800] "POST /xmlrpc.php HTTP/1.1" 200 4022 "-" "Mozilla/5.0 (Windows NT 6.1; WOW64; rv:41.0) Gecko/20100101 Firefox/41.0"
124.156.240.51 - - [23/Nov/2024:17:58:54 +0800] "POST /xmlrpc.php HTTP/1.1" 200 4022 "-" "Mozilla/5.0 (Windows NT 6.1; WOW64; rv:41.0) Gecko/20100101 Firefox/41.0"
195.34.83.112 - - [23/Nov/2024:17:58:56 +0800] "POST /xmlrpc.php HTTP/1.1" 200 4021 "-" "Mozilla/5.0 (Windows NT 6.1; Win64; x64) AppleWebKit/537.36 (KHTML, like Gecko) Chrome/74.0.3729.169 Safari/537.36"
195.34.83.112 - - [23/Nov/2024:17:58:58 +0800] "POST /xmlrpc.php HTTP/1.1" 200 4021 "-" "Mozilla/5.0 (Windows NT 6.1; Win64; x64) AppleWebKit/537.36 (KHTML, like Gecko) Chrome/74.0.3729.169 Safari/537.36"
103.157.218.151 - - [23/Nov/2024:17:59:08 +0800] "POST /xmlrpc.php HTTP/1.1" 200 4023 "-" "Mozilla/5.0 (Windows NT 10.0; Win64; x64) AppleWebKit/537.36 (KHTML, like Gecko) Chrome/64.0.3282.186 Safari/537.36"
103.157.218.151 - - [23/Nov/2024:17:59:09 +0800] "POST /xmlrpc.php HTTP/1.1" 200 4023 "-" "Mozilla/5.0 (Windows NT 10.0; Win64; x64) AppleWebKit/537.36 (KHTML, like Gecko) Chrome/64.0.3282.186 Safari/537.36"
5.78.108.228 - - [23/Nov/2024:17:59:18 +0800] "POST /xmlrpc.php HTTP/1.1" 200 4459 "-" "Mozilla/5.0 (Linux; Android 10; SM-A102U) AppleWebKit/537.36 (KHTML, like Gecko) Chrome/91.0.4472.114 Mobile Safari/537.36"
5.78.108.228 - - [23/Nov/2024:17:59:20 +0800] "POST /xmlrpc.php HTTP/1.1" 200 4459 "-" "Mozilla/5.0 (Linux; Android 10; SM-A102U) AppleWebKit/537.36 (KHTML, like Gecko) Chrome/91.0.4472.114 Mobile Safari/537.36"
220.135.127.108 - - [23/Nov/2024:17:59:28 +0800] "POST /wp-cron.php?doing_wp_cron=1732355967.9549479484558105468750 HTTP/1.1" 200 4050 "-" "WordPress/6.7.1; https://www.car32.tw"
217.142.255.1 - - [23/Nov/2024:17:59:27 +0800] "POST /xmlrpc.php HTTP/1.1" 200 4021 "-" "Mozilla/5.0 (Windows NT 10.0; Win64; x64) AppleWebKit/537.36 (KHTML, like Gecko) Chrome/70.0.3538.102 Safari/537.36"
178.159.49.228 - - [23/Nov/2024:17:59:28 +0800] "POST /xmlrpc.php HTTP/1.1" 200 4461 "-" "Mozilla/5.0 (Windows NT 10.0; Win64; x64) AppleWebKit/537.36 (KHTML, like Gecko) Chrome/84.0.4147.105 Safari/537.36"
217.142.255.1 - - [23/Nov/2024:17:59:29 +0800] "POST /xmlrpc.php HTTP/1.1" 200 4021 "-" "Mozilla/5.0 (Windows NT 10.0; Win64; x64) AppleWebKit/537.36 (KHTML, like Gecko) Chrome/70.0.3538.102 Safari/537.36"
178.159.49.228 - - [23/Nov/2024:17:59:30 +0800] "POST /xmlrpc.php HTTP/1.1" 200 4461 "-" "Mozilla/5.0 (Windows NT 10.0; Win64; x64) AppleWebKit/537.36 (KHTML, like Gecko) Chrome/84.0.4147.105 Safari/537.36"
139.162.32.49 - - [23/Nov/2024:17:59:41 +0800] "POST /xmlrpc.php HTTP/1.1" 200 4021 "-" "Mozilla/5.0 (Linux; Android 10; SM-N960U) AppleWebKit/537.36 (KHTML, like Gecko) Chrome/91.0.4472.114 Mobile Safari/537.36"
139.162.32.49 - - [23/Nov/2024:17:59:43 +0800] "POST /xmlrpc.php HTTP/1.1" 200 4021 "-" "Mozilla/5.0 (Linux; Android 10; SM-N960U) AppleWebKit/537.36 (KHTML, like Gecko) Chrome/91.0.4472.114 Mobile Safari/537.36"
146.190.51.156 - - [23/Nov/2024:17:59:49 +0800] "POST /xmlrpc.php HTTP/1.1" 200 4461 "-" "Mozilla/5.0 (Windows NT 10.0; Win64; x64; rv:59.0) Gecko/20100101 Firefox/59.0"
146.190.51.156 - - [23/Nov/2024:17:59:50 +0800] "POST /xmlrpc.php HTTP/1.1" 200 4461 "-" "Mozilla/5.0 (Windows NT 10.0; Win64; x64; rv:59.0) Gecko/20100101 Firefox/59.0"
178.18.243.103 - - [23/Nov/2024:17:59:54 +0800] "POST /xmlrpc.php HTTP/1.1" 200 4022 "-" "Mozilla/5.0 (Windows NT 10.0; Win64; x64) AppleWebKit/537.36 (KHTML, like Gecko) Chrome/90.0.4430.212 Safari/537.36"
178.18.243.103 - - [23/Nov/2024:17:59:56 +0800] "POST /xmlrpc.php HTTP/1.1" 200 4022 "-" "Mozilla/5.0 (Windows NT 10.0; Win64; x64) AppleWebKit/537.36 (KHTML, like Gecko) Chrome/90.0.4430.212 Safari/537.36"
111.118.178.159 - - [23/Nov/2024:17:59:58 +0800] "POST /xmlrpc.php HTTP/1.1" 200 4462 "-" "Mozilla/5.0 (Windows NT 10.0; Win64; x64; rv:60.0) Gecko/20100101 Firefox/60.0"
176.123.10.85 - - [23/Nov/2024:17:59:59 +0800] "POST /xmlrpc.php HTTP/1.1" 200 4021 "-" "Mozilla/5.0 (Windows NT 6.1; WOW64; rv:41.0) Gecko/20100101 Firefox/41.0"
111.118.178.159 - - [23/Nov/2024:18:00:00 +0800] "POST /xmlrpc.php HTTP/1.1" 200 4462 "-" "Mozilla/5.0 (Windows NT 10.0; Win64; x64; rv:60.0) Gecko/20100101 Firefox/60.0"
176.123.10.85 - - [23/Nov/2024:18:00:01 +0800] "POST /xmlrpc.php HTTP/1.1" 200 4021 "-" "Mozilla/5.0 (Windows NT 6.1; WOW64; rv:41.0) Gecko/20100101 Firefox/41.0"
130.61.17.146 - - [23/Nov/2024:18:00:13 +0800] "POST /xmlrpc.php HTTP/1.1" 200 4021 "-" "Mozilla/5.0 (Windows NT 10.0; Win64; x64; rv:57.0) Gecko/20100101 Firefox/57.0"
130.61.17.146 - - [23/Nov/2024:18:00:15 +0800] "POST /xmlrpc.php HTTP/1.1" 200 4021 "-" "Mozilla/5.0 (Windows NT 10.0; Win64; x64; rv:57.0) Gecko/20100101 Firefox/57.0"
66.29.147.231 - - [23/Nov/2024:18:00:20 +0800] "POST /xmlrpc.php HTTP/1.1" 200 4460 "-" "Mozilla/5.0 (Windows NT 10.0; Win64; x64; rv:57.0) Gecko/20100101 Firefox/57.0"
66.29.147.231 - - [23/Nov/2024:18:00:21 +0800] "POST /xmlrpc.php HTTP/1.1" 200 4460 "-" "Mozilla/5.0 (Windows NT 10.0; Win64; x64; rv:57.0) Gecko/20100101 Firefox/57.0"
220.135.127.108 - - [23/Nov/2024:18:00:35 +0800] "POST /wp-cron.php?doing_wp_cron=1732356035.5228741168975830078125 HTTP/1.1" 200 4050 "-" "WordPress/6.7.1; https://www.car32.tw"
72.47.238.247 - - [23/Nov/2024:18:00:35 +0800] "POST /xmlrpc.php HTTP/1.1" 200 4021 "-" "Mozilla/5.0 (Windows NT 5.1; rv:52.0) Gecko/20100101 Firefox/52.0"
72.47.238.247 - - [23/Nov/2024:18:00:37 +0800] "POST /xmlrpc.php HTTP/1.1" 200 4021 "-" "Mozilla/5.0 (Windows NT 5.1; rv:52.0) Gecko/20100101 Firefox/52.0"
192.0.82.55 - - [23/Nov/2024:18:00:49 +0800] "HEAD / HTTP/1.1" 200 4000 "-" "jetmon/1.0 (Jetpack Site Uptime Monitor by WordPress.com)"
4.227.36.14 - - [23/Nov/2024:18:03:00 +0800] "GET /%e9%bb%83%e9%87%91%e7%b7%9a%e6%8f%9b%e5%ad%a3%e4%bf%9d%e9%a4%8a%e5%b0%8f%e6%95%99%e5%ae%a4/embed/ HTTP/1.1" 200 10971 "-" "Mozilla/5.0 AppleWebKit/537.36 (KHTML, like Gecko; compatible; GPTBot/1.2; +https://openai.com/gptbot)"
66.249.71.134 - - [23/Nov/2024:18:03:53 +0800] "GET /tag/%E6%A9%9F%E6%B2%B9%E5%A3%93%E5%8A%9B/ HTTP/1.1" 200 26653 "-" "Mozilla/5.0 (Linux; Android 6.0.1; Nexus 5X Build/MMB29P) AppleWebKit/537.36 (KHTML, like Gecko) Chrome/131.0.6778.69 Mobile Safari/537.36 (compatible; Googlebot/2.1; +http://www.google.com/bot.html)"
4.227.36.14 - - [23/Nov/2024:18:04:12 +0800] "GET /%e9%bb%83%e9%87%91%e7%b7%9a%e6%8f%9b%e5%ad%a3%e4%bf%9d%e9%a4%8a%e5%b0%8f%e6%95%99%e5%ae%a4/embed/ HTTP/1.1" 200 10973 "-" "Mozilla/5.0 AppleWebKit/537.36 (KHTML, like Gecko; compatible; GPTBot/1.2; +https://openai.com/gptbot)"
220.135.127.108 - - [23/Nov/2024:18:05:29 +0800] "POST /wp-cron.php?doing_wp_cron=1732356329.8345251083374023437500 HTTP/1.1" 200 4050 "-" "WordPress/6.7.1; https://www.car32.tw"
4.227.36.14 - - [23/Nov/2024:18:05:29 +0800] "GET /%e9%bb%83%e9%87%91%e7%b7%9a%e6%8f%9b%e5%ad%a3%e4%bf%9d%e9%a4%8a%e5%b0%8f%e6%95%99%e5%ae%a4/embed/ HTTP/1.1" 200 10973 "-" "Mozilla/5.0 AppleWebKit/537.36 (KHTML, like Gecko; compatible; GPTBot/1.2; +https://openai.com/gptbot)"
140.238.59.22 - - [23/Nov/2024:18:05:35 +0800] "GET /feed/ HTTP/1.1" 200 6804 "https://www.car32.tw/feed/" "FreshRSS/1.24.3 (Linux; https://freshrss.org)"
192.0.82.55 - - [23/Nov/2024:18:05:48 +0800] "HEAD / HTTP/1.1" 200 4000 "-" "jetmon/1.0 (Jetpack Site Uptime Monitor by WordPress.com)"
4.227.36.14 - - [23/Nov/2024:18:06:11 +0800] "GET /%e9%bb%83%e9%87%91%e7%b7%9a%e6%8f%9b%e5%ad%a3%e4%bf%9d%e9%a4%8a%e5%b0%8f%e6%95%99%e5%ae%a4/embed/ HTTP/1.1" 200 10974 "-" "Mozilla/5.0 AppleWebKit/537.36 (KHTML, like Gecko; compatible; GPTBot/1.2; +https://openai.com/gptbot)"
4.227.36.14 - - [23/Nov/2024:18:06:55 +0800] "GET /%e9%bb%83%e9%87%91%e7%b7%9a%e6%8f%9b%e5%ad%a3%e4%bf%9d%e9%a4%8a%e5%b0%8f%e6%95%99%e5%ae%a4/embed/ HTTP/1.1" 200 10971 "-" "Mozilla/5.0 AppleWebKit/537.36 (KHTML, like Gecko; compatible; GPTBot/1.2; +https://openai.com/gptbot)"
4.227.36.14 - - [23/Nov/2024:18:07:42 +0800] "GET /%e9%bb%83%e9%87%91%e7%b7%9a%e6%8f%9b%e5%ad%a3%e4%bf%9d%e9%a4%8a%e5%b0%8f%e6%95%99%e5%ae%a4/embed/ HTTP/1.1" 200 10974 "-" "Mozilla/5.0 AppleWebKit/537.36 (KHTML, like Gecko; compatible; GPTBot/1.2; +https://openai.com/gptbot)"
94.23.203.180 - - [23/Nov/2024:18:07:51 +0800] "GET /robots.txt HTTP/1.1" 200 3719 "-" "Mozilla/5.0 (compatible; MJ12bot/v1.4.8; http://mj12bot.com/)"
94.23.203.180 - - [23/Nov/2024:18:07:55 +0800] "GET /%E6%B1%BD%E8%BB%8A%E9%9D%88%E9%AD%82%E4%B9%8B%E7%AA%97%E9%A0%AD%E7%87%88%E7%A7%91%E6%8A%80%E9%80%B2%E5%8C%96%E8%AB%96/ HTTP/1.1" 200 14530 "-" "Mozilla/5.0 (compatible; MJ12bot/v1.4.8; http://mj12bot.com/)"
94.23.203.180 - - [23/Nov/2024:18:07:59 +0800] "GET /%E6%B1%BD%E8%BB%8A%E9%9D%88%E9%AD%82%E4%B9%8B%E7%AA%97%E9%A0%AD%E7%87%88%E7%A7%91%E6%8A%80%E9%80%B2%E5%8C%96%E8%AB%96/?share=facebook HTTP/1.1" 302 699 "-" "Mozilla/5.0 (compatible; MJ12bot/v1.4.8; http://mj12bot.com/)"
94.23.203.180 - - [23/Nov/2024:18:08:12 +0800] "GET /%E6%B1%BD%E8%BB%8A%E9%9D%88%E9%AD%82%E4%B9%8B%E7%AA%97%E9%A0%AD%E7%87%88%E7%A7%91%E6%8A%80%E9%80%B2%E5%8C%96%E8%AB%96/?share=jetpack-whatsapp HTTP/1.1" 302 3924 "-" "Mozilla/5.0 (compatible; MJ12bot/v1.4.8; http://mj12bot.com/)"
114.119.156.227 - - [23/Nov/2024:18:08:19 +0800] "GET /?paged=2 HTTP/1.1" 301 581 "http://www.car32.tw/?paged=2" "Mozilla/5.0 (Linux; Android 7.0;) AppleWebKit/537.36 (KHTML, like Gecko) Mobile Safari/537.36 (compatible; PetalBot;+https://webmaster.petalsearch.com/site/petalbot)"
114.119.156.227 - - [23/Nov/2024:18:08:20 +0800] "GET /?paged=2 HTTP/1.1" 301 3991 "http://www.car32.tw/?paged=2" "Mozilla/5.0 (Linux; Android 7.0;) AppleWebKit/537.36 (KHTML, like Gecko) Mobile Safari/537.36 (compatible; PetalBot;+https://webmaster.petalsearch.com/site/petalbot)"
114.119.156.227 - - [23/Nov/2024:18:08:20 +0800] "GET /page/2/ HTTP/1.1" 200 26329 "http://www.car32.tw/?paged=2" "Mozilla/5.0 (Linux; Android 7.0;) AppleWebKit/537.36 (KHTML, like Gecko) Mobile Safari/537.36 (compatible; PetalBot;+https://webmaster.petalsearch.com/site/petalbot)"
94.23.203.180 - - [23/Nov/2024:18:08:29 +0800] "GET /%E6%B1%BD%E8%BB%8A%E9%9D%88%E9%AD%82%E4%B9%8B%E7%AA%97%E9%A0%AD%E7%87%88%E7%A7%91%E6%8A%80%E9%80%B2%E5%8C%96%E8%AB%96/?share=linkedin HTTP/1.1" 302 3829 "-" "Mozilla/5.0 (compatible; MJ12bot/v1.4.8; http://mj12bot.com/)"
4.227.36.14 - - [23/Nov/2024:18:08:29 +0800] "GET /%e9%bb%83%e9%87%91%e7%b7%9a%e6%8f%9b%e5%ad%a3%e4%bf%9d%e9%a4%8a%e5%b0%8f%e6%95%99%e5%ae%a4/embed/ HTTP/1.1" 200 10973 "-" "Mozilla/5.0 AppleWebKit/537.36 (KHTML, like Gecko; compatible; GPTBot/1.2; +https://openai.com/gptbot)"
94.23.203.180 - - [23/Nov/2024:18:08:54 +0800] "GET /%E6%B1%BD%E8%BB%8A%E9%9D%88%E9%AD%82%E4%B9%8B%E7%AA%97%E9%A0%AD%E7%87%88%E7%A7%91%E6%8A%80%E9%80%B2%E5%8C%96%E8%AB%96/?share=twitter HTTP/1.1" 302 3929 "-" "Mozilla/5.0 (compatible; MJ12bot/v1.4.8; http://mj12bot.com/)"
94.23.203.180 - - [23/Nov/2024:18:09:04 +0800] "GET /%E6%B1%BD%E8%BB%8A%E9%9D%88%E9%AD%82%E4%B9%8B%E7%AA%97%E9%A0%AD%E7%87%88%E7%A7%91%E6%8A%80%E9%80%B2%E5%8C%96%E8%AB%96/feed/ HTTP/1.1" 200 4477 "-" "Mozilla/5.0 (compatible; MJ12bot/v1.4.8; http://mj12bot.com/)"
4.227.36.14 - - [23/Nov/2024:18:09:08 +0800] "GET /%e9%bb%83%e9%87%91%e7%b7%9a%e6%8f%9b%e5%ad%a3%e4%bf%9d%e9%a4%8a%e5%b0%8f%e6%95%99%e5%ae%a4/embed/ HTTP/1.1" 200 10974 "-" "Mozilla/5.0 AppleWebKit/537.36 (KHTML, like Gecko; compatible; GPTBot/1.2; +https://openai.com/gptbot)"
94.23.203.180 - - [23/Nov/2024:18:09:09 +0800] "GET /%E7%8D%A8%E7%AB%8B%E8%BB%8A%E5%BB%A0%E5%8D%B3%E5%B0%87%E9%80%B2%E5%85%A5%E4%B8%8B%E4%B8%80%E5%80%8B%E9%9A%8E%E6%AE%B5/feed/ HTTP/1.1" 200 1241 "-" "Mozilla/5.0 (compatible; MJ12bot/v1.4.8; http://mj12bot.com/)"
94.23.203.180 - - [23/Nov/2024:18:09:12 +0800] "GET /%E8%A8%88%E7%95%AB%E6%B0%B8%E9%81%A0%E8%B6%95%E4%B8%8D%E4%B8%8A%E8%AE%8A%E5%8C%96/?share=linkedin HTTP/1.1" 302 496 "-" "Mozilla/5.0 (compatible; MJ12bot/v1.4.8; http://mj12bot.com/)"
220.135.127.108 - - [23/Nov/2024:18:09:28 +0800] "POST /wp-cron.php?doing_wp_cron=1732356568.2618889808654785156250 HTTP/1.1" 200 4050 "-" "WordPress/6.7.1; https://www.car32.tw"
94.23.203.180 - - [23/Nov/2024:18:09:28 +0800] "GET /%E8%BB%8A%E5%BB%A0%E5%94%AE%E5%BE%8C%E6%9C%8D%E5%8B%99%E8%A7%A3%E6%9E%90/feed/ HTTP/1.1" 200 4409 "-" "Mozilla/5.0 (compatible; MJ12bot/v1.4.8; http://mj12bot.com/)"
94.23.203.180 - - [23/Nov/2024:18:09:32 +0800] "GET /%E8%BF%8E%E6%8E%A5%E7%82%8E%E7%82%8E%E9%AB%98%E6%BA%AB%E4%BE%86%E8%87%A8/feed/ HTTP/1.1" 200 1171 "-" "Mozilla/5.0 (compatible; MJ12bot/v1.4.8; http://mj12bot.com/)"
94.23.203.180 - - [23/Nov/2024:18:09:36 +0800] "GET /%E9%96%8B%E8%BB%8A%E5%87%BA%E9%81%8A%E6%97%A5%E5%B8%B8%E4%BF%9D%E9%A4%8A%E4%B8%8D%E5%8F%AF%E5%B0%91/ HTTP/1.1" 200 14361 "-" "Mozilla/5.0 (compatible; MJ12bot/v1.4.8; http://mj12bot.com/)"
4.227.36.14 - - [23/Nov/2024:18:09:41 +0800] "GET /%e9%bb%83%e9%87%91%e7%b7%9a%e6%8f%9b%e5%ad%a3%e4%bf%9d%e9%a4%8a%e5%b0%8f%e6%95%99%e5%ae%a4/embed/ HTTP/1.1" 200 10973 "-" "Mozilla/5.0 AppleWebKit/537.36 (KHTML, like Gecko; compatible; GPTBot/1.2; +https://openai.com/gptbot)"
94.23.203.180 - - [23/Nov/2024:18:09:45 +0800] "GET /bmw-alpina-b5-gt%EF%BC%9A%E5%90%8C%E9%A1%9E%E7%94%A2%E5%93%81%E4%B8%AD%E7%9A%84%E6%9C%80%E5%BE%8C%E4%B8%80%E6%AC%BE%EF%BC%81/?share=facebook HTTP/1.1" 301 3607 "-" "Mozilla/5.0 (compatible; MJ12bot/v1.4.8; http://mj12bot.com/)"
94.23.203.180 - - [23/Nov/2024:18:09:53 +0800] "GET /bmw-alpina-b5-gt/ HTTP/1.1" 200 25346 "-" "Mozilla/5.0 (compatible; MJ12bot/v1.4.8; http://mj12bot.com/)"
94.23.203.180 - - [23/Nov/2024:18:10:01 +0800] "GET /bmw-alpina-b5-gt%EF%BC%9A%E5%90%8C%E9%A1%9E%E7%94%A2%E5%93%81%E4%B8%AD%E7%9A%84%E6%9C%80%E5%BE%8C%E4%B8%80%E6%AC%BE%EF%BC%81/?share=jetpack-whatsapp HTTP/1.1" 301 3607 "-" "Mozilla/5.0 (compatible; MJ12bot/v1.4.8; http://mj12bot.com/)"
94.23.203.180 - - [23/Nov/2024:18:10:04 +0800] "GET /bmw-alpina-b5-gt/ HTTP/1.1" 200 25346 "-" "Mozilla/5.0 (compatible; MJ12bot/v1.4.8; http://mj12bot.com/)"
94.23.203.180 - - [23/Nov/2024:18:10:09 +0800] "GET /bmw-alpina-b5-gt%EF%BC%9A%E5%90%8C%E9%A1%9E%E7%94%A2%E5%93%81%E4%B8%AD%E7%9A%84%E6%9C%80%E5%BE%8C%E4%B8%80%E6%AC%BE%EF%BC%81/?share=linkedin HTTP/1.1" 301 379 "-" "Mozilla/5.0 (compatible; MJ12bot/v1.4.8; http://mj12bot.com/)"
94.23.203.180 - - [23/Nov/2024:18:10:17 +0800] "GET /bmw-alpina-b5-gt/ HTTP/1.1" 200 25345 "-" "Mozilla/5.0 (compatible; MJ12bot/v1.4.8; http://mj12bot.com/)"
4.227.36.14 - - [23/Nov/2024:18:10:20 +0800] "GET /%e9%bb%83%e9%87%91%e7%b7%9a%e6%8f%9b%e5%ad%a3%e4%bf%9d%e9%a4%8a%e5%b0%8f%e6%95%99%e5%ae%a4/embed/ HTTP/1.1" 200 10972 "-" "Mozilla/5.0 AppleWebKit/537.36 (KHTML, like Gecko; compatible; GPTBot/1.2; +https://openai.com/gptbot)"
94.23.203.180 - - [23/Nov/2024:18:10:28 +0800] "GET /bmw-alpina-b5-gt%EF%BC%9A%E5%90%8C%E9%A1%9E%E7%94%A2%E5%93%81%E4%B8%AD%E7%9A%84%E6%9C%80%E5%BE%8C%E4%B8%80%E6%AC%BE%EF%BC%81/?share=twitter HTTP/1.1" 301 3607 "-" "Mozilla/5.0 (compatible; MJ12bot/v1.4.8; http://mj12bot.com/)"
220.135.127.108 - - [23/Nov/2024:18:10:33 +0800] "POST /wp-cron.php?doing_wp_cron=1732356633.7168219089508056640625 HTTP/1.1" 200 4050 "-" "WordPress/6.7.1; https://www.car32.tw"
94.23.203.180 - - [23/Nov/2024:18:10:33 +0800] "GET /bmw-alpina-b5-gt/ HTTP/1.1" 200 25346 "-" "Mozilla/5.0 (compatible; MJ12bot/v1.4.8; http://mj12bot.com/)"
94.23.203.180 - - [23/Nov/2024:18:10:36 +0800] "GET /bmw-alpina-b5-gt%EF%BC%9A%E5%90%8C%E9%A1%9E%E7%94%A2%E5%93%81%E4%B8%AD%E7%9A%84%E6%9C%80%E5%BE%8C%E4%B8%80%E6%AC%BE%EF%BC%81/feed/ HTTP/1.1" 200 932 "-" "Mozilla/5.0 (compatible; MJ12bot/v1.4.8; http://mj12bot.com/)"
94.23.203.180 - - [23/Nov/2024:18:10:38 +0800] "GET /bmw-alpina-b5-gt%EF%BC%9A%E5%90%8C%E9%A1%9E%E7%94%A2%E5%93%81%E4%B8%AD%E7%9A%84%E6%9C%80%E5%BE%8C%E4%B8%80%E6%AC%BE%EF%BC%81/ HTTP/1.1" 301 379 "-" "Mozilla/5.0 (compatible; MJ12bot/v1.4.8; http://mj12bot.com/)"
94.23.203.180 - - [23/Nov/2024:18:10:42 +0800] "GET /bmw-alpina-b5-gt/ HTTP/1.1" 200 25345 "-" "Mozilla/5.0 (compatible; MJ12bot/v1.4.8; http://mj12bot.com/)"
94.23.203.180 - - [23/Nov/2024:18:10:44 +0800] "GET /category/%E4%BF%9D%E9%A4%8A%E8%A7%80%E5%BF%B5/page/11/ HTTP/1.1" 200 22379 "-" "Mozilla/5.0 (compatible; MJ12bot/v1.4.8; http://mj12bot.com/)"
94.23.203.180 - - [23/Nov/2024:18:10:47 +0800] "GET /category/%E4%BF%9D%E9%A4%8A%E8%A7%80%E5%BF%B5/page/15/ HTTP/1.1" 200 14362 "-" "Mozilla/5.0 (compatible; MJ12bot/v1.4.8; http://mj12bot.com/)"
192.0.82.55 - - [23/Nov/2024:18:10:48 +0800] "HEAD / HTTP/1.1" 200 4000 "-" "jetmon/1.0 (Jetpack Site Uptime Monitor by WordPress.com)"
94.23.203.180 - - [23/Nov/2024:18:10:49 +0800] "GET /category/%E5%93%81%E7%89%8C%E7%9B%B8%E9%97%9C/page/11/ HTTP/1.1" 200 14587 "-" "Mozilla/5.0 (compatible; MJ12bot/v1.4.8; http://mj12bot.com/)"
94.23.203.180 - - [23/Nov/2024:18:10:51 +0800] "GET /category/%E5%93%81%E7%89%8C%E7%9B%B8%E9%97%9C/page/7/ HTTP/1.1" 200 32176 "-" "Mozilla/5.0 (compatible; MJ12bot/v1.4.8; http://mj12bot.com/)"
94.23.203.180 - - [23/Nov/2024:18:10:54 +0800] "GET /category/%E5%BF%83%E5%BE%97%E5%88%86%E4%BA%AB/page/7/ HTTP/1.1" 200 27750 "-" "Mozilla/5.0 (compatible; MJ12bot/v1.4.8; http://mj12bot.com/)"
94.23.203.180 - - [23/Nov/2024:18:10:56 +0800] "GET /category/%E6%87%89%E7%94%A8%E8%A7%80%E5%BF%B5/page/11/ HTTP/1.1" 200 18119 "-" "Mozilla/5.0 (compatible; MJ12bot/v1.4.8; http://mj12bot.com/)"
94.23.203.180 - - [23/Nov/2024:18:10:59 +0800] "GET /category/%E6%87%89%E7%94%A8%E8%A7%80%E5%BF%B5/page/7/ HTTP/1.1" 200 27366 "-" "Mozilla/5.0 (compatible; MJ12bot/v1.4.8; http://mj12bot.com/)"
94.23.203.180 - - [23/Nov/2024:18:11:01 +0800] "GET /category/%E7%B6%AD%E4%BF%AE%E8%A7%80%E5%BF%B5/page/6/ HTTP/1.1" 200 14712 "-" "Mozilla/5.0 (compatible; MJ12bot/v1.4.8; http://mj12bot.com/)"
4.227.36.14 - - [23/Nov/2024:18:11:01 +0800] "GET /%e9%bb%83%e9%87%91%e7%b7%9a%e6%8f%9b%e5%ad%a3%e4%bf%9d%e9%a4%8a%e5%b0%8f%e6%95%99%e5%ae%a4/embed/ HTTP/1.1" 200 10971 "-" "Mozilla/5.0 AppleWebKit/537.36 (KHTML, like Gecko; compatible; GPTBot/1.2; +https://openai.com/gptbot)"
94.23.203.180 - - [23/Nov/2024:18:11:04 +0800] "GET /tag/%E6%9A%96%E6%B0%A3/feed/ HTTP/1.1" 200 1560 "-" "Mozilla/5.0 (compatible; MJ12bot/v1.4.8; http://mj12bot.com/)"
94.23.203.180 - - [23/Nov/2024:18:11:07 +0800] "GET /tag/%E7%B6%AD%E4%BF%AE%E5%B7%A5%E6%99%82/feed/ HTTP/1.1" 200 1534 "-" "Mozilla/5.0 (compatible; MJ12bot/v1.4.8; http://mj12bot.com/)"
94.23.203.180 - - [23/Nov/2024:18:11:09 +0800] "GET /tag/%E9%8D%8D%E8%86%9C/feed/ HTTP/1.1" 200 1599 "-" "Mozilla/5.0 (compatible; MJ12bot/v1.4.8; http://mj12bot.com/)"
94.23.203.180 - - [23/Nov/2024:18:11:11 +0800] "GET /tag/%E5%9C%B0%E7%90%83%E9%BB%83%E9%87%91%E7%B7%9A/page/11/ HTTP/1.1" 200 14921 "-" "Mozilla/5.0 (compatible; MJ12bot/v1.4.8; http://mj12bot.com/)"
94.23.203.180 - - [23/Nov/2024:18:11:16 +0800] "GET /tag/%E5%9C%B0%E7%90%83%E9%BB%83%E9%87%91%E7%B7%9A/page/7/ HTTP/1.1" 200 14477 "-" "Mozilla/5.0 (compatible; MJ12bot/v1.4.8; http://mj12bot.com/)"
94.23.203.180 - - [23/Nov/2024:18:11:19 +0800] "GET /tag/%E6%9A%96%E6%B0%A3/ HTTP/1.1" 200 13663 "-" "Mozilla/5.0 (compatible; MJ12bot/v1.4.8; http://mj12bot.com/)"
94.23.203.180 - - [23/Nov/2024:18:11:21 +0800] "GET /tag/%E7%B6%AD%E4%BF%AE%E5%B7%A5%E6%99%82/ HTTP/1.1" 200 13591 "-" "Mozilla/5.0 (compatible; MJ12bot/v1.4.8; http://mj12bot.com/)"
94.23.203.180 - - [23/Nov/2024:18:11:23 +0800] "GET /tag/%E9%8D%8D%E8%86%9C/ HTTP/1.1" 200 14188 "-" "Mozilla/5.0 (compatible; MJ12bot/v1.4.8; http://mj12bot.com/)"
94.23.203.180 - - [23/Nov/2024:18:11:27 +0800] "GET /%E7%8D%A8%E7%AB%8B%E8%BB%8A%E5%BB%A0%E5%8D%B3%E5%B0%87%E9%80%B2%E5%85%A5%E4%B8%8B%E4%B8%80%E5%80%8B%E9%9A%8E%E6%AE%B5/ HTTP/1.1" 200 19349 "-" "Mozilla/5.0 (compatible; MJ12bot/v1.4.8; http://mj12bot.com/)"
94.23.203.180 - - [23/Nov/2024:18:11:29 +0800] "GET /%E8%BB%8A%E5%BB%A0%E5%94%AE%E5%BE%8C%E6%9C%8D%E5%8B%99%E8%A7%A3%E6%9E%90/ HTTP/1.1" 200 14983 "-" "Mozilla/5.0 (compatible; MJ12bot/v1.4.8; http://mj12bot.com/)"
94.23.203.180 - - [23/Nov/2024:18:11:32 +0800] "GET /%E8%BF%8E%E6%8E%A5%E7%82%8E%E7%82%8E%E9%AB%98%E6%BA%AB%E4%BE%86%E8%87%A8/ HTTP/1.1" 200 14752 "-" "Mozilla/5.0 (compatible; MJ12bot/v1.4.8; http://mj12bot.com/)"
4.227.36.14 - - [23/Nov/2024:18:11:36 +0800] "GET /%e9%bb%83%e9%87%91%e7%b7%9a%e6%8f%9b%e5%ad%a3%e4%bf%9d%e9%a4%8a%e5%b0%8f%e6%95%99%e5%ae%a4/embed/ HTTP/1.1" 200 10973 "-" "Mozilla/5.0 AppleWebKit/537.36 (KHTML, like Gecko; compatible; GPTBot/1.2; +https://openai.com/gptbot)"
3.135.219.153 - - [23/Nov/2024:18:11:44 +0800] "GET /the-bmw-alpina-xd3-and-xd4/feed HTTP/1.1" 301 4187 "-" "Mozilla/5.0 AppleWebKit/537.36 (KHTML, like Gecko; compatible; ClaudeBot/1.0; +claudebot@anthropic.com)"
3.135.219.153 - - [23/Nov/2024:18:11:45 +0800] "GET /the-bmw-alpina-xd3-and-xd4/feed/ HTTP/1.1" 200 4837 "https://car32.tw/the-bmw-alpina-xd3-and-xd4/feed" "Mozilla/5.0 AppleWebKit/537.36 (KHTML, like Gecko; compatible; ClaudeBot/1.0; +claudebot@anthropic.com)"
61.56.170.146 - - [23/Nov/2024:18:11:54 +0800] "GET /tag/%E5%A4%A9%E5%86%B7%E7%9A%84%E6%8F%9B%E6%AA%94%E4%B8%8D%E9%A0%86/ HTTP/1.1" 200 25470 "https://www.google.com/" "Mozilla/5.0 (iPhone; CPU iPhone OS 17_6_1 like Mac OS X) AppleWebKit/605.1.15 (KHTML, like Gecko) Version/17.6 Mobile/15E148 Safari/604.1"
61.56.170.146 - - [23/Nov/2024:18:11:55 +0800] "GET /wp-content/themes/twentytwelve/fonts/font-open-sans.css?ver=20230328 HTTP/1.1" 200 1288 "https://www.car32.tw/tag/%E5%A4%A9%E5%86%B7%E7%9A%84%E6%8F%9B%E6%AA%94%E4%B8%8D%E9%A0%86/" "Mozilla/5.0 (iPhone; CPU iPhone OS 17_6_1 like Mac OS X) AppleWebKit/605.1.15 (KHTML, like Gecko) Version/17.6 Mobile/15E148 Safari/604.1"
61.56.170.146 - - [23/Nov/2024:18:11:55 +0800] "GET /wp-content/themes/twentytwelve/js/navigation.js?ver=20141205 HTTP/1.1" 200 4770 "https://www.car32.tw/tag/%E5%A4%A9%E5%86%B7%E7%9A%84%E6%8F%9B%E6%AA%94%E4%B8%8D%E9%A0%86/" "Mozilla/5.0 (iPhone; CPU iPhone OS 17_6_1 like Mac OS X) AppleWebKit/605.1.15 (KHTML, like Gecko) Version/17.6 Mobile/15E148 Safari/604.1"
61.56.170.146 - - [23/Nov/2024:18:11:55 +0800] "GET /wp-content/themes/twentytwelve/css/blocks.css?ver=20240603 HTTP/1.1" 200 6035 "https://www.car32.tw/tag/%E5%A4%A9%E5%86%B7%E7%9A%84%E6%8F%9B%E6%AA%94%E4%B8%8D%E9%A0%86/" "Mozilla/5.0 (iPhone; CPU iPhone OS 17_6_1 like Mac OS X) AppleWebKit/605.1.15 (KHTML, like Gecko) Version/17.6 Mobile/15E148 Safari/604.1"
61.56.170.146 - - [23/Nov/2024:18:11:55 +0800] "GET /wp-content/themes/twentytwelve/style.css?ver=20240716 HTTP/1.1" 200 12423 "https://www.car32.tw/tag/%E5%A4%A9%E5%86%B7%E7%9A%84%E6%8F%9B%E6%AA%94%E4%B8%8D%E9%A0%86/" "Mozilla/5.0 (iPhone; CPU iPhone OS 17_6_1 like Mac OS X) AppleWebKit/605.1.15 (KHTML, like Gecko) Version/17.6 Mobile/15E148 Safari/604.1"
61.56.170.146 - - [23/Nov/2024:18:11:55 +0800] "GET /wp-content/themes/twentytwelve/fonts/open-sans/open-sans-latin-400-normal.woff2?ver=34 HTTP/1.1" 200 17094 "https://www.car32.tw/tag/%E5%A4%A9%E5%86%B7%E7%9A%84%E6%8F%9B%E6%AA%94%E4%B8%8D%E9%A0%86/" "Mozilla/5.0 (iPhone; CPU iPhone OS 17_6_1 like Mac OS X) AppleWebKit/605.1.15 (KHTML, like Gecko) Version/17.6 Mobile/15E148 Safari/604.1"
61.56.170.146 - - [23/Nov/2024:18:11:55 +0800] "GET /wp-content/themes/twentytwelve/fonts/open-sans/open-sans-latin-700-normal.woff2?ver=34 HTTP/1.1" 200 16704 "https://www.car32.tw/tag/%E5%A4%A9%E5%86%B7%E7%9A%84%E6%8F%9B%E6%AA%94%E4%B8%8D%E9%A0%86/" "Mozilla/5.0 (iPhone; CPU iPhone OS 17_6_1 like Mac OS X) AppleWebKit/605.1.15 (KHTML, like Gecko) Version/17.6 Mobile/15E148 Safari/604.1"
61.56.170.146 - - [23/Nov/2024:18:11:55 +0800] "GET /wp-content/themes/twentytwelve/fonts/open-sans/open-sans-latin-400-italic.woff2?ver=34 HTTP/1.1" 200 18174 "https://www.car32.tw/tag/%E5%A4%A9%E5%86%B7%E7%9A%84%E6%8F%9B%E6%AA%94%E4%B8%8D%E9%A0%86/" "Mozilla/5.0 (iPhone; CPU iPhone OS 17_6_1 like Mac OS X) AppleWebKit/605.1.15 (KHTML, like Gecko) Version/17.6 Mobile/15E148 Safari/604.1"
61.56.170.146 - - [23/Nov/2024:18:11:56 +0800] "POST /?ob=open-bridge/events HTTP/1.1" 200 520 "https://www.car32.tw/tag/%E5%A4%A9%E5%86%B7%E7%9A%84%E6%8F%9B%E6%AA%94%E4%B8%8D%E9%A0%86/" "Mozilla/5.0 (iPhone; CPU iPhone OS 17_6_1 like Mac OS X) AppleWebKit/605.1.15 (KHTML, like Gecko) Version/17.6 Mobile/15E148 Safari/604.1"
4.227.36.14 - - [23/Nov/2024:18:12:16 +0800] "GET /%e9%bb%83%e9%87%91%e7%b7%9a%e6%8f%9b%e5%ad%a3%e4%bf%9d%e9%a4%8a%e5%b0%8f%e6%95%99%e5%ae%a4/embed/ HTTP/1.1" 200 10973 "-" "Mozilla/5.0 AppleWebKit/537.36 (KHTML, like Gecko; compatible; GPTBot/1.2; +https://openai.com/gptbot)"
4.227.36.14 - - [23/Nov/2024:18:12:59 +0800] "GET /%e9%bb%83%e9%87%91%e7%b7%9a%e6%8f%9b%e5%ad%a3%e4%bf%9d%e9%a4%8a%e5%b0%8f%e6%95%99%e5%ae%a4/embed/ HTTP/1.1" 200 10972 "-" "Mozilla/5.0 AppleWebKit/537.36 (KHTML, like Gecko; compatible; GPTBot/1.2; +https://openai.com/gptbot)"
4.227.36.14 - - [23/Nov/2024:18:13:38 +0800] "GET /%e9%bb%83%e9%87%91%e7%b7%9a%e6%8f%9b%e5%ad%a3%e4%bf%9d%e9%a4%8a%e5%b0%8f%e6%95%99%e5%ae%a4/embed/ HTTP/1.1" 200 10972 "-" "Mozilla/5.0 AppleWebKit/537.36 (KHTML, like Gecko; compatible; GPTBot/1.2; +https://openai.com/gptbot)"
4.227.36.14 - - [23/Nov/2024:18:14:18 +0800] "GET /%e9%bb%83%e9%87%91%e7%b7%9a%e6%8f%9b%e5%ad%a3%e4%bf%9d%e9%a4%8a%e5%b0%8f%e6%95%99%e5%ae%a4/embed/ HTTP/1.1" 200 10974 "-" "Mozilla/5.0 AppleWebKit/537.36 (KHTML, like Gecko; compatible; GPTBot/1.2; +https://openai.com/gptbot)"
220.135.127.108 - - [23/Nov/2024:18:14:28 +0800] "POST /wp-cron.php?doing_wp_cron=1732356868.8657090663909912109375 HTTP/1.1" 200 4050 "-" "WordPress/6.7.1; https://www.car32.tw"
3.142.43.244 - - [23/Nov/2024:18:14:28 +0800] "GET /wp-json/wp/v2/posts/564 HTTP/1.1" 200 41147 "-" "Mozilla/5.0 AppleWebKit/537.36 (KHTML, like Gecko; compatible; ClaudeBot/1.0; +claudebot@anthropic.com)"
40.77.167.77 - - [23/Nov/2024:18:14:30 +0800] "GET /%E5%BC%95%E6%93%8E%E5%90%83%E6%A9%9F%E6%B2%B9-%E6%80%8E%E6%A8%A3%E7%AE%97%E5%9A%B4%E9%87%8D-%E8%A9%B2%E5%A6%82%E4%BD%95%E8%99%95%E7%90%86/ HTTP/1.1" 200 18302 "-" "Mozilla/5.0 AppleWebKit/537.36 (KHTML, like Gecko; compatible; bingbot/2.0; +http://www.bing.com/bingbot.htm) Chrome/116.0.1938.76 Safari/537.36"
40.77.167.21 - - [23/Nov/2024:18:14:58 +0800] "GET /wp-content/themes/twentytwelve/js/navigation.js?ver=20141205 HTTP/1.1" 200 4795 "-" "Mozilla/5.0 AppleWebKit/537.36 (KHTML, like Gecko; compatible; bingbot/2.0; +http://www.bing.com/bingbot.htm) Chrome/116.0.1938.76 Safari/537.36"
40.77.167.21 - - [23/Nov/2024:18:14:59 +0800] "GET /wp-content/themes/twentytwelve/style.css?ver=20240716 HTTP/1.1" 200 8625 "-" "Mozilla/5.0 AppleWebKit/537.36 (KHTML, like Gecko; compatible; bingbot/2.0; +http://www.bing.com/bingbot.htm) Chrome/116.0.1938.76 Safari/537.36"
52.167.144.161 - - [23/Nov/2024:18:15:04 +0800] "GET /wp-content/themes/twentytwelve/css/blocks.css?ver=20240603 HTTP/1.1" 200 6060 "-" "Mozilla/5.0 AppleWebKit/537.36 (KHTML, like Gecko; compatible; bingbot/2.0; +http://www.bing.com/bingbot.htm) Chrome/116.0.1938.76 Safari/537.36"
52.167.144.161 - - [23/Nov/2024:18:15:05 +0800] "GET /%E5%BC%95%E6%93%8E%E5%90%83%E6%A9%9F%E6%B2%B9-%E6%80%8E%E6%A8%A3%E7%AE%97%E5%9A%B4%E9%87%8D-%E8%A9%B2%E5%A6%82%E4%BD%95%E8%99%95%E7%90%86/?relatedposts=1 HTTP/1.1" 200 4385 "-" "Mozilla/5.0 AppleWebKit/537.36 (KHTML, like Gecko; compatible; bingbot/2.0; +http://www.bing.com/bingbot.htm) Chrome/116.0.1938.76 Safari/537.36"
4.227.36.14 - - [23/Nov/2024:18:15:05 +0800] "GET /%e9%bb%83%e9%87%91%e7%b7%9a%e6%8f%9b%e5%ad%a3%e4%bf%9d%e9%a4%8a%e5%b0%8f%e6%95%99%e5%ae%a4/embed/ HTTP/1.1" 200 10973 "-" "Mozilla/5.0 AppleWebKit/537.36 (KHTML, like Gecko; compatible; GPTBot/1.2; +https://openai.com/gptbot)"
40.77.167.77 - - [23/Nov/2024:18:15:10 +0800] "GET /wp-content/themes/twentytwelve/fonts/font-open-sans.css?ver=20230328 HTTP/1.1" 200 5056 "-" "Mozilla/5.0 AppleWebKit/537.36 (KHTML, like Gecko; compatible; bingbot/2.0; +http://www.bing.com/bingbot.htm) Chrome/116.0.1938.76 Safari/537.36"
40.77.167.77 - - [23/Nov/2024:18:15:11 +0800] "GET /wp-includes/js/wp-emoji-release.min.js?ver=6.7.1 HTTP/1.1" 200 5424 "-" "Mozilla/5.0 AppleWebKit/537.36 (KHTML, like Gecko; compatible; bingbot/2.0; +http://www.bing.com/bingbot.htm) Chrome/116.0.1938.76 Safari/537.36"
220.135.127.108 - - [23/Nov/2024:18:15:49 +0800] "POST /wp-cron.php?doing_wp_cron=1732356949.2114191055297851562500 HTTP/1.1" 200 4050 "-" "WordPress/6.7.1; https://www.car32.tw"
192.0.82.55 - - [23/Nov/2024:18:15:49 +0800] "HEAD / HTTP/1.1" 200 4000 "-" "jetmon/1.0 (Jetpack Site Uptime Monitor by WordPress.com)"
