4.227.36.14 - - [24/Nov/2024:00:16:34 +0800] "GET /%e9%bb%83%e9%87%91%e7%b7%9a%e6%8f%9b%e5%ad%a3%e4%bf%9d%e9%a4%8a%e5%b0%8f%e6%95%99%e5%ae%a4/embed/ HTTP/1.1" 200 10972 "-" "Mozilla/5.0 AppleWebKit/537.36 (KHTML, like Gecko; compatible; GPTBot/1.2; +https://openai.com/gptbot)"
4.227.36.14 - - [24/Nov/2024:00:16:41 +0800] "GET /%e9%bb%83%e9%87%91%e7%b7%9a%e6%8f%9b%e5%ad%a3%e4%bf%9d%e9%a4%8a%e5%b0%8f%e6%95%99%e5%ae%a4/embed/ HTTP/1.1" 200 10973 "-" "Mozilla/5.0 AppleWebKit/537.36 (KHTML, like Gecko; compatible; GPTBot/1.2; +https://openai.com/gptbot)"
4.227.36.14 - - [24/Nov/2024:00:16:55 +0800] "GET /%e9%bb%83%e9%87%91%e7%b7%9a%e6%8f%9b%e5%ad%a3%e4%bf%9d%e9%a4%8a%e5%b0%8f%e6%95%99%e5%ae%a4/embed/ HTTP/1.1" 200 10973 "-" "Mozilla/5.0 AppleWebKit/537.36 (KHTML, like Gecko; compatible; GPTBot/1.2; +https://openai.com/gptbot)"
4.227.36.14 - - [24/Nov/2024:00:17:01 +0800] "GET /%e9%bb%83%e9%87%91%e7%b7%9a%e6%8f%9b%e5%ad%a3%e4%bf%9d%e9%a4%8a%e5%b0%8f%e6%95%99%e5%ae%a4/embed/ HTTP/1.1" 200 10972 "-" "Mozilla/5.0 AppleWebKit/537.36 (KHTML, like Gecko; compatible; GPTBot/1.2; +https://openai.com/gptbot)"
4.227.36.14 - - [24/Nov/2024:00:17:11 +0800] "GET /%e9%bb%83%e9%87%91%e7%b7%9a%e6%8f%9b%e5%ad%a3%e4%bf%9d%e9%a4%8a%e5%b0%8f%e6%95%99%e5%ae%a4/embed/ HTTP/1.1" 200 10973 "-" "Mozilla/5.0 AppleWebKit/537.36 (KHTML, like Gecko; compatible; GPTBot/1.2; +https://openai.com/gptbot)"
4.227.36.14 - - [24/Nov/2024:00:17:17 +0800] "GET /%e9%bb%83%e9%87%91%e7%b7%9a%e6%8f%9b%e5%ad%a3%e4%bf%9d%e9%a4%8a%e5%b0%8f%e6%95%99%e5%ae%a4/embed/ HTTP/1.1" 200 10972 "-" "Mozilla/5.0 AppleWebKit/537.36 (KHTML, like Gecko; compatible; GPTBot/1.2; +https://openai.com/gptbot)"
4.227.36.14 - - [24/Nov/2024:00:17:25 +0800] "GET /%e9%bb%83%e9%87%91%e7%b7%9a%e6%8f%9b%e5%ad%a3%e4%bf%9d%e9%a4%8a%e5%b0%8f%e6%95%99%e5%ae%a4/embed/ HTTP/1.1" 200 10973 "-" "Mozilla/5.0 AppleWebKit/537.36 (KHTML, like Gecko; compatible; GPTBot/1.2; +https://openai.com/gptbot)"
4.227.36.14 - - [24/Nov/2024:00:17:31 +0800] "GET /%e9%bb%83%e9%87%91%e7%b7%9a%e6%8f%9b%e5%ad%a3%e4%bf%9d%e9%a4%8a%e5%b0%8f%e6%95%99%e5%ae%a4/embed/ HTTP/1.1" 200 10973 "-" "Mozilla/5.0 AppleWebKit/537.36 (KHTML, like Gecko; compatible; GPTBot/1.2; +https://openai.com/gptbot)"
4.227.36.14 - - [24/Nov/2024:00:18:02 +0800] "GET /%e9%bb%83%e9%87%91%e7%b7%9a%e6%8f%9b%e5%ad%a3%e4%bf%9d%e9%a4%8a%e5%b0%8f%e6%95%99%e5%ae%a4/embed/ HTTP/1.1" 200 10973 "-" "Mozilla/5.0 AppleWebKit/537.36 (KHTML, like Gecko; compatible; GPTBot/1.2; +https://openai.com/gptbot)"
4.227.36.14 - - [24/Nov/2024:00:18:13 +0800] "GET /%e9%bb%83%e9%87%91%e7%b7%9a%e6%8f%9b%e5%ad%a3%e4%bf%9d%e9%a4%8a%e5%b0%8f%e6%95%99%e5%ae%a4/embed/ HTTP/1.1" 200 10973 "-" "Mozilla/5.0 AppleWebKit/537.36 (KHTML, like Gecko; compatible; GPTBot/1.2; +https://openai.com/gptbot)"
4.227.36.14 - - [24/Nov/2024:00:18:19 +0800] "GET /%e9%bb%83%e9%87%91%e7%b7%9a%e6%8f%9b%e5%ad%a3%e4%bf%9d%e9%a4%8a%e5%b0%8f%e6%95%99%e5%ae%a4/embed/ HTTP/1.1" 200 10972 "-" "Mozilla/5.0 AppleWebKit/537.36 (KHTML, like Gecko; compatible; GPTBot/1.2; +https://openai.com/gptbot)"
4.227.36.14 - - [24/Nov/2024:00:18:27 +0800] "GET /%e9%bb%83%e9%87%91%e7%b7%9a%e6%8f%9b%e5%ad%a3%e4%bf%9d%e9%a4%8a%e5%b0%8f%e6%95%99%e5%ae%a4/embed/ HTTP/1.1" 200 10974 "-" "Mozilla/5.0 AppleWebKit/537.36 (KHTML, like Gecko; compatible; GPTBot/1.2; +https://openai.com/gptbot)"
4.227.36.14 - - [24/Nov/2024:00:18:32 +0800] "GET /%e9%bb%83%e9%87%91%e7%b7%9a%e6%8f%9b%e5%ad%a3%e4%bf%9d%e9%a4%8a%e5%b0%8f%e6%95%99%e5%ae%a4/embed/ HTTP/1.1" 200 10972 "-" "Mozilla/5.0 AppleWebKit/537.36 (KHTML, like Gecko; compatible; GPTBot/1.2; +https://openai.com/gptbot)"
4.227.36.14 - - [24/Nov/2024:00:18:44 +0800] "GET /%e9%bb%83%e9%87%91%e7%b7%9a%e6%8f%9b%e5%ad%a3%e4%bf%9d%e9%a4%8a%e5%b0%8f%e6%95%99%e5%ae%a4/embed/ HTTP/1.1" 200 10974 "-" "Mozilla/5.0 AppleWebKit/537.36 (KHTML, like Gecko; compatible; GPTBot/1.2; +https://openai.com/gptbot)"
4.227.36.14 - - [24/Nov/2024:00:18:50 +0800] "GET /%e9%bb%83%e9%87%91%e7%b7%9a%e6%8f%9b%e5%ad%a3%e4%bf%9d%e9%a4%8a%e5%b0%8f%e6%95%99%e5%ae%a4/embed/ HTTP/1.1" 200 10973 "-" "Mozilla/5.0 AppleWebKit/537.36 (KHTML, like Gecko; compatible; GPTBot/1.2; +https://openai.com/gptbot)"
4.227.36.14 - - [24/Nov/2024:00:18:58 +0800] "GET /%e9%bb%83%e9%87%91%e7%b7%9a%e6%8f%9b%e5%ad%a3%e4%bf%9d%e9%a4%8a%e5%b0%8f%e6%95%99%e5%ae%a4/embed/ HTTP/1.1" 200 10972 "-" "Mozilla/5.0 AppleWebKit/537.36 (KHTML, like Gecko; compatible; GPTBot/1.2; +https://openai.com/gptbot)"
4.227.36.14 - - [24/Nov/2024:00:19:05 +0800] "GET /%e9%bb%83%e9%87%91%e7%b7%9a%e6%8f%9b%e5%ad%a3%e4%bf%9d%e9%a4%8a%e5%b0%8f%e6%95%99%e5%ae%a4/embed/ HTTP/1.1" 200 10971 "-" "Mozilla/5.0 AppleWebKit/537.36 (KHTML, like Gecko; compatible; GPTBot/1.2; +https://openai.com/gptbot)"
4.227.36.14 - - [24/Nov/2024:00:19:11 +0800] "GET /%e9%bb%83%e9%87%91%e7%b7%9a%e6%8f%9b%e5%ad%a3%e4%bf%9d%e9%a4%8a%e5%b0%8f%e6%95%99%e5%ae%a4/embed/ HTTP/1.1" 200 10973 "-" "Mozilla/5.0 AppleWebKit/537.36 (KHTML, like Gecko; compatible; GPTBot/1.2; +https://openai.com/gptbot)"
4.227.36.14 - - [24/Nov/2024:00:19:18 +0800] "GET /%e9%bb%83%e9%87%91%e7%b7%9a%e6%8f%9b%e5%ad%a3%e4%bf%9d%e9%a4%8a%e5%b0%8f%e6%95%99%e5%ae%a4/embed/ HTTP/1.1" 200 10973 "-" "Mozilla/5.0 AppleWebKit/537.36 (KHTML, like Gecko; compatible; GPTBot/1.2; +https://openai.com/gptbot)"
220.135.127.108 - - [24/Nov/2024:00:19:28 +0800] "POST /wp-cron.php?doing_wp_cron=1732378768.2229518890380859375000 HTTP/1.1" 200 4050 "-" "WordPress/6.7.1; https://www.car32.tw"
4.227.36.14 - - [24/Nov/2024:00:19:28 +0800] "GET /%e9%bb%83%e9%87%91%e7%b7%9a%e6%8f%9b%e5%ad%a3%e4%bf%9d%e9%a4%8a%e5%b0%8f%e6%95%99%e5%ae%a4/embed/ HTTP/1.1" 200 10973 "-" "Mozilla/5.0 AppleWebKit/537.36 (KHTML, like Gecko; compatible; GPTBot/1.2; +https://openai.com/gptbot)"
4.227.36.14 - - [24/Nov/2024:00:19:34 +0800] "GET /%e9%bb%83%e9%87%91%e7%b7%9a%e6%8f%9b%e5%ad%a3%e4%bf%9d%e9%a4%8a%e5%b0%8f%e6%95%99%e5%ae%a4/embed/ HTTP/1.1" 200 10972 "-" "Mozilla/5.0 AppleWebKit/537.36 (KHTML, like Gecko; compatible; GPTBot/1.2; +https://openai.com/gptbot)"
4.227.36.14 - - [24/Nov/2024:00:19:42 +0800] "GET /%e9%bb%83%e9%87%91%e7%b7%9a%e6%8f%9b%e5%ad%a3%e4%bf%9d%e9%a4%8a%e5%b0%8f%e6%95%99%e5%ae%a4/embed/ HTTP/1.1" 200 10973 "-" "Mozilla/5.0 AppleWebKit/537.36 (KHTML, like Gecko; compatible; GPTBot/1.2; +https://openai.com/gptbot)"
4.227.36.14 - - [24/Nov/2024:00:19:49 +0800] "GET /%e9%bb%83%e9%87%91%e7%b7%9a%e6%8f%9b%e5%ad%a3%e4%bf%9d%e9%a4%8a%e5%b0%8f%e6%95%99%e5%ae%a4/embed/ HTTP/1.1" 200 10971 "-" "Mozilla/5.0 AppleWebKit/537.36 (KHTML, like Gecko; compatible; GPTBot/1.2; +https://openai.com/gptbot)"
4.227.36.14 - - [24/Nov/2024:00:19:56 +0800] "GET /%e9%bb%83%e9%87%91%e7%b7%9a%e6%8f%9b%e5%ad%a3%e4%bf%9d%e9%a4%8a%e5%b0%8f%e6%95%99%e5%ae%a4/embed/ HTTP/1.1" 200 10972 "-" "Mozilla/5.0 AppleWebKit/537.36 (KHTML, like Gecko; compatible; GPTBot/1.2; +https://openai.com/gptbot)"
4.227.36.14 - - [24/Nov/2024:00:20:05 +0800] "GET /%e9%bb%83%e9%87%91%e7%b7%9a%e6%8f%9b%e5%ad%a3%e4%bf%9d%e9%a4%8a%e5%b0%8f%e6%95%99%e5%ae%a4/embed/ HTTP/1.1" 200 10974 "-" "Mozilla/5.0 AppleWebKit/537.36 (KHTML, like Gecko; compatible; GPTBot/1.2; +https://openai.com/gptbot)"
4.227.36.14 - - [24/Nov/2024:00:20:13 +0800] "GET /%e9%bb%83%e9%87%91%e7%b7%9a%e6%8f%9b%e5%ad%a3%e4%bf%9d%e9%a4%8a%e5%b0%8f%e6%95%99%e5%ae%a4/embed/ HTTP/1.1" 200 10973 "-" "Mozilla/5.0 AppleWebKit/537.36 (KHTML, like Gecko; compatible; GPTBot/1.2; +https://openai.com/gptbot)"
4.227.36.14 - - [24/Nov/2024:00:20:20 +0800] "GET /%e9%bb%83%e9%87%91%e7%b7%9a%e6%8f%9b%e5%ad%a3%e4%bf%9d%e9%a4%8a%e5%b0%8f%e6%95%99%e5%ae%a4/embed/ HTTP/1.1" 200 10972 "-" "Mozilla/5.0 AppleWebKit/537.36 (KHTML, like Gecko; compatible; GPTBot/1.2; +https://openai.com/gptbot)"
4.227.36.14 - - [24/Nov/2024:00:20:28 +0800] "GET /%e9%bb%83%e9%87%91%e7%b7%9a%e6%8f%9b%e5%ad%a3%e4%bf%9d%e9%a4%8a%e5%b0%8f%e6%95%99%e5%ae%a4/embed/ HTTP/1.1" 200 10973 "-" "Mozilla/5.0 AppleWebKit/537.36 (KHTML, like Gecko; compatible; GPTBot/1.2; +https://openai.com/gptbot)"
220.135.127.108 - - [24/Nov/2024:00:20:39 +0800] "POST /wp-cron.php?doing_wp_cron=1732378839.2579960823059082031250 HTTP/1.1" 200 4050 "-" "WordPress/6.7.1; https://www.car32.tw"
4.227.36.14 - - [24/Nov/2024:00:20:39 +0800] "GET /%e9%bb%83%e9%87%91%e7%b7%9a%e6%8f%9b%e5%ad%a3%e4%bf%9d%e9%a4%8a%e5%b0%8f%e6%95%99%e5%ae%a4/embed/ HTTP/1.1" 200 10972 "-" "Mozilla/5.0 AppleWebKit/537.36 (KHTML, like Gecko; compatible; GPTBot/1.2; +https://openai.com/gptbot)"
4.227.36.14 - - [24/Nov/2024:00:20:47 +0800] "GET /%e9%bb%83%e9%87%91%e7%b7%9a%e6%8f%9b%e5%ad%a3%e4%bf%9d%e9%a4%8a%e5%b0%8f%e6%95%99%e5%ae%a4/embed/ HTTP/1.1" 200 10971 "-" "Mozilla/5.0 AppleWebKit/537.36 (KHTML, like Gecko; compatible; GPTBot/1.2; +https://openai.com/gptbot)"
192.0.82.55 - - [24/Nov/2024:00:20:53 +0800] "HEAD / HTTP/1.1" 200 4000 "-" "jetmon/1.0 (Jetpack Site Uptime Monitor by WordPress.com)"
4.227.36.14 - - [24/Nov/2024:00:21:03 +0800] "GET /%e9%bb%83%e9%87%91%e7%b7%9a%e6%8f%9b%e5%ad%a3%e4%bf%9d%e9%a4%8a%e5%b0%8f%e6%95%99%e5%ae%a4/embed/ HTTP/1.1" 200 10974 "-" "Mozilla/5.0 AppleWebKit/537.36 (KHTML, like Gecko; compatible; GPTBot/1.2; +https://openai.com/gptbot)"
4.227.36.14 - - [24/Nov/2024:00:21:10 +0800] "GET /%e9%bb%83%e9%87%91%e7%b7%9a%e6%8f%9b%e5%ad%a3%e4%bf%9d%e9%a4%8a%e5%b0%8f%e6%95%99%e5%ae%a4/embed/ HTTP/1.1" 200 10973 "-" "Mozilla/5.0 AppleWebKit/537.36 (KHTML, like Gecko; compatible; GPTBot/1.2; +https://openai.com/gptbot)"
4.227.36.14 - - [24/Nov/2024:00:21:24 +0800] "GET /%e9%bb%83%e9%87%91%e7%b7%9a%e6%8f%9b%e5%ad%a3%e4%bf%9d%e9%a4%8a%e5%b0%8f%e6%95%99%e5%ae%a4/embed/ HTTP/1.1" 200 10974 "-" "Mozilla/5.0 AppleWebKit/537.36 (KHTML, like Gecko; compatible; GPTBot/1.2; +https://openai.com/gptbot)"
193.70.81.99 - - [24/Nov/2024:00:21:28 +0800] "GET /robots.txt HTTP/1.1" 301 585 "-" "Mozilla/5.0 (compatible; MJ12bot/v1.4.8; http://mj12bot.com/)"
193.70.81.99 - - [24/Nov/2024:00:21:30 +0800] "GET /robots.txt HTTP/1.1" 200 3719 "-" "Mozilla/5.0 (compatible; MJ12bot/v1.4.8; http://mj12bot.com/)"
193.70.81.99 - - [24/Nov/2024:00:21:34 +0800] "GET /?tag=%E6%94%B9%E9%9B%BB%E8%85%A6 HTTP/1.1" 301 573 "-" "Mozilla/5.0 (compatible; MJ12bot/v1.4.8; http://mj12bot.com/)"
4.227.36.14 - - [24/Nov/2024:00:21:37 +0800] "GET /%e9%bb%83%e9%87%91%e7%b7%9a%e6%8f%9b%e5%ad%a3%e4%bf%9d%e9%a4%8a%e5%b0%8f%e6%95%99%e5%ae%a4/embed/ HTTP/1.1" 200 10973 "-" "Mozilla/5.0 AppleWebKit/537.36 (KHTML, like Gecko; compatible; GPTBot/1.2; +https://openai.com/gptbot)"
193.70.81.99 - - [24/Nov/2024:00:21:38 +0800] "GET /?tag=%E6%94%B9%E9%9B%BB%E8%85%A6 HTTP/1.1" 301 3529 "-" "Mozilla/5.0 (compatible; MJ12bot/v1.4.8; http://mj12bot.com/)"
193.70.81.99 - - [24/Nov/2024:00:21:42 +0800] "GET /tag/%E6%94%B9%E9%9B%BB%E8%85%A6/ HTTP/1.1" 200 17166 "-" "Mozilla/5.0 (compatible; MJ12bot/v1.4.8; http://mj12bot.com/)"
4.227.36.14 - - [24/Nov/2024:00:21:44 +0800] "GET /%e9%bb%83%e9%87%91%e7%b7%9a%e6%8f%9b%e5%ad%a3%e4%bf%9d%e9%a4%8a%e5%b0%8f%e6%95%99%e5%ae%a4/embed/ HTTP/1.1" 200 10972 "-" "Mozilla/5.0 AppleWebKit/537.36 (KHTML, like Gecko; compatible; GPTBot/1.2; +https://openai.com/gptbot)"
4.227.36.14 - - [24/Nov/2024:00:21:57 +0800] "GET /%e9%bb%83%e9%87%91%e7%b7%9a%e6%8f%9b%e5%ad%a3%e4%bf%9d%e9%a4%8a%e5%b0%8f%e6%95%99%e5%ae%a4/embed/ HTTP/1.1" 200 10971 "-" "Mozilla/5.0 AppleWebKit/537.36 (KHTML, like Gecko; compatible; GPTBot/1.2; +https://openai.com/gptbot)"
4.227.36.14 - - [24/Nov/2024:00:22:10 +0800] "GET /%e9%bb%83%e9%87%91%e7%b7%9a%e6%8f%9b%e5%ad%a3%e4%bf%9d%e9%a4%8a%e5%b0%8f%e6%95%99%e5%ae%a4/embed/ HTTP/1.1" 200 10972 "-" "Mozilla/5.0 AppleWebKit/537.36 (KHTML, like Gecko; compatible; GPTBot/1.2; +https://openai.com/gptbot)"
4.227.36.14 - - [24/Nov/2024:00:22:21 +0800] "GET /%e9%bb%83%e9%87%91%e7%b7%9a%e6%8f%9b%e5%ad%a3%e4%bf%9d%e9%a4%8a%e5%b0%8f%e6%95%99%e5%ae%a4/embed/ HTTP/1.1" 200 10974 "-" "Mozilla/5.0 AppleWebKit/537.36 (KHTML, like Gecko; compatible; GPTBot/1.2; +https://openai.com/gptbot)"
4.227.36.14 - - [24/Nov/2024:00:22:35 +0800] "GET /%e9%bb%83%e9%87%91%e7%b7%9a%e6%8f%9b%e5%ad%a3%e4%bf%9d%e9%a4%8a%e5%b0%8f%e6%95%99%e5%ae%a4/embed/ HTTP/1.1" 200 10972 "-" "Mozilla/5.0 AppleWebKit/537.36 (KHTML, like Gecko; compatible; GPTBot/1.2; +https://openai.com/gptbot)"
4.227.36.14 - - [24/Nov/2024:00:22:41 +0800] "GET /%e9%bb%83%e9%87%91%e7%b7%9a%e6%8f%9b%e5%ad%a3%e4%bf%9d%e9%a4%8a%e5%b0%8f%e6%95%99%e5%ae%a4/embed/ HTTP/1.1" 200 10969 "-" "Mozilla/5.0 AppleWebKit/537.36 (KHTML, like Gecko; compatible; GPTBot/1.2; +https://openai.com/gptbot)"
4.227.36.14 - - [24/Nov/2024:00:22:53 +0800] "GET /%e9%bb%83%e9%87%91%e7%b7%9a%e6%8f%9b%e5%ad%a3%e4%bf%9d%e9%a4%8a%e5%b0%8f%e6%95%99%e5%ae%a4/embed/ HTTP/1.1" 200 10971 "-" "Mozilla/5.0 AppleWebKit/537.36 (KHTML, like Gecko; compatible; GPTBot/1.2; +https://openai.com/gptbot)"
4.227.36.14 - - [24/Nov/2024:00:23:01 +0800] "GET /%e9%bb%83%e9%87%91%e7%b7%9a%e6%8f%9b%e5%ad%a3%e4%bf%9d%e9%a4%8a%e5%b0%8f%e6%95%99%e5%ae%a4/embed/ HTTP/1.1" 200 10974 "-" "Mozilla/5.0 AppleWebKit/537.36 (KHTML, like Gecko; compatible; GPTBot/1.2; +https://openai.com/gptbot)"
4.227.36.14 - - [24/Nov/2024:00:23:12 +0800] "GET /%e9%bb%83%e9%87%91%e7%b7%9a%e6%8f%9b%e5%ad%a3%e4%bf%9d%e9%a4%8a%e5%b0%8f%e6%95%99%e5%ae%a4/embed/ HTTP/1.1" 200 10973 "-" "Mozilla/5.0 AppleWebKit/537.36 (KHTML, like Gecko; compatible; GPTBot/1.2; +https://openai.com/gptbot)"
85.208.96.194 - - [24/Nov/2024:00:23:17 +0800] "GET /robots.txt HTTP/1.1" 200 4136 "-" "Mozilla/5.0 (compatible; SemrushBot/7~bl; +http://www.semrush.com/bot.html)"
185.191.171.16 - - [24/Nov/2024:00:23:18 +0800] "GET /category/%E4%BF%9D%E9%A4%8A%E8%A7%80%E5%BF%B5/page/9/ HTTP/1.1" 200 18823 "-" "Mozilla/5.0 (compatible; SemrushBot/7~bl; +http://www.semrush.com/bot.html)"
4.227.36.14 - - [24/Nov/2024:00:23:27 +0800] "GET /%e9%bb%83%e9%87%91%e7%b7%9a%e6%8f%9b%e5%ad%a3%e4%bf%9d%e9%a4%8a%e5%b0%8f%e6%95%99%e5%ae%a4/embed/ HTTP/1.1" 200 10973 "-" "Mozilla/5.0 AppleWebKit/537.36 (KHTML, like Gecko; compatible; GPTBot/1.2; +https://openai.com/gptbot)"
4.227.36.14 - - [24/Nov/2024:00:23:33 +0800] "GET /%e9%bb%83%e9%87%91%e7%b7%9a%e6%8f%9b%e5%ad%a3%e4%bf%9d%e9%a4%8a%e5%b0%8f%e6%95%99%e5%ae%a4/embed/ HTTP/1.1" 200 10973 "-" "Mozilla/5.0 AppleWebKit/537.36 (KHTML, like Gecko; compatible; GPTBot/1.2; +https://openai.com/gptbot)"
4.227.36.14 - - [24/Nov/2024:00:23:43 +0800] "GET /%e9%bb%83%e9%87%91%e7%b7%9a%e6%8f%9b%e5%ad%a3%e4%bf%9d%e9%a4%8a%e5%b0%8f%e6%95%99%e5%ae%a4/embed/ HTTP/1.1" 200 10972 "-" "Mozilla/5.0 AppleWebKit/537.36 (KHTML, like Gecko; compatible; GPTBot/1.2; +https://openai.com/gptbot)"
4.227.36.14 - - [24/Nov/2024:00:23:49 +0800] "GET /%e9%bb%83%e9%87%91%e7%b7%9a%e6%8f%9b%e5%ad%a3%e4%bf%9d%e9%a4%8a%e5%b0%8f%e6%95%99%e5%ae%a4/embed/ HTTP/1.1" 200 10974 "-" "Mozilla/5.0 AppleWebKit/537.36 (KHTML, like Gecko; compatible; GPTBot/1.2; +https://openai.com/gptbot)"
4.227.36.14 - - [24/Nov/2024:00:24:00 +0800] "GET /%e9%bb%83%e9%87%91%e7%b7%9a%e6%8f%9b%e5%ad%a3%e4%bf%9d%e9%a4%8a%e5%b0%8f%e6%95%99%e5%ae%a4/embed/ HTTP/1.1" 200 10974 "-" "Mozilla/5.0 AppleWebKit/537.36 (KHTML, like Gecko; compatible; GPTBot/1.2; +https://openai.com/gptbot)"
4.227.36.14 - - [24/Nov/2024:00:24:05 +0800] "GET /%e9%bb%83%e9%87%91%e7%b7%9a%e6%8f%9b%e5%ad%a3%e4%bf%9d%e9%a4%8a%e5%b0%8f%e6%95%99%e5%ae%a4/embed/ HTTP/1.1" 200 10972 "-" "Mozilla/5.0 AppleWebKit/537.36 (KHTML, like Gecko; compatible; GPTBot/1.2; +https://openai.com/gptbot)"
4.227.36.14 - - [24/Nov/2024:00:24:13 +0800] "GET /%e9%bb%83%e9%87%91%e7%b7%9a%e6%8f%9b%e5%ad%a3%e4%bf%9d%e9%a4%8a%e5%b0%8f%e6%95%99%e5%ae%a4/embed/ HTTP/1.1" 200 10973 "-" "Mozilla/5.0 AppleWebKit/537.36 (KHTML, like Gecko; compatible; GPTBot/1.2; +https://openai.com/gptbot)"
220.135.127.108 - - [24/Nov/2024:00:24:28 +0800] "POST /wp-cron.php?doing_wp_cron=1732379068.5896880626678466796875 HTTP/1.1" 200 4050 "-" "WordPress/6.7.1; https://www.car32.tw"
4.227.36.14 - - [24/Nov/2024:00:24:28 +0800] "GET /%e9%bb%83%e9%87%91%e7%b7%9a%e6%8f%9b%e5%ad%a3%e4%bf%9d%e9%a4%8a%e5%b0%8f%e6%95%99%e5%ae%a4/embed/ HTTP/1.1" 200 10970 "-" "Mozilla/5.0 AppleWebKit/537.36 (KHTML, like Gecko; compatible; GPTBot/1.2; +https://openai.com/gptbot)"
4.227.36.14 - - [24/Nov/2024:00:24:35 +0800] "GET /%e9%bb%83%e9%87%91%e7%b7%9a%e6%8f%9b%e5%ad%a3%e4%bf%9d%e9%a4%8a%e5%b0%8f%e6%95%99%e5%ae%a4/embed/ HTTP/1.1" 200 10974 "-" "Mozilla/5.0 AppleWebKit/537.36 (KHTML, like Gecko; compatible; GPTBot/1.2; +https://openai.com/gptbot)"
4.227.36.14 - - [24/Nov/2024:00:24:42 +0800] "GET /%e9%bb%83%e9%87%91%e7%b7%9a%e6%8f%9b%e5%ad%a3%e4%bf%9d%e9%a4%8a%e5%b0%8f%e6%95%99%e5%ae%a4/embed/ HTTP/1.1" 200 10973 "-" "Mozilla/5.0 AppleWebKit/537.36 (KHTML, like Gecko; compatible; GPTBot/1.2; +https://openai.com/gptbot)"
147.92.179.117 - - [24/Nov/2024:00:24:42 +0800] "GET /%E8%A2%AB%E6%92%9E%E4%B9%8B%E5%BE%8C/ HTTP/1.1" 200 28547 "-" "facebookexternalhit/1.1;line-poker/1.0"
147.92.179.117 - - [24/Nov/2024:00:24:42 +0800] "GET /wp-content/uploads/2019/06/IMG_4691.jpg HTTP/1.1" 200 2182266 "-" "facebookexternalhit/1.1;line-poker/1.0"
220.135.127.108 - - [24/Nov/2024:00:24:48 +0800] "POST /wp-cron.php?doing_wp_cron=1732379088.9082760810852050781250 HTTP/1.1" 200 4050 "-" "WordPress/6.7.1; https://www.car32.tw"
4.227.36.14 - - [24/Nov/2024:00:24:48 +0800] "GET /%e9%bb%83%e9%87%91%e7%b7%9a%e6%8f%9b%e5%ad%a3%e4%bf%9d%e9%a4%8a%e5%b0%8f%e6%95%99%e5%ae%a4/embed/ HTTP/1.1" 200 10973 "-" "Mozilla/5.0 AppleWebKit/537.36 (KHTML, like Gecko; compatible; GPTBot/1.2; +https://openai.com/gptbot)"
4.227.36.14 - - [24/Nov/2024:00:24:57 +0800] "GET /%e9%bb%83%e9%87%91%e7%b7%9a%e6%8f%9b%e5%ad%a3%e4%bf%9d%e9%a4%8a%e5%b0%8f%e6%95%99%e5%ae%a4/embed/ HTTP/1.1" 200 10973 "-" "Mozilla/5.0 AppleWebKit/537.36 (KHTML, like Gecko; compatible; GPTBot/1.2; +https://openai.com/gptbot)"
4.227.36.14 - - [24/Nov/2024:00:25:03 +0800] "GET /%e9%bb%83%e9%87%91%e7%b7%9a%e6%8f%9b%e5%ad%a3%e4%bf%9d%e9%a4%8a%e5%b0%8f%e6%95%99%e5%ae%a4/embed/ HTTP/1.1" 200 10974 "-" "Mozilla/5.0 AppleWebKit/537.36 (KHTML, like Gecko; compatible; GPTBot/1.2; +https://openai.com/gptbot)"
4.227.36.14 - - [24/Nov/2024:00:25:09 +0800] "GET /%e9%bb%83%e9%87%91%e7%b7%9a%e6%8f%9b%e5%ad%a3%e4%bf%9d%e9%a4%8a%e5%b0%8f%e6%95%99%e5%ae%a4/embed/ HTTP/1.1" 200 10974 "-" "Mozilla/5.0 AppleWebKit/537.36 (KHTML, like Gecko; compatible; GPTBot/1.2; +https://openai.com/gptbot)"
4.227.36.14 - - [24/Nov/2024:00:25:21 +0800] "GET /%e9%bb%83%e9%87%91%e7%b7%9a%e6%8f%9b%e5%ad%a3%e4%bf%9d%e9%a4%8a%e5%b0%8f%e6%95%99%e5%ae%a4/embed/ HTTP/1.1" 200 10973 "-" "Mozilla/5.0 AppleWebKit/537.36 (KHTML, like Gecko; compatible; GPTBot/1.2; +https://openai.com/gptbot)"
220.135.127.108 - - [24/Nov/2024:00:25:34 +0800] "POST /wp-cron.php?doing_wp_cron=1732379134.6316559314727783203125 HTTP/1.1" 200 4050 "-" "WordPress/6.7.1; https://www.car32.tw"
4.227.36.14 - - [24/Nov/2024:00:25:34 +0800] "GET /%e9%bb%83%e9%87%91%e7%b7%9a%e6%8f%9b%e5%ad%a3%e4%bf%9d%e9%a4%8a%e5%b0%8f%e6%95%99%e5%ae%a4/embed/ HTTP/1.1" 200 10973 "-" "Mozilla/5.0 AppleWebKit/537.36 (KHTML, like Gecko; compatible; GPTBot/1.2; +https://openai.com/gptbot)"
4.227.36.14 - - [24/Nov/2024:00:25:40 +0800] "GET /%e9%bb%83%e9%87%91%e7%b7%9a%e6%8f%9b%e5%ad%a3%e4%bf%9d%e9%a4%8a%e5%b0%8f%e6%95%99%e5%ae%a4/embed/ HTTP/1.1" 200 10974 "-" "Mozilla/5.0 AppleWebKit/537.36 (KHTML, like Gecko; compatible; GPTBot/1.2; +https://openai.com/gptbot)"
4.227.36.14 - - [24/Nov/2024:00:25:49 +0800] "GET /%e9%bb%83%e9%87%91%e7%b7%9a%e6%8f%9b%e5%ad%a3%e4%bf%9d%e9%a4%8a%e5%b0%8f%e6%95%99%e5%ae%a4/embed/ HTTP/1.1" 200 10974 "-" "Mozilla/5.0 AppleWebKit/537.36 (KHTML, like Gecko; compatible; GPTBot/1.2; +https://openai.com/gptbot)"
192.0.82.55 - - [24/Nov/2024:00:25:52 +0800] "HEAD / HTTP/1.1" 200 4000 "-" "jetmon/1.0 (Jetpack Site Uptime Monitor by WordPress.com)"
4.227.36.14 - - [24/Nov/2024:00:25:55 +0800] "GET /%e9%bb%83%e9%87%91%e7%b7%9a%e6%8f%9b%e5%ad%a3%e4%bf%9d%e9%a4%8a%e5%b0%8f%e6%95%99%e5%ae%a4/embed/ HTTP/1.1" 200 10972 "-" "Mozilla/5.0 AppleWebKit/537.36 (KHTML, like Gecko; compatible; GPTBot/1.2; +https://openai.com/gptbot)"
193.70.81.99 - - [24/Nov/2024:00:26:01 +0800] "GET /?tag=%E6%94%B9%E9%9B%BB%E8%85%A6 HTTP/1.1" 301 3585 "-" "Mozilla/5.0 (compatible; MJ12bot/v1.4.8; http://mj12bot.com/)"
193.70.81.99 - - [24/Nov/2024:00:26:04 +0800] "GET /tag/%E6%94%B9%E9%9B%BB%E8%85%A6/ HTTP/1.1" 200 17166 "-" "Mozilla/5.0 (compatible; MJ12bot/v1.4.8; http://mj12bot.com/)"
193.70.81.99 - - [24/Nov/2024:00:26:18 +0800] "GET /?tag=%E6%9F%B4%E6%B2%B9%E7%B2%BE HTTP/1.1" 301 629 "-" "Mozilla/5.0 (compatible; MJ12bot/v1.4.8; http://mj12bot.com/)"
4.227.36.14 - - [24/Nov/2024:00:26:18 +0800] "GET /%e9%bb%83%e9%87%91%e7%b7%9a%e6%8f%9b%e5%ad%a3%e4%bf%9d%e9%a4%8a%e5%b0%8f%e6%95%99%e5%ae%a4/embed/ HTTP/1.1" 200 10972 "-" "Mozilla/5.0 AppleWebKit/537.36 (KHTML, like Gecko; compatible; GPTBot/1.2; +https://openai.com/gptbot)"
220.135.127.108 - - [24/Nov/2024:00:26:21 +0800] "POST /wp-cron.php?doing_wp_cron=1732379181.4218449592590332031250 HTTP/1.1" 200 4050 "-" "WordPress/6.7.1; https://www.car32.tw"
193.70.81.99 - - [24/Nov/2024:00:26:21 +0800] "GET /?tag=%E6%9F%B4%E6%B2%B9%E7%B2%BE HTTP/1.1" 301 3529 "-" "Mozilla/5.0 (compatible; MJ12bot/v1.4.8; http://mj12bot.com/)"
193.70.81.99 - - [24/Nov/2024:00:26:25 +0800] "GET /tag/%E6%9F%B4%E6%B2%B9%E7%B2%BE/ HTTP/1.1" 200 29953 "-" "Mozilla/5.0 (compatible; MJ12bot/v1.4.8; http://mj12bot.com/)"
193.70.81.99 - - [24/Nov/2024:00:26:28 +0800] "GET /?tag=%E6%9F%B4%E6%B2%B9%E7%B2%BE HTTP/1.1" 301 301 "-" "Mozilla/5.0 (compatible; MJ12bot/v1.4.8; http://mj12bot.com/)"
193.70.81.99 - - [24/Nov/2024:00:26:32 +0800] "GET /tag/%E6%9F%B4%E6%B2%B9%E7%B2%BE/ HTTP/1.1" 200 29953 "-" "Mozilla/5.0 (compatible; MJ12bot/v1.4.8; http://mj12bot.com/)"
4.227.36.14 - - [24/Nov/2024:00:26:35 +0800] "GET /%e9%bb%83%e9%87%91%e7%b7%9a%e6%8f%9b%e5%ad%a3%e4%bf%9d%e9%a4%8a%e5%b0%8f%e6%95%99%e5%ae%a4/embed/ HTTP/1.1" 200 10971 "-" "Mozilla/5.0 AppleWebKit/537.36 (KHTML, like Gecko; compatible; GPTBot/1.2; +https://openai.com/gptbot)"
193.70.81.99 - - [24/Nov/2024:00:26:36 +0800] "GET /?tag=%E6%9F%B4%E6%B2%B9%E8%BB%8A HTTP/1.1" 301 573 "-" "Mozilla/5.0 (compatible; MJ12bot/v1.4.8; http://mj12bot.com/)"
193.70.81.99 - - [24/Nov/2024:00:26:40 +0800] "GET /?tag=%E6%9F%B4%E6%B2%B9%E8%BB%8A HTTP/1.1" 301 3529 "-" "Mozilla/5.0 (compatible; MJ12bot/v1.4.8; http://mj12bot.com/)"
4.227.36.14 - - [24/Nov/2024:00:26:42 +0800] "GET /%e9%bb%83%e9%87%91%e7%b7%9a%e6%8f%9b%e5%ad%a3%e4%bf%9d%e9%a4%8a%e5%b0%8f%e6%95%99%e5%ae%a4/embed/ HTTP/1.1" 200 10973 "-" "Mozilla/5.0 AppleWebKit/537.36 (KHTML, like Gecko; compatible; GPTBot/1.2; +https://openai.com/gptbot)"
193.70.81.99 - - [24/Nov/2024:00:26:43 +0800] "GET /tag/%E6%9F%B4%E6%B2%B9%E8%BB%8A/ HTTP/1.1" 200 17963 "-" "Mozilla/5.0 (compatible; MJ12bot/v1.4.8; http://mj12bot.com/)"
193.70.81.99 - - [24/Nov/2024:00:26:46 +0800] "GET /?tag=%E6%9F%B4%E6%B2%B9%E8%BB%8A HTTP/1.1" 301 301 "-" "Mozilla/5.0 (compatible; MJ12bot/v1.4.8; http://mj12bot.com/)"
4.227.36.14 - - [24/Nov/2024:00:26:48 +0800] "GET /%e9%bb%83%e9%87%91%e7%b7%9a%e6%8f%9b%e5%ad%a3%e4%bf%9d%e9%a4%8a%e5%b0%8f%e6%95%99%e5%ae%a4/embed/ HTTP/1.1" 200 10975 "-" "Mozilla/5.0 AppleWebKit/537.36 (KHTML, like Gecko; compatible; GPTBot/1.2; +https://openai.com/gptbot)"
193.70.81.99 - - [24/Nov/2024:00:26:50 +0800] "GET /tag/%E6%9F%B4%E6%B2%B9%E8%BB%8A/ HTTP/1.1" 200 17962 "-" "Mozilla/5.0 (compatible; MJ12bot/v1.4.8; http://mj12bot.com/)"
4.227.36.14 - - [24/Nov/2024:00:26:58 +0800] "GET /%e9%bb%83%e9%87%91%e7%b7%9a%e6%8f%9b%e5%ad%a3%e4%bf%9d%e9%a4%8a%e5%b0%8f%e6%95%99%e5%ae%a4/embed/ HTTP/1.1" 200 10972 "-" "Mozilla/5.0 AppleWebKit/537.36 (KHTML, like Gecko; compatible; GPTBot/1.2; +https://openai.com/gptbot)"
4.227.36.14 - - [24/Nov/2024:00:27:04 +0800] "GET /%e9%bb%83%e9%87%91%e7%b7%9a%e6%8f%9b%e5%ad%a3%e4%bf%9d%e9%a4%8a%e5%b0%8f%e6%95%99%e5%ae%a4/embed/ HTTP/1.1" 200 10973 "-" "Mozilla/5.0 AppleWebKit/537.36 (KHTML, like Gecko; compatible; GPTBot/1.2; +https://openai.com/gptbot)"
4.227.36.14 - - [24/Nov/2024:00:27:11 +0800] "GET /%e9%bb%83%e9%87%91%e7%b7%9a%e6%8f%9b%e5%ad%a3%e4%bf%9d%e9%a4%8a%e5%b0%8f%e6%95%99%e5%ae%a4/embed/ HTTP/1.1" 200 10973 "-" "Mozilla/5.0 AppleWebKit/537.36 (KHTML, like Gecko; compatible; GPTBot/1.2; +https://openai.com/gptbot)"
4.227.36.14 - - [24/Nov/2024:00:27:17 +0800] "GET /%e9%bb%83%e9%87%91%e7%b7%9a%e6%8f%9b%e5%ad%a3%e4%bf%9d%e9%a4%8a%e5%b0%8f%e6%95%99%e5%ae%a4/embed/ HTTP/1.1" 200 10973 "-" "Mozilla/5.0 AppleWebKit/537.36 (KHTML, like Gecko; compatible; GPTBot/1.2; +https://openai.com/gptbot)"
4.227.36.14 - - [24/Nov/2024:00:27:24 +0800] "GET /%e9%bb%83%e9%87%91%e7%b7%9a%e6%8f%9b%e5%ad%a3%e4%bf%9d%e9%a4%8a%e5%b0%8f%e6%95%99%e5%ae%a4/embed/ HTTP/1.1" 200 10974 "-" "Mozilla/5.0 AppleWebKit/537.36 (KHTML, like Gecko; compatible; GPTBot/1.2; +https://openai.com/gptbot)"
4.227.36.14 - - [24/Nov/2024:00:27:34 +0800] "GET /%e9%bb%83%e9%87%91%e7%b7%9a%e6%8f%9b%e5%ad%a3%e4%bf%9d%e9%a4%8a%e5%b0%8f%e6%95%99%e5%ae%a4/embed/ HTTP/1.1" 200 10972 "-" "Mozilla/5.0 AppleWebKit/537.36 (KHTML, like Gecko; compatible; GPTBot/1.2; +https://openai.com/gptbot)"
4.227.36.14 - - [24/Nov/2024:00:27:40 +0800] "GET /%e9%bb%83%e9%87%91%e7%b7%9a%e6%8f%9b%e5%ad%a3%e4%bf%9d%e9%a4%8a%e5%b0%8f%e6%95%99%e5%ae%a4/embed/ HTTP/1.1" 200 10974 "-" "Mozilla/5.0 AppleWebKit/537.36 (KHTML, like Gecko; compatible; GPTBot/1.2; +https://openai.com/gptbot)"
4.227.36.14 - - [24/Nov/2024:00:27:47 +0800] "GET /%e9%bb%83%e9%87%91%e7%b7%9a%e6%8f%9b%e5%ad%a3%e4%bf%9d%e9%a4%8a%e5%b0%8f%e6%95%99%e5%ae%a4/embed/ HTTP/1.1" 200 10972 "-" "Mozilla/5.0 AppleWebKit/537.36 (KHTML, like Gecko; compatible; GPTBot/1.2; +https://openai.com/gptbot)"
66.249.79.69 - - [24/Nov/2024:00:27:58 +0800] "GET /alpina-%E7%9A%84%E7%B6%93%E5%85%B8%E9%9B%B6%E4%BB%B6%E8%A4%87%E5%88%BB/ HTTP/1.1" 200 25947 "-" "Mozilla/5.0 (Linux; Android 6.0.1; Nexus 5X Build/MMB29P) AppleWebKit/537.36 (KHTML, like Gecko) Chrome/131.0.6778.69 Mobile Safari/537.36 (compatible; Googlebot/2.1; +http://www.google.com/bot.html)"
4.227.36.14 - - [24/Nov/2024:00:27:58 +0800] "GET /%e9%bb%83%e9%87%91%e7%b7%9a%e6%8f%9b%e5%ad%a3%e4%bf%9d%e9%a4%8a%e5%b0%8f%e6%95%99%e5%ae%a4/embed/ HTTP/1.1" 200 10972 "-" "Mozilla/5.0 AppleWebKit/537.36 (KHTML, like Gecko; compatible; GPTBot/1.2; +https://openai.com/gptbot)"
4.227.36.14 - - [24/Nov/2024:00:28:06 +0800] "GET /%e9%bb%83%e9%87%91%e7%b7%9a%e6%8f%9b%e5%ad%a3%e4%bf%9d%e9%a4%8a%e5%b0%8f%e6%95%99%e5%ae%a4/embed/ HTTP/1.1" 200 10975 "-" "Mozilla/5.0 AppleWebKit/537.36 (KHTML, like Gecko; compatible; GPTBot/1.2; +https://openai.com/gptbot)"
66.249.79.69 - - [24/Nov/2024:00:28:08 +0800] "POST /?ob=open-bridge/events HTTP/1.1" 200 4216 "https://www.car32.tw/alpina-%E7%9A%84%E7%B6%93%E5%85%B8%E9%9B%B6%E4%BB%B6%E8%A4%87%E5%88%BB/" "Mozilla/5.0 (Linux; Android 6.0.1; Nexus 5X Build/MMB29P) AppleWebKit/537.36 (KHTML, like Gecko) Chrome/131.0.6778.69 Mobile Safari/537.36 (compatible; Googlebot/2.1; +http://www.google.com/bot.html)"
4.227.36.14 - - [24/Nov/2024:00:28:16 +0800] "GET /%e9%bb%83%e9%87%91%e7%b7%9a%e6%8f%9b%e5%ad%a3%e4%bf%9d%e9%a4%8a%e5%b0%8f%e6%95%99%e5%ae%a4/embed/ HTTP/1.1" 200 10974 "-" "Mozilla/5.0 AppleWebKit/537.36 (KHTML, like Gecko; compatible; GPTBot/1.2; +https://openai.com/gptbot)"
66.249.79.69 - - [24/Nov/2024:00:28:15 +0800] "GET /alpina-%E7%9A%84%E7%B6%93%E5%85%B8%E9%9B%B6%E4%BB%B6%E8%A4%87%E5%88%BB/?relatedposts=1 HTTP/1.1" 200 8423 "https://www.car32.tw/alpina-%E7%9A%84%E7%B6%93%E5%85%B8%E9%9B%B6%E4%BB%B6%E8%A4%87%E5%88%BB/" "Mozilla/5.0 (Linux; Android 6.0.1; Nexus 5X Build/MMB29P) AppleWebKit/537.36 (KHTML, like Gecko) Chrome/131.0.6778.69 Mobile Safari/537.36 (compatible; Googlebot/2.1; +http://www.google.com/bot.html)"
4.227.36.14 - - [24/Nov/2024:00:28:23 +0800] "GET /%e9%bb%83%e9%87%91%e7%b7%9a%e6%8f%9b%e5%ad%a3%e4%bf%9d%e9%a4%8a%e5%b0%8f%e6%95%99%e5%ae%a4/embed/ HTTP/1.1" 200 10974 "-" "Mozilla/5.0 AppleWebKit/537.36 (KHTML, like Gecko; compatible; GPTBot/1.2; +https://openai.com/gptbot)"
4.227.36.14 - - [24/Nov/2024:00:28:38 +0800] "GET /%e9%bb%83%e9%87%91%e7%b7%9a%e6%8f%9b%e5%ad%a3%e4%bf%9d%e9%a4%8a%e5%b0%8f%e6%95%99%e5%ae%a4/embed/ HTTP/1.1" 200 10973 "-" "Mozilla/5.0 AppleWebKit/537.36 (KHTML, like Gecko; compatible; GPTBot/1.2; +https://openai.com/gptbot)"
4.227.36.14 - - [24/Nov/2024:00:28:44 +0800] "GET /%e9%bb%83%e9%87%91%e7%b7%9a%e6%8f%9b%e5%ad%a3%e4%bf%9d%e9%a4%8a%e5%b0%8f%e6%95%99%e5%ae%a4/embed/ HTTP/1.1" 200 10974 "-" "Mozilla/5.0 AppleWebKit/537.36 (KHTML, like Gecko; compatible; GPTBot/1.2; +https://openai.com/gptbot)"
4.227.36.14 - - [24/Nov/2024:00:28:54 +0800] "GET /%e9%bb%83%e9%87%91%e7%b7%9a%e6%8f%9b%e5%ad%a3%e4%bf%9d%e9%a4%8a%e5%b0%8f%e6%95%99%e5%ae%a4/embed/ HTTP/1.1" 200 10974 "-" "Mozilla/5.0 AppleWebKit/537.36 (KHTML, like Gecko; compatible; GPTBot/1.2; +https://openai.com/gptbot)"
4.227.36.14 - - [24/Nov/2024:00:29:00 +0800] "GET /%e9%bb%83%e9%87%91%e7%b7%9a%e6%8f%9b%e5%ad%a3%e4%bf%9d%e9%a4%8a%e5%b0%8f%e6%95%99%e5%ae%a4/embed/ HTTP/1.1" 200 10972 "-" "Mozilla/5.0 AppleWebKit/537.36 (KHTML, like Gecko; compatible; GPTBot/1.2; +https://openai.com/gptbot)"
4.227.36.14 - - [24/Nov/2024:00:29:07 +0800] "GET /%e9%bb%83%e9%87%91%e7%b7%9a%e6%8f%9b%e5%ad%a3%e4%bf%9d%e9%a4%8a%e5%b0%8f%e6%95%99%e5%ae%a4/embed/ HTTP/1.1" 200 10972 "-" "Mozilla/5.0 AppleWebKit/537.36 (KHTML, like Gecko; compatible; GPTBot/1.2; +https://openai.com/gptbot)"
4.227.36.14 - - [24/Nov/2024:00:29:13 +0800] "GET /%e9%bb%83%e9%87%91%e7%b7%9a%e6%8f%9b%e5%ad%a3%e4%bf%9d%e9%a4%8a%e5%b0%8f%e6%95%99%e5%ae%a4/embed/ HTTP/1.1" 200 10973 "-" "Mozilla/5.0 AppleWebKit/537.36 (KHTML, like Gecko; compatible; GPTBot/1.2; +https://openai.com/gptbot)"
4.227.36.14 - - [24/Nov/2024:00:29:20 +0800] "GET /%e9%bb%83%e9%87%91%e7%b7%9a%e6%8f%9b%e5%ad%a3%e4%bf%9d%e9%a4%8a%e5%b0%8f%e6%95%99%e5%ae%a4/embed/ HTTP/1.1" 200 10973 "-" "Mozilla/5.0 AppleWebKit/537.36 (KHTML, like Gecko; compatible; GPTBot/1.2; +https://openai.com/gptbot)"
220.135.127.108 - - [24/Nov/2024:00:29:26 +0800] "POST /wp-cron.php?doing_wp_cron=1732379366.7105178833007812500000 HTTP/1.1" 200 4050 "-" "WordPress/6.7.1; https://www.car32.tw"
4.227.36.14 - - [24/Nov/2024:00:29:26 +0800] "GET /%e9%bb%83%e9%87%91%e7%b7%9a%e6%8f%9b%e5%ad%a3%e4%bf%9d%e9%a4%8a%e5%b0%8f%e6%95%99%e5%ae%a4/embed/ HTTP/1.1" 200 10971 "-" "Mozilla/5.0 AppleWebKit/537.36 (KHTML, like Gecko; compatible; GPTBot/1.2; +https://openai.com/gptbot)"
4.227.36.14 - - [24/Nov/2024:00:29:32 +0800] "GET /%e9%bb%83%e9%87%91%e7%b7%9a%e6%8f%9b%e5%ad%a3%e4%bf%9d%e9%a4%8a%e5%b0%8f%e6%95%99%e5%ae%a4/embed/ HTTP/1.1" 200 10974 "-" "Mozilla/5.0 AppleWebKit/537.36 (KHTML, like Gecko; compatible; GPTBot/1.2; +https://openai.com/gptbot)"
66.249.82.204 - - [24/Nov/2024:00:29:37 +0800] "GET /.well-known/traffic-advice HTTP/1.1" 404 31463 "-" "Chrome Privacy Preserving Prefetch Proxy"
193.186.4.169 - - [24/Nov/2024:00:29:37 +0800] "GET /tag/%E6%8F%9B%E6%AA%94%E9%A0%93%E6%8C%AB/ HTTP/1.1" 200 28476 "https://www.google.com/" "Mozilla/5.0 (Linux; Android 10; K) AppleWebKit/537.36 (KHTML, like Gecko) Chrome/131.0.0.0 Mobile Safari/537.36"
4.227.36.14 - - [24/Nov/2024:00:29:38 +0800] "GET /%e9%bb%83%e9%87%91%e7%b7%9a%e6%8f%9b%e5%ad%a3%e4%bf%9d%e9%a4%8a%e5%b0%8f%e6%95%99%e5%ae%a4/embed/ HTTP/1.1" 200 10973 "-" "Mozilla/5.0 AppleWebKit/537.36 (KHTML, like Gecko; compatible; GPTBot/1.2; +https://openai.com/gptbot)"
4.227.36.14 - - [24/Nov/2024:00:29:45 +0800] "GET /%e9%bb%83%e9%87%91%e7%b7%9a%e6%8f%9b%e5%ad%a3%e4%bf%9d%e9%a4%8a%e5%b0%8f%e6%95%99%e5%ae%a4/embed/ HTTP/1.1" 200 10972 "-" "Mozilla/5.0 AppleWebKit/537.36 (KHTML, like Gecko; compatible; GPTBot/1.2; +https://openai.com/gptbot)"
4.227.36.14 - - [24/Nov/2024:00:29:51 +0800] "GET /%e9%bb%83%e9%87%91%e7%b7%9a%e6%8f%9b%e5%ad%a3%e4%bf%9d%e9%a4%8a%e5%b0%8f%e6%95%99%e5%ae%a4/embed/ HTTP/1.1" 200 10973 "-" "Mozilla/5.0 AppleWebKit/537.36 (KHTML, like Gecko; compatible; GPTBot/1.2; +https://openai.com/gptbot)"
193.186.4.169 - - [24/Nov/2024:00:29:54 +0800] "GET /tag/%E6%8F%9B%E6%AA%94%E9%A0%93%E6%8C%AB/ HTTP/1.1" 200 28475 "https://www.google.com/" "Mozilla/5.0 (Linux; Android 10; K) AppleWebKit/537.36 (KHTML, like Gecko) Chrome/131.0.0.0 Mobile Safari/537.36"
4.227.36.14 - - [24/Nov/2024:00:29:57 +0800] "GET /%e9%bb%83%e9%87%91%e7%b7%9a%e6%8f%9b%e5%ad%a3%e4%bf%9d%e9%a4%8a%e5%b0%8f%e6%95%99%e5%ae%a4/embed/ HTTP/1.1" 200 10972 "-" "Mozilla/5.0 AppleWebKit/537.36 (KHTML, like Gecko; compatible; GPTBot/1.2; +https://openai.com/gptbot)"
4.227.36.14 - - [24/Nov/2024:00:30:04 +0800] "GET /%e9%bb%83%e9%87%91%e7%b7%9a%e6%8f%9b%e5%ad%a3%e4%bf%9d%e9%a4%8a%e5%b0%8f%e6%95%99%e5%ae%a4/embed/ HTTP/1.1" 200 10973 "-" "Mozilla/5.0 AppleWebKit/537.36 (KHTML, like Gecko; compatible; GPTBot/1.2; +https://openai.com/gptbot)"
4.227.36.14 - - [24/Nov/2024:00:30:10 +0800] "GET /%e9%bb%83%e9%87%91%e7%b7%9a%e6%8f%9b%e5%ad%a3%e4%bf%9d%e9%a4%8a%e5%b0%8f%e6%95%99%e5%ae%a4/embed/ HTTP/1.1" 200 10973 "-" "Mozilla/5.0 AppleWebKit/537.36 (KHTML, like Gecko; compatible; GPTBot/1.2; +https://openai.com/gptbot)"
193.70.81.99 - - [24/Nov/2024:00:30:20 +0800] "GET /?tag=%E6%A6%B4%E5%BD%88%E5%85%B5 HTTP/1.1" 301 629 "-" "Mozilla/5.0 (compatible; MJ12bot/v1.4.8; http://mj12bot.com/)"
4.227.36.14 - - [24/Nov/2024:00:30:21 +0800] "GET /%e9%bb%83%e9%87%91%e7%b7%9a%e6%8f%9b%e5%ad%a3%e4%bf%9d%e9%a4%8a%e5%b0%8f%e6%95%99%e5%ae%a4/embed/ HTTP/1.1" 200 10973 "-" "Mozilla/5.0 AppleWebKit/537.36 (KHTML, like Gecko; compatible; GPTBot/1.2; +https://openai.com/gptbot)"
193.70.81.99 - - [24/Nov/2024:00:30:23 +0800] "GET /?tag=%E6%A6%B4%E5%BD%88%E5%85%B5 HTTP/1.1" 301 3585 "-" "Mozilla/5.0 (compatible; MJ12bot/v1.4.8; http://mj12bot.com/)"
193.70.81.99 - - [24/Nov/2024:00:30:27 +0800] "GET /tag/%E6%A6%B4%E5%BD%88%E5%85%B5/ HTTP/1.1" 200 26390 "-" "Mozilla/5.0 (compatible; MJ12bot/v1.4.8; http://mj12bot.com/)"
4.227.36.14 - - [24/Nov/2024:00:30:27 +0800] "GET /%e9%bb%83%e9%87%91%e7%b7%9a%e6%8f%9b%e5%ad%a3%e4%bf%9d%e9%a4%8a%e5%b0%8f%e6%95%99%e5%ae%a4/embed/ HTTP/1.1" 200 10973 "-" "Mozilla/5.0 AppleWebKit/537.36 (KHTML, like Gecko; compatible; GPTBot/1.2; +https://openai.com/gptbot)"
220.135.127.108 - - [24/Nov/2024:00:30:32 +0800] "POST /wp-cron.php?doing_wp_cron=1732379432.1831729412078857421875 HTTP/1.1" 200 4050 "-" "WordPress/6.7.1; https://www.car32.tw"
193.70.81.99 - - [24/Nov/2024:00:30:32 +0800] "GET /?tag=%E6%A6%B4%E5%BD%88%E5%85%B5 HTTP/1.1" 301 301 "-" "Mozilla/5.0 (compatible; MJ12bot/v1.4.8; http://mj12bot.com/)"
4.227.36.14 - - [24/Nov/2024:00:30:34 +0800] "GET /%e9%bb%83%e9%87%91%e7%b7%9a%e6%8f%9b%e5%ad%a3%e4%bf%9d%e9%a4%8a%e5%b0%8f%e6%95%99%e5%ae%a4/embed/ HTTP/1.1" 200 10974 "-" "Mozilla/5.0 AppleWebKit/537.36 (KHTML, like Gecko; compatible; GPTBot/1.2; +https://openai.com/gptbot)"
193.70.81.99 - - [24/Nov/2024:00:30:35 +0800] "GET /tag/%E6%A6%B4%E5%BD%88%E5%85%B5/ HTTP/1.1" 200 26391 "-" "Mozilla/5.0 (compatible; MJ12bot/v1.4.8; http://mj12bot.com/)"
193.70.81.99 - - [24/Nov/2024:00:30:37 +0800] "GET /?tag=%E6%A9%9F%E6%B2%B9%E5%A3%93%E5%8A%9B HTTP/1.1" 301 591 "-" "Mozilla/5.0 (compatible; MJ12bot/v1.4.8; http://mj12bot.com/)"
193.70.81.99 - - [24/Nov/2024:00:30:39 +0800] "GET /?tag=%E6%A9%9F%E6%B2%B9%E5%A3%93%E5%8A%9B HTTP/1.1" 301 310 "-" "Mozilla/5.0 (compatible; MJ12bot/v1.4.8; http://mj12bot.com/)"
193.70.81.99 - - [24/Nov/2024:00:30:42 +0800] "GET /tag/%E6%A9%9F%E6%B2%B9%E5%A3%93%E5%8A%9B/ HTTP/1.1" 200 26123 "-" "Mozilla/5.0 (compatible; MJ12bot/v1.4.8; http://mj12bot.com/)"
4.227.36.14 - - [24/Nov/2024:00:30:44 +0800] "GET /%e9%bb%83%e9%87%91%e7%b7%9a%e6%8f%9b%e5%ad%a3%e4%bf%9d%e9%a4%8a%e5%b0%8f%e6%95%99%e5%ae%a4/embed/ HTTP/1.1" 200 10972 "-" "Mozilla/5.0 AppleWebKit/537.36 (KHTML, like Gecko; compatible; GPTBot/1.2; +https://openai.com/gptbot)"
193.70.81.99 - - [24/Nov/2024:00:30:45 +0800] "GET /?tag=%E6%A9%9F%E6%B2%B9%E5%A3%93%E5%8A%9B HTTP/1.1" 301 310 "-" "Mozilla/5.0 (compatible; MJ12bot/v1.4.8; http://mj12bot.com/)"
193.70.81.99 - - [24/Nov/2024:00:30:48 +0800] "GET /tag/%E6%A9%9F%E6%B2%B9%E5%A3%93%E5%8A%9B/ HTTP/1.1" 200 26123 "-" "Mozilla/5.0 (compatible; MJ12bot/v1.4.8; http://mj12bot.com/)"
192.0.82.55 - - [24/Nov/2024:00:30:52 +0800] "HEAD / HTTP/1.1" 200 4000 "-" "jetmon/1.0 (Jetpack Site Uptime Monitor by WordPress.com)"
193.70.81.99 - - [24/Nov/2024:00:30:53 +0800] "GET /?tag=%E6%A9%9F%E6%B2%B9%E6%BA%AB%E5%BA%A6 HTTP/1.1" 301 591 "-" "Mozilla/5.0 (compatible; MJ12bot/v1.4.8; http://mj12bot.com/)"
4.227.36.14 - - [24/Nov/2024:00:30:54 +0800] "GET /%e9%bb%83%e9%87%91%e7%b7%9a%e6%8f%9b%e5%ad%a3%e4%bf%9d%e9%a4%8a%e5%b0%8f%e6%95%99%e5%ae%a4/embed/ HTTP/1.1" 200 10973 "-" "Mozilla/5.0 AppleWebKit/537.36 (KHTML, like Gecko; compatible; GPTBot/1.2; +https://openai.com/gptbot)"
193.70.81.99 - - [24/Nov/2024:00:30:56 +0800] "GET /?tag=%E6%A9%9F%E6%B2%B9%E6%BA%AB%E5%BA%A6 HTTP/1.1" 301 3538 "-" "Mozilla/5.0 (compatible; MJ12bot/v1.4.8; http://mj12bot.com/)"
193.70.81.99 - - [24/Nov/2024:00:30:59 +0800] "GET /tag/%E6%A9%9F%E6%B2%B9%E6%BA%AB%E5%BA%A6/ HTTP/1.1" 200 26128 "-" "Mozilla/5.0 (compatible; MJ12bot/v1.4.8; http://mj12bot.com/)"
4.227.36.14 - - [24/Nov/2024:00:31:02 +0800] "GET /%e9%bb%83%e9%87%91%e7%b7%9a%e6%8f%9b%e5%ad%a3%e4%bf%9d%e9%a4%8a%e5%b0%8f%e6%95%99%e5%ae%a4/embed/ HTTP/1.1" 200 10971 "-" "Mozilla/5.0 AppleWebKit/537.36 (KHTML, like Gecko; compatible; GPTBot/1.2; +https://openai.com/gptbot)"
193.70.81.99 - - [24/Nov/2024:00:31:02 +0800] "GET /?tag=%E6%A9%9F%E6%B2%B9%E6%BA%AB%E5%BA%A6 HTTP/1.1" 301 310 "-" "Mozilla/5.0 (compatible; MJ12bot/v1.4.8; http://mj12bot.com/)"
193.70.81.99 - - [24/Nov/2024:00:31:05 +0800] "GET /tag/%E6%A9%9F%E6%B2%B9%E6%BA%AB%E5%BA%A6/ HTTP/1.1" 200 26127 "-" "Mozilla/5.0 (compatible; MJ12bot/v1.4.8; http://mj12bot.com/)"
193.70.81.99 - - [24/Nov/2024:00:31:08 +0800] "GET /?tag=%E6%A9%9F%E6%B2%B9%E7%B2%BE HTTP/1.1" 301 573 "-" "Mozilla/5.0 (compatible; MJ12bot/v1.4.8; http://mj12bot.com/)"
193.70.81.99 - - [24/Nov/2024:00:31:13 +0800] "GET /?tag=%E6%A9%9F%E6%B2%B9%E7%B2%BE HTTP/1.1" 301 3529 "-" "Mozilla/5.0 (compatible; MJ12bot/v1.4.8; http://mj12bot.com/)"
4.227.36.14 - - [24/Nov/2024:00:31:14 +0800] "GET /%e9%bb%83%e9%87%91%e7%b7%9a%e6%8f%9b%e5%ad%a3%e4%bf%9d%e9%a4%8a%e5%b0%8f%e6%95%99%e5%ae%a4/embed/ HTTP/1.1" 200 10974 "-" "Mozilla/5.0 AppleWebKit/537.36 (KHTML, like Gecko; compatible; GPTBot/1.2; +https://openai.com/gptbot)"
193.70.81.99 - - [24/Nov/2024:00:31:17 +0800] "GET /tag/%E6%A9%9F%E6%B2%B9%E7%B2%BE/ HTTP/1.1" 200 24893 "-" "Mozilla/5.0 (compatible; MJ12bot/v1.4.8; http://mj12bot.com/)"
193.70.81.99 - - [24/Nov/2024:00:31:20 +0800] "GET /?tag=%E6%B1%BD%E6%B2%B9%E7%B2%BE HTTP/1.1" 301 573 "-" "Mozilla/5.0 (compatible; MJ12bot/v1.4.8; http://mj12bot.com/)"
193.70.81.99 - - [24/Nov/2024:00:31:22 +0800] "GET /?tag=%E6%B1%BD%E6%B2%B9%E7%B2%BE HTTP/1.1" 301 301 "-" "Mozilla/5.0 (compatible; MJ12bot/v1.4.8; http://mj12bot.com/)"
4.227.36.14 - - [24/Nov/2024:00:31:23 +0800] "GET /%e9%bb%83%e9%87%91%e7%b7%9a%e6%8f%9b%e5%ad%a3%e4%bf%9d%e9%a4%8a%e5%b0%8f%e6%95%99%e5%ae%a4/embed/ HTTP/1.1" 200 10974 "-" "Mozilla/5.0 AppleWebKit/537.36 (KHTML, like Gecko; compatible; GPTBot/1.2; +https://openai.com/gptbot)"
193.70.81.99 - - [24/Nov/2024:00:31:26 +0800] "GET /tag/%E6%B1%BD%E6%B2%B9%E7%B2%BE/ HTTP/1.1" 200 30980 "-" "Mozilla/5.0 (compatible; MJ12bot/v1.4.8; http://mj12bot.com/)"
193.70.81.99 - - [24/Nov/2024:00:31:29 +0800] "GET /?tag=%E6%B1%BD%E6%B2%B9%E7%B2%BE HTTP/1.1" 301 301 "-" "Mozilla/5.0 (compatible; MJ12bot/v1.4.8; http://mj12bot.com/)"
193.70.81.99 - - [24/Nov/2024:00:31:34 +0800] "GET /tag/%E6%B1%BD%E6%B2%B9%E7%B2%BE/ HTTP/1.1" 200 30980 "-" "Mozilla/5.0 (compatible; MJ12bot/v1.4.8; http://mj12bot.com/)"
4.227.36.14 - - [24/Nov/2024:00:31:36 +0800] "GET /%e9%bb%83%e9%87%91%e7%b7%9a%e6%8f%9b%e5%ad%a3%e4%bf%9d%e9%a4%8a%e5%b0%8f%e6%95%99%e5%ae%a4/embed/ HTTP/1.1" 200 10973 "-" "Mozilla/5.0 AppleWebKit/537.36 (KHTML, like Gecko; compatible; GPTBot/1.2; +https://openai.com/gptbot)"
193.70.81.99 - - [24/Nov/2024:00:31:39 +0800] "GET /?tag=%E6%B2%B9%E9%9B%BB%E8%BB%8A HTTP/1.1" 301 573 "-" "Mozilla/5.0 (compatible; MJ12bot/v1.4.8; http://mj12bot.com/)"
4.227.36.14 - - [24/Nov/2024:00:31:42 +0800] "GET /%e9%bb%83%e9%87%91%e7%b7%9a%e6%8f%9b%e5%ad%a3%e4%bf%9d%e9%a4%8a%e5%b0%8f%e6%95%99%e5%ae%a4/embed/ HTTP/1.1" 200 10973 "-" "Mozilla/5.0 AppleWebKit/537.36 (KHTML, like Gecko; compatible; GPTBot/1.2; +https://openai.com/gptbot)"
193.70.81.99 - - [24/Nov/2024:00:31:43 +0800] "GET /?tag=%E6%B2%B9%E9%9B%BB%E8%BB%8A HTTP/1.1" 301 3529 "-" "Mozilla/5.0 (compatible; MJ12bot/v1.4.8; http://mj12bot.com/)"
193.70.81.99 - - [24/Nov/2024:00:31:47 +0800] "GET /tag/%E6%B2%B9%E9%9B%BB%E8%BB%8A/ HTTP/1.1" 200 25606 "-" "Mozilla/5.0 (compatible; MJ12bot/v1.4.8; http://mj12bot.com/)"
4.227.36.14 - - [24/Nov/2024:00:31:48 +0800] "GET /%e9%bb%83%e9%87%91%e7%b7%9a%e6%8f%9b%e5%ad%a3%e4%bf%9d%e9%a4%8a%e5%b0%8f%e6%95%99%e5%ae%a4/embed/ HTTP/1.1" 200 10971 "-" "Mozilla/5.0 AppleWebKit/537.36 (KHTML, like Gecko; compatible; GPTBot/1.2; +https://openai.com/gptbot)"
193.70.81.99 - - [24/Nov/2024:00:31:51 +0800] "GET /?tag=%E6%B6%B2%E6%85%8B%E8%A0%9F%E9%85%AF HTTP/1.1" 301 591 "-" "Mozilla/5.0 (compatible; MJ12bot/v1.4.8; http://mj12bot.com/)"
193.70.81.99 - - [24/Nov/2024:00:31:56 +0800] "GET /?tag=%E6%B6%B2%E6%85%8B%E8%A0%9F%E9%85%AF HTTP/1.1" 301 3538 "-" "Mozilla/5.0 (compatible; MJ12bot/v1.4.8; http://mj12bot.com/)"
4.227.36.14 - - [24/Nov/2024:00:32:01 +0800] "GET /%e9%bb%83%e9%87%91%e7%b7%9a%e6%8f%9b%e5%ad%a3%e4%bf%9d%e9%a4%8a%e5%b0%8f%e6%95%99%e5%ae%a4/embed/ HTTP/1.1" 200 10974 "-" "Mozilla/5.0 AppleWebKit/537.36 (KHTML, like Gecko; compatible; GPTBot/1.2; +https://openai.com/gptbot)"
193.70.81.99 - - [24/Nov/2024:00:32:01 +0800] "GET /tag/%E6%B6%B2%E6%85%8B%E8%A0%9F%E9%85%AF/ HTTP/1.1" 200 27900 "-" "Mozilla/5.0 (compatible; MJ12bot/v1.4.8; http://mj12bot.com/)"
193.70.81.99 - - [24/Nov/2024:00:32:04 +0800] "GET /?tag=%E6%B6%B2%E6%85%8B%E8%A0%9F%E9%85%AF HTTP/1.1" 301 310 "-" "Mozilla/5.0 (compatible; MJ12bot/v1.4.8; http://mj12bot.com/)"
4.227.36.14 - - [24/Nov/2024:00:32:08 +0800] "GET /%e9%bb%83%e9%87%91%e7%b7%9a%e6%8f%9b%e5%ad%a3%e4%bf%9d%e9%a4%8a%e5%b0%8f%e6%95%99%e5%ae%a4/embed/ HTTP/1.1" 200 10973 "-" "Mozilla/5.0 AppleWebKit/537.36 (KHTML, like Gecko; compatible; GPTBot/1.2; +https://openai.com/gptbot)"
4.227.36.14 - - [24/Nov/2024:00:32:15 +0800] "GET /%e9%bb%83%e9%87%91%e7%b7%9a%e6%8f%9b%e5%ad%a3%e4%bf%9d%e9%a4%8a%e5%b0%8f%e6%95%99%e5%ae%a4/embed/ HTTP/1.1" 200 10972 "-" "Mozilla/5.0 AppleWebKit/537.36 (KHTML, like Gecko; compatible; GPTBot/1.2; +https://openai.com/gptbot)"
4.227.36.14 - - [24/Nov/2024:00:32:27 +0800] "GET /%e9%bb%83%e9%87%91%e7%b7%9a%e6%8f%9b%e5%ad%a3%e4%bf%9d%e9%a4%8a%e5%b0%8f%e6%95%99%e5%ae%a4/embed/ HTTP/1.1" 200 10971 "-" "Mozilla/5.0 AppleWebKit/537.36 (KHTML, like Gecko; compatible; GPTBot/1.2; +https://openai.com/gptbot)"
4.227.36.14 - - [24/Nov/2024:00:32:40 +0800] "GET /%e9%bb%83%e9%87%91%e7%b7%9a%e6%8f%9b%e5%ad%a3%e4%bf%9d%e9%a4%8a%e5%b0%8f%e6%95%99%e5%ae%a4/embed/ HTTP/1.1" 200 10974 "-" "Mozilla/5.0 AppleWebKit/537.36 (KHTML, like Gecko; compatible; GPTBot/1.2; +https://openai.com/gptbot)"
66.249.79.70 - - [24/Nov/2024:00:32:46 +0800] "GET /tag/%E5%86%B7%E5%8D%BB%E7%B3%BB%E7%B5%B1/ HTTP/1.1" 200 17633 "-" "Mozilla/5.0 (Linux; Android 6.0.1; Nexus 5X Build/MMB29P) AppleWebKit/537.36 (KHTML, like Gecko) Chrome/131.0.6778.69 Mobile Safari/537.36 (compatible; Googlebot/2.1; +http://www.google.com/bot.html)"
4.227.36.14 - - [24/Nov/2024:00:32:56 +0800] "GET /%e9%bb%83%e9%87%91%e7%b7%9a%e6%8f%9b%e5%ad%a3%e4%bf%9d%e9%a4%8a%e5%b0%8f%e6%95%99%e5%ae%a4/embed/ HTTP/1.1" 200 10973 "-" "Mozilla/5.0 AppleWebKit/537.36 (KHTML, like Gecko; compatible; GPTBot/1.2; +https://openai.com/gptbot)"
4.227.36.14 - - [24/Nov/2024:00:33:02 +0800] "GET /%e9%bb%83%e9%87%91%e7%b7%9a%e6%8f%9b%e5%ad%a3%e4%bf%9d%e9%a4%8a%e5%b0%8f%e6%95%99%e5%ae%a4/embed/ HTTP/1.1" 200 10973 "-" "Mozilla/5.0 AppleWebKit/537.36 (KHTML, like Gecko; compatible; GPTBot/1.2; +https://openai.com/gptbot)"
4.227.36.14 - - [24/Nov/2024:00:33:10 +0800] "GET /%e9%bb%83%e9%87%91%e7%b7%9a%e6%8f%9b%e5%ad%a3%e4%bf%9d%e9%a4%8a%e5%b0%8f%e6%95%99%e5%ae%a4/embed/ HTTP/1.1" 200 10972 "-" "Mozilla/5.0 AppleWebKit/537.36 (KHTML, like Gecko; compatible; GPTBot/1.2; +https://openai.com/gptbot)"
4.227.36.14 - - [24/Nov/2024:00:33:29 +0800] "GET /%e9%bb%83%e9%87%91%e7%b7%9a%e6%8f%9b%e5%ad%a3%e4%bf%9d%e9%a4%8a%e5%b0%8f%e6%95%99%e5%ae%a4/embed/ HTTP/1.1" 200 10972 "-" "Mozilla/5.0 AppleWebKit/537.36 (KHTML, like Gecko; compatible; GPTBot/1.2; +https://openai.com/gptbot)"
4.227.36.14 - - [24/Nov/2024:00:33:35 +0800] "GET /%e9%bb%83%e9%87%91%e7%b7%9a%e6%8f%9b%e5%ad%a3%e4%bf%9d%e9%a4%8a%e5%b0%8f%e6%95%99%e5%ae%a4/embed/ HTTP/1.1" 200 10973 "-" "Mozilla/5.0 AppleWebKit/537.36 (KHTML, like Gecko; compatible; GPTBot/1.2; +https://openai.com/gptbot)"
4.227.36.14 - - [24/Nov/2024:00:33:54 +0800] "GET /%e9%bb%83%e9%87%91%e7%b7%9a%e6%8f%9b%e5%ad%a3%e4%bf%9d%e9%a4%8a%e5%b0%8f%e6%95%99%e5%ae%a4/embed/ HTTP/1.1" 200 10974 "-" "Mozilla/5.0 AppleWebKit/537.36 (KHTML, like Gecko; compatible; GPTBot/1.2; +https://openai.com/gptbot)"
4.227.36.14 - - [24/Nov/2024:00:34:00 +0800] "GET /%e9%bb%83%e9%87%91%e7%b7%9a%e6%8f%9b%e5%ad%a3%e4%bf%9d%e9%a4%8a%e5%b0%8f%e6%95%99%e5%ae%a4/embed/ HTTP/1.1" 200 10973 "-" "Mozilla/5.0 AppleWebKit/537.36 (KHTML, like Gecko; compatible; GPTBot/1.2; +https://openai.com/gptbot)"
4.227.36.14 - - [24/Nov/2024:00:34:20 +0800] "GET /%e9%bb%83%e9%87%91%e7%b7%9a%e6%8f%9b%e5%ad%a3%e4%bf%9d%e9%a4%8a%e5%b0%8f%e6%95%99%e5%ae%a4/embed/ HTTP/1.1" 200 10974 "-" "Mozilla/5.0 AppleWebKit/537.36 (KHTML, like Gecko; compatible; GPTBot/1.2; +https://openai.com/gptbot)"
220.135.127.108 - - [24/Nov/2024:00:34:27 +0800] "POST /wp-cron.php?doing_wp_cron=1732379667.5534510612487792968750 HTTP/1.1" 200 4050 "-" "WordPress/6.7.1; https://www.car32.tw"
4.227.36.14 - - [24/Nov/2024:00:34:27 +0800] "GET /%e9%bb%83%e9%87%91%e7%b7%9a%e6%8f%9b%e5%ad%a3%e4%bf%9d%e9%a4%8a%e5%b0%8f%e6%95%99%e5%ae%a4/embed/ HTTP/1.1" 200 10972 "-" "Mozilla/5.0 AppleWebKit/537.36 (KHTML, like Gecko; compatible; GPTBot/1.2; +https://openai.com/gptbot)"
4.227.36.14 - - [24/Nov/2024:00:34:39 +0800] "GET /%e9%bb%83%e9%87%91%e7%b7%9a%e6%8f%9b%e5%ad%a3%e4%bf%9d%e9%a4%8a%e5%b0%8f%e6%95%99%e5%ae%a4/embed/ HTTP/1.1" 200 10973 "-" "Mozilla/5.0 AppleWebKit/537.36 (KHTML, like Gecko; compatible; GPTBot/1.2; +https://openai.com/gptbot)"
4.227.36.14 - - [24/Nov/2024:00:34:45 +0800] "GET /%e9%bb%83%e9%87%91%e7%b7%9a%e6%8f%9b%e5%ad%a3%e4%bf%9d%e9%a4%8a%e5%b0%8f%e6%95%99%e5%ae%a4/embed/ HTTP/1.1" 200 10973 "-" "Mozilla/5.0 AppleWebKit/537.36 (KHTML, like Gecko; compatible; GPTBot/1.2; +https://openai.com/gptbot)"
4.227.36.14 - - [24/Nov/2024:00:34:57 +0800] "GET /%e9%bb%83%e9%87%91%e7%b7%9a%e6%8f%9b%e5%ad%a3%e4%bf%9d%e9%a4%8a%e5%b0%8f%e6%95%99%e5%ae%a4/embed/ HTTP/1.1" 200 10972 "-" "Mozilla/5.0 AppleWebKit/537.36 (KHTML, like Gecko; compatible; GPTBot/1.2; +https://openai.com/gptbot)"
4.227.36.14 - - [24/Nov/2024:00:35:03 +0800] "GET /%e9%bb%83%e9%87%91%e7%b7%9a%e6%8f%9b%e5%ad%a3%e4%bf%9d%e9%a4%8a%e5%b0%8f%e6%95%99%e5%ae%a4/embed/ HTTP/1.1" 200 10974 "-" "Mozilla/5.0 AppleWebKit/537.36 (KHTML, like Gecko; compatible; GPTBot/1.2; +https://openai.com/gptbot)"
4.227.36.14 - - [24/Nov/2024:00:35:10 +0800] "GET /%e9%bb%83%e9%87%91%e7%b7%9a%e6%8f%9b%e5%ad%a3%e4%bf%9d%e9%a4%8a%e5%b0%8f%e6%95%99%e5%ae%a4/embed/ HTTP/1.1" 200 10973 "-" "Mozilla/5.0 AppleWebKit/537.36 (KHTML, like Gecko; compatible; GPTBot/1.2; +https://openai.com/gptbot)"
4.227.36.14 - - [24/Nov/2024:00:35:17 +0800] "GET /%e9%bb%83%e9%87%91%e7%b7%9a%e6%8f%9b%e5%ad%a3%e4%bf%9d%e9%a4%8a%e5%b0%8f%e6%95%99%e5%ae%a4/embed/ HTTP/1.1" 200 10974 "-" "Mozilla/5.0 AppleWebKit/537.36 (KHTML, like Gecko; compatible; GPTBot/1.2; +https://openai.com/gptbot)"
220.135.127.108 - - [24/Nov/2024:00:35:32 +0800] "POST /wp-cron.php?doing_wp_cron=1732379732.3623778820037841796875 HTTP/1.1" 200 4050 "-" "WordPress/6.7.1; https://www.car32.tw"
4.227.36.14 - - [24/Nov/2024:00:35:32 +0800] "GET /%e9%bb%83%e9%87%91%e7%b7%9a%e6%8f%9b%e5%ad%a3%e4%bf%9d%e9%a4%8a%e5%b0%8f%e6%95%99%e5%ae%a4/embed/ HTTP/1.1" 200 10973 "-" "Mozilla/5.0 AppleWebKit/537.36 (KHTML, like Gecko; compatible; GPTBot/1.2; +https://openai.com/gptbot)"
4.227.36.14 - - [24/Nov/2024:00:35:40 +0800] "GET /%e9%bb%83%e9%87%91%e7%b7%9a%e6%8f%9b%e5%ad%a3%e4%bf%9d%e9%a4%8a%e5%b0%8f%e6%95%99%e5%ae%a4/embed/ HTTP/1.1" 200 10972 "-" "Mozilla/5.0 AppleWebKit/537.36 (KHTML, like Gecko; compatible; GPTBot/1.2; +https://openai.com/gptbot)"
4.227.36.14 - - [24/Nov/2024:00:35:46 +0800] "GET /%e9%bb%83%e9%87%91%e7%b7%9a%e6%8f%9b%e5%ad%a3%e4%bf%9d%e9%a4%8a%e5%b0%8f%e6%95%99%e5%ae%a4/embed/ HTTP/1.1" 200 10971 "-" "Mozilla/5.0 AppleWebKit/537.36 (KHTML, like Gecko; compatible; GPTBot/1.2; +https://openai.com/gptbot)"
192.0.82.55 - - [24/Nov/2024:00:35:52 +0800] "HEAD / HTTP/1.1" 200 4000 "-" "jetmon/1.0 (Jetpack Site Uptime Monitor by WordPress.com)"
4.227.36.14 - - [24/Nov/2024:00:35:55 +0800] "GET /%e9%bb%83%e9%87%91%e7%b7%9a%e6%8f%9b%e5%ad%a3%e4%bf%9d%e9%a4%8a%e5%b0%8f%e6%95%99%e5%ae%a4/embed/ HTTP/1.1" 200 10974 "-" "Mozilla/5.0 AppleWebKit/537.36 (KHTML, like Gecko; compatible; GPTBot/1.2; +https://openai.com/gptbot)"
4.227.36.14 - - [24/Nov/2024:00:36:01 +0800] "GET /%e9%bb%83%e9%87%91%e7%b7%9a%e6%8f%9b%e5%ad%a3%e4%bf%9d%e9%a4%8a%e5%b0%8f%e6%95%99%e5%ae%a4/embed/ HTTP/1.1" 200 10974 "-" "Mozilla/5.0 AppleWebKit/537.36 (KHTML, like Gecko; compatible; GPTBot/1.2; +https://openai.com/gptbot)"
4.227.36.14 - - [24/Nov/2024:00:36:10 +0800] "GET /%e9%bb%83%e9%87%91%e7%b7%9a%e6%8f%9b%e5%ad%a3%e4%bf%9d%e9%a4%8a%e5%b0%8f%e6%95%99%e5%ae%a4/embed/ HTTP/1.1" 200 10974 "-" "Mozilla/5.0 AppleWebKit/537.36 (KHTML, like Gecko; compatible; GPTBot/1.2; +https://openai.com/gptbot)"
4.227.36.14 - - [24/Nov/2024:00:36:25 +0800] "GET /%e9%bb%83%e9%87%91%e7%b7%9a%e6%8f%9b%e5%ad%a3%e4%bf%9d%e9%a4%8a%e5%b0%8f%e6%95%99%e5%ae%a4/embed/ HTTP/1.1" 200 10973 "-" "Mozilla/5.0 AppleWebKit/537.36 (KHTML, like Gecko; compatible; GPTBot/1.2; +https://openai.com/gptbot)"
