4.227.36.14 - - [23/Nov/2024:14:21:37 +0800] "GET /%e9%bb%83%e9%87%91%e7%b7%9a%e6%8f%9b%e5%ad%a3%e4%bf%9d%e9%a4%8a%e5%b0%8f%e6%95%99%e5%ae%a4/embed/ HTTP/1.1" 200 10973 "-" "Mozilla/5.0 AppleWebKit/537.36 (KHTML, like Gecko; compatible; GPTBot/1.2; +https://openai.com/gptbot)"
4.227.36.14 - - [23/Nov/2024:14:22:34 +0800] "GET /%e9%bb%83%e9%87%91%e7%b7%9a%e6%8f%9b%e5%ad%a3%e4%bf%9d%e9%a4%8a%e5%b0%8f%e6%95%99%e5%ae%a4/embed/ HTTP/1.1" 200 10972 "-" "Mozilla/5.0 AppleWebKit/537.36 (KHTML, like Gecko; compatible; GPTBot/1.2; +https://openai.com/gptbot)"
4.227.36.14 - - [23/Nov/2024:14:23:49 +0800] "GET /%e9%bb%83%e9%87%91%e7%b7%9a%e6%8f%9b%e5%ad%a3%e4%bf%9d%e9%a4%8a%e5%b0%8f%e6%95%99%e5%ae%a4/embed/ HTTP/1.1" 200 10971 "-" "Mozilla/5.0 AppleWebKit/537.36 (KHTML, like Gecko; compatible; GPTBot/1.2; +https://openai.com/gptbot)"
17.241.219.7 - - [23/Nov/2024:14:23:54 +0800] "GET /tag/%E5%9C%B0%E7%90%83%E9%BB%83%E9%87%91%E7%B7%9A/ HTTP/1.1" 200 18283 "-" "Mozilla/5.0 (Macintosh; Intel Mac OS X 10_15_7) AppleWebKit/605.1.15 (KHTML, like Gecko) Version/17.4 Safari/605.1.15 (Applebot/0.1; +http://www.apple.com/go/applebot)"
44.243.55.225 - - [23/Nov/2024:14:24:56 +0800] "GET /wp-content/uploads/2020/09/workshop_titan_motors_02.png HTTP/1.1" 200 656331 "-" "Mozilla/5.0 (X11; Ubuntu; Linux x86_64; rv:72.0) Gecko/20100101 Firefox/72.0"
220.135.127.108 - - [23/Nov/2024:14:24:59 +0800] "POST /wp-cron.php?doing_wp_cron=1732343099.5719978809356689453125 HTTP/1.1" 200 4050 "-" "WordPress/6.7.1; https://www.car32.tw"
4.227.36.14 - - [23/Nov/2024:14:24:59 +0800] "GET /%e9%bb%83%e9%87%91%e7%b7%9a%e6%8f%9b%e5%ad%a3%e4%bf%9d%e9%a4%8a%e5%b0%8f%e6%95%99%e5%ae%a4/embed/ HTTP/1.1" 200 10973 "-" "Mozilla/5.0 AppleWebKit/537.36 (KHTML, like Gecko; compatible; GPTBot/1.2; +https://openai.com/gptbot)"
220.135.127.108 - - [23/Nov/2024:14:25:49 +0800] "POST /wp-cron.php?doing_wp_cron=1732343149.3654260635375976562500 HTTP/1.1" 200 4050 "-" "WordPress/6.7.1; https://www.car32.tw"
192.0.82.55 - - [23/Nov/2024:14:25:49 +0800] "HEAD / HTTP/1.1" 200 4000 "-" "jetmon/1.0 (Jetpack Site Uptime Monitor by WordPress.com)"
4.227.36.14 - - [23/Nov/2024:14:26:04 +0800] "GET /%e9%bb%83%e9%87%91%e7%b7%9a%e6%8f%9b%e5%ad%a3%e4%bf%9d%e9%a4%8a%e5%b0%8f%e6%95%99%e5%ae%a4/embed/ HTTP/1.1" 200 10974 "-" "Mozilla/5.0 AppleWebKit/537.36 (KHTML, like Gecko; compatible; GPTBot/1.2; +https://openai.com/gptbot)"
220.135.127.108 - - [23/Nov/2024:14:27:03 +0800] "POST /wp-cron.php?doing_wp_cron=1732343223.7142930030822753906250 HTTP/1.1" 200 4050 "-" "WordPress/6.7.1; https://www.car32.tw"
54.202.149.170 - - [23/Nov/2024:14:27:03 +0800] "GET /tag/%25E6%25A9%259F%25E6%25B2%25B9%25E5%25A3%2593%25E5%258A%259B/ HTTP/1.1" 404 31473 "-" "Mozilla/5.0 (Windows NT 10.0; Win64; x64) AppleWebKit/537.36 (KHTML, like Gecko) Chrome/113.0.0.0 Safari/537.36"
4.227.36.14 - - [23/Nov/2024:14:27:22 +0800] "GET /%e9%bb%83%e9%87%91%e7%b7%9a%e6%8f%9b%e5%ad%a3%e4%bf%9d%e9%a4%8a%e5%b0%8f%e6%95%99%e5%ae%a4/embed/ HTTP/1.1" 200 10975 "-" "Mozilla/5.0 AppleWebKit/537.36 (KHTML, like Gecko; compatible; GPTBot/1.2; +https://openai.com/gptbot)"
220.135.127.108 - - [23/Nov/2024:14:30:03 +0800] "POST /wp-cron.php?doing_wp_cron=1732343403.5607779026031494140625 HTTP/1.1" 200 4050 "-" "WordPress/6.7.1; https://www.car32.tw"
4.227.36.14 - - [23/Nov/2024:14:30:03 +0800] "GET /%e9%bb%83%e9%87%91%e7%b7%9a%e6%8f%9b%e5%ad%a3%e4%bf%9d%e9%a4%8a%e5%b0%8f%e6%95%99%e5%ae%a4/embed/ HTTP/1.1" 200 10974 "-" "Mozilla/5.0 AppleWebKit/537.36 (KHTML, like Gecko; compatible; GPTBot/1.2; +https://openai.com/gptbot)"
220.135.127.108 - - [23/Nov/2024:14:30:49 +0800] "POST /wp-cron.php?doing_wp_cron=1732343449.1227200031280517578125 HTTP/1.1" 200 4050 "-" "WordPress/6.7.1; https://www.car32.tw"
192.0.82.55 - - [23/Nov/2024:14:30:48 +0800] "HEAD / HTTP/1.1" 200 4000 "-" "jetmon/1.0 (Jetpack Site Uptime Monitor by WordPress.com)"
4.227.36.14 - - [23/Nov/2024:14:33:58 +0800] "GET /%e9%bb%83%e9%87%91%e7%b7%9a%e6%8f%9b%e5%ad%a3%e4%bf%9d%e9%a4%8a%e5%b0%8f%e6%95%99%e5%ae%a4/embed/ HTTP/1.1" 200 10973 "-" "Mozilla/5.0 AppleWebKit/537.36 (KHTML, like Gecko; compatible; GPTBot/1.2; +https://openai.com/gptbot)"
220.135.127.108 - - [23/Nov/2024:14:35:48 +0800] "POST /wp-cron.php?doing_wp_cron=1732343748.6774599552154541015625 HTTP/1.1" 200 4050 "-" "WordPress/6.7.1; https://www.car32.tw"
192.0.82.55 - - [23/Nov/2024:14:35:48 +0800] "HEAD / HTTP/1.1" 200 4000 "-" "jetmon/1.0 (Jetpack Site Uptime Monitor by WordPress.com)"
49.217.63.204 - - [23/Nov/2024:14:35:52 +0800] "GET /%E5%BC%95%E6%93%8E%E6%BB%B2%E6%B2%B9%E5%88%A5%E7%B7%8A%E5%BC%B5%EF%BC%81%E8%A9%B2%E5%A6%82%E4%BD%95%E8%99%95%E7%90%86%E5%8F%8A%E5%88%A4%E5%AE%9A%E5%95%8F%E9%A1%8C/ HTTP/1.1" 200 21738 "https://www.google.com/" "Mozilla/5.0 (Linux; Android 10; K) AppleWebKit/537.36 (KHTML, like Gecko) Chrome/130.0.0.0 Mobile Safari/537.36"
49.217.63.204 - - [23/Nov/2024:14:35:52 +0800] "GET /wp-content/themes/twentytwelve/fonts/font-open-sans.css?ver=20230328 HTTP/1.1" 200 1288 "https://www.car32.tw/%E5%BC%95%E6%93%8E%E6%BB%B2%E6%B2%B9%E5%88%A5%E7%B7%8A%E5%BC%B5%EF%BC%81%E8%A9%B2%E5%A6%82%E4%BD%95%E8%99%95%E7%90%86%E5%8F%8A%E5%88%A4%E5%AE%9A%E5%95%8F%E9%A1%8C/" "Mozilla/5.0 (Linux; Android 10; K) AppleWebKit/537.36 (KHTML, like Gecko) Chrome/130.0.0.0 Mobile Safari/537.36"
49.217.63.204 - - [23/Nov/2024:14:35:52 +0800] "GET /wp-content/themes/twentytwelve/style.css?ver=20240716 HTTP/1.1" 200 12423 "https://www.car32.tw/%E5%BC%95%E6%93%8E%E6%BB%B2%E6%B2%B9%E5%88%A5%E7%B7%8A%E5%BC%B5%EF%BC%81%E8%A9%B2%E5%A6%82%E4%BD%95%E8%99%95%E7%90%86%E5%8F%8A%E5%88%A4%E5%AE%9A%E5%95%8F%E9%A1%8C/" "Mozilla/5.0 (Linux; Android 10; K) AppleWebKit/537.36 (KHTML, like Gecko) Chrome/130.0.0.0 Mobile Safari/537.36"
49.217.63.204 - - [23/Nov/2024:14:35:52 +0800] "GET /wp-content/themes/twentytwelve/css/blocks.css?ver=20240603 HTTP/1.1" 200 2292 "https://www.car32.tw/%E5%BC%95%E6%93%8E%E6%BB%B2%E6%B2%B9%E5%88%A5%E7%B7%8A%E5%BC%B5%EF%BC%81%E8%A9%B2%E5%A6%82%E4%BD%95%E8%99%95%E7%90%86%E5%8F%8A%E5%88%A4%E5%AE%9A%E5%95%8F%E9%A1%8C/" "Mozilla/5.0 (Linux; Android 10; K) AppleWebKit/537.36 (KHTML, like Gecko) Chrome/130.0.0.0 Mobile Safari/537.36"
49.217.63.204 - - [23/Nov/2024:14:35:52 +0800] "GET /wp-content/themes/twentytwelve/js/navigation.js?ver=20141205 HTTP/1.1" 200 1027 "https://www.car32.tw/%E5%BC%95%E6%93%8E%E6%BB%B2%E6%B2%B9%E5%88%A5%E7%B7%8A%E5%BC%B5%EF%BC%81%E8%A9%B2%E5%A6%82%E4%BD%95%E8%99%95%E7%90%86%E5%8F%8A%E5%88%A4%E5%AE%9A%E5%95%8F%E9%A1%8C/" "Mozilla/5.0 (Linux; Android 10; K) AppleWebKit/537.36 (KHTML, like Gecko) Chrome/130.0.0.0 Mobile Safari/537.36"
49.217.63.204 - - [23/Nov/2024:14:35:52 +0800] "GET /wp-content/themes/twentytwelve/fonts/open-sans/open-sans-latin-700-normal.woff2?ver=34 HTTP/1.1" 200 17268 "https://www.car32.tw/wp-content/themes/twentytwelve/fonts/font-open-sans.css?ver=20230328" "Mozilla/5.0 (Linux; Android 10; K) AppleWebKit/537.36 (KHTML, like Gecko) Chrome/130.0.0.0 Mobile Safari/537.36"
49.217.63.204 - - [23/Nov/2024:14:35:52 +0800] "GET /wp-content/themes/twentytwelve/fonts/open-sans/open-sans-latin-400-normal.woff2?ver=34 HTTP/1.1" 200 17094 "https://www.car32.tw/wp-content/themes/twentytwelve/fonts/font-open-sans.css?ver=20230328" "Mozilla/5.0 (Linux; Android 10; K) AppleWebKit/537.36 (KHTML, like Gecko) Chrome/130.0.0.0 Mobile Safari/537.36"
49.217.63.204 - - [23/Nov/2024:14:35:53 +0800] "GET /%E5%BC%95%E6%93%8E%E6%BB%B2%E6%B2%B9%E5%88%A5%E7%B7%8A%E5%BC%B5%EF%BC%81%E8%A9%B2%E5%A6%82%E4%BD%95%E8%99%95%E7%90%86%E5%8F%8A%E5%88%A4%E5%AE%9A%E5%95%8F%E9%A1%8C/?relatedposts=1 HTTP/1.1" 200 4942 "https://www.car32.tw/%E5%BC%95%E6%93%8E%E6%BB%B2%E6%B2%B9%E5%88%A5%E7%B7%8A%E5%BC%B5%EF%BC%81%E8%A9%B2%E5%A6%82%E4%BD%95%E8%99%95%E7%90%86%E5%8F%8A%E5%88%A4%E5%AE%9A%E5%95%8F%E9%A1%8C/" "Mozilla/5.0 (Linux; Android 10; K) AppleWebKit/537.36 (KHTML, like Gecko) Chrome/130.0.0.0 Mobile Safari/537.36"
49.217.63.204 - - [23/Nov/2024:14:35:53 +0800] "POST /?ob=open-bridge/events HTTP/1.1" 200 520 "https://www.car32.tw/%E5%BC%95%E6%93%8E%E6%BB%B2%E6%B2%B9%E5%88%A5%E7%B7%8A%E5%BC%B5%EF%BC%81%E8%A9%B2%E5%A6%82%E4%BD%95%E8%99%95%E7%90%86%E5%8F%8A%E5%88%A4%E5%AE%9A%E5%95%8F%E9%A1%8C/" "Mozilla/5.0 (Linux; Android 10; K) AppleWebKit/537.36 (KHTML, like Gecko) Chrome/130.0.0.0 Mobile Safari/537.36"
4.227.36.14 - - [23/Nov/2024:14:39:00 +0800] "GET /%e9%bb%83%e9%87%91%e7%b7%9a%e6%8f%9b%e5%ad%a3%e4%bf%9d%e9%a4%8a%e5%b0%8f%e6%95%99%e5%ae%a4/embed/ HTTP/1.1" 200 10972 "-" "Mozilla/5.0 AppleWebKit/537.36 (KHTML, like Gecko; compatible; GPTBot/1.2; +https://openai.com/gptbot)"
220.135.127.108 - - [23/Nov/2024:14:40:49 +0800] "POST /wp-cron.php?doing_wp_cron=1732344049.1990280151367187500000 HTTP/1.1" 200 4050 "-" "WordPress/6.7.1; https://www.car32.tw"
192.0.82.55 - - [23/Nov/2024:14:40:48 +0800] "HEAD / HTTP/1.1" 200 4000 "-" "jetmon/1.0 (Jetpack Site Uptime Monitor by WordPress.com)"
4.227.36.14 - - [23/Nov/2024:14:40:58 +0800] "GET /%e9%bb%83%e9%87%91%e7%b7%9a%e6%8f%9b%e5%ad%a3%e4%bf%9d%e9%a4%8a%e5%b0%8f%e6%95%99%e5%ae%a4/embed/ HTTP/1.1" 200 10975 "-" "Mozilla/5.0 AppleWebKit/537.36 (KHTML, like Gecko; compatible; GPTBot/1.2; +https://openai.com/gptbot)"
66.249.71.135 - - [23/Nov/2024:14:43:15 +0800] "GET /author/sysadmin/ HTTP/1.1" 200 24406 "-" "Mozilla/5.0 (Linux; Android 6.0.1; Nexus 5X Build/MMB29P) AppleWebKit/537.36 (KHTML, like Gecko) Chrome/131.0.6778.69 Mobile Safari/537.36 (compatible; Googlebot/2.1; +http://www.google.com/bot.html)"
4.227.36.14 - - [23/Nov/2024:14:43:17 +0800] "GET /%e9%bb%83%e9%87%91%e7%b7%9a%e6%8f%9b%e5%ad%a3%e4%bf%9d%e9%a4%8a%e5%b0%8f%e6%95%99%e5%ae%a4/embed/ HTTP/1.1" 200 10973 "-" "Mozilla/5.0 AppleWebKit/537.36 (KHTML, like Gecko; compatible; GPTBot/1.2; +https://openai.com/gptbot)"
66.249.77.135 - - [23/Nov/2024:14:43:27 +0800] "POST /?ob=open-bridge/events HTTP/1.1" 200 4216 "https://www.car32.tw/author/sysadmin/" "Mozilla/5.0 (Linux; Android 6.0.1; Nexus 5X Build/MMB29P) AppleWebKit/537.36 (KHTML, like Gecko) Chrome/131.0.6778.69 Mobile Safari/537.36 (compatible; Googlebot/2.1; +http://www.google.com/bot.html)"
220.135.127.108 - - [23/Nov/2024:14:44:58 +0800] "POST /wp-cron.php?doing_wp_cron=1732344298.5572710037231445312500 HTTP/1.1" 200 4050 "-" "WordPress/6.7.1; https://www.car32.tw"
4.227.36.14 - - [23/Nov/2024:14:44:58 +0800] "GET /%e9%bb%83%e9%87%91%e7%b7%9a%e6%8f%9b%e5%ad%a3%e4%bf%9d%e9%a4%8a%e5%b0%8f%e6%95%99%e5%ae%a4/embed/ HTTP/1.1" 200 10972 "-" "Mozilla/5.0 AppleWebKit/537.36 (KHTML, like Gecko; compatible; GPTBot/1.2; +https://openai.com/gptbot)"
220.135.127.108 - - [23/Nov/2024:14:45:37 +0800] "POST /wp-cron.php?doing_wp_cron=1732344337.9034700393676757812500 HTTP/1.1" 200 4050 "-" "WordPress/6.7.1; https://www.car32.tw"
140.238.59.22 - - [23/Nov/2024:14:45:37 +0800] "GET /feed/ HTTP/1.1" 200 6804 "https://www.car32.tw/feed/" "FreshRSS/1.24.3 (Linux; https://freshrss.org)"
192.0.82.55 - - [23/Nov/2024:14:45:49 +0800] "HEAD / HTTP/1.1" 200 4000 "-" "jetmon/1.0 (Jetpack Site Uptime Monitor by WordPress.com)"
101.9.101.210 - - [23/Nov/2024:14:46:17 +0800] "GET /%E8%AE%8A%E9%80%9F%E7%AE%B1%E6%B2%B9%E5%88%B0%E5%BA%95%E6%98%AF%E6%8F%9B%E9%82%84%E6%98%AF%E6%B0%B8%E4%B9%85%E5%85%8D%E6%8F%9B%EF%BC%9F%E2%80%A8/ HTTP/1.1" 200 29267 "https://www.google.com/" "Mozilla/5.0 (Linux; Android 10; K) AppleWebKit/537.36 (KHTML, like Gecko) Chrome/131.0.0.0 Mobile Safari/537.36"
101.9.101.210 - - [23/Nov/2024:14:46:18 +0800] "GET /wp-content/themes/twentytwelve/fonts/font-open-sans.css?ver=20230328 HTTP/1.1" 200 5031 "https://www.car32.tw/%E8%AE%8A%E9%80%9F%E7%AE%B1%E6%B2%B9%E5%88%B0%E5%BA%95%E6%98%AF%E6%8F%9B%E9%82%84%E6%98%AF%E6%B0%B8%E4%B9%85%E5%85%8D%E6%8F%9B%EF%BC%9F%E2%80%A8/" "Mozilla/5.0 (Linux; Android 10; K) AppleWebKit/537.36 (KHTML, like Gecko) Chrome/131.0.0.0 Mobile Safari/537.36"
101.9.101.210 - - [23/Nov/2024:14:46:18 +0800] "GET /wp-content/themes/twentytwelve/style.css?ver=20240716 HTTP/1.1" 200 8680 "https://www.car32.tw/%E8%AE%8A%E9%80%9F%E7%AE%B1%E6%B2%B9%E5%88%B0%E5%BA%95%E6%98%AF%E6%8F%9B%E9%82%84%E6%98%AF%E6%B0%B8%E4%B9%85%E5%85%8D%E6%8F%9B%EF%BC%9F%E2%80%A8/" "Mozilla/5.0 (Linux; Android 10; K) AppleWebKit/537.36 (KHTML, like Gecko) Chrome/131.0.0.0 Mobile Safari/537.36"
101.9.101.210 - - [23/Nov/2024:14:46:18 +0800] "GET /wp-content/themes/twentytwelve/css/blocks.css?ver=20240603 HTTP/1.1" 200 2292 "https://www.car32.tw/%E8%AE%8A%E9%80%9F%E7%AE%B1%E6%B2%B9%E5%88%B0%E5%BA%95%E6%98%AF%E6%8F%9B%E9%82%84%E6%98%AF%E6%B0%B8%E4%B9%85%E5%85%8D%E6%8F%9B%EF%BC%9F%E2%80%A8/" "Mozilla/5.0 (Linux; Android 10; K) AppleWebKit/537.36 (KHTML, like Gecko) Chrome/131.0.0.0 Mobile Safari/537.36"
101.9.101.210 - - [23/Nov/2024:14:46:18 +0800] "GET /wp-content/themes/twentytwelve/js/navigation.js?ver=20141205 HTTP/1.1" 200 1027 "https://www.car32.tw/%E8%AE%8A%E9%80%9F%E7%AE%B1%E6%B2%B9%E5%88%B0%E5%BA%95%E6%98%AF%E6%8F%9B%E9%82%84%E6%98%AF%E6%B0%B8%E4%B9%85%E5%85%8D%E6%8F%9B%EF%BC%9F%E2%80%A8/" "Mozilla/5.0 (Linux; Android 10; K) AppleWebKit/537.36 (KHTML, like Gecko) Chrome/131.0.0.0 Mobile Safari/537.36"
101.9.101.210 - - [23/Nov/2024:14:46:18 +0800] "GET /wp-content/themes/twentytwelve/fonts/open-sans/open-sans-latin-400-normal.woff2?ver=34 HTTP/1.1" 200 17094 "https://www.car32.tw/wp-content/themes/twentytwelve/fonts/font-open-sans.css?ver=20230328" "Mozilla/5.0 (Linux; Android 10; K) AppleWebKit/537.36 (KHTML, like Gecko) Chrome/131.0.0.0 Mobile Safari/537.36"
101.9.101.210 - - [23/Nov/2024:14:46:18 +0800] "GET /wp-content/themes/twentytwelve/fonts/open-sans/open-sans-latin-400-italic.woff2?ver=34 HTTP/1.1" 200 18738 "https://www.car32.tw/wp-content/themes/twentytwelve/fonts/font-open-sans.css?ver=20230328" "Mozilla/5.0 (Linux; Android 10; K) AppleWebKit/537.36 (KHTML, like Gecko) Chrome/131.0.0.0 Mobile Safari/537.36"
101.9.101.210 - - [23/Nov/2024:14:46:18 +0800] "GET /wp-content/themes/twentytwelve/fonts/open-sans/open-sans-latin-700-normal.woff2?ver=34 HTTP/1.1" 200 17268 "https://www.car32.tw/wp-content/themes/twentytwelve/fonts/font-open-sans.css?ver=20230328" "Mozilla/5.0 (Linux; Android 10; K) AppleWebKit/537.36 (KHTML, like Gecko) Chrome/131.0.0.0 Mobile Safari/537.36"
101.9.101.210 - - [23/Nov/2024:14:46:18 +0800] "GET /wp-content/themes/twentytwelve/fonts/open-sans/open-sans-latin-700-italic.woff2?ver=34 HTTP/1.1" 200 17738 "https://www.car32.tw/wp-content/themes/twentytwelve/fonts/font-open-sans.css?ver=20230328" "Mozilla/5.0 (Linux; Android 10; K) AppleWebKit/537.36 (KHTML, like Gecko) Chrome/131.0.0.0 Mobile Safari/537.36"
101.9.101.210 - - [23/Nov/2024:14:46:18 +0800] "GET /%E8%AE%8A%E9%80%9F%E7%AE%B1%E6%B2%B9%E5%88%B0%E5%BA%95%E6%98%AF%E6%8F%9B%E9%82%84%E6%98%AF%E6%B0%B8%E4%B9%85%E5%85%8D%E6%8F%9B%EF%BC%9F%E2%80%A8/?relatedposts=1 HTTP/1.1" 200 4187 "https://www.car32.tw/%E8%AE%8A%E9%80%9F%E7%AE%B1%E6%B2%B9%E5%88%B0%E5%BA%95%E6%98%AF%E6%8F%9B%E9%82%84%E6%98%AF%E6%B0%B8%E4%B9%85%E5%85%8D%E6%8F%9B%EF%BC%9F%E2%80%A8/" "Mozilla/5.0 (Linux; Android 10; K) AppleWebKit/537.36 (KHTML, like Gecko) Chrome/131.0.0.0 Mobile Safari/537.36"
101.9.101.210 - - [23/Nov/2024:14:46:18 +0800] "POST /?ob=open-bridge/events HTTP/1.1" 200 520 "https://www.car32.tw/%E8%AE%8A%E9%80%9F%E7%AE%B1%E6%B2%B9%E5%88%B0%E5%BA%95%E6%98%AF%E6%8F%9B%E9%82%84%E6%98%AF%E6%B0%B8%E4%B9%85%E5%85%8D%E6%8F%9B%EF%BC%9F%E2%80%A8/" "Mozilla/5.0 (Linux; Android 10; K) AppleWebKit/537.36 (KHTML, like Gecko) Chrome/131.0.0.0 Mobile Safari/537.36"
66.249.71.135 - - [23/Nov/2024:14:46:59 +0800] "GET /category/%E7%B6%AD%E4%BF%AE%E8%A7%80%E5%BF%B5/ HTTP/1.1" 200 24442 "-" "Mozilla/5.0 (Linux; Android 6.0.1; Nexus 5X Build/MMB29P) AppleWebKit/537.36 (KHTML, like Gecko) Chrome/131.0.6778.69 Mobile Safari/537.36 (compatible; Googlebot/2.1; +http://www.google.com/bot.html)"
66.249.77.135 - - [23/Nov/2024:14:47:12 +0800] "POST /?ob=open-bridge/events HTTP/1.1" 200 4216 "https://www.car32.tw/category/%E7%B6%AD%E4%BF%AE%E8%A7%80%E5%BF%B5/" "Mozilla/5.0 (Linux; Android 6.0.1; Nexus 5X Build/MMB29P) AppleWebKit/537.36 (KHTML, like Gecko) Chrome/131.0.6778.69 Mobile Safari/537.36 (compatible; Googlebot/2.1; +http://www.google.com/bot.html)"
101.9.101.210 - - [23/Nov/2024:14:48:47 +0800] "GET /%E8%AE%8A%E9%80%9F%E7%AE%B1%E6%B2%B9%E5%88%B0%E5%BA%95%E6%98%AF%E6%8F%9B%E9%82%84%E6%98%AF%E6%B0%B8%E4%B9%85%E5%85%8D%E6%8F%9B%EF%BC%9F%E2%80%A8/ HTTP/1.1" 200 29267 "-" "Mozilla/5.0 (Windows NT 6.1; WOW64) AppleWebKit/537.36 (KHTML, like Gecko) Chrome/51.0.2704.103 Safari/537.36"
101.9.101.210 - - [23/Nov/2024:14:48:48 +0800] "GET /wp-content/uploads/2020/10/8HP.jpg HTTP/1.1" 200 55264 "-" "Dalvik/2.1.0 (Linux; U; Android 14; SM-S9080 Build/UP1A.231005.007)"
147.92.179.112 - - [23/Nov/2024:14:48:55 +0800] "GET /%E8%AE%8A%E9%80%9F%E7%AE%B1%E6%B2%B9%E5%88%B0%E5%BA%95%E6%98%AF%E6%8F%9B%E9%82%84%E6%98%AF%E6%B0%B8%E4%B9%85%E5%85%8D%E6%8F%9B%EF%BC%9F%E2%80%A8/ HTTP/1.1" 200 29183 "-" "facebookexternalhit/1.1;line-poker/1.0"
147.92.179.112 - - [23/Nov/2024:14:48:55 +0800] "GET /wp-content/uploads/2020/10/8HP.jpg HTTP/1.1" 200 58923 "-" "facebookexternalhit/1.1;line-poker/1.0"
112.86.225.108 - - [23/Nov/2024:14:49:50 +0800] "GET / HTTP/1.1" 301 528 "-" "Sogou web spider/4.0(+http://www.sogou.com/docs/help/webmasters.htm#07)"
220.135.127.108 - - [23/Nov/2024:14:49:51 +0800] "POST /wp-cron.php?doing_wp_cron=1732344591.0499498844146728515625 HTTP/1.1" 200 4050 "-" "WordPress/6.7.1; https://www.car32.tw"
112.86.225.108 - - [23/Nov/2024:14:49:50 +0800] "GET / HTTP/1.1" 200 24184 "-" "Sogou web spider/4.0(+http://www.sogou.com/docs/help/webmasters.htm#07)"
220.135.127.108 - - [23/Nov/2024:14:50:49 +0800] "POST /wp-cron.php?doing_wp_cron=1732344649.4284720420837402343750 HTTP/1.1" 200 4050 "-" "WordPress/6.7.1; https://www.car32.tw"
192.0.82.55 - - [23/Nov/2024:14:50:49 +0800] "HEAD / HTTP/1.1" 200 4000 "-" "jetmon/1.0 (Jetpack Site Uptime Monitor by WordPress.com)"
17.241.75.220 - - [23/Nov/2024:14:52:10 +0800] "GET /tag/%E6%A9%9F%E6%B2%B9%E5%A3%93%E5%8A%9B/ HTTP/1.1" 200 26597 "-" "Mozilla/5.0 (Macintosh; Intel Mac OS X 10_15_7) AppleWebKit/605.1.15 (KHTML, like Gecko) Version/17.4 Safari/605.1.15 (Applebot/0.1; +http://www.apple.com/go/applebot)"
17.241.227.134 - - [23/Nov/2024:14:53:11 +0800] "GET /wp-content/themes/twentytwelve/css/blocks.css?ver=20240603 HTTP/1.1" 200 5988 "https://www.car32.tw/tag/%E6%A9%9F%E6%B2%B9%E5%A3%93%E5%8A%9B/" "Mozilla/5.0 (Macintosh; Intel Mac OS X 10_15_7) AppleWebKit/605.1.15 (KHTML, like Gecko) Version/17.4 Safari/605.1.15 (Applebot/0.1; +http://www.apple.com/go/applebot)"
17.241.227.141 - - [23/Nov/2024:14:53:12 +0800] "GET /wp-content/themes/twentytwelve/style.css?ver=20240716 HTTP/1.1" 200 12376 "https://www.car32.tw/tag/%E6%A9%9F%E6%B2%B9%E5%A3%93%E5%8A%9B/" "Mozilla/5.0 (Macintosh; Intel Mac OS X 10_15_7) AppleWebKit/605.1.15 (KHTML, like Gecko) Version/17.4 Safari/605.1.15 (Applebot/0.1; +http://www.apple.com/go/applebot)"
17.241.219.57 - - [23/Nov/2024:14:53:12 +0800] "GET /wp-content/themes/twentytwelve/fonts/font-open-sans.css?ver=20230328 HTTP/1.1" 200 4984 "https://www.car32.tw/tag/%E6%A9%9F%E6%B2%B9%E5%A3%93%E5%8A%9B/" "Mozilla/5.0 (Macintosh; Intel Mac OS X 10_15_7) AppleWebKit/605.1.15 (KHTML, like Gecko) Version/17.4 Safari/605.1.15 (Applebot/0.1; +http://www.apple.com/go/applebot)"
17.241.75.109 - - [23/Nov/2024:14:53:13 +0800] "GET /wp-content/themes/twentytwelve/js/navigation.js?ver=20141205 HTTP/1.1" 200 4723 "https://www.car32.tw/tag/%E6%A9%9F%E6%B2%B9%E5%A3%93%E5%8A%9B/" "Mozilla/5.0 (Macintosh; Intel Mac OS X 10_15_7) AppleWebKit/605.1.15 (KHTML, like Gecko) Version/17.4 Safari/605.1.15 (Applebot/0.1; +http://www.apple.com/go/applebot)"
17.241.75.73 - - [23/Nov/2024:14:53:13 +0800] "GET /wp-includes/js/wp-emoji-release.min.js?ver=6.7.1 HTTP/1.1" 200 9175 "https://www.car32.tw/tag/%E6%A9%9F%E6%B2%B9%E5%A3%93%E5%8A%9B/" "Mozilla/5.0 (Macintosh; Intel Mac OS X 10_15_7) AppleWebKit/605.1.15 (KHTML, like Gecko) Version/17.4 Safari/605.1.15 (Applebot/0.1; +http://www.apple.com/go/applebot)"
220.135.127.108 - - [23/Nov/2024:14:54:43 +0800] "POST /wp-cron.php?doing_wp_cron=1732344883.4599099159240722656250 HTTP/1.1" 200 4050 "-" "WordPress/6.7.1; https://www.car32.tw"
52.167.144.145 - - [23/Nov/2024:14:54:43 +0800] "GET /alpina_brooch/ HTTP/1.1" 200 12724 "-" "Mozilla/5.0 AppleWebKit/537.36 (KHTML, like Gecko; compatible; bingbot/2.0; +http://www.bing.com/bingbot.htm) Chrome/116.0.1938.76 Safari/537.36"
4.227.36.14 - - [23/Nov/2024:14:54:59 +0800] "GET /%e9%bb%83%e9%87%91%e7%b7%9a%e6%8f%9b%e5%ad%a3%e4%bf%9d%e9%a4%8a%e5%b0%8f%e6%95%99%e5%ae%a4/embed/ HTTP/1.1" 200 10972 "-" "Mozilla/5.0 AppleWebKit/537.36 (KHTML, like Gecko; compatible; GPTBot/1.2; +https://openai.com/gptbot)"
220.135.127.108 - - [23/Nov/2024:14:55:49 +0800] "POST /wp-cron.php?doing_wp_cron=1732344949.7252399921417236328125 HTTP/1.1" 200 4050 "-" "WordPress/6.7.1; https://www.car32.tw"
192.0.82.55 - - [23/Nov/2024:14:55:49 +0800] "HEAD / HTTP/1.1" 200 4000 "-" "jetmon/1.0 (Jetpack Site Uptime Monitor by WordPress.com)"
220.134.136.46 - - [23/Nov/2024:14:58:45 +0800] "GET /tag/%E6%AD%A2%E6%BC%8F/ HTTP/1.1" 200 24163 "https://www.google.com.tw/" "Mozilla/5.0 (iPhone; CPU iPhone OS 17_7 like Mac OS X) AppleWebKit/605.1.15 (KHTML, like Gecko) Version/17.7 Mobile/15E148 Safari/604.1"
220.134.136.46 - - [23/Nov/2024:14:58:46 +0800] "GET /wp-content/themes/twentytwelve/fonts/font-open-sans.css?ver=20230328 HTTP/1.1" 200 1288 "https://www.car32.tw/tag/%E6%AD%A2%E6%BC%8F/" "Mozilla/5.0 (iPhone; CPU iPhone OS 17_7 like Mac OS X) AppleWebKit/605.1.15 (KHTML, like Gecko) Version/17.7 Mobile/15E148 Safari/604.1"
220.134.136.46 - - [23/Nov/2024:14:58:46 +0800] "GET /wp-content/themes/twentytwelve/css/blocks.css?ver=20240603 HTTP/1.1" 200 6035 "https://www.car32.tw/tag/%E6%AD%A2%E6%BC%8F/" "Mozilla/5.0 (iPhone; CPU iPhone OS 17_7 like Mac OS X) AppleWebKit/605.1.15 (KHTML, like Gecko) Version/17.7 Mobile/15E148 Safari/604.1"
220.134.136.46 - - [23/Nov/2024:14:58:46 +0800] "GET /wp-content/themes/twentytwelve/js/navigation.js?ver=20141205 HTTP/1.1" 200 4770 "https://www.car32.tw/tag/%E6%AD%A2%E6%BC%8F/" "Mozilla/5.0 (iPhone; CPU iPhone OS 17_7 like Mac OS X) AppleWebKit/605.1.15 (KHTML, like Gecko) Version/17.7 Mobile/15E148 Safari/604.1"
220.134.136.46 - - [23/Nov/2024:14:58:46 +0800] "GET /wp-content/themes/twentytwelve/style.css?ver=20240716 HTTP/1.1" 200 12423 "https://www.car32.tw/tag/%E6%AD%A2%E6%BC%8F/" "Mozilla/5.0 (iPhone; CPU iPhone OS 17_7 like Mac OS X) AppleWebKit/605.1.15 (KHTML, like Gecko) Version/17.7 Mobile/15E148 Safari/604.1"
220.134.136.46 - - [23/Nov/2024:14:58:46 +0800] "GET /wp-content/themes/twentytwelve/fonts/open-sans/open-sans-latin-400-normal.woff2?ver=34 HTTP/1.1" 200 17094 "https://www.car32.tw/tag/%E6%AD%A2%E6%BC%8F/" "Mozilla/5.0 (iPhone; CPU iPhone OS 17_7 like Mac OS X) AppleWebKit/605.1.15 (KHTML, like Gecko) Version/17.7 Mobile/15E148 Safari/604.1"
220.134.136.46 - - [23/Nov/2024:14:58:46 +0800] "GET /wp-content/themes/twentytwelve/fonts/open-sans/open-sans-latin-700-normal.woff2?ver=34 HTTP/1.1" 200 16704 "https://www.car32.tw/tag/%E6%AD%A2%E6%BC%8F/" "Mozilla/5.0 (iPhone; CPU iPhone OS 17_7 like Mac OS X) AppleWebKit/605.1.15 (KHTML, like Gecko) Version/17.7 Mobile/15E148 Safari/604.1"
220.134.136.46 - - [23/Nov/2024:14:58:46 +0800] "GET /download/IMG_1165.mp4 HTTP/1.1" 206 358 "https://www.car32.tw/tag/%E6%AD%A2%E6%BC%8F/" "Mozilla/5.0 (iPhone; CPU iPhone OS 17_7 like Mac OS X) AppleWebKit/605.1.15 (KHTML, like Gecko) Version/17.7 Mobile/15E148 Safari/604.1"
220.134.136.46 - - [23/Nov/2024:14:58:46 +0800] "GET /download/IMG_1165.mp4 HTTP/1.1" 206 58346 "https://www.car32.tw/tag/%E6%AD%A2%E6%BC%8F/" "Mozilla/5.0 (iPhone; CPU iPhone OS 17_7 like Mac OS X) AppleWebKit/605.1.15 (KHTML, like Gecko) Version/17.7 Mobile/15E148 Safari/604.1"
220.134.136.46 - - [23/Nov/2024:14:58:46 +0800] "GET /download/IMG_1165.mp4 HTTP/1.1" 206 1113120 "https://www.car32.tw/tag/%E6%AD%A2%E6%BC%8F/" "Mozilla/5.0 (iPhone; CPU iPhone OS 17_7 like Mac OS X) AppleWebKit/605.1.15 (KHTML, like Gecko) Version/17.7 Mobile/15E148 Safari/604.1"
220.134.136.46 - - [23/Nov/2024:14:58:47 +0800] "POST /?ob=open-bridge/events HTTP/1.1" 200 361 "https://www.car32.tw/tag/%E6%AD%A2%E6%BC%8F/" "Mozilla/5.0 (iPhone; CPU iPhone OS 17_7 like Mac OS X) AppleWebKit/605.1.15 (KHTML, like Gecko) Version/17.7 Mobile/15E148 Safari/604.1"
220.135.127.108 - - [23/Nov/2024:15:00:50 +0800] "POST /wp-cron.php?doing_wp_cron=1732345250.1231958866119384765625 HTTP/1.1" 200 4050 "-" "WordPress/6.7.1; https://www.car32.tw"
192.0.82.55 - - [23/Nov/2024:15:00:49 +0800] "HEAD / HTTP/1.1" 200 4000 "-" "jetmon/1.0 (Jetpack Site Uptime Monitor by WordPress.com)"
150.162.233.150 - - [23/Nov/2024:15:01:28 +0800] "GET /wp-login.php HTTP/1.1" 301 540 "-" "Mozilla/5.0 (X11; Ubuntu; Linux x86_64; rv:62.0) Gecko/20100101 Firefox/62.0"
150.162.233.150 - - [23/Nov/2024:15:01:29 +0800] "GET /wp-login.php HTTP/1.1" 200 7913 "http://car32.tw/wp-login.php" "Mozilla/5.0 (X11; Ubuntu; Linux x86_64; rv:62.0) Gecko/20100101 Firefox/62.0"
60.250.103.252 - - [23/Nov/2024:15:02:23 +0800] "GET /tag/%E5%BF%AB%E6%A8%82%E8%B7%91/ HTTP/1.1" 200 29542 "https://www.google.com/" "Mozilla/5.0 (Windows NT 10.0; Win64; x64) AppleWebKit/537.36 (KHTML, like Gecko) Chrome/131.0.0.0 Safari/537.36"
60.250.103.252 - - [23/Nov/2024:15:02:23 +0800] "GET /wp-content/themes/twentytwelve/fonts/font-open-sans.css?ver=20230328 HTTP/1.1" 200 1288 "https://www.car32.tw/tag/%E5%BF%AB%E6%A8%82%E8%B7%91/" "Mozilla/5.0 (Windows NT 10.0; Win64; x64) AppleWebKit/537.36 (KHTML, like Gecko) Chrome/131.0.0.0 Safari/537.36"
60.250.103.252 - - [23/Nov/2024:15:02:23 +0800] "GET /wp-content/themes/twentytwelve/style.css?ver=20240716 HTTP/1.1" 200 8680 "https://www.car32.tw/tag/%E5%BF%AB%E6%A8%82%E8%B7%91/" "Mozilla/5.0 (Windows NT 10.0; Win64; x64) AppleWebKit/537.36 (KHTML, like Gecko) Chrome/131.0.0.0 Safari/537.36"
60.250.103.252 - - [23/Nov/2024:15:02:23 +0800] "GET /wp-content/themes/twentytwelve/css/blocks.css?ver=20240603 HTTP/1.1" 200 2856 "https://www.car32.tw/tag/%E5%BF%AB%E6%A8%82%E8%B7%91/" "Mozilla/5.0 (Windows NT 10.0; Win64; x64) AppleWebKit/537.36 (KHTML, like Gecko) Chrome/131.0.0.0 Safari/537.36"
60.250.103.252 - - [23/Nov/2024:15:02:24 +0800] "GET /wp-content/themes/twentytwelve/js/navigation.js?ver=20141205 HTTP/1.1" 200 1027 "https://www.car32.tw/tag/%E5%BF%AB%E6%A8%82%E8%B7%91/" "Mozilla/5.0 (Windows NT 10.0; Win64; x64) AppleWebKit/537.36 (KHTML, like Gecko) Chrome/131.0.0.0 Safari/537.36"
60.250.103.252 - - [23/Nov/2024:15:02:24 +0800] "GET /wp-content/themes/twentytwelve/fonts/open-sans/open-sans-latin-400-normal.woff2?ver=34 HTTP/1.1" 200 17094 "https://www.car32.tw/wp-content/themes/twentytwelve/fonts/font-open-sans.css?ver=20230328" "Mozilla/5.0 (Windows NT 10.0; Win64; x64) AppleWebKit/537.36 (KHTML, like Gecko) Chrome/131.0.0.0 Safari/537.36"
60.250.103.252 - - [23/Nov/2024:15:02:24 +0800] "GET /wp-content/themes/twentytwelve/fonts/open-sans/open-sans-latin-700-normal.woff2?ver=34 HTTP/1.1" 200 16704 "https://www.car32.tw/wp-content/themes/twentytwelve/fonts/font-open-sans.css?ver=20230328" "Mozilla/5.0 (Windows NT 10.0; Win64; x64) AppleWebKit/537.36 (KHTML, like Gecko) Chrome/131.0.0.0 Safari/537.36"
60.250.103.252 - - [23/Nov/2024:15:02:24 +0800] "GET /wp-content/themes/twentytwelve/fonts/open-sans/open-sans-latin-700-italic.woff2?ver=34 HTTP/1.1" 200 18302 "https://www.car32.tw/wp-content/themes/twentytwelve/fonts/font-open-sans.css?ver=20230328" "Mozilla/5.0 (Windows NT 10.0; Win64; x64) AppleWebKit/537.36 (KHTML, like Gecko) Chrome/131.0.0.0 Safari/537.36"
60.250.103.252 - - [23/Nov/2024:15:02:24 +0800] "GET /wp-content/themes/twentytwelve/fonts/open-sans/open-sans-latin-400-italic.woff2?ver=34 HTTP/1.1" 200 18174 "https://www.car32.tw/wp-content/themes/twentytwelve/fonts/font-open-sans.css?ver=20230328" "Mozilla/5.0 (Windows NT 10.0; Win64; x64) AppleWebKit/537.36 (KHTML, like Gecko) Chrome/131.0.0.0 Safari/537.36"
60.250.103.252 - - [23/Nov/2024:15:02:25 +0800] "GET /wp-includes/js/wp-emoji-release.min.js?ver=6.7.1 HTTP/1.1" 200 5479 "https://www.car32.tw/tag/%E5%BF%AB%E6%A8%82%E8%B7%91/" "Mozilla/5.0 (Windows NT 10.0; Win64; x64) AppleWebKit/537.36 (KHTML, like Gecko) Chrome/131.0.0.0 Safari/537.36"
220.135.127.108 - - [23/Nov/2024:15:05:16 +0800] "POST /wp-cron.php?doing_wp_cron=1732345516.6345930099487304687500 HTTP/1.1" 200 4050 "-" "WordPress/6.7.1; https://www.car32.tw"
4.227.36.14 - - [23/Nov/2024:15:05:16 +0800] "GET /%e9%bb%83%e9%87%91%e7%b7%9a%e6%8f%9b%e5%ad%a3%e4%bf%9d%e9%a4%8a%e5%b0%8f%e6%95%99%e5%ae%a4/embed/ HTTP/1.1" 200 10971 "-" "Mozilla/5.0 AppleWebKit/537.36 (KHTML, like Gecko; compatible; GPTBot/1.2; +https://openai.com/gptbot)"
220.135.127.108 - - [23/Nov/2024:15:05:49 +0800] "POST /wp-cron.php?doing_wp_cron=1732345549.0838129520416259765625 HTTP/1.1" 200 4050 "-" "WordPress/6.7.1; https://www.car32.tw"
192.0.82.55 - - [23/Nov/2024:15:05:48 +0800] "HEAD / HTTP/1.1" 200 4000 "-" "jetmon/1.0 (Jetpack Site Uptime Monitor by WordPress.com)"
66.249.82.203 - - [23/Nov/2024:15:06:34 +0800] "GET /.well-known/traffic-advice HTTP/1.1" 404 31463 "-" "Chrome Privacy Preserving Prefetch Proxy"
72.14.201.169 - - [23/Nov/2024:15:06:34 +0800] "GET /dpf-gpf-%E4%BD%A0%E9%9C%80%E8%A6%81%E7%95%A5%E7%9F%A5%E7%9A%84%E4%B8%89%E5%85%A9%E4%BA%8B/ HTTP/1.1" 200 34982 "https://www.google.com/" "Mozilla/5.0 (Linux; Android 10; K) AppleWebKit/537.36 (KHTML, like Gecko) Chrome/131.0.0.0 Mobile Safari/537.36"
4.227.36.14 - - [23/Nov/2024:15:06:37 +0800] "GET /%e9%bb%83%e9%87%91%e7%b7%9a%e6%8f%9b%e5%ad%a3%e4%bf%9d%e9%a4%8a%e5%b0%8f%e6%95%99%e5%ae%a4/embed/ HTTP/1.1" 200 10972 "-" "Mozilla/5.0 AppleWebKit/537.36 (KHTML, like Gecko; compatible; GPTBot/1.2; +https://openai.com/gptbot)"
4.227.36.14 - - [23/Nov/2024:15:07:36 +0800] "GET /%e9%bb%83%e9%87%91%e7%b7%9a%e6%8f%9b%e5%ad%a3%e4%bf%9d%e9%a4%8a%e5%b0%8f%e6%95%99%e5%ae%a4/embed/ HTTP/1.1" 200 10972 "-" "Mozilla/5.0 AppleWebKit/537.36 (KHTML, like Gecko; compatible; GPTBot/1.2; +https://openai.com/gptbot)"
173.252.95.13 - - [23/Nov/2024:15:07:46 +0800] "GET /meta.json HTTP/1.1" 404 31510 "-" "facebookexternalhit/1.1 (+http://www.facebook.com/externalhit_uatext.php)"
173.252.95.22 - - [23/Nov/2024:15:07:46 +0800] "GET / HTTP/1.1" 200 82161 "-" "facebookexternalhit/1.1 (+http://www.facebook.com/externalhit_uatext.php)"
173.252.95.3 - - [23/Nov/2024:15:07:46 +0800] "GET / HTTP/1.1" 200 82161 "-" "facebookexternalhit/1.1 (+http://www.facebook.com/externalhit_uatext.php)"
4.227.36.14 - - [23/Nov/2024:15:08:34 +0800] "GET /%e9%bb%83%e9%87%91%e7%b7%9a%e6%8f%9b%e5%ad%a3%e4%bf%9d%e9%a4%8a%e5%b0%8f%e6%95%99%e5%ae%a4/embed/ HTTP/1.1" 200 10971 "-" "Mozilla/5.0 AppleWebKit/537.36 (KHTML, like Gecko; compatible; GPTBot/1.2; +https://openai.com/gptbot)"
220.135.127.108 - - [23/Nov/2024:15:09:18 +0800] "POST /wp-cron.php?doing_wp_cron=1732345758.0748059749603271484375 HTTP/1.1" 200 4050 "-" "WordPress/6.7.1; https://www.car32.tw"
4.227.36.14 - - [23/Nov/2024:15:09:17 +0800] "GET /%e9%bb%83%e9%87%91%e7%b7%9a%e6%8f%9b%e5%ad%a3%e4%bf%9d%e9%a4%8a%e5%b0%8f%e6%95%99%e5%ae%a4/embed/ HTTP/1.1" 200 10973 "-" "Mozilla/5.0 AppleWebKit/537.36 (KHTML, like Gecko; compatible; GPTBot/1.2; +https://openai.com/gptbot)"
40.77.167.247 - - [23/Nov/2024:15:09:22 +0800] "GET /%E8%A2%AB%E6%92%9E%E4%B9%8B%E5%BE%8C/ HTTP/1.1" 200 28657 "-" "Mozilla/5.0 AppleWebKit/537.36 (KHTML, like Gecko; compatible; bingbot/2.0; +http://www.bing.com/bingbot.htm) Chrome/116.0.1938.76 Safari/537.36"
220.135.127.108 - - [23/Nov/2024:15:10:30 +0800] "POST /wp-cron.php?doing_wp_cron=1732345830.7950630187988281250000 HTTP/1.1" 200 4050 "-" "WordPress/6.7.1; https://www.car32.tw"
4.227.36.14 - - [23/Nov/2024:15:10:30 +0800] "GET /%e9%bb%83%e9%87%91%e7%b7%9a%e6%8f%9b%e5%ad%a3%e4%bf%9d%e9%a4%8a%e5%b0%8f%e6%95%99%e5%ae%a4/embed/ HTTP/1.1" 200 10972 "-" "Mozilla/5.0 AppleWebKit/537.36 (KHTML, like Gecko; compatible; GPTBot/1.2; +https://openai.com/gptbot)"
140.238.59.22 - - [23/Nov/2024:15:10:40 +0800] "GET /feed/ HTTP/1.1" 200 6804 "https://www.car32.tw/feed/" "FreshRSS/1.24.3 (Linux; https://freshrss.org)"
192.0.82.55 - - [23/Nov/2024:15:10:49 +0800] "HEAD / HTTP/1.1" 200 4000 "-" "jetmon/1.0 (Jetpack Site Uptime Monitor by WordPress.com)"
4.227.36.14 - - [23/Nov/2024:15:11:13 +0800] "GET /%e9%bb%83%e9%87%91%e7%b7%9a%e6%8f%9b%e5%ad%a3%e4%bf%9d%e9%a4%8a%e5%b0%8f%e6%95%99%e5%ae%a4/embed/ HTTP/1.1" 200 10973 "-" "Mozilla/5.0 AppleWebKit/537.36 (KHTML, like Gecko; compatible; GPTBot/1.2; +https://openai.com/gptbot)"
156.249.138.217 - - [23/Nov/2024:15:11:38 +0800] "GET /wp-content/plugins/wp-required-network/index.php HTTP/1.1" 200 4104 "-" "Opera/9.80 (Windows NT 6.1; WOW64; MRA 5.8 (build 4156)) Presto/2.12.388 Version/12.16"
185.181.10.94 - - [23/Nov/2024:15:11:44 +0800] "GET / HTTP/1.1" 301 565 "-" "Mozilla/5.0 (Linux; U; Android 4.4.2; en-US; HM NOTE 1W Build/KOT49H) AppleWebKit/534.30 (KHTML, like Gecko) Version/4.0 UCBrowser/11.0.5.850 U3/0.8.0 Mobile Safari/534.30"
185.181.10.94 - - [23/Nov/2024:15:11:45 +0800] "GET /.env HTTP/1.1" 301 573 "-" "Mozilla/5.0 (Linux; U; Android 4.4.2; en-US; HM NOTE 1W Build/KOT49H) AppleWebKit/534.30 (KHTML, like Gecko) Version/4.0 UCBrowser/11.0.5.850 U3/0.8.0 Mobile Safari/534.30"
185.181.10.94 - - [23/Nov/2024:15:11:48 +0800] "POST / HTTP/1.1" 301 565 "-" "Mozilla/5.0 (Linux; U; Android 4.4.2; en-US; HM NOTE 1W Build/KOT49H) AppleWebKit/534.30 (KHTML, like Gecko) Version/4.0 UCBrowser/11.0.5.850 U3/0.8.0 Mobile Safari/534.30"
185.181.10.94 - - [23/Nov/2024:15:11:50 +0800] "GET /.env HTTP/1.1" 404 31510 "-" "Mozilla/5.0 (Linux; U; Android 4.4.2; en-US; HM NOTE 1W Build/KOT49H) AppleWebKit/534.30 (KHTML, like Gecko) Version/4.0 UCBrowser/11.0.5.850 U3/0.8.0 Mobile Safari/534.30"
185.181.10.94 - - [23/Nov/2024:15:11:51 +0800] "POST / HTTP/1.1" 200 24267 "-" "Mozilla/5.0 (Linux; U; Android 4.4.2; en-US; HM NOTE 1W Build/KOT49H) AppleWebKit/534.30 (KHTML, like Gecko) Version/4.0 UCBrowser/11.0.5.850 U3/0.8.0 Mobile Safari/534.30"
4.227.36.14 - - [23/Nov/2024:15:12:31 +0800] "GET /%e9%bb%83%e9%87%91%e7%b7%9a%e6%8f%9b%e5%ad%a3%e4%bf%9d%e9%a4%8a%e5%b0%8f%e6%95%99%e5%ae%a4/embed/ HTTP/1.1" 200 10973 "-" "Mozilla/5.0 AppleWebKit/537.36 (KHTML, like Gecko; compatible; GPTBot/1.2; +https://openai.com/gptbot)"
3.144.252.210 - - [23/Nov/2024:15:13:45 +0800] "GET /robots.txt HTTP/1.1" 301 4022 "-" "Mozilla/5.0 AppleWebKit/537.36 (KHTML, like Gecko; compatible; ClaudeBot/1.0; +claudebot@anthropic.com)"
3.144.252.210 - - [23/Nov/2024:15:13:46 +0800] "GET /robots.txt HTTP/1.1" 200 4164 "https://car32.tw/robots.txt" "Mozilla/5.0 AppleWebKit/537.36 (KHTML, like Gecko; compatible; ClaudeBot/1.0; +claudebot@anthropic.com)"
3.144.252.210 - - [23/Nov/2024:15:13:47 +0800] "GET /tag/%e7%bf%bb%e4%bf%ae%e4%bb%b6/feed HTTP/1.1" 301 405 "-" "Mozilla/5.0 AppleWebKit/537.36 (KHTML, like Gecko; compatible; ClaudeBot/1.0; +claudebot@anthropic.com)"
3.144.252.210 - - [23/Nov/2024:15:13:47 +0800] "GET /tag/%e7%bf%bb%e4%bf%ae%e4%bb%b6/feed/ HTTP/1.1" 200 1604 "https://car32.tw/tag/%e7%bf%bb%e4%bf%ae%e4%bb%b6/feed" "Mozilla/5.0 AppleWebKit/537.36 (KHTML, like Gecko; compatible; ClaudeBot/1.0; +claudebot@anthropic.com)"
220.135.127.108 - - [23/Nov/2024:15:15:24 +0800] "POST /wp-cron.php?doing_wp_cron=1732346124.8938689231872558593750 HTTP/1.1" 200 4050 "-" "WordPress/6.7.1; https://www.car32.tw"
4.227.36.14 - - [23/Nov/2024:15:15:24 +0800] "GET /%e9%bb%83%e9%87%91%e7%b7%9a%e6%8f%9b%e5%ad%a3%e4%bf%9d%e9%a4%8a%e5%b0%8f%e6%95%99%e5%ae%a4/embed/ HTTP/1.1" 200 10973 "-" "Mozilla/5.0 AppleWebKit/537.36 (KHTML, like Gecko; compatible; GPTBot/1.2; +https://openai.com/gptbot)"
220.135.127.108 - - [23/Nov/2024:15:15:50 +0800] "POST /wp-cron.php?doing_wp_cron=1732346150.1542410850524902343750 HTTP/1.1" 200 4050 "-" "WordPress/6.7.1; https://www.car32.tw"
192.0.82.55 - - [23/Nov/2024:15:15:49 +0800] "HEAD / HTTP/1.1" 200 4000 "-" "jetmon/1.0 (Jetpack Site Uptime Monitor by WordPress.com)"
4.227.36.14 - - [23/Nov/2024:15:16:35 +0800] "GET /%e9%bb%83%e9%87%91%e7%b7%9a%e6%8f%9b%e5%ad%a3%e4%bf%9d%e9%a4%8a%e5%b0%8f%e6%95%99%e5%ae%a4/embed/ HTTP/1.1" 200 10974 "-" "Mozilla/5.0 AppleWebKit/537.36 (KHTML, like Gecko; compatible; GPTBot/1.2; +https://openai.com/gptbot)"
4.227.36.14 - - [23/Nov/2024:15:17:33 +0800] "GET /%e9%bb%83%e9%87%91%e7%b7%9a%e6%8f%9b%e5%ad%a3%e4%bf%9d%e9%a4%8a%e5%b0%8f%e6%95%99%e5%ae%a4/embed/ HTTP/1.1" 200 10973 "-" "Mozilla/5.0 AppleWebKit/537.36 (KHTML, like Gecko; compatible; GPTBot/1.2; +https://openai.com/gptbot)"
4.227.36.14 - - [23/Nov/2024:15:18:55 +0800] "GET /%e9%bb%83%e9%87%91%e7%b7%9a%e6%8f%9b%e5%ad%a3%e4%bf%9d%e9%a4%8a%e5%b0%8f%e6%95%99%e5%ae%a4/embed/ HTTP/1.1" 200 10973 "-" "Mozilla/5.0 AppleWebKit/537.36 (KHTML, like Gecko; compatible; GPTBot/1.2; +https://openai.com/gptbot)"
220.135.127.108 - - [23/Nov/2024:15:19:48 +0800] "POST /wp-cron.php?doing_wp_cron=1732346388.0390710830688476562500 HTTP/1.1" 200 4050 "-" "WordPress/6.7.1; https://www.car32.tw"
4.227.36.14 - - [23/Nov/2024:15:19:47 +0800] "GET /%e9%bb%83%e9%87%91%e7%b7%9a%e6%8f%9b%e5%ad%a3%e4%bf%9d%e9%a4%8a%e5%b0%8f%e6%95%99%e5%ae%a4/embed/ HTTP/1.1" 200 10973 "-" "Mozilla/5.0 AppleWebKit/537.36 (KHTML, like Gecko; compatible; GPTBot/1.2; +https://openai.com/gptbot)"
220.135.127.108 - - [23/Nov/2024:15:20:45 +0800] "POST /wp-cron.php?doing_wp_cron=1732346445.1851658821105957031250 HTTP/1.1" 200 4050 "-" "WordPress/6.7.1; https://www.car32.tw"
4.227.36.14 - - [23/Nov/2024:15:20:44 +0800] "GET /%e9%bb%83%e9%87%91%e7%b7%9a%e6%8f%9b%e5%ad%a3%e4%bf%9d%e9%a4%8a%e5%b0%8f%e6%95%99%e5%ae%a4/embed/ HTTP/1.1" 200 10970 "-" "Mozilla/5.0 AppleWebKit/537.36 (KHTML, like Gecko; compatible; GPTBot/1.2; +https://openai.com/gptbot)"
192.0.82.55 - - [23/Nov/2024:15:20:49 +0800] "HEAD / HTTP/1.1" 200 4000 "-" "jetmon/1.0 (Jetpack Site Uptime Monitor by WordPress.com)"
4.227.36.14 - - [23/Nov/2024:15:21:53 +0800] "GET /%e9%bb%83%e9%87%91%e7%b7%9a%e6%8f%9b%e5%ad%a3%e4%bf%9d%e9%a4%8a%e5%b0%8f%e6%95%99%e5%ae%a4/embed/ HTTP/1.1" 200 10973 "-" "Mozilla/5.0 AppleWebKit/537.36 (KHTML, like Gecko; compatible; GPTBot/1.2; +https://openai.com/gptbot)"
18.117.158.10 - - [23/Nov/2024:15:22:01 +0800] "GET /category/%e5%93%81%e7%89%8c%e7%9b%b8%e9%97%9c/page/11 HTTP/1.1" 301 4066 "-" "Mozilla/5.0 AppleWebKit/537.36 (KHTML, like Gecko; compatible; ClaudeBot/1.0; +claudebot@anthropic.com)"
18.117.158.10 - - [23/Nov/2024:15:22:02 +0800] "GET /category/%e5%93%81%e7%89%8c%e7%9b%b8%e9%97%9c/page/11/ HTTP/1.1" 200 18310 "https://car32.tw/category/%e5%93%81%e7%89%8c%e7%9b%b8%e9%97%9c/page/11" "Mozilla/5.0 AppleWebKit/537.36 (KHTML, like Gecko; compatible; ClaudeBot/1.0; +claudebot@anthropic.com)"
4.227.36.14 - - [23/Nov/2024:15:23:11 +0800] "GET /%e9%bb%83%e9%87%91%e7%b7%9a%e6%8f%9b%e5%ad%a3%e4%bf%9d%e9%a4%8a%e5%b0%8f%e6%95%99%e5%ae%a4/embed/ HTTP/1.1" 200 10973 "-" "Mozilla/5.0 AppleWebKit/537.36 (KHTML, like Gecko; compatible; GPTBot/1.2; +https://openai.com/gptbot)"
4.227.36.14 - - [23/Nov/2024:15:24:15 +0800] "GET /%e9%bb%83%e9%87%91%e7%b7%9a%e6%8f%9b%e5%ad%a3%e4%bf%9d%e9%a4%8a%e5%b0%8f%e6%95%99%e5%ae%a4/embed/ HTTP/1.1" 200 10971 "-" "Mozilla/5.0 AppleWebKit/537.36 (KHTML, like Gecko; compatible; GPTBot/1.2; +https://openai.com/gptbot)"
220.135.127.108 - - [23/Nov/2024:15:25:16 +0800] "POST /wp-cron.php?doing_wp_cron=1732346716.4047639369964599609375 HTTP/1.1" 200 4050 "-" "WordPress/6.7.1; https://www.car32.tw"
4.227.36.14 - - [23/Nov/2024:15:25:16 +0800] "GET /%e9%bb%83%e9%87%91%e7%b7%9a%e6%8f%9b%e5%ad%a3%e4%bf%9d%e9%a4%8a%e5%b0%8f%e6%95%99%e5%ae%a4/embed/ HTTP/1.1" 200 10972 "-" "Mozilla/5.0 AppleWebKit/537.36 (KHTML, like Gecko; compatible; GPTBot/1.2; +https://openai.com/gptbot)"
220.135.127.108 - - [23/Nov/2024:15:25:49 +0800] "POST /wp-cron.php?doing_wp_cron=1732346749.5305700302124023437500 HTTP/1.1" 200 4050 "-" "WordPress/6.7.1; https://www.car32.tw"
192.0.82.55 - - [23/Nov/2024:15:25:49 +0800] "HEAD / HTTP/1.1" 200 4000 "-" "jetmon/1.0 (Jetpack Site Uptime Monitor by WordPress.com)"
220.135.127.108 - - [23/Nov/2024:15:26:20 +0800] "POST /wp-cron.php?doing_wp_cron=1732346780.7314329147338867187500 HTTP/1.1" 200 4050 "-" "WordPress/6.7.1; https://www.car32.tw"
4.227.36.14 - - [23/Nov/2024:15:26:20 +0800] "GET /%e9%bb%83%e9%87%91%e7%b7%9a%e6%8f%9b%e5%ad%a3%e4%bf%9d%e9%a4%8a%e5%b0%8f%e6%95%99%e5%ae%a4/embed/ HTTP/1.1" 200 10974 "-" "Mozilla/5.0 AppleWebKit/537.36 (KHTML, like Gecko; compatible; GPTBot/1.2; +https://openai.com/gptbot)"
4.227.36.14 - - [23/Nov/2024:15:27:22 +0800] "GET /%e9%bb%83%e9%87%91%e7%b7%9a%e6%8f%9b%e5%ad%a3%e4%bf%9d%e9%a4%8a%e5%b0%8f%e6%95%99%e5%ae%a4/embed/ HTTP/1.1" 200 10972 "-" "Mozilla/5.0 AppleWebKit/537.36 (KHTML, like Gecko; compatible; GPTBot/1.2; +https://openai.com/gptbot)"
27.240.169.35 - - [23/Nov/2024:15:27:53 +0800] "GET /tag/%E7%BC%B8%E5%85%A7%E7%9B%B4%E5%99%B4/ HTTP/1.1" 200 30382 "https://www.google.com/" "Mozilla/5.0 (iPhone; CPU iPhone OS 18_1 like Mac OS X) AppleWebKit/605.1.15 (KHTML, like Gecko) GSA/340.3.689937600 Mobile/15E148 Safari/604.1"
27.240.169.35 - - [23/Nov/2024:15:27:53 +0800] "GET /wp-content/themes/twentytwelve/fonts/font-open-sans.css?ver=20230328 HTTP/1.1" 200 1288 "https://www.car32.tw/tag/%E7%BC%B8%E5%85%A7%E7%9B%B4%E5%99%B4/" "Mozilla/5.0 (iPhone; CPU iPhone OS 18_1 like Mac OS X) AppleWebKit/605.1.15 (KHTML, like Gecko) GSA/340.3.689937600 Mobile/15E148 Safari/604.1"
27.240.169.35 - - [23/Nov/2024:15:27:53 +0800] "GET /wp-content/themes/twentytwelve/css/blocks.css?ver=20240603 HTTP/1.1" 200 6035 "https://www.car32.tw/tag/%E7%BC%B8%E5%85%A7%E7%9B%B4%E5%99%B4/" "Mozilla/5.0 (iPhone; CPU iPhone OS 18_1 like Mac OS X) AppleWebKit/605.1.15 (KHTML, like Gecko) GSA/340.3.689937600 Mobile/15E148 Safari/604.1"
27.240.169.35 - - [23/Nov/2024:15:27:53 +0800] "GET /wp-content/themes/twentytwelve/js/navigation.js?ver=20141205 HTTP/1.1" 200 4770 "https://www.car32.tw/tag/%E7%BC%B8%E5%85%A7%E7%9B%B4%E5%99%B4/" "Mozilla/5.0 (iPhone; CPU iPhone OS 18_1 like Mac OS X) AppleWebKit/605.1.15 (KHTML, like Gecko) GSA/340.3.689937600 Mobile/15E148 Safari/604.1"
27.240.169.35 - - [23/Nov/2024:15:27:53 +0800] "GET /wp-content/themes/twentytwelve/style.css?ver=20240716 HTTP/1.1" 200 12423 "https://www.car32.tw/tag/%E7%BC%B8%E5%85%A7%E7%9B%B4%E5%99%B4/" "Mozilla/5.0 (iPhone; CPU iPhone OS 18_1 like Mac OS X) AppleWebKit/605.1.15 (KHTML, like Gecko) GSA/340.3.689937600 Mobile/15E148 Safari/604.1"
27.240.169.35 - - [23/Nov/2024:15:27:53 +0800] "GET /wp-content/themes/twentytwelve/fonts/open-sans/open-sans-latin-400-normal.woff2?ver=34 HTTP/1.1" 200 17094 "https://www.car32.tw/tag/%E7%BC%B8%E5%85%A7%E7%9B%B4%E5%99%B4/" "Mozilla/5.0 (iPhone; CPU iPhone OS 18_1 like Mac OS X) AppleWebKit/605.1.15 (KHTML, like Gecko) GSA/340.3.689937600 Mobile/15E148 Safari/604.1"
27.240.169.35 - - [23/Nov/2024:15:27:53 +0800] "GET /wp-content/themes/twentytwelve/fonts/open-sans/open-sans-latin-700-normal.woff2?ver=34 HTTP/1.1" 200 16704 "https://www.car32.tw/tag/%E7%BC%B8%E5%85%A7%E7%9B%B4%E5%99%B4/" "Mozilla/5.0 (iPhone; CPU iPhone OS 18_1 like Mac OS X) AppleWebKit/605.1.15 (KHTML, like Gecko) GSA/340.3.689937600 Mobile/15E148 Safari/604.1"
27.240.169.35 - - [23/Nov/2024:15:27:53 +0800] "GET /wp-content/themes/twentytwelve/fonts/open-sans/open-sans-latin-700-italic.woff2?ver=34 HTTP/1.1" 200 17738 "https://www.car32.tw/tag/%E7%BC%B8%E5%85%A7%E7%9B%B4%E5%99%B4/" "Mozilla/5.0 (iPhone; CPU iPhone OS 18_1 like Mac OS X) AppleWebKit/605.1.15 (KHTML, like Gecko) GSA/340.3.689937600 Mobile/15E148 Safari/604.1"
27.240.169.35 - - [23/Nov/2024:15:27:53 +0800] "GET /wp-content/themes/twentytwelve/fonts/open-sans/open-sans-latin-400-italic.woff2?ver=34 HTTP/1.1" 200 18174 "https://www.car32.tw/tag/%E7%BC%B8%E5%85%A7%E7%9B%B4%E5%99%B4/" "Mozilla/5.0 (iPhone; CPU iPhone OS 18_1 like Mac OS X) AppleWebKit/605.1.15 (KHTML, like Gecko) GSA/340.3.689937600 Mobile/15E148 Safari/604.1"
27.240.169.35 - - [23/Nov/2024:15:27:54 +0800] "POST /?ob=open-bridge/events HTTP/1.1" 200 520 "https://www.car32.tw/tag/%E7%BC%B8%E5%85%A7%E7%9B%B4%E5%99%B4/" "Mozilla/5.0 (iPhone; CPU iPhone OS 18_1 like Mac OS X) AppleWebKit/605.1.15 (KHTML, like Gecko) GSA/340.3.689937600 Mobile/15E148 Safari/604.1"
4.227.36.14 - - [23/Nov/2024:15:28:20 +0800] "GET /%e9%bb%83%e9%87%91%e7%b7%9a%e6%8f%9b%e5%ad%a3%e4%bf%9d%e9%a4%8a%e5%b0%8f%e6%95%99%e5%ae%a4/embed/ HTTP/1.1" 200 10972 "-" "Mozilla/5.0 AppleWebKit/537.36 (KHTML, like Gecko; compatible; GPTBot/1.2; +https://openai.com/gptbot)"
220.135.127.108 - - [23/Nov/2024:15:29:26 +0800] "POST /wp-cron.php?doing_wp_cron=1732346966.6874129772186279296875 HTTP/1.1" 200 4050 "-" "WordPress/6.7.1; https://www.car32.tw"
4.227.36.14 - - [23/Nov/2024:15:29:26 +0800] "GET /%e9%bb%83%e9%87%91%e7%b7%9a%e6%8f%9b%e5%ad%a3%e4%bf%9d%e9%a4%8a%e5%b0%8f%e6%95%99%e5%ae%a4/embed/ HTTP/1.1" 200 10973 "-" "Mozilla/5.0 AppleWebKit/537.36 (KHTML, like Gecko; compatible; GPTBot/1.2; +https://openai.com/gptbot)"
220.135.127.108 - - [23/Nov/2024:15:30:48 +0800] "POST /wp-cron.php?doing_wp_cron=1732347048.9094910621643066406250 HTTP/1.1" 200 4050 "-" "WordPress/6.7.1; https://www.car32.tw"
192.0.82.55 - - [23/Nov/2024:15:30:48 +0800] "HEAD / HTTP/1.1" 200 4000 "-" "jetmon/1.0 (Jetpack Site Uptime Monitor by WordPress.com)"
220.135.127.108 - - [23/Nov/2024:15:35:38 +0800] "POST /wp-cron.php?doing_wp_cron=1732347338.4159219264984130859375 HTTP/1.1" 200 4050 "-" "WordPress/6.7.1; https://www.car32.tw"
140.238.59.22 - - [23/Nov/2024:15:35:38 +0800] "GET /feed/ HTTP/1.1" 200 6804 "https://www.car32.tw/feed/" "FreshRSS/1.24.3 (Linux; https://freshrss.org)"
192.0.82.55 - - [23/Nov/2024:15:35:48 +0800] "HEAD / HTTP/1.1" 200 4000 "-" "jetmon/1.0 (Jetpack Site Uptime Monitor by WordPress.com)"
4.227.36.14 - - [23/Nov/2024:15:37:01 +0800] "GET /%e9%bb%83%e9%87%91%e7%b7%9a%e6%8f%9b%e5%ad%a3%e4%bf%9d%e9%a4%8a%e5%b0%8f%e6%95%99%e5%ae%a4/embed/ HTTP/1.1" 200 10973 "-" "Mozilla/5.0 AppleWebKit/537.36 (KHTML, like Gecko; compatible; GPTBot/1.2; +https://openai.com/gptbot)"
4.227.36.14 - - [23/Nov/2024:15:38:11 +0800] "GET /%e9%bb%83%e9%87%91%e7%b7%9a%e6%8f%9b%e5%ad%a3%e4%bf%9d%e9%a4%8a%e5%b0%8f%e6%95%99%e5%ae%a4/embed/ HTTP/1.1" 200 10973 "-" "Mozilla/5.0 AppleWebKit/537.36 (KHTML, like Gecko; compatible; GPTBot/1.2; +https://openai.com/gptbot)"
4.227.36.14 - - [23/Nov/2024:15:39:03 +0800] "GET /%e9%bb%83%e9%87%91%e7%b7%9a%e6%8f%9b%e5%ad%a3%e4%bf%9d%e9%a4%8a%e5%b0%8f%e6%95%99%e5%ae%a4/embed/ HTTP/1.1" 200 10972 "-" "Mozilla/5.0 AppleWebKit/537.36 (KHTML, like Gecko; compatible; GPTBot/1.2; +https://openai.com/gptbot)"
220.135.127.108 - - [23/Nov/2024:15:40:09 +0800] "POST /wp-cron.php?doing_wp_cron=1732347609.4299271106719970703125 HTTP/1.1" 200 4050 "-" "WordPress/6.7.1; https://www.car32.tw"
4.227.36.14 - - [23/Nov/2024:15:40:09 +0800] "GET /%e9%bb%83%e9%87%91%e7%b7%9a%e6%8f%9b%e5%ad%a3%e4%bf%9d%e9%a4%8a%e5%b0%8f%e6%95%99%e5%ae%a4/embed/ HTTP/1.1" 200 10973 "-" "Mozilla/5.0 AppleWebKit/537.36 (KHTML, like Gecko; compatible; GPTBot/1.2; +https://openai.com/gptbot)"
220.135.127.108 - - [23/Nov/2024:15:40:49 +0800] "POST /wp-cron.php?doing_wp_cron=1732347649.8970720767974853515625 HTTP/1.1" 200 4050 "-" "WordPress/6.7.1; https://www.car32.tw"
192.0.82.55 - - [23/Nov/2024:15:40:49 +0800] "HEAD / HTTP/1.1" 200 4000 "-" "jetmon/1.0 (Jetpack Site Uptime Monitor by WordPress.com)"
20.171.207.87 - - [23/Nov/2024:15:40:51 +0800] "GET /robots.txt HTTP/1.1" 200 4164 "-" "Mozilla/5.0 AppleWebKit/537.36 (KHTML, like Gecko; compatible; GPTBot/1.2; +https://openai.com/gptbot)"
4.227.36.14 - - [23/Nov/2024:15:40:57 +0800] "GET /%e9%bb%83%e9%87%91%e7%b7%9a%e6%8f%9b%e5%ad%a3%e4%bf%9d%e9%a4%8a%e5%b0%8f%e6%95%99%e5%ae%a4/embed/ HTTP/1.1" 200 10973 "-" "Mozilla/5.0 AppleWebKit/537.36 (KHTML, like Gecko; compatible; GPTBot/1.2; +https://openai.com/gptbot)"
4.227.36.14 - - [23/Nov/2024:15:41:47 +0800] "GET /%e9%bb%83%e9%87%91%e7%b7%9a%e6%8f%9b%e5%ad%a3%e4%bf%9d%e9%a4%8a%e5%b0%8f%e6%95%99%e5%ae%a4/embed/ HTTP/1.1" 200 10972 "-" "Mozilla/5.0 AppleWebKit/537.36 (KHTML, like Gecko; compatible; GPTBot/1.2; +https://openai.com/gptbot)"
4.227.36.14 - - [23/Nov/2024:15:42:37 +0800] "GET /%e9%bb%83%e9%87%91%e7%b7%9a%e6%8f%9b%e5%ad%a3%e4%bf%9d%e9%a4%8a%e5%b0%8f%e6%95%99%e5%ae%a4/embed/ HTTP/1.1" 200 10973 "-" "Mozilla/5.0 AppleWebKit/537.36 (KHTML, like Gecko; compatible; GPTBot/1.2; +https://openai.com/gptbot)"
4.227.36.14 - - [23/Nov/2024:15:43:34 +0800] "GET /%e9%bb%83%e9%87%91%e7%b7%9a%e6%8f%9b%e5%ad%a3%e4%bf%9d%e9%a4%8a%e5%b0%8f%e6%95%99%e5%ae%a4/embed/ HTTP/1.1" 200 10973 "-" "Mozilla/5.0 AppleWebKit/537.36 (KHTML, like Gecko; compatible; GPTBot/1.2; +https://openai.com/gptbot)"
220.135.127.108 - - [23/Nov/2024:15:44:29 +0800] "POST /wp-cron.php?doing_wp_cron=1732347869.0490698814392089843750 HTTP/1.1" 200 4050 "-" "WordPress/6.7.1; https://www.car32.tw"
4.227.36.14 - - [23/Nov/2024:15:44:28 +0800] "GET /%e9%bb%83%e9%87%91%e7%b7%9a%e6%8f%9b%e5%ad%a3%e4%bf%9d%e9%a4%8a%e5%b0%8f%e6%95%99%e5%ae%a4/embed/ HTTP/1.1" 200 10969 "-" "Mozilla/5.0 AppleWebKit/537.36 (KHTML, like Gecko; compatible; GPTBot/1.2; +https://openai.com/gptbot)"
4.227.36.14 - - [23/Nov/2024:15:45:26 +0800] "GET /%e9%bb%83%e9%87%91%e7%b7%9a%e6%8f%9b%e5%ad%a3%e4%bf%9d%e9%a4%8a%e5%b0%8f%e6%95%99%e5%ae%a4/embed/ HTTP/1.1" 200 10973 "-" "Mozilla/5.0 AppleWebKit/537.36 (KHTML, like Gecko; compatible; GPTBot/1.2; +https://openai.com/gptbot)"
220.135.127.108 - - [23/Nov/2024:15:45:49 +0800] "POST /wp-cron.php?doing_wp_cron=1732347949.8850970268249511718750 HTTP/1.1" 200 4050 "-" "WordPress/6.7.1; https://www.car32.tw"
192.0.82.55 - - [23/Nov/2024:15:45:49 +0800] "HEAD / HTTP/1.1" 200 4000 "-" "jetmon/1.0 (Jetpack Site Uptime Monitor by WordPress.com)"
4.227.36.14 - - [23/Nov/2024:15:46:33 +0800] "GET /%e9%bb%83%e9%87%91%e7%b7%9a%e6%8f%9b%e5%ad%a3%e4%bf%9d%e9%a4%8a%e5%b0%8f%e6%95%99%e5%ae%a4/embed/ HTTP/1.1" 200 10971 "-" "Mozilla/5.0 AppleWebKit/537.36 (KHTML, like Gecko; compatible; GPTBot/1.2; +https://openai.com/gptbot)"
