193.186.4.172 - - [23/Nov/2024:15:47:11 +0800] "GET /%E6%B0%B4%E7%AE%B1%E6%B0%B4%E6%BC%8F%E5%85%89%E5%85%89-%E7%9C%8B%E6%87%82%E7%AF%80%E6%BA%AB%E5%99%A8%E6%B0%B4%E9%BE%9C%E5%93%AA%E8%A3%A1%E5%87%BA%E5%95%8F%E9%A1%8C%EF%BC%9F/ HTTP/1.1" 200 18358 "https://www.google.com/" "Mozilla/5.0 (Linux; Android 10; K) AppleWebKit/537.36 (KHTML, like Gecko) Chrome/131.0.0.0 Mobile Safari/537.36"
216.244.66.249 - - [23/Nov/2024:15:47:25 +0800] "GET /robots.txt HTTP/1.1" 301 529 "-" "Mozilla/5.0 (compatible; DotBot/1.2; +https://opensiteexplorer.org/dotbot; help@moz.com)"
216.244.66.249 - - [23/Nov/2024:15:47:26 +0800] "GET /robots.txt HTTP/1.1" 200 3513 "-" "Mozilla/5.0 (compatible; DotBot/1.2; +https://opensiteexplorer.org/dotbot; help@moz.com)"
4.227.36.14 - - [23/Nov/2024:15:47:30 +0800] "GET /%e9%bb%83%e9%87%91%e7%b7%9a%e6%8f%9b%e5%ad%a3%e4%bf%9d%e9%a4%8a%e5%b0%8f%e6%95%99%e5%ae%a4/embed/ HTTP/1.1" 200 10973 "-" "Mozilla/5.0 AppleWebKit/537.36 (KHTML, like Gecko; compatible; GPTBot/1.2; +https://openai.com/gptbot)"
4.227.36.14 - - [23/Nov/2024:15:48:34 +0800] "GET /%e9%bb%83%e9%87%91%e7%b7%9a%e6%8f%9b%e5%ad%a3%e4%bf%9d%e9%a4%8a%e5%b0%8f%e6%95%99%e5%ae%a4/embed/ HTTP/1.1" 200 10973 "-" "Mozilla/5.0 AppleWebKit/537.36 (KHTML, like Gecko; compatible; GPTBot/1.2; +https://openai.com/gptbot)"
4.227.36.14 - - [23/Nov/2024:15:48:35 +0800] "GET /tag/%E6%B1%BD%E6%B2%B9%E7%B2%BE/ HTTP/1.1" 200 27760 "-" "Mozilla/5.0 AppleWebKit/537.36 (KHTML, like Gecko; compatible; GPTBot/1.2; +https://openai.com/gptbot)"
20.171.207.87 - - [23/Nov/2024:15:49:02 +0800] "GET /robots.txt HTTP/1.1" 301 529 "-" "Mozilla/5.0 AppleWebKit/537.36 (KHTML, like Gecko; compatible; GPTBot/1.2; +https://openai.com/gptbot)"
20.171.207.87 - - [23/Nov/2024:15:49:02 +0800] "GET /robots.txt HTTP/1.1" 200 4164 "http://www.car32.tw/robots.txt" "Mozilla/5.0 AppleWebKit/537.36 (KHTML, like Gecko; compatible; GPTBot/1.2; +https://openai.com/gptbot)"
220.135.127.108 - - [23/Nov/2024:15:50:02 +0800] "POST /wp-cron.php?doing_wp_cron=1732348202.3572139739990234375000 HTTP/1.1" 200 4050 "-" "WordPress/6.7.1; https://www.car32.tw"
66.249.71.134 - - [23/Nov/2024:15:50:02 +0800] "GET /tag/bmw/feed/ HTTP/1.1" 304 3940 "-" "Mozilla/5.0 (Linux; Android 6.0.1; Nexus 5X Build/MMB29P) AppleWebKit/537.36 (KHTML, like Gecko) Chrome/131.0.6778.69 Mobile Safari/537.36 (compatible; Googlebot/2.1; +http://www.google.com/bot.html)"
4.227.36.14 - - [23/Nov/2024:15:50:11 +0800] "GET /%e9%bb%83%e9%87%91%e7%b7%9a%e6%8f%9b%e5%ad%a3%e4%bf%9d%e9%a4%8a%e5%b0%8f%e6%95%99%e5%ae%a4/embed/ HTTP/1.1" 200 10970 "-" "Mozilla/5.0 AppleWebKit/537.36 (KHTML, like Gecko; compatible; GPTBot/1.2; +https://openai.com/gptbot)"
4.227.36.14 - - [23/Nov/2024:15:50:11 +0800] "GET /tag/%E6%B1%BD%E6%B2%B9%E7%B2%BE/page/2/ HTTP/1.1" 200 18318 "-" "Mozilla/5.0 AppleWebKit/537.36 (KHTML, like Gecko; compatible; GPTBot/1.2; +https://openai.com/gptbot)"
4.227.36.14 - - [23/Nov/2024:15:50:12 +0800] "GET /tag/%e6%b1%bd%e6%b2%b9%e7%b2%be/feed/ HTTP/1.1" 200 3056 "-" "Mozilla/5.0 AppleWebKit/537.36 (KHTML, like Gecko; compatible; GPTBot/1.2; +https://openai.com/gptbot)"
4.227.36.14 - - [23/Nov/2024:15:50:22 +0800] "GET /?p=343 HTTP/1.1" 301 521 "-" "Mozilla/5.0 AppleWebKit/537.36 (KHTML, like Gecko; compatible; GPTBot/1.2; +https://openai.com/gptbot)"
4.227.36.14 - - [23/Nov/2024:15:50:29 +0800] "GET /?p=135 HTTP/1.1" 301 521 "-" "Mozilla/5.0 AppleWebKit/537.36 (KHTML, like Gecko; compatible; GPTBot/1.2; +https://openai.com/gptbot)"
4.227.36.14 - - [23/Nov/2024:15:50:41 +0800] "GET /?p=345 HTTP/1.1" 301 521 "-" "Mozilla/5.0 AppleWebKit/537.36 (KHTML, like Gecko; compatible; GPTBot/1.2; +https://openai.com/gptbot)"
220.135.127.108 - - [23/Nov/2024:15:50:48 +0800] "POST /wp-cron.php?doing_wp_cron=1732348248.9286069869995117187500 HTTP/1.1" 200 4050 "-" "WordPress/6.7.1; https://www.car32.tw"
192.0.82.55 - - [23/Nov/2024:15:50:48 +0800] "HEAD / HTTP/1.1" 200 4000 "-" "jetmon/1.0 (Jetpack Site Uptime Monitor by WordPress.com)"
4.227.36.14 - - [23/Nov/2024:15:52:27 +0800] "GET /%e9%bb%83%e9%87%91%e7%b7%9a%e6%8f%9b%e5%ad%a3%e4%bf%9d%e9%a4%8a%e5%b0%8f%e6%95%99%e5%ae%a4/embed/ HTTP/1.1" 200 10972 "-" "Mozilla/5.0 AppleWebKit/537.36 (KHTML, like Gecko; compatible; GPTBot/1.2; +https://openai.com/gptbot)"
4.227.36.14 - - [23/Nov/2024:15:52:34 +0800] "GET /tag/%E6%B1%BD%E6%B2%B9%E7%B2%BE/page/3/ HTTP/1.1" 200 25850 "-" "Mozilla/5.0 AppleWebKit/537.36 (KHTML, like Gecko; compatible; GPTBot/1.2; +https://openai.com/gptbot)"
4.227.36.14 - - [23/Nov/2024:15:52:35 +0800] "GET /?p=343 HTTP/1.1" 301 479 "-" "Mozilla/5.0 AppleWebKit/537.36 (KHTML, like Gecko; compatible; GPTBot/1.2; +https://openai.com/gptbot)"
4.227.36.14 - - [23/Nov/2024:15:52:36 +0800] "GET /?p=135 HTTP/1.1" 301 397 "-" "Mozilla/5.0 AppleWebKit/537.36 (KHTML, like Gecko; compatible; GPTBot/1.2; +https://openai.com/gptbot)"
4.227.36.14 - - [23/Nov/2024:15:52:39 +0800] "GET /?p=345 HTTP/1.1" 301 370 "-" "Mozilla/5.0 AppleWebKit/537.36 (KHTML, like Gecko; compatible; GPTBot/1.2; +https://openai.com/gptbot)"
4.227.36.14 - - [23/Nov/2024:15:54:10 +0800] "GET /%e9%bb%83%e9%87%91%e7%b7%9a%e6%8f%9b%e5%ad%a3%e4%bf%9d%e9%a4%8a%e5%b0%8f%e6%95%99%e5%ae%a4/embed/ HTTP/1.1" 200 10973 "-" "Mozilla/5.0 AppleWebKit/537.36 (KHTML, like Gecko; compatible; GPTBot/1.2; +https://openai.com/gptbot)"
4.227.36.14 - - [23/Nov/2024:15:54:16 +0800] "GET /tag/%E6%B1%BD%E6%B2%B9%E7%B2%BE/page/4/ HTTP/1.1" 200 24279 "-" "Mozilla/5.0 AppleWebKit/537.36 (KHTML, like Gecko; compatible; GPTBot/1.2; +https://openai.com/gptbot)"
220.135.127.108 - - [23/Nov/2024:15:54:30 +0800] "POST /wp-cron.php?doing_wp_cron=1732348470.1756980419158935546875 HTTP/1.1" 200 4050 "-" "WordPress/6.7.1; https://www.car32.tw"
101.9.67.168 - - [23/Nov/2024:15:54:29 +0800] "GET /tag/%E6%A9%9F%E6%B2%B9%E6%BA%AB%E5%BA%A6/ HTTP/1.1" 200 26705 "https://www.google.com/" "Mozilla/5.0 (iPhone; CPU iPhone OS 17_6 like Mac OS X) AppleWebKit/605.1.15 (KHTML, like Gecko) CriOS/114.0.5735.124 Mobile/15E148 Safari/604.1"
101.9.67.168 - - [23/Nov/2024:15:54:30 +0800] "GET /wp-content/themes/twentytwelve/fonts/font-open-sans.css?ver=20230328 HTTP/1.1" 200 1288 "https://www.car32.tw/tag/%E6%A9%9F%E6%B2%B9%E6%BA%AB%E5%BA%A6/" "Mozilla/5.0 (iPhone; CPU iPhone OS 17_6 like Mac OS X) AppleWebKit/605.1.15 (KHTML, like Gecko) CriOS/114.0.5735.124 Mobile/15E148 Safari/604.1"
101.9.67.168 - - [23/Nov/2024:15:54:30 +0800] "GET /wp-content/themes/twentytwelve/js/navigation.js?ver=20141205 HTTP/1.1" 200 4770 "https://www.car32.tw/tag/%E6%A9%9F%E6%B2%B9%E6%BA%AB%E5%BA%A6/" "Mozilla/5.0 (iPhone; CPU iPhone OS 17_6 like Mac OS X) AppleWebKit/605.1.15 (KHTML, like Gecko) CriOS/114.0.5735.124 Mobile/15E148 Safari/604.1"
101.9.67.168 - - [23/Nov/2024:15:54:30 +0800] "GET /wp-content/themes/twentytwelve/css/blocks.css?ver=20240603 HTTP/1.1" 200 6035 "https://www.car32.tw/tag/%E6%A9%9F%E6%B2%B9%E6%BA%AB%E5%BA%A6/" "Mozilla/5.0 (iPhone; CPU iPhone OS 17_6 like Mac OS X) AppleWebKit/605.1.15 (KHTML, like Gecko) CriOS/114.0.5735.124 Mobile/15E148 Safari/604.1"
101.9.67.168 - - [23/Nov/2024:15:54:30 +0800] "GET /wp-content/themes/twentytwelve/style.css?ver=20240716 HTTP/1.1" 200 12423 "https://www.car32.tw/tag/%E6%A9%9F%E6%B2%B9%E6%BA%AB%E5%BA%A6/" "Mozilla/5.0 (iPhone; CPU iPhone OS 17_6 like Mac OS X) AppleWebKit/605.1.15 (KHTML, like Gecko) CriOS/114.0.5735.124 Mobile/15E148 Safari/604.1"
101.9.67.168 - - [23/Nov/2024:15:54:30 +0800] "GET /wp-content/themes/twentytwelve/fonts/open-sans/open-sans-latin-400-normal.woff2?ver=34 HTTP/1.1" 200 17094 "https://www.car32.tw/tag/%E6%A9%9F%E6%B2%B9%E6%BA%AB%E5%BA%A6/" "Mozilla/5.0 (iPhone; CPU iPhone OS 17_6 like Mac OS X) AppleWebKit/605.1.15 (KHTML, like Gecko) CriOS/114.0.5735.124 Mobile/15E148 Safari/604.1"
101.9.67.168 - - [23/Nov/2024:15:54:30 +0800] "GET /wp-content/themes/twentytwelve/fonts/open-sans/open-sans-latin-700-normal.woff2?ver=34 HTTP/1.1" 200 16704 "https://www.car32.tw/tag/%E6%A9%9F%E6%B2%B9%E6%BA%AB%E5%BA%A6/" "Mozilla/5.0 (iPhone; CPU iPhone OS 17_6 like Mac OS X) AppleWebKit/605.1.15 (KHTML, like Gecko) CriOS/114.0.5735.124 Mobile/15E148 Safari/604.1"
101.9.67.168 - - [23/Nov/2024:15:54:30 +0800] "GET /wp-content/themes/twentytwelve/fonts/open-sans/open-sans-latin-400-italic.woff2?ver=34 HTTP/1.1" 200 18174 "https://www.car32.tw/tag/%E6%A9%9F%E6%B2%B9%E6%BA%AB%E5%BA%A6/" "Mozilla/5.0 (iPhone; CPU iPhone OS 17_6 like Mac OS X) AppleWebKit/605.1.15 (KHTML, like Gecko) CriOS/114.0.5735.124 Mobile/15E148 Safari/604.1"
101.9.67.168 - - [23/Nov/2024:15:54:31 +0800] "POST /?ob=open-bridge/events HTTP/1.1" 200 520 "https://www.car32.tw/tag/%E6%A9%9F%E6%B2%B9%E6%BA%AB%E5%BA%A6/" "Mozilla/5.0 (iPhone; CPU iPhone OS 17_6 like Mac OS X) AppleWebKit/605.1.15 (KHTML, like Gecko) CriOS/114.0.5735.124 Mobile/15E148 Safari/604.1"
4.227.36.14 - - [23/Nov/2024:15:55:05 +0800] "GET /%e9%bb%83%e9%87%91%e7%b7%9a%e6%8f%9b%e5%ad%a3%e4%bf%9d%e9%a4%8a%e5%b0%8f%e6%95%99%e5%ae%a4/embed/ HTTP/1.1" 200 10972 "-" "Mozilla/5.0 AppleWebKit/537.36 (KHTML, like Gecko; compatible; GPTBot/1.2; +https://openai.com/gptbot)"
220.135.127.108 - - [23/Nov/2024:15:55:48 +0800] "POST /wp-cron.php?doing_wp_cron=1732348548.2420020103454589843750 HTTP/1.1" 200 4050 "-" "WordPress/6.7.1; https://www.car32.tw"
192.0.82.55 - - [23/Nov/2024:15:55:47 +0800] "HEAD / HTTP/1.1" 200 4000 "-" "jetmon/1.0 (Jetpack Site Uptime Monitor by WordPress.com)"
4.227.36.14 - - [23/Nov/2024:15:56:05 +0800] "GET /%e9%bb%83%e9%87%91%e7%b7%9a%e6%8f%9b%e5%ad%a3%e4%bf%9d%e9%a4%8a%e5%b0%8f%e6%95%99%e5%ae%a4/embed/ HTTP/1.1" 200 10974 "-" "Mozilla/5.0 AppleWebKit/537.36 (KHTML, like Gecko; compatible; GPTBot/1.2; +https://openai.com/gptbot)"
18.216.53.7 - - [23/Nov/2024:15:56:23 +0800] "GET /tag/%e6%b7%bb%e5%8a%a0%e5%8a%91/feed HTTP/1.1" 301 4147 "-" "Mozilla/5.0 AppleWebKit/537.36 (KHTML, like Gecko; compatible; ClaudeBot/1.0; +claudebot@anthropic.com)"
18.216.53.7 - - [23/Nov/2024:15:56:24 +0800] "GET /tag/%e6%b7%bb%e5%8a%a0%e5%8a%91/feed/ HTTP/1.1" 200 5360 "https://car32.tw/tag/%e6%b7%bb%e5%8a%a0%e5%8a%91/feed" "Mozilla/5.0 AppleWebKit/537.36 (KHTML, like Gecko; compatible; ClaudeBot/1.0; +claudebot@anthropic.com)"
146.190.51.156 - - [23/Nov/2024:15:56:39 +0800] "POST /xmlrpc.php HTTP/1.1" 200 4461 "-" "Mozilla/5.0 (Windows NT 6.1; WOW64; rv:42.0) Gecko/20100101 Firefox/42.0"
146.190.51.156 - - [23/Nov/2024:15:56:41 +0800] "POST /xmlrpc.php HTTP/1.1" 200 4461 "-" "Mozilla/5.0 (Windows NT 6.1; WOW64; rv:42.0) Gecko/20100101 Firefox/42.0"
216.244.66.249 - - [23/Nov/2024:15:56:48 +0800] "GET /page/23/?page=3 HTTP/1.1" 200 124580 "-" "Mozilla/5.0 (compatible; DotBot/1.2; +https://opensiteexplorer.org/dotbot; help@moz.com)"
45.56.68.29 - - [23/Nov/2024:15:56:53 +0800] "POST /xmlrpc.php HTTP/1.1" 200 4019 "-" "Mozilla/5.0 (Linux; Android 10; SM-A205U) AppleWebKit/537.36 (KHTML, like Gecko) Chrome/91.0.4472.114 Mobile Safari/537.36"
45.56.68.29 - - [23/Nov/2024:15:56:55 +0800] "POST /xmlrpc.php HTTP/1.1" 200 4019 "-" "Mozilla/5.0 (Linux; Android 10; SM-A205U) AppleWebKit/537.36 (KHTML, like Gecko) Chrome/91.0.4472.114 Mobile Safari/537.36"
123.51.222.48 - - [23/Nov/2024:15:56:55 +0800] "POST /xmlrpc.php HTTP/1.1" 200 4021 "-" "Mozilla/5.0 (Windows NT 10.0; WOW64; rv:50.0) Gecko/20100101 Firefox/50.0"
123.51.222.48 - - [23/Nov/2024:15:56:56 +0800] "POST /xmlrpc.php HTTP/1.1" 200 4021 "-" "Mozilla/5.0 (Windows NT 10.0; WOW64; rv:50.0) Gecko/20100101 Firefox/50.0"
156.244.79.2 - - [23/Nov/2024:15:57:01 +0800] "POST /xmlrpc.php HTTP/1.1" 200 4020 "-" "Mozilla/5.0 (Windows NT 10.0; Win64; x64) AppleWebKit/537.36 (KHTML, like Gecko) Chrome/79.0.3945.117 Safari/537.36"
156.244.79.2 - - [23/Nov/2024:15:57:03 +0800] "POST /xmlrpc.php HTTP/1.1" 200 4020 "-" "Mozilla/5.0 (Windows NT 10.0; Win64; x64) AppleWebKit/537.36 (KHTML, like Gecko) Chrome/79.0.3945.117 Safari/537.36"
92.53.96.121 - - [23/Nov/2024:15:57:06 +0800] "POST /xmlrpc.php HTTP/1.1" 200 4459 "-" "Mozilla/5.0 (Windows NT 10.0; WOW64; rv:52.0) Gecko/20100101 Firefox/52.0"
92.53.96.121 - - [23/Nov/2024:15:57:09 +0800] "POST /xmlrpc.php HTTP/1.1" 200 4459 "-" "Mozilla/5.0 (Windows NT 10.0; WOW64; rv:52.0) Gecko/20100101 Firefox/52.0"
62.116.200.98 - - [23/Nov/2024:15:57:10 +0800] "POST /xmlrpc.php HTTP/1.1" 200 4460 "-" "Mozilla/5.0 (Windows NT 5.1; rv:40.0) Gecko/20100101 Firefox/40.0"
62.116.200.98 - - [23/Nov/2024:15:57:12 +0800] "POST /xmlrpc.php HTTP/1.1" 200 4460 "-" "Mozilla/5.0 (Windows NT 5.1; rv:40.0) Gecko/20100101 Firefox/40.0"
146.190.51.156 - - [23/Nov/2024:15:57:20 +0800] "POST /xmlrpc.php HTTP/1.1" 200 4461 "-" "Mozilla/5.0 (Windows NT 10.0; Win64; x64) AppleWebKit/537.36 (KHTML, like Gecko) Chrome/80.0.3987.149 Safari/537.36"
18.117.12.181 - - [23/Nov/2024:15:57:20 +0800] "GET /tag/%e6%ad%a2%e6%bc%8f/feed HTTP/1.1" 301 4138 "-" "Mozilla/5.0 AppleWebKit/537.36 (KHTML, like Gecko; compatible; ClaudeBot/1.0; +claudebot@anthropic.com)"
18.117.12.181 - - [23/Nov/2024:15:57:21 +0800] "GET /tag/%e6%ad%a2%e6%bc%8f/feed/ HTTP/1.1" 200 5454 "https://car32.tw/tag/%e6%ad%a2%e6%bc%8f/feed" "Mozilla/5.0 AppleWebKit/537.36 (KHTML, like Gecko; compatible; ClaudeBot/1.0; +claudebot@anthropic.com)"
146.190.51.156 - - [23/Nov/2024:15:57:21 +0800] "POST /xmlrpc.php HTTP/1.1" 200 4461 "-" "Mozilla/5.0 (Windows NT 10.0; Win64; x64) AppleWebKit/537.36 (KHTML, like Gecko) Chrome/80.0.3987.149 Safari/537.36"
103.177.95.19 - - [23/Nov/2024:15:57:20 +0800] "POST /xmlrpc.php HTTP/1.1" 200 4460 "-" "Mozilla/5.0 (Linux; Android 6.0.1; RedMi Note 5 Build/RB3N5C; wv) AppleWebKit/537.36 (KHTML, like Gecko) Version/4.0 Chrome/68.0.3440.91 Mobile Safari/537.36"
103.177.95.19 - - [23/Nov/2024:15:57:22 +0800] "POST /xmlrpc.php HTTP/1.1" 200 4460 "-" "Mozilla/5.0 (Linux; Android 6.0.1; RedMi Note 5 Build/RB3N5C; wv) AppleWebKit/537.36 (KHTML, like Gecko) Version/4.0 Chrome/68.0.3440.91 Mobile Safari/537.36"
178.239.158.57 - - [23/Nov/2024:15:57:28 +0800] "POST /xmlrpc.php HTTP/1.1" 200 4461 "-" "Mozilla/5.0 (Windows NT 5.1; rv:33.0) Gecko/20100101 Firefox/33.0"
178.239.158.57 - - [23/Nov/2024:15:57:30 +0800] "POST /xmlrpc.php HTTP/1.1" 200 4461 "-" "Mozilla/5.0 (Windows NT 5.1; rv:33.0) Gecko/20100101 Firefox/33.0"
103.171.92.225 - - [23/Nov/2024:15:57:34 +0800] "POST /xmlrpc.php HTTP/1.1" 200 4022 "-" "Mozilla/5.0 (Windows NT 6.1; Win64; x64) AppleWebKit/537.36 (KHTML, like Gecko) Chrome/63.0.3239.132 Safari/537.36"
103.171.92.225 - - [23/Nov/2024:15:57:36 +0800] "POST /xmlrpc.php HTTP/1.1" 200 4022 "-" "Mozilla/5.0 (Windows NT 6.1; Win64; x64) AppleWebKit/537.36 (KHTML, like Gecko) Chrome/63.0.3239.132 Safari/537.36"
47.254.25.133 - - [23/Nov/2024:15:57:39 +0800] "POST /xmlrpc.php HTTP/1.1" 200 4021 "-" "Mozilla/5.0 (Windows NT 5.1) AppleWebKit/537.36 (KHTML, like Gecko) Chrome/46.0.2490.71 Safari/537.36"
47.254.25.133 - - [23/Nov/2024:15:57:41 +0800] "POST /xmlrpc.php HTTP/1.1" 200 4021 "-" "Mozilla/5.0 (Windows NT 5.1) AppleWebKit/537.36 (KHTML, like Gecko) Chrome/46.0.2490.71 Safari/537.36"
173.236.255.42 - - [23/Nov/2024:15:57:49 +0800] "POST /xmlrpc.php HTTP/1.1" 200 4461 "-" "Mozilla/5.0 (Windows NT 6.3; Win64; x64) AppleWebKit/537.36 (KHTML, like Gecko) Chrome/60.0.3112.113 Safari/537.36"
130.61.17.146 - - [23/Nov/2024:15:57:49 +0800] "POST /xmlrpc.php HTTP/1.1" 200 4021 "-" "Mozilla/5.0 (Windows NT 5.1; rv:36.0) Gecko/20100101 Firefox/36.0"
130.61.17.146 - - [23/Nov/2024:15:57:51 +0800] "POST /xmlrpc.php HTTP/1.1" 200 4021 "-" "Mozilla/5.0 (Windows NT 5.1; rv:36.0) Gecko/20100101 Firefox/36.0"
173.236.255.42 - - [23/Nov/2024:15:57:52 +0800] "POST /xmlrpc.php HTTP/1.1" 200 4461 "-" "Mozilla/5.0 (Windows NT 6.3; Win64; x64) AppleWebKit/537.36 (KHTML, like Gecko) Chrome/60.0.3112.113 Safari/537.36"
52.167.144.199 - - [23/Nov/2024:15:57:53 +0800] "GET /tag/e34/ HTTP/1.1" 200 25288 "-" "Mozilla/5.0 AppleWebKit/537.36 (KHTML, like Gecko; compatible; bingbot/2.0; +http://www.bing.com/bingbot.htm) Chrome/116.0.1938.76 Safari/537.36"
220.135.127.108 - - [23/Nov/2024:15:59:38 +0800] "POST /wp-cron.php?doing_wp_cron=1732348778.6100800037384033203125 HTTP/1.1" 200 4050 "-" "WordPress/6.7.1; https://www.car32.tw"
4.227.36.14 - - [23/Nov/2024:15:59:38 +0800] "GET /%e9%bb%83%e9%87%91%e7%b7%9a%e6%8f%9b%e5%ad%a3%e4%bf%9d%e9%a4%8a%e5%b0%8f%e6%95%99%e5%ae%a4/embed/ HTTP/1.1" 200 10973 "-" "Mozilla/5.0 AppleWebKit/537.36 (KHTML, like Gecko; compatible; GPTBot/1.2; +https://openai.com/gptbot)"
17.241.219.223 - - [23/Nov/2024:16:00:09 +0800] "GET /%E9%96%8B%E5%B7%A5%E4%BF%9D%E9%A4%8A/ HTTP/1.1" 200 18104 "-" "Mozilla/5.0 (Macintosh; Intel Mac OS X 10_15_7) AppleWebKit/605.1.15 (KHTML, like Gecko) Version/17.4 Safari/605.1.15 (Applebot/0.1; +http://www.apple.com/go/applebot)"
220.135.127.108 - - [23/Nov/2024:16:00:38 +0800] "POST /wp-cron.php?doing_wp_cron=1732348838.5581760406494140625000 HTTP/1.1" 200 4050 "-" "WordPress/6.7.1; https://www.car32.tw"
140.238.59.22 - - [23/Nov/2024:16:00:38 +0800] "GET /feed/ HTTP/1.1" 200 6804 "https://www.car32.tw/feed/" "FreshRSS/1.24.3 (Linux; https://freshrss.org)"
192.0.82.55 - - [23/Nov/2024:16:00:51 +0800] "HEAD / HTTP/1.1" 200 4000 "-" "jetmon/1.0 (Jetpack Site Uptime Monitor by WordPress.com)"
17.22.245.134 - - [23/Nov/2024:16:00:59 +0800] "GET /wp-content/themes/twentytwelve/js/navigation.js?ver=20141205 HTTP/1.1" 200 4723 "https://www.car32.tw/%E9%96%8B%E5%B7%A5%E4%BF%9D%E9%A4%8A/" "Mozilla/5.0 (Macintosh; Intel Mac OS X 10_15_7) AppleWebKit/605.1.15 (KHTML, like Gecko) Version/17.4 Safari/605.1.15 (Applebot/0.1; +http://www.apple.com/go/applebot)"
17.22.237.188 - - [23/Nov/2024:16:00:59 +0800] "GET /wp-content/themes/twentytwelve/css/blocks.css?ver=20240603 HTTP/1.1" 200 5988 "https://www.car32.tw/%E9%96%8B%E5%B7%A5%E4%BF%9D%E9%A4%8A/" "Mozilla/5.0 (Macintosh; Intel Mac OS X 10_15_7) AppleWebKit/605.1.15 (KHTML, like Gecko) Version/17.4 Safari/605.1.15 (Applebot/0.1; +http://www.apple.com/go/applebot)"
17.22.253.103 - - [23/Nov/2024:16:01:00 +0800] "GET /wp-content/themes/twentytwelve/fonts/font-open-sans.css?ver=20230328 HTTP/1.1" 200 4984 "https://www.car32.tw/%E9%96%8B%E5%B7%A5%E4%BF%9D%E9%A4%8A/" "Mozilla/5.0 (Macintosh; Intel Mac OS X 10_15_7) AppleWebKit/605.1.15 (KHTML, like Gecko) Version/17.4 Safari/605.1.15 (Applebot/0.1; +http://www.apple.com/go/applebot)"
17.22.245.7 - - [23/Nov/2024:16:01:00 +0800] "GET /wp-content/themes/twentytwelve/style.css?ver=20240716 HTTP/1.1" 200 12376 "https://www.car32.tw/%E9%96%8B%E5%B7%A5%E4%BF%9D%E9%A4%8A/" "Mozilla/5.0 (Macintosh; Intel Mac OS X 10_15_7) AppleWebKit/605.1.15 (KHTML, like Gecko) Version/17.4 Safari/605.1.15 (Applebot/0.1; +http://www.apple.com/go/applebot)"
4.227.36.14 - - [23/Nov/2024:16:01:01 +0800] "GET /%e9%bb%83%e9%87%91%e7%b7%9a%e6%8f%9b%e5%ad%a3%e4%bf%9d%e9%a4%8a%e5%b0%8f%e6%95%99%e5%ae%a4/embed/ HTTP/1.1" 200 10974 "-" "Mozilla/5.0 AppleWebKit/537.36 (KHTML, like Gecko; compatible; GPTBot/1.2; +https://openai.com/gptbot)"
17.22.253.90 - - [23/Nov/2024:16:01:03 +0800] "GET /wp-includes/js/wp-emoji-release.min.js?ver=6.7.1 HTTP/1.1" 200 9175 "https://www.car32.tw/%E9%96%8B%E5%B7%A5%E4%BF%9D%E9%A4%8A/" "Mozilla/5.0 (Macintosh; Intel Mac OS X 10_15_7) AppleWebKit/605.1.15 (KHTML, like Gecko) Version/17.4 Safari/605.1.15 (Applebot/0.1; +http://www.apple.com/go/applebot)"
17.22.245.28 - - [23/Nov/2024:16:01:02 +0800] "GET /%E9%96%8B%E5%B7%A5%E4%BF%9D%E9%A4%8A/?relatedposts=1 HTTP/1.1" 200 7016 "https://www.car32.tw/%E9%96%8B%E5%B7%A5%E4%BF%9D%E9%A4%8A/" "Mozilla/5.0 (Macintosh; Intel Mac OS X 10_15_7) AppleWebKit/605.1.15 (KHTML, like Gecko) Version/17.4 Safari/605.1.15 (Applebot/0.1; +http://www.apple.com/go/applebot)"
4.227.36.14 - - [23/Nov/2024:16:02:37 +0800] "GET /%e9%bb%83%e9%87%91%e7%b7%9a%e6%8f%9b%e5%ad%a3%e4%bf%9d%e9%a4%8a%e5%b0%8f%e6%95%99%e5%ae%a4/embed/ HTTP/1.1" 200 10971 "-" "Mozilla/5.0 AppleWebKit/537.36 (KHTML, like Gecko; compatible; GPTBot/1.2; +https://openai.com/gptbot)"
4.227.36.14 - - [23/Nov/2024:16:04:05 +0800] "GET /%e9%bb%83%e9%87%91%e7%b7%9a%e6%8f%9b%e5%ad%a3%e4%bf%9d%e9%a4%8a%e5%b0%8f%e6%95%99%e5%ae%a4/embed/ HTTP/1.1" 200 10973 "-" "Mozilla/5.0 AppleWebKit/537.36 (KHTML, like Gecko; compatible; GPTBot/1.2; +https://openai.com/gptbot)"
220.135.127.108 - - [23/Nov/2024:16:04:54 +0800] "POST /wp-cron.php?doing_wp_cron=1732349094.2734589576721191406250 HTTP/1.1" 200 4050 "-" "WordPress/6.7.1; https://www.car32.tw"
3.137.178.122 - - [23/Nov/2024:16:04:54 +0800] "GET /wp-json/wp/v2/tags/11 HTTP/1.1" 200 4855 "-" "Mozilla/5.0 AppleWebKit/537.36 (KHTML, like Gecko; compatible; ClaudeBot/1.0; +claudebot@anthropic.com)"
4.227.36.14 - - [23/Nov/2024:16:05:25 +0800] "GET /%e9%bb%83%e9%87%91%e7%b7%9a%e6%8f%9b%e5%ad%a3%e4%bf%9d%e9%a4%8a%e5%b0%8f%e6%95%99%e5%ae%a4/embed/ HTTP/1.1" 200 10973 "-" "Mozilla/5.0 AppleWebKit/537.36 (KHTML, like Gecko; compatible; GPTBot/1.2; +https://openai.com/gptbot)"
220.135.127.108 - - [23/Nov/2024:16:05:49 +0800] "POST /wp-cron.php?doing_wp_cron=1732349149.3108370304107666015625 HTTP/1.1" 200 4050 "-" "WordPress/6.7.1; https://www.car32.tw"
192.0.82.55 - - [23/Nov/2024:16:05:49 +0800] "HEAD / HTTP/1.1" 200 4000 "-" "jetmon/1.0 (Jetpack Site Uptime Monitor by WordPress.com)"
3.147.28.111 - - [23/Nov/2024:16:06:29 +0800] "GET /bmw-%e8%a1%a8%e7%a4%ba%ef%bc%9a%e6%9f%b4%e6%b2%b9%e5%bc%95%e6%93%8e%e5%b0%87%e5%86%8d%e6%8c%81%e7%ba%8c-20-%e5%b9%b4%ef%bc%8c%e8%80%8c%e6%b1%bd%e6%b2%b9%e5%bc%95%e6%93%8e%e5%89%87%e6%98%af-30 HTTP/1.1" 301 4249 "-" "Mozilla/5.0 AppleWebKit/537.36 (KHTML, like Gecko; compatible; ClaudeBot/1.0; +claudebot@anthropic.com)"
3.147.28.111 - - [23/Nov/2024:16:06:30 +0800] "GET /bmw-%e8%a1%a8%e7%a4%ba%ef%bc%9a%e6%9f%b4%e6%b2%b9%e5%bc%95%e6%93%8e%e5%b0%87%e5%86%8d%e6%8c%81%e7%ba%8c-20-%e5%b9%b4%ef%bc%8c%e8%80%8c%e6%b1%bd%e6%b2%b9%e5%bc%95%e6%93%8e%e5%89%87%e6%98%af-30/ HTTP/1.1" 200 22921 "https://car32.tw/bmw-%e8%a1%a8%e7%a4%ba%ef%bc%9a%e6%9f%b4%e6%b2%b9%e5%bc%95%e6%93%8e%e5%b0%87%e5%86%8d%e6%8c%81%e7%ba%8c-20-%e5%b9%b4%ef%bc%8c%e8%80%8c%e6%b1%bd%e6%b2%b9%e5%bc%95%e6%93%8e%e5%89%87%e6%98%af-30" "Mozilla/5.0 AppleWebKit/537.36 (KHTML, like Gecko; compatible; ClaudeBot/1.0; +claudebot@anthropic.com)"
4.227.36.14 - - [23/Nov/2024:16:06:40 +0800] "GET /%e9%bb%83%e9%87%91%e7%b7%9a%e6%8f%9b%e5%ad%a3%e4%bf%9d%e9%a4%8a%e5%b0%8f%e6%95%99%e5%ae%a4/embed/ HTTP/1.1" 200 10972 "-" "Mozilla/5.0 AppleWebKit/537.36 (KHTML, like Gecko; compatible; GPTBot/1.2; +https://openai.com/gptbot)"
4.227.36.14 - - [23/Nov/2024:16:08:09 +0800] "GET /%e9%bb%83%e9%87%91%e7%b7%9a%e6%8f%9b%e5%ad%a3%e4%bf%9d%e9%a4%8a%e5%b0%8f%e6%95%99%e5%ae%a4/embed/ HTTP/1.1" 200 10974 "-" "Mozilla/5.0 AppleWebKit/537.36 (KHTML, like Gecko; compatible; GPTBot/1.2; +https://openai.com/gptbot)"
220.135.127.108 - - [23/Nov/2024:16:10:49 +0800] "POST /wp-cron.php?doing_wp_cron=1732349449.2490930557250976562500 HTTP/1.1" 200 4050 "-" "WordPress/6.7.1; https://www.car32.tw"
192.0.82.55 - - [23/Nov/2024:16:10:49 +0800] "HEAD / HTTP/1.1" 200 4000 "-" "jetmon/1.0 (Jetpack Site Uptime Monitor by WordPress.com)"
220.135.127.108 - - [23/Nov/2024:16:15:23 +0800] "POST /wp-cron.php?doing_wp_cron=1732349723.0759310722351074218750 HTTP/1.1" 200 4050 "-" "WordPress/6.7.1; https://www.car32.tw"
18.191.215.30 - - [23/Nov/2024:16:15:22 +0800] "GET /robots.txt HTTP/1.1" 301 4022 "-" "Mozilla/5.0 AppleWebKit/537.36 (KHTML, like Gecko; compatible; ClaudeBot/1.0; +claudebot@anthropic.com)"
18.191.215.30 - - [23/Nov/2024:16:15:24 +0800] "GET /robots.txt HTTP/1.1" 200 4164 "https://car32.tw/robots.txt" "Mozilla/5.0 AppleWebKit/537.36 (KHTML, like Gecko; compatible; ClaudeBot/1.0; +claudebot@anthropic.com)"
18.191.215.30 - - [23/Nov/2024:16:15:25 +0800] "GET /92%e3%80%8195%e3%80%8198-%e6%b7%b7%e5%8a%a0%ef%bc%9f%e6%b1%bd%e6%b2%b9-99-%e6%9f%b4%e6%b2%b9-1%ef%bc%9f%e7%9c%9f%e7%9a%84%e5%8f%af%e8%a1%8c%e5%97%8e%ef%bc%9f HTTP/1.1" 301 473 "-" "Mozilla/5.0 AppleWebKit/537.36 (KHTML, like Gecko; compatible; ClaudeBot/1.0; +claudebot@anthropic.com)"
18.191.215.30 - - [23/Nov/2024:16:15:25 +0800] "GET /92%e3%80%8195%e3%80%8198-%e6%b7%b7%e5%8a%a0%ef%bc%9f%e6%b1%bd%e6%b2%b9-99-%e6%9f%b4%e6%b2%b9-1%ef%bc%9f%e7%9c%9f%e7%9a%84%e5%8f%af%e8%a1%8c%e5%97%8e%ef%bc%9f/ HTTP/1.1" 200 18148 "https://car32.tw/92%e3%80%8195%e3%80%8198-%e6%b7%b7%e5%8a%a0%ef%bc%9f%e6%b1%bd%e6%b2%b9-99-%e6%9f%b4%e6%b2%b9-1%ef%bc%9f%e7%9c%9f%e7%9a%84%e5%8f%af%e8%a1%8c%e5%97%8e%ef%bc%9f" "Mozilla/5.0 AppleWebKit/537.36 (KHTML, like Gecko; compatible; ClaudeBot/1.0; +claudebot@anthropic.com)"
220.135.127.108 - - [23/Nov/2024:16:15:48 +0800] "POST /wp-cron.php?doing_wp_cron=1732349748.1937420368194580078125 HTTP/1.1" 200 4050 "-" "WordPress/6.7.1; https://www.car32.tw"
192.0.82.55 - - [23/Nov/2024:16:15:47 +0800] "HEAD / HTTP/1.1" 200 4000 "-" "jetmon/1.0 (Jetpack Site Uptime Monitor by WordPress.com)"
4.227.36.14 - - [23/Nov/2024:16:18:10 +0800] "GET /%e9%bb%83%e9%87%91%e7%b7%9a%e6%8f%9b%e5%ad%a3%e4%bf%9d%e9%a4%8a%e5%b0%8f%e6%95%99%e5%ae%a4/embed/ HTTP/1.1" 200 10972 "-" "Mozilla/5.0 AppleWebKit/537.36 (KHTML, like Gecko; compatible; GPTBot/1.2; +https://openai.com/gptbot)"
220.135.127.108 - - [23/Nov/2024:16:19:44 +0800] "POST /wp-cron.php?doing_wp_cron=1732349984.6618540287017822265625 HTTP/1.1" 200 4050 "-" "WordPress/6.7.1; https://www.car32.tw"
40.77.167.48 - - [23/Nov/2024:16:19:44 +0800] "GET /xthruster-cce/ HTTP/1.1" 200 23037 "-" "Mozilla/5.0 AppleWebKit/537.36 (KHTML, like Gecko; compatible; bingbot/2.0; +http://www.bing.com/bingbot.htm) Chrome/116.0.1938.76 Safari/537.36"
4.227.36.14 - - [23/Nov/2024:16:19:55 +0800] "GET /%e9%bb%83%e9%87%91%e7%b7%9a%e6%8f%9b%e5%ad%a3%e4%bf%9d%e9%a4%8a%e5%b0%8f%e6%95%99%e5%ae%a4/embed/ HTTP/1.1" 200 10973 "-" "Mozilla/5.0 AppleWebKit/537.36 (KHTML, like Gecko; compatible; GPTBot/1.2; +https://openai.com/gptbot)"
220.135.127.108 - - [23/Nov/2024:16:20:48 +0800] "POST /wp-cron.php?doing_wp_cron=1732350048.8196070194244384765625 HTTP/1.1" 200 4050 "-" "WordPress/6.7.1; https://www.car32.tw"
192.0.82.55 - - [23/Nov/2024:16:20:48 +0800] "HEAD / HTTP/1.1" 200 4000 "-" "jetmon/1.0 (Jetpack Site Uptime Monitor by WordPress.com)"
4.227.36.14 - - [23/Nov/2024:16:21:45 +0800] "GET /%e9%bb%83%e9%87%91%e7%b7%9a%e6%8f%9b%e5%ad%a3%e4%bf%9d%e9%a4%8a%e5%b0%8f%e6%95%99%e5%ae%a4/embed/ HTTP/1.1" 200 10974 "-" "Mozilla/5.0 AppleWebKit/537.36 (KHTML, like Gecko; compatible; GPTBot/1.2; +https://openai.com/gptbot)"
4.227.36.14 - - [23/Nov/2024:16:23:17 +0800] "GET /%e9%bb%83%e9%87%91%e7%b7%9a%e6%8f%9b%e5%ad%a3%e4%bf%9d%e9%a4%8a%e5%b0%8f%e6%95%99%e5%ae%a4/embed/ HTTP/1.1" 200 10973 "-" "Mozilla/5.0 AppleWebKit/537.36 (KHTML, like Gecko; compatible; GPTBot/1.2; +https://openai.com/gptbot)"
4.227.36.14 - - [23/Nov/2024:16:24:22 +0800] "GET /%e9%bb%83%e9%87%91%e7%b7%9a%e6%8f%9b%e5%ad%a3%e4%bf%9d%e9%a4%8a%e5%b0%8f%e6%95%99%e5%ae%a4/embed/ HTTP/1.1" 200 10974 "-" "Mozilla/5.0 AppleWebKit/537.36 (KHTML, like Gecko; compatible; GPTBot/1.2; +https://openai.com/gptbot)"
220.135.127.108 - - [23/Nov/2024:16:24:51 +0800] "POST /wp-cron.php?doing_wp_cron=1732350291.7493200302124023437500 HTTP/1.1" 200 4050 "-" "WordPress/6.7.1; https://www.car32.tw"
223.136.57.224 - - [23/Nov/2024:16:24:51 +0800] "GET /dpf-gpf-%E4%BD%A0%E9%9C%80%E8%A6%81%E7%95%A5%E7%9F%A5%E7%9A%84%E4%B8%89%E5%85%A9%E4%BA%8B/ HTTP/1.1" 200 34982 "https://www.google.com/url?q=https://www.car32.tw/dpf-gpf-%25E4%25BD%25A0%25E9%259C%2580%25E8%25A6%2581%25E7%2595%25A5%25E7%259F%25A5%25E7%259A%2584%25E4%25B8%2589%25E5%2585%25A9%25E4%25BA%258B/&sa=U&ved=2ahUKEwjou5rVg_KJAxX7fPUHHT-dBm8Qr4kDegQIBxAA&usg=AOvVaw2LO1olpzily-4XoQtHUQwR" "Mozilla/5.0 (iPhone; CPU iPhone OS 18_0 like Mac OS X) AppleWebKit/605.1.15 (KHTML, like Gecko) GSA/343.0.695551749 Mobile/15E148 Safari/604.1"
223.136.57.224 - - [23/Nov/2024:16:24:52 +0800] "GET /wp-content/themes/twentytwelve/fonts/font-open-sans.css?ver=20230328 HTTP/1.1" 200 1288 "https://www.car32.tw/dpf-gpf-%E4%BD%A0%E9%9C%80%E8%A6%81%E7%95%A5%E7%9F%A5%E7%9A%84%E4%B8%89%E5%85%A9%E4%BA%8B/" "Mozilla/5.0 (iPhone; CPU iPhone OS 18_0 like Mac OS X) AppleWebKit/605.1.15 (KHTML, like Gecko) GSA/343.0.695551749 Mobile/15E148 Safari/604.1"
223.136.57.224 - - [23/Nov/2024:16:24:52 +0800] "GET /wp-content/themes/twentytwelve/style.css?ver=20240716 HTTP/1.1" 200 12423 "https://www.car32.tw/dpf-gpf-%E4%BD%A0%E9%9C%80%E8%A6%81%E7%95%A5%E7%9F%A5%E7%9A%84%E4%B8%89%E5%85%A9%E4%BA%8B/" "Mozilla/5.0 (iPhone; CPU iPhone OS 18_0 like Mac OS X) AppleWebKit/605.1.15 (KHTML, like Gecko) GSA/343.0.695551749 Mobile/15E148 Safari/604.1"
223.136.57.224 - - [23/Nov/2024:16:24:52 +0800] "GET /wp-content/themes/twentytwelve/css/blocks.css?ver=20240603 HTTP/1.1" 200 6035 "https://www.car32.tw/dpf-gpf-%E4%BD%A0%E9%9C%80%E8%A6%81%E7%95%A5%E7%9F%A5%E7%9A%84%E4%B8%89%E5%85%A9%E4%BA%8B/" "Mozilla/5.0 (iPhone; CPU iPhone OS 18_0 like Mac OS X) AppleWebKit/605.1.15 (KHTML, like Gecko) GSA/343.0.695551749 Mobile/15E148 Safari/604.1"
223.136.57.224 - - [23/Nov/2024:16:24:52 +0800] "GET /wp-content/themes/twentytwelve/js/navigation.js?ver=20141205 HTTP/1.1" 200 4770 "https://www.car32.tw/dpf-gpf-%E4%BD%A0%E9%9C%80%E8%A6%81%E7%95%A5%E7%9F%A5%E7%9A%84%E4%B8%89%E5%85%A9%E4%BA%8B/" "Mozilla/5.0 (iPhone; CPU iPhone OS 18_0 like Mac OS X) AppleWebKit/605.1.15 (KHTML, like Gecko) GSA/343.0.695551749 Mobile/15E148 Safari/604.1"
223.136.57.224 - - [23/Nov/2024:16:24:52 +0800] "GET /wp-content/themes/twentytwelve/fonts/open-sans/open-sans-latin-700-italic.woff2?ver=34 HTTP/1.1" 200 17738 "https://www.car32.tw/dpf-gpf-%E4%BD%A0%E9%9C%80%E8%A6%81%E7%95%A5%E7%9F%A5%E7%9A%84%E4%B8%89%E5%85%A9%E4%BA%8B/" "Mozilla/5.0 (iPhone; CPU iPhone OS 18_0 like Mac OS X) AppleWebKit/605.1.15 (KHTML, like Gecko) GSA/343.0.695551749 Mobile/15E148 Safari/604.1"
223.136.57.224 - - [23/Nov/2024:16:24:52 +0800] "GET /wp-content/themes/twentytwelve/fonts/open-sans/open-sans-latin-400-italic.woff2?ver=34 HTTP/1.1" 200 18174 "https://www.car32.tw/dpf-gpf-%E4%BD%A0%E9%9C%80%E8%A6%81%E7%95%A5%E7%9F%A5%E7%9A%84%E4%B8%89%E5%85%A9%E4%BA%8B/" "Mozilla/5.0 (iPhone; CPU iPhone OS 18_0 like Mac OS X) AppleWebKit/605.1.15 (KHTML, like Gecko) GSA/343.0.695551749 Mobile/15E148 Safari/604.1"
223.136.57.224 - - [23/Nov/2024:16:24:52 +0800] "GET /wp-content/themes/twentytwelve/fonts/open-sans/open-sans-latin-700-normal.woff2?ver=34 HTTP/1.1" 200 16704 "https://www.car32.tw/dpf-gpf-%E4%BD%A0%E9%9C%80%E8%A6%81%E7%95%A5%E7%9F%A5%E7%9A%84%E4%B8%89%E5%85%A9%E4%BA%8B/" "Mozilla/5.0 (iPhone; CPU iPhone OS 18_0 like Mac OS X) AppleWebKit/605.1.15 (KHTML, like Gecko) GSA/343.0.695551749 Mobile/15E148 Safari/604.1"
223.136.57.224 - - [23/Nov/2024:16:24:52 +0800] "GET /wp-content/themes/twentytwelve/fonts/open-sans/open-sans-latin-400-normal.woff2?ver=34 HTTP/1.1" 200 17094 "https://www.car32.tw/dpf-gpf-%E4%BD%A0%E9%9C%80%E8%A6%81%E7%95%A5%E7%9F%A5%E7%9A%84%E4%B8%89%E5%85%A9%E4%BA%8B/" "Mozilla/5.0 (iPhone; CPU iPhone OS 18_0 like Mac OS X) AppleWebKit/605.1.15 (KHTML, like Gecko) GSA/343.0.695551749 Mobile/15E148 Safari/604.1"
223.136.57.224 - - [23/Nov/2024:16:24:53 +0800] "POST /?ob=open-bridge/events HTTP/1.1" 200 520 "https://www.car32.tw/dpf-gpf-%E4%BD%A0%E9%9C%80%E8%A6%81%E7%95%A5%E7%9F%A5%E7%9A%84%E4%B8%89%E5%85%A9%E4%BA%8B/" "Mozilla/5.0 (iPhone; CPU iPhone OS 18_0 like Mac OS X) AppleWebKit/605.1.15 (KHTML, like Gecko) GSA/343.0.695551749 Mobile/15E148 Safari/604.1"
223.136.57.224 - - [23/Nov/2024:16:24:52 +0800] "GET /dpf-gpf-%E4%BD%A0%E9%9C%80%E8%A6%81%E7%95%A5%E7%9F%A5%E7%9A%84%E4%B8%89%E5%85%A9%E4%BA%8B/?relatedposts=1 HTTP/1.1" 200 6539 "https://www.car32.tw/dpf-gpf-%E4%BD%A0%E9%9C%80%E8%A6%81%E7%95%A5%E7%9F%A5%E7%9A%84%E4%B8%89%E5%85%A9%E4%BA%8B/" "Mozilla/5.0 (iPhone; CPU iPhone OS 18_0 like Mac OS X) AppleWebKit/605.1.15 (KHTML, like Gecko) GSA/343.0.695551749 Mobile/15E148 Safari/604.1"
220.135.127.108 - - [23/Nov/2024:16:25:39 +0800] "POST /wp-cron.php?doing_wp_cron=1732350339.8458609580993652343750 HTTP/1.1" 200 4050 "-" "WordPress/6.7.1; https://www.car32.tw"
140.238.59.22 - - [23/Nov/2024:16:25:39 +0800] "GET /feed/ HTTP/1.1" 200 6804 "https://www.car32.tw/feed/" "FreshRSS/1.24.3 (Linux; https://freshrss.org)"
192.0.82.55 - - [23/Nov/2024:16:25:48 +0800] "HEAD / HTTP/1.1" 200 4000 "-" "jetmon/1.0 (Jetpack Site Uptime Monitor by WordPress.com)"
4.227.36.14 - - [23/Nov/2024:16:26:17 +0800] "GET /%e9%bb%83%e9%87%91%e7%b7%9a%e6%8f%9b%e5%ad%a3%e4%bf%9d%e9%a4%8a%e5%b0%8f%e6%95%99%e5%ae%a4/embed/ HTTP/1.1" 200 10973 "-" "Mozilla/5.0 AppleWebKit/537.36 (KHTML, like Gecko; compatible; GPTBot/1.2; +https://openai.com/gptbot)"
220.135.127.108 - - [23/Nov/2024:16:30:48 +0800] "POST /wp-cron.php?doing_wp_cron=1732350648.5715360641479492187500 HTTP/1.1" 200 4050 "-" "WordPress/6.7.1; https://www.car32.tw"
192.0.82.55 - - [23/Nov/2024:16:30:48 +0800] "HEAD / HTTP/1.1" 200 4000 "-" "jetmon/1.0 (Jetpack Site Uptime Monitor by WordPress.com)"
101.8.35.129 - - [23/Nov/2024:16:31:14 +0800] "GET /%E8%A2%AB%E6%92%9E%E4%B9%8B%E5%BE%8C/ HTTP/1.1" 200 28632 "https://www.google.com/" "Mozilla/5.0 (iPhone; CPU iPhone OS 17_6_1 like Mac OS X) AppleWebKit/605.1.15 (KHTML, like Gecko) Version/17.6 Mobile/15E148 Safari/604.1"
101.8.35.129 - - [23/Nov/2024:16:31:15 +0800] "GET /wp-content/themes/twentytwelve/js/navigation.js?ver=20141205 HTTP/1.1" 200 4770 "https://www.car32.tw/%E8%A2%AB%E6%92%9E%E4%B9%8B%E5%BE%8C/" "Mozilla/5.0 (iPhone; CPU iPhone OS 17_6_1 like Mac OS X) AppleWebKit/605.1.15 (KHTML, like Gecko) Version/17.6 Mobile/15E148 Safari/604.1"
101.8.35.129 - - [23/Nov/2024:16:31:15 +0800] "GET /wp-content/themes/twentytwelve/fonts/font-open-sans.css?ver=20230328 HTTP/1.1" 200 5031 "https://www.car32.tw/%E8%A2%AB%E6%92%9E%E4%B9%8B%E5%BE%8C/" "Mozilla/5.0 (iPhone; CPU iPhone OS 17_6_1 like Mac OS X) AppleWebKit/605.1.15 (KHTML, like Gecko) Version/17.6 Mobile/15E148 Safari/604.1"
101.8.35.129 - - [23/Nov/2024:16:31:15 +0800] "GET /wp-content/themes/twentytwelve/css/blocks.css?ver=20240603 HTTP/1.1" 200 6035 "https://www.car32.tw/%E8%A2%AB%E6%92%9E%E4%B9%8B%E5%BE%8C/" "Mozilla/5.0 (iPhone; CPU iPhone OS 17_6_1 like Mac OS X) AppleWebKit/605.1.15 (KHTML, like Gecko) Version/17.6 Mobile/15E148 Safari/604.1"
101.8.35.129 - - [23/Nov/2024:16:31:15 +0800] "GET /wp-content/themes/twentytwelve/style.css?ver=20240716 HTTP/1.1" 200 12423 "https://www.car32.tw/%E8%A2%AB%E6%92%9E%E4%B9%8B%E5%BE%8C/" "Mozilla/5.0 (iPhone; CPU iPhone OS 17_6_1 like Mac OS X) AppleWebKit/605.1.15 (KHTML, like Gecko) Version/17.6 Mobile/15E148 Safari/604.1"
101.8.35.129 - - [23/Nov/2024:16:31:15 +0800] "GET /wp-content/themes/twentytwelve/fonts/open-sans/open-sans-latin-700-normal.woff2?ver=34 HTTP/1.1" 200 16704 "https://www.car32.tw/%E8%A2%AB%E6%92%9E%E4%B9%8B%E5%BE%8C/" "Mozilla/5.0 (iPhone; CPU iPhone OS 17_6_1 like Mac OS X) AppleWebKit/605.1.15 (KHTML, like Gecko) Version/17.6 Mobile/15E148 Safari/604.1"
101.8.35.129 - - [23/Nov/2024:16:31:15 +0800] "GET /wp-content/themes/twentytwelve/fonts/open-sans/open-sans-latin-400-normal.woff2?ver=34 HTTP/1.1" 200 17094 "https://www.car32.tw/%E8%A2%AB%E6%92%9E%E4%B9%8B%E5%BE%8C/" "Mozilla/5.0 (iPhone; CPU iPhone OS 17_6_1 like Mac OS X) AppleWebKit/605.1.15 (KHTML, like Gecko) Version/17.6 Mobile/15E148 Safari/604.1"
101.8.35.129 - - [23/Nov/2024:16:31:15 +0800] "GET /wp-content/themes/twentytwelve/fonts/open-sans/open-sans-latin-400-italic.woff2?ver=34 HTTP/1.1" 200 18174 "https://www.car32.tw/%E8%A2%AB%E6%92%9E%E4%B9%8B%E5%BE%8C/" "Mozilla/5.0 (iPhone; CPU iPhone OS 17_6_1 like Mac OS X) AppleWebKit/605.1.15 (KHTML, like Gecko) Version/17.6 Mobile/15E148 Safari/604.1"
101.8.35.129 - - [23/Nov/2024:16:31:15 +0800] "GET /%E8%A2%AB%E6%92%9E%E4%B9%8B%E5%BE%8C/?relatedposts=1 HTTP/1.1" 200 5816 "https://www.car32.tw/%E8%A2%AB%E6%92%9E%E4%B9%8B%E5%BE%8C/" "Mozilla/5.0 (iPhone; CPU iPhone OS 17_6_1 like Mac OS X) AppleWebKit/605.1.15 (KHTML, like Gecko) Version/17.6 Mobile/15E148 Safari/604.1"
101.8.35.129 - - [23/Nov/2024:16:31:16 +0800] "POST /?ob=open-bridge/events HTTP/1.1" 200 520 "https://www.car32.tw/%E8%A2%AB%E6%92%9E%E4%B9%8B%E5%BE%8C/" "Mozilla/5.0 (iPhone; CPU iPhone OS 17_6_1 like Mac OS X) AppleWebKit/605.1.15 (KHTML, like Gecko) Version/17.6 Mobile/15E148 Safari/604.1"
4.227.36.14 - - [23/Nov/2024:16:31:34 +0800] "GET /%e9%bb%83%e9%87%91%e7%b7%9a%e6%8f%9b%e5%ad%a3%e4%bf%9d%e9%a4%8a%e5%b0%8f%e6%95%99%e5%ae%a4/embed/ HTTP/1.1" 200 10972 "-" "Mozilla/5.0 AppleWebKit/537.36 (KHTML, like Gecko; compatible; GPTBot/1.2; +https://openai.com/gptbot)"
101.8.35.129 - - [23/Nov/2024:16:31:58 +0800] "GET /%E8%A2%AB%E6%92%9E%E4%B9%8B%E5%BE%8C/ HTTP/1.1" 200 28632 "https://www.google.com/" "Mozilla/5.0 (iPhone; CPU iPhone OS 17_6_1 like Mac OS X) AppleWebKit/605.1.15 (KHTML, like Gecko) Version/17.6 Mobile/15E148 Safari/604.1"
101.8.35.129 - - [23/Nov/2024:16:31:59 +0800] "GET /%E8%A2%AB%E6%92%9E%E4%B9%8B%E5%BE%8C/?relatedposts=1 HTTP/1.1" 200 9559 "https://www.car32.tw/%E8%A2%AB%E6%92%9E%E4%B9%8B%E5%BE%8C/" "Mozilla/5.0 (iPhone; CPU iPhone OS 17_6_1 like Mac OS X) AppleWebKit/605.1.15 (KHTML, like Gecko) Version/17.6 Mobile/15E148 Safari/604.1"
101.8.35.129 - - [23/Nov/2024:16:31:59 +0800] "POST /?ob=open-bridge/events HTTP/1.1" 200 361 "https://www.car32.tw/%E8%A2%AB%E6%92%9E%E4%B9%8B%E5%BE%8C/" "Mozilla/5.0 (iPhone; CPU iPhone OS 17_6_1 like Mac OS X) AppleWebKit/605.1.15 (KHTML, like Gecko) Version/17.6 Mobile/15E148 Safari/604.1"
216.244.66.249 - - [23/Nov/2024:16:34:34 +0800] "GET /robots.txt HTTP/1.1" 301 529 "-" "Mozilla/5.0 (compatible; DotBot/1.2; +https://opensiteexplorer.org/dotbot; help@moz.com)"
220.135.127.108 - - [23/Nov/2024:16:34:35 +0800] "POST /wp-cron.php?doing_wp_cron=1732350875.5774970054626464843750 HTTP/1.1" 200 4050 "-" "WordPress/6.7.1; https://www.car32.tw"
216.244.66.249 - - [23/Nov/2024:16:34:35 +0800] "GET /robots.txt HTTP/1.1" 200 3513 "-" "Mozilla/5.0 (compatible; DotBot/1.2; +https://opensiteexplorer.org/dotbot; help@moz.com)"
220.135.127.108 - - [23/Nov/2024:16:35:49 +0800] "POST /wp-cron.php?doing_wp_cron=1732350949.0536439418792724609375 HTTP/1.1" 200 4050 "-" "WordPress/6.7.1; https://www.car32.tw"
192.0.82.55 - - [23/Nov/2024:16:35:48 +0800] "HEAD / HTTP/1.1" 200 4000 "-" "jetmon/1.0 (Jetpack Site Uptime Monitor by WordPress.com)"
112.86.225.110 - - [23/Nov/2024:16:36:47 +0800] "GET / HTTP/1.1" 301 528 "-" "Sogou web spider/4.0(+http://www.sogou.com/docs/help/webmasters.htm#07)"
112.86.225.110 - - [23/Nov/2024:16:36:49 +0800] "GET / HTTP/1.1" 200 24184 "-" "Sogou web spider/4.0(+http://www.sogou.com/docs/help/webmasters.htm#07)"
185.206.225.142 - - [23/Nov/2024:16:38:45 +0800] "POST /wp-content/uploads/2019/02/options.php HTTP/1.1" 200 3449 "https://www.car32.tw" "Mozilla/5.0 (compatible; MSIE 10.6; Windows NT 6.3; WOW64; Trident/6.0; .NET CLR 2.0.50727; .NET CLR 3.5.30729; .NET CLR 3.0.30729; Media Center PC 6.0; .NET4.0C; .NET4.0E)"
220.135.127.108 - - [23/Nov/2024:16:40:49 +0800] "POST /wp-cron.php?doing_wp_cron=1732351249.0557820796966552734375 HTTP/1.1" 200 4050 "-" "WordPress/6.7.1; https://www.car32.tw"
192.0.82.55 - - [23/Nov/2024:16:40:48 +0800] "HEAD / HTTP/1.1" 200 4000 "-" "jetmon/1.0 (Jetpack Site Uptime Monitor by WordPress.com)"
4.227.36.14 - - [23/Nov/2024:16:40:49 +0800] "GET /%e9%bb%83%e9%87%91%e7%b7%9a%e6%8f%9b%e5%ad%a3%e4%bf%9d%e9%a4%8a%e5%b0%8f%e6%95%99%e5%ae%a4/embed/ HTTP/1.1" 200 10973 "-" "Mozilla/5.0 AppleWebKit/537.36 (KHTML, like Gecko; compatible; GPTBot/1.2; +https://openai.com/gptbot)"
66.249.82.203 - - [23/Nov/2024:16:41:48 +0800] "GET /.well-known/traffic-advice HTTP/1.1" 404 31463 "-" "Chrome Privacy Preserving Prefetch Proxy"
72.14.201.133 - - [23/Nov/2024:16:41:49 +0800] "GET /%E6%B0%B4%E7%AE%B1%E6%B0%B4%E6%BC%8F%E5%85%89%E5%85%89-%E7%9C%8B%E6%87%82%E7%AF%80%E6%BA%AB%E5%99%A8%E6%B0%B4%E9%BE%9C%E5%93%AA%E8%A3%A1%E5%87%BA%E5%95%8F%E9%A1%8C%EF%BC%9F/ HTTP/1.1" 200 18358 "https://www.google.com/" "Mozilla/5.0 (Windows NT 10.0; Win64; x64) AppleWebKit/537.36 (KHTML, like Gecko) Chrome/131.0.0.0 Safari/537.36"
220.135.127.108 - - [23/Nov/2024:16:45:49 +0800] "POST /wp-cron.php?doing_wp_cron=1732351549.1535589694976806640625 HTTP/1.1" 200 4050 "-" "WordPress/6.7.1; https://www.car32.tw"
192.0.82.55 - - [23/Nov/2024:16:45:48 +0800] "HEAD / HTTP/1.1" 200 4000 "-" "jetmon/1.0 (Jetpack Site Uptime Monitor by WordPress.com)"
216.244.66.249 - - [23/Nov/2024:16:46:17 +0800] "GET /author/sysadmin/page/38/ HTTP/1.1" 200 72703 "-" "Mozilla/5.0 (compatible; DotBot/1.2; +https://opensiteexplorer.org/dotbot; help@moz.com)"
66.249.71.135 - - [23/Nov/2024:16:48:13 +0800] "GET /tag/%E5%B9%B4%E5%BA%A6%E4%BF%9D%E9%A4%8A/ HTTP/1.1" 200 17581 "-" "Mozilla/5.0 (Linux; Android 6.0.1; Nexus 5X Build/MMB29P) AppleWebKit/537.36 (KHTML, like Gecko) Chrome/131.0.6778.69 Mobile Safari/537.36 (compatible; Googlebot/2.1; +http://www.google.com/bot.html)"
17.241.219.38 - - [23/Nov/2024:16:48:22 +0800] "GET /robots.txt HTTP/1.1" 200 4117 "-" "Mozilla/5.0 (Macintosh; Intel Mac OS X 10_15_7) AppleWebKit/605.1.15 (KHTML, like Gecko) Version/17.4 Safari/605.1.15 (Applebot/0.1; +http://www.apple.com/go/applebot)"
17.241.219.38 - - [23/Nov/2024:16:48:22 +0800] "GET /tag/%E5%86%B7%E6%9A%96%E7%A9%BA%E8%AA%BF/ HTTP/1.1" 200 19280 "-" "Mozilla/5.0 (Macintosh; Intel Mac OS X 10_15_7) AppleWebKit/605.1.15 (KHTML, like Gecko) Version/17.4 Safari/605.1.15 (Applebot/0.1; +http://www.apple.com/go/applebot)"
220.135.127.108 - - [23/Nov/2024:16:49:25 +0800] "POST /wp-cron.php?doing_wp_cron=1732351765.3940010070800781250000 HTTP/1.1" 200 4050 "-" "WordPress/6.7.1; https://www.car32.tw"
143.198.54.169 - - [23/Nov/2024:16:49:25 +0800] "POST /xmlrpc.php HTTP/1.1" 200 4461 "-" "Mozilla/5.0 (Windows NT 10.0; Win64; x64) AppleWebKit/537.36 (KHTML, like Gecko) Chrome/57.0.2987.133 Safari/537.36"
143.198.54.169 - - [23/Nov/2024:16:49:27 +0800] "POST /xmlrpc.php HTTP/1.1" 200 4461 "-" "Mozilla/5.0 (Windows NT 10.0; Win64; x64) AppleWebKit/537.36 (KHTML, like Gecko) Chrome/57.0.2987.133 Safari/537.36"
80.237.130.65 - - [23/Nov/2024:16:49:36 +0800] "POST /xmlrpc.php HTTP/1.1" 200 4460 "-" "Mozilla/5.0 (Windows; U; Windows NT 5.1; en-US; rv:1.7.12) Gecko/20050915 Firefox/1.0.7"
80.237.130.65 - - [23/Nov/2024:16:49:38 +0800] "POST /xmlrpc.php HTTP/1.1" 200 4460 "-" "Mozilla/5.0 (Windows; U; Windows NT 5.1; en-US; rv:1.7.12) Gecko/20050915 Firefox/1.0.7"
43.252.229.200 - - [23/Nov/2024:16:49:45 +0800] "POST /xmlrpc.php HTTP/1.1" 200 4022 "-" "Mozilla/5.0 (Windows; U; Windows NT 5.1; en-US; rv:1.7.12) Gecko/20050915 Firefox/1.0.7"
43.252.229.200 - - [23/Nov/2024:16:49:46 +0800] "POST /xmlrpc.php HTTP/1.1" 200 4022 "-" "Mozilla/5.0 (Windows; U; Windows NT 5.1; en-US; rv:1.7.12) Gecko/20050915 Firefox/1.0.7"
91.134.248.235 - - [23/Nov/2024:16:49:48 +0800] "POST /xmlrpc.php HTTP/1.1" 200 4461 "-" "Mozilla/5.0 (Windows NT 5.1; rv:33.0) Gecko/20100101 Firefox/33.0"
91.134.248.235 - - [23/Nov/2024:16:49:50 +0800] "POST /xmlrpc.php HTTP/1.1" 200 4461 "-" "Mozilla/5.0 (Windows NT 5.1; rv:33.0) Gecko/20100101 Firefox/33.0"
198.54.114.190 - - [23/Nov/2024:16:49:49 +0800] "POST /xmlrpc.php HTTP/1.1" 200 4461 "-" "Mozilla/5.0 (Windows NT 10.0; Win64; x64) AppleWebKit/537.36 (KHTML, like Gecko) Chrome/79.0.3945.117 Safari/537.36"
198.54.114.190 - - [23/Nov/2024:16:49:51 +0800] "POST /xmlrpc.php HTTP/1.1" 200 4461 "-" "Mozilla/5.0 (Windows NT 10.0; Win64; x64) AppleWebKit/537.36 (KHTML, like Gecko) Chrome/79.0.3945.117 Safari/537.36"
136.243.5.53 - - [23/Nov/2024:16:49:53 +0800] "POST /xmlrpc.php HTTP/1.1" 200 4459 "-" "Mozilla/5.0 (Windows NT 10.0; Win64; x64; rv:85.0) Gecko/20100101 Firefox/85.0"
136.243.5.53 - - [23/Nov/2024:16:49:55 +0800] "POST /xmlrpc.php HTTP/1.1" 200 4459 "-" "Mozilla/5.0 (Windows NT 10.0; Win64; x64; rv:85.0) Gecko/20100101 Firefox/85.0"
103.157.218.151 - - [23/Nov/2024:16:49:59 +0800] "POST /xmlrpc.php HTTP/1.1" 200 4023 "-" "Mozilla/5.0 (Windows NT 10.0) AppleWebKit/537.36 (KHTML, like Gecko) Chrome/72.0.3626.121 Safari/537.36"
103.157.218.151 - - [23/Nov/2024:16:50:00 +0800] "POST /xmlrpc.php HTTP/1.1" 200 4023 "-" "Mozilla/5.0 (Windows NT 10.0) AppleWebKit/537.36 (KHTML, like Gecko) Chrome/72.0.3626.121 Safari/537.36"
176.65.243.162 - - [23/Nov/2024:16:50:05 +0800] "POST /xmlrpc.php HTTP/1.1" 200 4461 "-" "Mozilla/5.0 (Windows NT 10.0; Win64; x64; rv:61.0) Gecko/20100101 Firefox/61.0"
160.251.148.126 - - [23/Nov/2024:16:50:08 +0800] "POST /xmlrpc.php HTTP/1.1" 200 4462 "-" "Mozilla/5.0 (Windows NT 10.0; Win64; x64) AppleWebKit/537.36 (KHTML, like Gecko) Chrome/88.0.4324.190 Safari/537.36"
176.65.243.162 - - [23/Nov/2024:16:50:09 +0800] "POST /xmlrpc.php HTTP/1.1" 200 4461 "-" "Mozilla/5.0 (Windows NT 10.0; Win64; x64; rv:61.0) Gecko/20100101 Firefox/61.0"
160.251.148.126 - - [23/Nov/2024:16:50:10 +0800] "POST /xmlrpc.php HTTP/1.1" 200 4462 "-" "Mozilla/5.0 (Windows NT 10.0; Win64; x64) AppleWebKit/537.36 (KHTML, like Gecko) Chrome/88.0.4324.190 Safari/537.36"
217.142.255.1 - - [23/Nov/2024:16:50:11 +0800] "POST /xmlrpc.php HTTP/1.1" 200 4021 "-" "Mozilla/5.0 (Windows NT 6.1; Win64; x64; rv:57.0) Gecko/20100101 Firefox/57.0"
217.142.255.1 - - [23/Nov/2024:16:50:12 +0800] "POST /xmlrpc.php HTTP/1.1" 200 4021 "-" "Mozilla/5.0 (Windows NT 6.1; Win64; x64; rv:57.0) Gecko/20100101 Firefox/57.0"
43.159.33.56 - - [23/Nov/2024:16:50:17 +0800] "POST /xmlrpc.php HTTP/1.1" 200 4020 "-" "Mozilla/5.0 (Windows NT 6.3; Win64; x64; rv:73.0) Gecko/20100101 Firefox/73.0"
43.159.33.56 - - [23/Nov/2024:16:50:19 +0800] "POST /xmlrpc.php HTTP/1.1" 200 4020 "-" "Mozilla/5.0 (Windows NT 6.3; Win64; x64; rv:73.0) Gecko/20100101 Firefox/73.0"
220.135.127.108 - - [23/Nov/2024:16:50:31 +0800] "POST /wp-cron.php?doing_wp_cron=1732351831.3535559177398681640625 HTTP/1.1" 200 4050 "-" "WordPress/6.7.1; https://www.car32.tw"
176.123.10.85 - - [23/Nov/2024:16:50:31 +0800] "POST /xmlrpc.php HTTP/1.1" 200 4021 "-" "Mozilla/5.0 (Windows NT 10.0) AppleWebKit/537.36 (KHTML, like Gecko) Chrome/72.0.3626.121 Safari/537.36"
130.61.17.146 - - [23/Nov/2024:16:50:33 +0800] "POST /xmlrpc.php HTTP/1.1" 200 4021 "-" "Mozilla/5.0 (Windows NT 6.1; WOW64; rv:40.0) Gecko/20100101 Firefox/40.1"
176.123.10.85 - - [23/Nov/2024:16:50:34 +0800] "POST /xmlrpc.php HTTP/1.1" 200 4021 "-" "Mozilla/5.0 (Windows NT 10.0) AppleWebKit/537.36 (KHTML, like Gecko) Chrome/72.0.3626.121 Safari/537.36"
130.61.17.146 - - [23/Nov/2024:16:50:35 +0800] "POST /xmlrpc.php HTTP/1.1" 200 4021 "-" "Mozilla/5.0 (Windows NT 6.1; WOW64; rv:40.0) Gecko/20100101 Firefox/40.1"
140.238.59.22 - - [23/Nov/2024:16:50:39 +0800] "GET /feed/ HTTP/1.1" 200 6804 "https://www.car32.tw/feed/" "FreshRSS/1.24.3 (Linux; https://freshrss.org)"
198.54.114.190 - - [23/Nov/2024:16:50:44 +0800] "POST /xmlrpc.php HTTP/1.1" 200 4461 "-" "Mozilla/5.0 (Windows NT 6.1; WOW64; rv:47.0) Gecko/20100101 Firefox/47.0"
198.54.114.190 - - [23/Nov/2024:16:50:45 +0800] "POST /xmlrpc.php HTTP/1.1" 200 4461 "-" "Mozilla/5.0 (Windows NT 6.1; WOW64; rv:47.0) Gecko/20100101 Firefox/47.0"
103.177.95.19 - - [23/Nov/2024:16:50:46 +0800] "POST /xmlrpc.php HTTP/1.1" 200 4460 "-" "Mozilla/5.0 (Windows NT 10.0; Win64; x64) AppleWebKit/537.36 (KHTML, like Gecko) Chrome/88.0.4324.104 Safari/537.36"
103.177.95.19 - - [23/Nov/2024:16:50:47 +0800] "POST /xmlrpc.php HTTP/1.1" 200 4460 "-" "Mozilla/5.0 (Windows NT 10.0; Win64; x64) AppleWebKit/537.36 (KHTML, like Gecko) Chrome/88.0.4324.104 Safari/537.36"
192.0.82.55 - - [23/Nov/2024:16:50:48 +0800] "HEAD / HTTP/1.1" 200 4000 "-" "jetmon/1.0 (Jetpack Site Uptime Monitor by WordPress.com)"
4.227.36.14 - - [23/Nov/2024:16:51:00 +0800] "GET /%e9%bb%83%e9%87%91%e7%b7%9a%e6%8f%9b%e5%ad%a3%e4%bf%9d%e9%a4%8a%e5%b0%8f%e6%95%99%e5%ae%a4/embed/ HTTP/1.1" 200 10973 "-" "Mozilla/5.0 AppleWebKit/537.36 (KHTML, like Gecko; compatible; GPTBot/1.2; +https://openai.com/gptbot)"
220.135.127.108 - - [23/Nov/2024:16:55:48 +0800] "POST /wp-cron.php?doing_wp_cron=1732352148.9090778827667236328125 HTTP/1.1" 200 4050 "-" "WordPress/6.7.1; https://www.car32.tw"
192.0.82.55 - - [23/Nov/2024:16:55:48 +0800] "HEAD / HTTP/1.1" 200 4000 "-" "jetmon/1.0 (Jetpack Site Uptime Monitor by WordPress.com)"
193.186.4.133 - - [23/Nov/2024:16:57:52 +0800] "GET /tag/%E6%AD%A2%E6%BC%8F/ HTTP/1.1" 200 24164 "https://www.google.com/" "Mozilla/5.0 (Windows NT 10.0; Win64; x64) AppleWebKit/537.36 (KHTML, like Gecko) Chrome/131.0.0.0 Safari/537.36"
220.135.127.108 - - [23/Nov/2024:17:00:44 +0800] "POST /wp-cron.php?doing_wp_cron=1732352444.9156498908996582031250 HTTP/1.1" 200 4050 "-" "WordPress/6.7.1; https://www.car32.tw"
17.241.75.104 - - [23/Nov/2024:17:00:44 +0800] "GET /%E5%9C%B0%E7%90%83%E9%BB%83%E9%87%91%E7%B7%9A%E6%84%9B%E8%BB%8A%E8%A8%BA%E7%99%82%E5%AE%A4/ HTTP/1.1" 200 18086 "-" "Mozilla/5.0 (Macintosh; Intel Mac OS X 10_15_7) AppleWebKit/605.1.15 (KHTML, like Gecko) Version/17.4 Safari/605.1.15 (Applebot/0.1; +http://www.apple.com/go/applebot)"
192.0.82.55 - - [23/Nov/2024:17:00:49 +0800] "HEAD / HTTP/1.1" 200 4000 "-" "jetmon/1.0 (Jetpack Site Uptime Monitor by WordPress.com)"
4.227.36.14 - - [23/Nov/2024:17:01:22 +0800] "GET /%e9%bb%83%e9%87%91%e7%b7%9a%e6%8f%9b%e5%ad%a3%e4%bf%9d%e9%a4%8a%e5%b0%8f%e6%95%99%e5%ae%a4/embed/ HTTP/1.1" 200 10972 "-" "Mozilla/5.0 AppleWebKit/537.36 (KHTML, like Gecko; compatible; GPTBot/1.2; +https://openai.com/gptbot)"
17.246.15.197 - - [23/Nov/2024:17:02:09 +0800] "GET /wp-content/themes/twentytwelve/fonts/font-open-sans.css?ver=20230328 HTTP/1.1" 200 4984 "https://www.car32.tw/%E5%9C%B0%E7%90%83%E9%BB%83%E9%87%91%E7%B7%9A%E6%84%9B%E8%BB%8A%E8%A8%BA%E7%99%82%E5%AE%A4/" "Mozilla/5.0 (Macintosh; Intel Mac OS X 10_15_7) AppleWebKit/605.1.15 (KHTML, like Gecko) Version/17.4 Safari/605.1.15 (Applebot/0.1; +http://www.apple.com/go/applebot)"
17.246.19.56 - - [23/Nov/2024:17:02:09 +0800] "GET /wp-content/themes/twentytwelve/style.css?ver=20240716 HTTP/1.1" 200 12376 "https://www.car32.tw/%E5%9C%B0%E7%90%83%E9%BB%83%E9%87%91%E7%B7%9A%E6%84%9B%E8%BB%8A%E8%A8%BA%E7%99%82%E5%AE%A4/" "Mozilla/5.0 (Macintosh; Intel Mac OS X 10_15_7) AppleWebKit/605.1.15 (KHTML, like Gecko) Version/17.4 Safari/605.1.15 (Applebot/0.1; +http://www.apple.com/go/applebot)"
