4.227.36.14 - - [24/Nov/2024:00:36:31 +0800] "GET /%e9%bb%83%e9%87%91%e7%b7%9a%e6%8f%9b%e5%ad%a3%e4%bf%9d%e9%a4%8a%e5%b0%8f%e6%95%99%e5%ae%a4/embed/ HTTP/1.1" 200 10973 "-" "Mozilla/5.0 AppleWebKit/537.36 (KHTML, like Gecko; compatible; GPTBot/1.2; +https://openai.com/gptbot)"
4.227.36.14 - - [24/Nov/2024:00:36:40 +0800] "GET /%e9%bb%83%e9%87%91%e7%b7%9a%e6%8f%9b%e5%ad%a3%e4%bf%9d%e9%a4%8a%e5%b0%8f%e6%95%99%e5%ae%a4/embed/ HTTP/1.1" 200 10973 "-" "Mozilla/5.0 AppleWebKit/537.36 (KHTML, like Gecko; compatible; GPTBot/1.2; +https://openai.com/gptbot)"
193.70.81.99 - - [24/Nov/2024:00:36:41 +0800] "GET /?tag=%E6%B6%B2%E6%85%8B%E8%A0%9F%E9%85%AF HTTP/1.1" 301 3594 "-" "Mozilla/5.0 (compatible; MJ12bot/v1.4.8; http://mj12bot.com/)"
193.70.81.99 - - [24/Nov/2024:00:36:43 +0800] "GET /tag/%E6%B6%B2%E6%85%8B%E8%A0%9F%E9%85%AF/ HTTP/1.1" 200 27901 "-" "Mozilla/5.0 (compatible; MJ12bot/v1.4.8; http://mj12bot.com/)"
193.70.81.99 - - [24/Nov/2024:00:36:46 +0800] "GET /?tag=%E6%BC%8F%E6%B2%B9 HTTP/1.1" 301 611 "-" "Mozilla/5.0 (compatible; MJ12bot/v1.4.8; http://mj12bot.com/)"
4.227.36.14 - - [24/Nov/2024:00:36:47 +0800] "GET /%e9%bb%83%e9%87%91%e7%b7%9a%e6%8f%9b%e5%ad%a3%e4%bf%9d%e9%a4%8a%e5%b0%8f%e6%95%99%e5%ae%a4/embed/ HTTP/1.1" 200 10973 "-" "Mozilla/5.0 AppleWebKit/537.36 (KHTML, like Gecko; compatible; GPTBot/1.2; +https://openai.com/gptbot)"
193.70.81.99 - - [24/Nov/2024:00:36:48 +0800] "GET /?tag=%E6%BC%8F%E6%B2%B9 HTTP/1.1" 301 292 "-" "Mozilla/5.0 (compatible; MJ12bot/v1.4.8; http://mj12bot.com/)"
193.70.81.99 - - [24/Nov/2024:00:36:51 +0800] "GET /tag/%E6%BC%8F%E6%B2%B9/ HTTP/1.1" 200 25402 "-" "Mozilla/5.0 (compatible; MJ12bot/v1.4.8; http://mj12bot.com/)"
4.227.36.14 - - [24/Nov/2024:00:36:55 +0800] "GET /%e9%bb%83%e9%87%91%e7%b7%9a%e6%8f%9b%e5%ad%a3%e4%bf%9d%e9%a4%8a%e5%b0%8f%e6%95%99%e5%ae%a4/embed/ HTTP/1.1" 200 10972 "-" "Mozilla/5.0 AppleWebKit/537.36 (KHTML, like Gecko; compatible; GPTBot/1.2; +https://openai.com/gptbot)"
193.70.81.99 - - [24/Nov/2024:00:36:56 +0800] "GET /?tag=%E6%BC%8F%E6%B2%B9 HTTP/1.1" 301 292 "-" "Mozilla/5.0 (compatible; MJ12bot/v1.4.8; http://mj12bot.com/)"
193.70.81.99 - - [24/Nov/2024:00:36:59 +0800] "GET /tag/%E6%BC%8F%E6%B2%B9/ HTTP/1.1" 200 25402 "-" "Mozilla/5.0 (compatible; MJ12bot/v1.4.8; http://mj12bot.com/)"
193.70.81.99 - - [24/Nov/2024:00:37:01 +0800] "GET /?tag=%E6%BD%A4%E6%BB%91 HTTP/1.1" 301 555 "-" "Mozilla/5.0 (compatible; MJ12bot/v1.4.8; http://mj12bot.com/)"
193.70.81.99 - - [24/Nov/2024:00:37:03 +0800] "GET /?tag=%E6%BD%A4%E6%BB%91 HTTP/1.1" 301 292 "-" "Mozilla/5.0 (compatible; MJ12bot/v1.4.8; http://mj12bot.com/)"
4.227.36.14 - - [24/Nov/2024:00:37:05 +0800] "GET /%e9%bb%83%e9%87%91%e7%b7%9a%e6%8f%9b%e5%ad%a3%e4%bf%9d%e9%a4%8a%e5%b0%8f%e6%95%99%e5%ae%a4/embed/ HTTP/1.1" 200 10971 "-" "Mozilla/5.0 AppleWebKit/537.36 (KHTML, like Gecko; compatible; GPTBot/1.2; +https://openai.com/gptbot)"
193.70.81.99 - - [24/Nov/2024:00:37:05 +0800] "GET /tag/%E6%BD%A4%E6%BB%91/ HTTP/1.1" 200 26123 "-" "Mozilla/5.0 (compatible; MJ12bot/v1.4.8; http://mj12bot.com/)"
193.70.81.99 - - [24/Nov/2024:00:37:18 +0800] "GET /?tag=%E6%BD%A4%E6%BB%91 HTTP/1.1" 301 3520 "-" "Mozilla/5.0 (compatible; MJ12bot/v1.4.8; http://mj12bot.com/)"
4.227.36.14 - - [24/Nov/2024:00:37:19 +0800] "GET /%e9%bb%83%e9%87%91%e7%b7%9a%e6%8f%9b%e5%ad%a3%e4%bf%9d%e9%a4%8a%e5%b0%8f%e6%95%99%e5%ae%a4/embed/ HTTP/1.1" 200 10972 "-" "Mozilla/5.0 AppleWebKit/537.36 (KHTML, like Gecko; compatible; GPTBot/1.2; +https://openai.com/gptbot)"
193.70.81.99 - - [24/Nov/2024:00:37:21 +0800] "GET /tag/%E6%BD%A4%E6%BB%91/ HTTP/1.1" 200 26123 "-" "Mozilla/5.0 (compatible; MJ12bot/v1.4.8; http://mj12bot.com/)"
193.70.81.99 - - [24/Nov/2024:00:37:23 +0800] "GET /?tag=%E7%87%83%E6%B2%B9%E5%AF%B6 HTTP/1.1" 301 573 "-" "Mozilla/5.0 (compatible; MJ12bot/v1.4.8; http://mj12bot.com/)"
4.227.36.14 - - [24/Nov/2024:00:37:25 +0800] "GET /%e9%bb%83%e9%87%91%e7%b7%9a%e6%8f%9b%e5%ad%a3%e4%bf%9d%e9%a4%8a%e5%b0%8f%e6%95%99%e5%ae%a4/embed/ HTTP/1.1" 200 10974 "-" "Mozilla/5.0 AppleWebKit/537.36 (KHTML, like Gecko; compatible; GPTBot/1.2; +https://openai.com/gptbot)"
193.70.81.99 - - [24/Nov/2024:00:37:25 +0800] "GET /?tag=%E7%87%83%E6%B2%B9%E5%AF%B6 HTTP/1.1" 301 301 "-" "Mozilla/5.0 (compatible; MJ12bot/v1.4.8; http://mj12bot.com/)"
193.70.81.99 - - [24/Nov/2024:00:37:28 +0800] "GET /tag/%E7%87%83%E6%B2%B9%E5%AF%B6/ HTTP/1.1" 200 28974 "-" "Mozilla/5.0 (compatible; MJ12bot/v1.4.8; http://mj12bot.com/)"
193.70.81.99 - - [24/Nov/2024:00:37:31 +0800] "GET /?tag=%E7%87%83%E6%B2%B9%E5%AF%B6 HTTP/1.1" 301 301 "-" "Mozilla/5.0 (compatible; MJ12bot/v1.4.8; http://mj12bot.com/)"
193.70.81.99 - - [24/Nov/2024:00:37:34 +0800] "GET /tag/%E7%87%83%E6%B2%B9%E5%AF%B6/ HTTP/1.1" 200 28974 "-" "Mozilla/5.0 (compatible; MJ12bot/v1.4.8; http://mj12bot.com/)"
193.70.81.99 - - [24/Nov/2024:00:37:36 +0800] "GET /?tag=%E7%87%83%E6%B2%B9%E6%B7%BB%E5%8A%A0%E5%8A%91 HTTP/1.1" 301 609 "-" "Mozilla/5.0 (compatible; MJ12bot/v1.4.8; http://mj12bot.com/)"
4.227.36.14 - - [24/Nov/2024:00:37:37 +0800] "GET /%e9%bb%83%e9%87%91%e7%b7%9a%e6%8f%9b%e5%ad%a3%e4%bf%9d%e9%a4%8a%e5%b0%8f%e6%95%99%e5%ae%a4/embed/ HTTP/1.1" 200 10973 "-" "Mozilla/5.0 AppleWebKit/537.36 (KHTML, like Gecko; compatible; GPTBot/1.2; +https://openai.com/gptbot)"
193.70.81.99 - - [24/Nov/2024:00:37:38 +0800] "GET /?tag=%E7%87%83%E6%B2%B9%E6%B7%BB%E5%8A%A0%E5%8A%91 HTTP/1.1" 301 319 "-" "Mozilla/5.0 (compatible; MJ12bot/v1.4.8; http://mj12bot.com/)"
193.70.81.99 - - [24/Nov/2024:00:37:41 +0800] "GET /tag/%E7%87%83%E6%B2%B9%E6%B7%BB%E5%8A%A0%E5%8A%91/ HTTP/1.1" 200 29813 "-" "Mozilla/5.0 (compatible; MJ12bot/v1.4.8; http://mj12bot.com/)"
193.70.81.99 - - [24/Nov/2024:00:37:44 +0800] "GET /?tag=%E7%87%83%E6%B2%B9%E6%B7%BB%E5%8A%A0%E5%8A%91 HTTP/1.1" 301 319 "-" "Mozilla/5.0 (compatible; MJ12bot/v1.4.8; http://mj12bot.com/)"
4.227.36.14 - - [24/Nov/2024:00:37:46 +0800] "GET /%e9%bb%83%e9%87%91%e7%b7%9a%e6%8f%9b%e5%ad%a3%e4%bf%9d%e9%a4%8a%e5%b0%8f%e6%95%99%e5%ae%a4/embed/ HTTP/1.1" 200 10973 "-" "Mozilla/5.0 AppleWebKit/537.36 (KHTML, like Gecko; compatible; GPTBot/1.2; +https://openai.com/gptbot)"
193.70.81.99 - - [24/Nov/2024:00:37:47 +0800] "GET /tag/%E7%87%83%E6%B2%B9%E6%B7%BB%E5%8A%A0%E5%8A%91/ HTTP/1.1" 200 29812 "-" "Mozilla/5.0 (compatible; MJ12bot/v1.4.8; http://mj12bot.com/)"
193.70.81.99 - - [24/Nov/2024:00:37:50 +0800] "GET /?tag=%E7%94%9F%E5%8C%96%E9%85%B6 HTTP/1.1" 301 573 "-" "Mozilla/5.0 (compatible; MJ12bot/v1.4.8; http://mj12bot.com/)"
4.227.36.14 - - [24/Nov/2024:00:37:53 +0800] "GET /%e9%bb%83%e9%87%91%e7%b7%9a%e6%8f%9b%e5%ad%a3%e4%bf%9d%e9%a4%8a%e5%b0%8f%e6%95%99%e5%ae%a4/embed/ HTTP/1.1" 200 10972 "-" "Mozilla/5.0 AppleWebKit/537.36 (KHTML, like Gecko; compatible; GPTBot/1.2; +https://openai.com/gptbot)"
193.70.81.99 - - [24/Nov/2024:00:37:54 +0800] "GET /?tag=%E7%94%9F%E5%8C%96%E9%85%B6 HTTP/1.1" 301 3529 "-" "Mozilla/5.0 (compatible; MJ12bot/v1.4.8; http://mj12bot.com/)"
69.171.230.113 - - [24/Nov/2024:00:37:55 +0800] "GET /robots.txt HTTP/1.1" 200 4234 "-" "facebookexternalhit/1.1 (+http://www.facebook.com/externalhit_uatext.php)"
57.141.3.21 - - [24/Nov/2024:00:37:56 +0800] "GET /page/27/ HTTP/1.1" 200 60971 "-" "meta-externalagent/1.1 (+https://developers.facebook.com/docs/sharing/webmasters/crawler)"
193.70.81.99 - - [24/Nov/2024:00:37:57 +0800] "GET /tag/%E7%94%9F%E5%8C%96%E9%85%B6/ HTTP/1.1" 200 30982 "-" "Mozilla/5.0 (compatible; MJ12bot/v1.4.8; http://mj12bot.com/)"
185.191.171.13 - - [24/Nov/2024:00:37:58 +0800] "GET /category/%E7%B6%AD%E4%BF%AE%E8%A7%80%E5%BF%B5/page/3/ HTTP/1.1" 200 18945 "-" "Mozilla/5.0 (compatible; SemrushBot/7~bl; +http://www.semrush.com/bot.html)"
4.227.36.14 - - [24/Nov/2024:00:37:59 +0800] "GET /%e9%bb%83%e9%87%91%e7%b7%9a%e6%8f%9b%e5%ad%a3%e4%bf%9d%e9%a4%8a%e5%b0%8f%e6%95%99%e5%ae%a4/embed/ HTTP/1.1" 200 10974 "-" "Mozilla/5.0 AppleWebKit/537.36 (KHTML, like Gecko; compatible; GPTBot/1.2; +https://openai.com/gptbot)"
193.70.81.99 - - [24/Nov/2024:00:38:00 +0800] "GET /?tag=%E7%94%9F%E5%8C%96%E9%85%B6 HTTP/1.1" 301 301 "-" "Mozilla/5.0 (compatible; MJ12bot/v1.4.8; http://mj12bot.com/)"
193.70.81.99 - - [24/Nov/2024:00:38:03 +0800] "GET /tag/%E7%94%9F%E5%8C%96%E9%85%B6/ HTTP/1.1" 200 30983 "-" "Mozilla/5.0 (compatible; MJ12bot/v1.4.8; http://mj12bot.com/)"
4.227.36.14 - - [24/Nov/2024:00:38:05 +0800] "GET /%e9%bb%83%e9%87%91%e7%b7%9a%e6%8f%9b%e5%ad%a3%e4%bf%9d%e9%a4%8a%e5%b0%8f%e6%95%99%e5%ae%a4/embed/ HTTP/1.1" 200 10974 "-" "Mozilla/5.0 AppleWebKit/537.36 (KHTML, like Gecko; compatible; GPTBot/1.2; +https://openai.com/gptbot)"
193.70.81.99 - - [24/Nov/2024:00:38:05 +0800] "GET /?tag=%E7%A9%8D%E7%A2%B3 HTTP/1.1" 301 555 "-" "Mozilla/5.0 (compatible; MJ12bot/v1.4.8; http://mj12bot.com/)"
193.70.81.99 - - [24/Nov/2024:00:38:07 +0800] "GET /?tag=%E7%A9%8D%E7%A2%B3 HTTP/1.1" 301 292 "-" "Mozilla/5.0 (compatible; MJ12bot/v1.4.8; http://mj12bot.com/)"
193.70.81.99 - - [24/Nov/2024:00:38:11 +0800] "GET /tag/%E7%A9%8D%E7%A2%B3/ HTTP/1.1" 200 23089 "-" "Mozilla/5.0 (compatible; MJ12bot/v1.4.8; http://mj12bot.com/)"
193.70.81.99 - - [24/Nov/2024:00:38:13 +0800] "GET /?tag=%E7%A9%8D%E7%A2%B3 HTTP/1.1" 301 292 "-" "Mozilla/5.0 (compatible; MJ12bot/v1.4.8; http://mj12bot.com/)"
193.70.81.99 - - [24/Nov/2024:00:38:17 +0800] "GET /tag/%E7%A9%8D%E7%A2%B3/ HTTP/1.1" 200 23087 "-" "Mozilla/5.0 (compatible; MJ12bot/v1.4.8; http://mj12bot.com/)"
4.227.36.14 - - [24/Nov/2024:00:38:19 +0800] "GET /%e9%bb%83%e9%87%91%e7%b7%9a%e6%8f%9b%e5%ad%a3%e4%bf%9d%e9%a4%8a%e5%b0%8f%e6%95%99%e5%ae%a4/embed/ HTTP/1.1" 200 10974 "-" "Mozilla/5.0 AppleWebKit/537.36 (KHTML, like Gecko; compatible; GPTBot/1.2; +https://openai.com/gptbot)"
193.70.81.99 - - [24/Nov/2024:00:38:20 +0800] "GET /?tag=%E7%A9%BA%E6%B0%A3%E6%B5%81%E9%87%8F%E8%A8%88 HTTP/1.1" 301 609 "-" "Mozilla/5.0 (compatible; MJ12bot/v1.4.8; http://mj12bot.com/)"
193.70.81.99 - - [24/Nov/2024:00:38:24 +0800] "GET /?tag=%E7%A9%BA%E6%B0%A3%E6%B5%81%E9%87%8F%E8%A8%88 HTTP/1.1" 301 3547 "-" "Mozilla/5.0 (compatible; MJ12bot/v1.4.8; http://mj12bot.com/)"
193.70.81.99 - - [24/Nov/2024:00:38:28 +0800] "GET /tag/%E7%A9%BA%E6%B0%A3%E6%B5%81%E9%87%8F%E8%A8%88/ HTTP/1.1" 200 20229 "-" "Mozilla/5.0 (compatible; MJ12bot/v1.4.8; http://mj12bot.com/)"
193.70.81.99 - - [24/Nov/2024:00:38:32 +0800] "GET /?tag=%E7%A9%BA%E6%B0%A3%E6%B5%81%E9%87%8F%E8%A8%88 HTTP/1.1" 301 319 "-" "Mozilla/5.0 (compatible; MJ12bot/v1.4.8; http://mj12bot.com/)"
193.70.81.99 - - [24/Nov/2024:00:38:35 +0800] "GET /tag/%E7%A9%BA%E6%B0%A3%E6%B5%81%E9%87%8F%E8%A8%88/ HTTP/1.1" 200 20229 "-" "Mozilla/5.0 (compatible; MJ12bot/v1.4.8; http://mj12bot.com/)"
4.227.36.14 - - [24/Nov/2024:00:38:36 +0800] "GET /%e9%bb%83%e9%87%91%e7%b7%9a%e6%8f%9b%e5%ad%a3%e4%bf%9d%e9%a4%8a%e5%b0%8f%e6%95%99%e5%ae%a4/embed/ HTTP/1.1" 200 10970 "-" "Mozilla/5.0 AppleWebKit/537.36 (KHTML, like Gecko; compatible; GPTBot/1.2; +https://openai.com/gptbot)"
193.70.81.99 - - [24/Nov/2024:00:38:39 +0800] "GET /?tag=%E7%AF%80%E6%BA%AB%E5%99%A8 HTTP/1.1" 301 573 "-" "Mozilla/5.0 (compatible; MJ12bot/v1.4.8; http://mj12bot.com/)"
4.227.36.14 - - [24/Nov/2024:00:38:42 +0800] "GET /%e9%bb%83%e9%87%91%e7%b7%9a%e6%8f%9b%e5%ad%a3%e4%bf%9d%e9%a4%8a%e5%b0%8f%e6%95%99%e5%ae%a4/embed/ HTTP/1.1" 200 10973 "-" "Mozilla/5.0 AppleWebKit/537.36 (KHTML, like Gecko; compatible; GPTBot/1.2; +https://openai.com/gptbot)"
193.70.81.99 - - [24/Nov/2024:00:38:42 +0800] "GET /?tag=%E7%AF%80%E6%BA%AB%E5%99%A8 HTTP/1.1" 301 3529 "-" "Mozilla/5.0 (compatible; MJ12bot/v1.4.8; http://mj12bot.com/)"
193.70.81.99 - - [24/Nov/2024:00:38:47 +0800] "GET /tag/%E7%AF%80%E6%BA%AB%E5%99%A8/ HTTP/1.1" 200 17106 "-" "Mozilla/5.0 (compatible; MJ12bot/v1.4.8; http://mj12bot.com/)"
193.70.81.99 - - [24/Nov/2024:00:38:50 +0800] "GET /?tag=%E7%AF%80%E6%BA%AB%E5%99%A8 HTTP/1.1" 301 301 "-" "Mozilla/5.0 (compatible; MJ12bot/v1.4.8; http://mj12bot.com/)"
4.227.36.14 - - [24/Nov/2024:00:38:52 +0800] "GET /%e9%bb%83%e9%87%91%e7%b7%9a%e6%8f%9b%e5%ad%a3%e4%bf%9d%e9%a4%8a%e5%b0%8f%e6%95%99%e5%ae%a4/embed/ HTTP/1.1" 200 10971 "-" "Mozilla/5.0 AppleWebKit/537.36 (KHTML, like Gecko; compatible; GPTBot/1.2; +https://openai.com/gptbot)"
193.70.81.99 - - [24/Nov/2024:00:38:54 +0800] "GET /tag/%E7%AF%80%E6%BA%AB%E5%99%A8/ HTTP/1.1" 200 17105 "-" "Mozilla/5.0 (compatible; MJ12bot/v1.4.8; http://mj12bot.com/)"
4.227.36.14 - - [24/Nov/2024:00:38:58 +0800] "GET /%e9%bb%83%e9%87%91%e7%b7%9a%e6%8f%9b%e5%ad%a3%e4%bf%9d%e9%a4%8a%e5%b0%8f%e6%95%99%e5%ae%a4/embed/ HTTP/1.1" 200 10973 "-" "Mozilla/5.0 AppleWebKit/537.36 (KHTML, like Gecko; compatible; GPTBot/1.2; +https://openai.com/gptbot)"
193.70.81.99 - - [24/Nov/2024:00:39:02 +0800] "GET /?tag=%E7%B6%AD%E4%BF%AE%E5%B7%A5%E5%96%AE HTTP/1.1" 301 3538 "-" "Mozilla/5.0 (compatible; MJ12bot/v1.4.8; http://mj12bot.com/)"
193.70.81.99 - - [24/Nov/2024:00:39:08 +0800] "GET /tag/%E7%B6%AD%E4%BF%AE%E5%B7%A5%E5%96%AE/ HTTP/1.1" 200 17092 "-" "Mozilla/5.0 (compatible; MJ12bot/v1.4.8; http://mj12bot.com/)"
193.70.81.99 - - [24/Nov/2024:00:39:12 +0800] "GET /?tag=%E7%BC%B8%E5%85%A7%E7%9B%B4%E5%99%B4 HTTP/1.1" 301 591 "-" "Mozilla/5.0 (compatible; MJ12bot/v1.4.8; http://mj12bot.com/)"
4.227.36.14 - - [24/Nov/2024:00:39:13 +0800] "GET /%e9%bb%83%e9%87%91%e7%b7%9a%e6%8f%9b%e5%ad%a3%e4%bf%9d%e9%a4%8a%e5%b0%8f%e6%95%99%e5%ae%a4/embed/ HTTP/1.1" 200 10974 "-" "Mozilla/5.0 AppleWebKit/537.36 (KHTML, like Gecko; compatible; GPTBot/1.2; +https://openai.com/gptbot)"
193.70.81.99 - - [24/Nov/2024:00:39:16 +0800] "GET /?tag=%E7%BC%B8%E5%85%A7%E7%9B%B4%E5%99%B4 HTTP/1.1" 301 3538 "-" "Mozilla/5.0 (compatible; MJ12bot/v1.4.8; http://mj12bot.com/)"
4.227.36.14 - - [24/Nov/2024:00:39:19 +0800] "GET /%e9%bb%83%e9%87%91%e7%b7%9a%e6%8f%9b%e5%ad%a3%e4%bf%9d%e9%a4%8a%e5%b0%8f%e6%95%99%e5%ae%a4/embed/ HTTP/1.1" 200 10973 "-" "Mozilla/5.0 AppleWebKit/537.36 (KHTML, like Gecko; compatible; GPTBot/1.2; +https://openai.com/gptbot)"
193.70.81.99 - - [24/Nov/2024:00:39:20 +0800] "GET /tag/%E7%BC%B8%E5%85%A7%E7%9B%B4%E5%99%B4/ HTTP/1.1" 200 29807 "-" "Mozilla/5.0 (compatible; MJ12bot/v1.4.8; http://mj12bot.com/)"
220.135.127.108 - - [24/Nov/2024:00:39:25 +0800] "POST /wp-cron.php?doing_wp_cron=1732379965.5468580722808837890625 HTTP/1.1" 200 4050 "-" "WordPress/6.7.1; https://www.car32.tw"
4.227.36.14 - - [24/Nov/2024:00:39:25 +0800] "GET /%e9%bb%83%e9%87%91%e7%b7%9a%e6%8f%9b%e5%ad%a3%e4%bf%9d%e9%a4%8a%e5%b0%8f%e6%95%99%e5%ae%a4/embed/ HTTP/1.1" 200 10975 "-" "Mozilla/5.0 AppleWebKit/537.36 (KHTML, like Gecko; compatible; GPTBot/1.2; +https://openai.com/gptbot)"
4.227.36.14 - - [24/Nov/2024:00:39:42 +0800] "GET /%e9%bb%83%e9%87%91%e7%b7%9a%e6%8f%9b%e5%ad%a3%e4%bf%9d%e9%a4%8a%e5%b0%8f%e6%95%99%e5%ae%a4/embed/ HTTP/1.1" 200 10973 "-" "Mozilla/5.0 AppleWebKit/537.36 (KHTML, like Gecko; compatible; GPTBot/1.2; +https://openai.com/gptbot)"
4.227.36.14 - - [24/Nov/2024:00:39:55 +0800] "GET /%e9%bb%83%e9%87%91%e7%b7%9a%e6%8f%9b%e5%ad%a3%e4%bf%9d%e9%a4%8a%e5%b0%8f%e6%95%99%e5%ae%a4/embed/ HTTP/1.1" 200 10972 "-" "Mozilla/5.0 AppleWebKit/537.36 (KHTML, like Gecko; compatible; GPTBot/1.2; +https://openai.com/gptbot)"
4.227.36.14 - - [24/Nov/2024:00:40:02 +0800] "GET /%e9%bb%83%e9%87%91%e7%b7%9a%e6%8f%9b%e5%ad%a3%e4%bf%9d%e9%a4%8a%e5%b0%8f%e6%95%99%e5%ae%a4/embed/ HTTP/1.1" 200 10972 "-" "Mozilla/5.0 AppleWebKit/537.36 (KHTML, like Gecko; compatible; GPTBot/1.2; +https://openai.com/gptbot)"
4.227.36.14 - - [24/Nov/2024:00:40:08 +0800] "GET /%e9%bb%83%e9%87%91%e7%b7%9a%e6%8f%9b%e5%ad%a3%e4%bf%9d%e9%a4%8a%e5%b0%8f%e6%95%99%e5%ae%a4/embed/ HTTP/1.1" 200 10973 "-" "Mozilla/5.0 AppleWebKit/537.36 (KHTML, like Gecko; compatible; GPTBot/1.2; +https://openai.com/gptbot)"
4.227.36.14 - - [24/Nov/2024:00:40:14 +0800] "GET /%e9%bb%83%e9%87%91%e7%b7%9a%e6%8f%9b%e5%ad%a3%e4%bf%9d%e9%a4%8a%e5%b0%8f%e6%95%99%e5%ae%a4/embed/ HTTP/1.1" 200 10972 "-" "Mozilla/5.0 AppleWebKit/537.36 (KHTML, like Gecko; compatible; GPTBot/1.2; +https://openai.com/gptbot)"
4.227.36.14 - - [24/Nov/2024:00:40:20 +0800] "GET /%e9%bb%83%e9%87%91%e7%b7%9a%e6%8f%9b%e5%ad%a3%e4%bf%9d%e9%a4%8a%e5%b0%8f%e6%95%99%e5%ae%a4/embed/ HTTP/1.1" 200 10973 "-" "Mozilla/5.0 AppleWebKit/537.36 (KHTML, like Gecko; compatible; GPTBot/1.2; +https://openai.com/gptbot)"
4.227.36.14 - - [24/Nov/2024:00:40:28 +0800] "GET /%e9%bb%83%e9%87%91%e7%b7%9a%e6%8f%9b%e5%ad%a3%e4%bf%9d%e9%a4%8a%e5%b0%8f%e6%95%99%e5%ae%a4/embed/ HTTP/1.1" 200 10972 "-" "Mozilla/5.0 AppleWebKit/537.36 (KHTML, like Gecko; compatible; GPTBot/1.2; +https://openai.com/gptbot)"
220.135.127.108 - - [24/Nov/2024:00:40:35 +0800] "POST /wp-cron.php?doing_wp_cron=1732380035.9030721187591552734375 HTTP/1.1" 200 4050 "-" "WordPress/6.7.1; https://www.car32.tw"
4.227.36.14 - - [24/Nov/2024:00:40:35 +0800] "GET /%e9%bb%83%e9%87%91%e7%b7%9a%e6%8f%9b%e5%ad%a3%e4%bf%9d%e9%a4%8a%e5%b0%8f%e6%95%99%e5%ae%a4/embed/ HTTP/1.1" 200 10973 "-" "Mozilla/5.0 AppleWebKit/537.36 (KHTML, like Gecko; compatible; GPTBot/1.2; +https://openai.com/gptbot)"
140.238.59.22 - - [24/Nov/2024:00:40:38 +0800] "GET /feed/ HTTP/1.1" 200 6804 "https://www.car32.tw/feed/" "FreshRSS/1.24.3 (Linux; https://freshrss.org)"
4.227.36.14 - - [24/Nov/2024:00:40:42 +0800] "GET /%e9%bb%83%e9%87%91%e7%b7%9a%e6%8f%9b%e5%ad%a3%e4%bf%9d%e9%a4%8a%e5%b0%8f%e6%95%99%e5%ae%a4/embed/ HTTP/1.1" 200 10971 "-" "Mozilla/5.0 AppleWebKit/537.36 (KHTML, like Gecko; compatible; GPTBot/1.2; +https://openai.com/gptbot)"
4.227.36.14 - - [24/Nov/2024:00:40:48 +0800] "GET /%e9%bb%83%e9%87%91%e7%b7%9a%e6%8f%9b%e5%ad%a3%e4%bf%9d%e9%a4%8a%e5%b0%8f%e6%95%99%e5%ae%a4/embed/ HTTP/1.1" 200 10972 "-" "Mozilla/5.0 AppleWebKit/537.36 (KHTML, like Gecko; compatible; GPTBot/1.2; +https://openai.com/gptbot)"
192.0.82.55 - - [24/Nov/2024:00:40:52 +0800] "HEAD / HTTP/1.1" 200 4000 "-" "jetmon/1.0 (Jetpack Site Uptime Monitor by WordPress.com)"
4.227.36.14 - - [24/Nov/2024:00:41:01 +0800] "GET /%e9%bb%83%e9%87%91%e7%b7%9a%e6%8f%9b%e5%ad%a3%e4%bf%9d%e9%a4%8a%e5%b0%8f%e6%95%99%e5%ae%a4/embed/ HTTP/1.1" 200 10972 "-" "Mozilla/5.0 AppleWebKit/537.36 (KHTML, like Gecko; compatible; GPTBot/1.2; +https://openai.com/gptbot)"
4.227.36.14 - - [24/Nov/2024:00:41:07 +0800] "GET /%e9%bb%83%e9%87%91%e7%b7%9a%e6%8f%9b%e5%ad%a3%e4%bf%9d%e9%a4%8a%e5%b0%8f%e6%95%99%e5%ae%a4/embed/ HTTP/1.1" 200 10971 "-" "Mozilla/5.0 AppleWebKit/537.36 (KHTML, like Gecko; compatible; GPTBot/1.2; +https://openai.com/gptbot)"
4.227.36.14 - - [24/Nov/2024:00:41:15 +0800] "GET /%e9%bb%83%e9%87%91%e7%b7%9a%e6%8f%9b%e5%ad%a3%e4%bf%9d%e9%a4%8a%e5%b0%8f%e6%95%99%e5%ae%a4/embed/ HTTP/1.1" 200 10974 "-" "Mozilla/5.0 AppleWebKit/537.36 (KHTML, like Gecko; compatible; GPTBot/1.2; +https://openai.com/gptbot)"
4.227.36.14 - - [24/Nov/2024:00:41:21 +0800] "GET /%e9%bb%83%e9%87%91%e7%b7%9a%e6%8f%9b%e5%ad%a3%e4%bf%9d%e9%a4%8a%e5%b0%8f%e6%95%99%e5%ae%a4/embed/ HTTP/1.1" 200 10972 "-" "Mozilla/5.0 AppleWebKit/537.36 (KHTML, like Gecko; compatible; GPTBot/1.2; +https://openai.com/gptbot)"
4.227.36.14 - - [24/Nov/2024:00:41:37 +0800] "GET /%e9%bb%83%e9%87%91%e7%b7%9a%e6%8f%9b%e5%ad%a3%e4%bf%9d%e9%a4%8a%e5%b0%8f%e6%95%99%e5%ae%a4/embed/ HTTP/1.1" 200 10974 "-" "Mozilla/5.0 AppleWebKit/537.36 (KHTML, like Gecko; compatible; GPTBot/1.2; +https://openai.com/gptbot)"
185.191.171.9 - - [24/Nov/2024:00:41:42 +0800] "GET /page/6/ HTTP/1.1" 200 18090 "-" "Mozilla/5.0 (compatible; SemrushBot/7~bl; +http://www.semrush.com/bot.html)"
4.227.36.14 - - [24/Nov/2024:00:41:46 +0800] "GET /%e9%bb%83%e9%87%91%e7%b7%9a%e6%8f%9b%e5%ad%a3%e4%bf%9d%e9%a4%8a%e5%b0%8f%e6%95%99%e5%ae%a4/embed/ HTTP/1.1" 200 10972 "-" "Mozilla/5.0 AppleWebKit/537.36 (KHTML, like Gecko; compatible; GPTBot/1.2; +https://openai.com/gptbot)"
4.227.36.14 - - [24/Nov/2024:00:41:52 +0800] "GET /%e9%bb%83%e9%87%91%e7%b7%9a%e6%8f%9b%e5%ad%a3%e4%bf%9d%e9%a4%8a%e5%b0%8f%e6%95%99%e5%ae%a4/embed/ HTTP/1.1" 200 10974 "-" "Mozilla/5.0 AppleWebKit/537.36 (KHTML, like Gecko; compatible; GPTBot/1.2; +https://openai.com/gptbot)"
4.227.36.14 - - [24/Nov/2024:00:41:59 +0800] "GET /%e9%bb%83%e9%87%91%e7%b7%9a%e6%8f%9b%e5%ad%a3%e4%bf%9d%e9%a4%8a%e5%b0%8f%e6%95%99%e5%ae%a4/embed/ HTTP/1.1" 200 10973 "-" "Mozilla/5.0 AppleWebKit/537.36 (KHTML, like Gecko; compatible; GPTBot/1.2; +https://openai.com/gptbot)"
4.227.36.14 - - [24/Nov/2024:00:42:06 +0800] "GET /%e9%bb%83%e9%87%91%e7%b7%9a%e6%8f%9b%e5%ad%a3%e4%bf%9d%e9%a4%8a%e5%b0%8f%e6%95%99%e5%ae%a4/embed/ HTTP/1.1" 200 10971 "-" "Mozilla/5.0 AppleWebKit/537.36 (KHTML, like Gecko; compatible; GPTBot/1.2; +https://openai.com/gptbot)"
4.227.36.14 - - [24/Nov/2024:00:42:17 +0800] "GET /%e9%bb%83%e9%87%91%e7%b7%9a%e6%8f%9b%e5%ad%a3%e4%bf%9d%e9%a4%8a%e5%b0%8f%e6%95%99%e5%ae%a4/embed/ HTTP/1.1" 200 10973 "-" "Mozilla/5.0 AppleWebKit/537.36 (KHTML, like Gecko; compatible; GPTBot/1.2; +https://openai.com/gptbot)"
193.70.81.99 - - [24/Nov/2024:00:42:20 +0800] "GET /?tag=%E7%BC%B8%E5%85%A7%E7%9B%B4%E5%99%B4 HTTP/1.1" 301 3594 "-" "Mozilla/5.0 (compatible; MJ12bot/v1.4.8; http://mj12bot.com/)"
193.70.81.99 - - [24/Nov/2024:00:42:23 +0800] "GET /tag/%E7%BC%B8%E5%85%A7%E7%9B%B4%E5%99%B4/ HTTP/1.1" 200 29806 "-" "Mozilla/5.0 (compatible; MJ12bot/v1.4.8; http://mj12bot.com/)"
193.70.81.99 - - [24/Nov/2024:00:42:26 +0800] "GET /?tag=%E7%BF%BB%E4%BF%AE%E4%BB%B6 HTTP/1.1" 301 629 "-" "Mozilla/5.0 (compatible; MJ12bot/v1.4.8; http://mj12bot.com/)"
4.227.36.14 - - [24/Nov/2024:00:42:28 +0800] "GET /%e9%bb%83%e9%87%91%e7%b7%9a%e6%8f%9b%e5%ad%a3%e4%bf%9d%e9%a4%8a%e5%b0%8f%e6%95%99%e5%ae%a4/embed/ HTTP/1.1" 200 10971 "-" "Mozilla/5.0 AppleWebKit/537.36 (KHTML, like Gecko; compatible; GPTBot/1.2; +https://openai.com/gptbot)"
193.70.81.99 - - [24/Nov/2024:00:42:28 +0800] "GET /?tag=%E7%BF%BB%E4%BF%AE%E4%BB%B6 HTTP/1.1" 301 301 "-" "Mozilla/5.0 (compatible; MJ12bot/v1.4.8; http://mj12bot.com/)"
193.70.81.99 - - [24/Nov/2024:00:42:31 +0800] "GET /tag/%E7%BF%BB%E4%BF%AE%E4%BB%B6/ HTTP/1.1" 200 17020 "-" "Mozilla/5.0 (compatible; MJ12bot/v1.4.8; http://mj12bot.com/)"
4.227.36.14 - - [24/Nov/2024:00:42:37 +0800] "GET /%e9%bb%83%e9%87%91%e7%b7%9a%e6%8f%9b%e5%ad%a3%e4%bf%9d%e9%a4%8a%e5%b0%8f%e6%95%99%e5%ae%a4/embed/ HTTP/1.1" 200 10974 "-" "Mozilla/5.0 AppleWebKit/537.36 (KHTML, like Gecko; compatible; GPTBot/1.2; +https://openai.com/gptbot)"
193.70.81.99 - - [24/Nov/2024:00:42:39 +0800] "GET /?tag=%E8%80%81%E8%BB%8A HTTP/1.1" 301 555 "-" "Mozilla/5.0 (compatible; MJ12bot/v1.4.8; http://mj12bot.com/)"
193.70.81.99 - - [24/Nov/2024:00:42:42 +0800] "GET /?tag=%E8%80%81%E8%BB%8A HTTP/1.1" 301 3520 "-" "Mozilla/5.0 (compatible; MJ12bot/v1.4.8; http://mj12bot.com/)"
193.70.81.99 - - [24/Nov/2024:00:42:45 +0800] "GET /tag/%E8%80%81%E8%BB%8A/ HTTP/1.1" 200 17553 "-" "Mozilla/5.0 (compatible; MJ12bot/v1.4.8; http://mj12bot.com/)"
4.227.36.14 - - [24/Nov/2024:00:42:47 +0800] "GET /%e9%bb%83%e9%87%91%e7%b7%9a%e6%8f%9b%e5%ad%a3%e4%bf%9d%e9%a4%8a%e5%b0%8f%e6%95%99%e5%ae%a4/embed/ HTTP/1.1" 200 10973 "-" "Mozilla/5.0 AppleWebKit/537.36 (KHTML, like Gecko; compatible; GPTBot/1.2; +https://openai.com/gptbot)"
193.70.81.99 - - [24/Nov/2024:00:42:47 +0800] "GET /?tag=%E8%80%81%E8%BB%8A HTTP/1.1" 301 292 "-" "Mozilla/5.0 (compatible; MJ12bot/v1.4.8; http://mj12bot.com/)"
193.70.81.99 - - [24/Nov/2024:00:42:50 +0800] "GET /tag/%E8%80%81%E8%BB%8A/ HTTP/1.1" 200 17553 "-" "Mozilla/5.0 (compatible; MJ12bot/v1.4.8; http://mj12bot.com/)"
193.70.81.99 - - [24/Nov/2024:00:42:53 +0800] "GET /?tag=%E8%8B%B1%E5%8A%9B%E5%A3%AB HTTP/1.1" 301 573 "-" "Mozilla/5.0 (compatible; MJ12bot/v1.4.8; http://mj12bot.com/)"
193.70.81.99 - - [24/Nov/2024:00:42:54 +0800] "GET /?tag=%E8%8B%B1%E5%8A%9B%E5%A3%AB HTTP/1.1" 301 301 "-" "Mozilla/5.0 (compatible; MJ12bot/v1.4.8; http://mj12bot.com/)"
193.70.81.99 - - [24/Nov/2024:00:42:57 +0800] "GET /tag/%E8%8B%B1%E5%8A%9B%E5%A3%AB/ HTTP/1.1" 200 26393 "-" "Mozilla/5.0 (compatible; MJ12bot/v1.4.8; http://mj12bot.com/)"
4.227.36.14 - - [24/Nov/2024:00:42:59 +0800] "GET /%e9%bb%83%e9%87%91%e7%b7%9a%e6%8f%9b%e5%ad%a3%e4%bf%9d%e9%a4%8a%e5%b0%8f%e6%95%99%e5%ae%a4/embed/ HTTP/1.1" 200 10974 "-" "Mozilla/5.0 AppleWebKit/537.36 (KHTML, like Gecko; compatible; GPTBot/1.2; +https://openai.com/gptbot)"
193.70.81.99 - - [24/Nov/2024:00:43:04 +0800] "GET /?tag=%E8%8B%B1%E5%8A%9B%E5%A3%AB HTTP/1.1" 301 3529 "-" "Mozilla/5.0 (compatible; MJ12bot/v1.4.8; http://mj12bot.com/)"
193.70.81.99 - - [24/Nov/2024:00:43:07 +0800] "GET /tag/%E8%8B%B1%E5%8A%9B%E5%A3%AB/ HTTP/1.1" 200 26393 "-" "Mozilla/5.0 (compatible; MJ12bot/v1.4.8; http://mj12bot.com/)"
4.227.36.14 - - [24/Nov/2024:00:43:08 +0800] "GET /%e9%bb%83%e9%87%91%e7%b7%9a%e6%8f%9b%e5%ad%a3%e4%bf%9d%e9%a4%8a%e5%b0%8f%e6%95%99%e5%ae%a4/embed/ HTTP/1.1" 200 10974 "-" "Mozilla/5.0 AppleWebKit/537.36 (KHTML, like Gecko; compatible; GPTBot/1.2; +https://openai.com/gptbot)"
193.70.81.99 - - [24/Nov/2024:00:43:10 +0800] "GET /?tag=%E8%AE%8A%E9%80%9F%E7%AE%B1 HTTP/1.1" 301 573 "-" "Mozilla/5.0 (compatible; MJ12bot/v1.4.8; http://mj12bot.com/)"
193.70.81.99 - - [24/Nov/2024:00:43:15 +0800] "GET /?tag=%E8%AE%8A%E9%80%9F%E7%AE%B1 HTTP/1.1" 301 3529 "-" "Mozilla/5.0 (compatible; MJ12bot/v1.4.8; http://mj12bot.com/)"
4.227.36.14 - - [24/Nov/2024:00:43:16 +0800] "GET /%e9%bb%83%e9%87%91%e7%b7%9a%e6%8f%9b%e5%ad%a3%e4%bf%9d%e9%a4%8a%e5%b0%8f%e6%95%99%e5%ae%a4/embed/ HTTP/1.1" 200 10973 "-" "Mozilla/5.0 AppleWebKit/537.36 (KHTML, like Gecko; compatible; GPTBot/1.2; +https://openai.com/gptbot)"
193.70.81.99 - - [24/Nov/2024:00:43:18 +0800] "GET /tag/%E8%AE%8A%E9%80%9F%E7%AE%B1/ HTTP/1.1" 200 32505 "-" "Mozilla/5.0 (compatible; MJ12bot/v1.4.8; http://mj12bot.com/)"
193.70.81.99 - - [24/Nov/2024:00:43:23 +0800] "GET /?tag=%E8%AE%8A%E9%80%9F%E7%AE%B1%E6%B2%B9%E7%B2%BE HTTP/1.1" 301 609 "-" "Mozilla/5.0 (compatible; MJ12bot/v1.4.8; http://mj12bot.com/)"
193.70.81.99 - - [24/Nov/2024:00:43:26 +0800] "GET /?tag=%E8%AE%8A%E9%80%9F%E7%AE%B1%E6%B2%B9%E7%B2%BE HTTP/1.1" 301 3547 "-" "Mozilla/5.0 (compatible; MJ12bot/v1.4.8; http://mj12bot.com/)"
193.70.81.99 - - [24/Nov/2024:00:43:29 +0800] "GET /tag/%E8%AE%8A%E9%80%9F%E7%AE%B1%E6%B2%B9%E7%B2%BE/ HTTP/1.1" 200 24898 "-" "Mozilla/5.0 (compatible; MJ12bot/v1.4.8; http://mj12bot.com/)"
4.227.36.14 - - [24/Nov/2024:00:43:31 +0800] "GET /%e9%bb%83%e9%87%91%e7%b7%9a%e6%8f%9b%e5%ad%a3%e4%bf%9d%e9%a4%8a%e5%b0%8f%e6%95%99%e5%ae%a4/embed/ HTTP/1.1" 200 10974 "-" "Mozilla/5.0 AppleWebKit/537.36 (KHTML, like Gecko; compatible; GPTBot/1.2; +https://openai.com/gptbot)"
193.70.81.99 - - [24/Nov/2024:00:43:32 +0800] "GET /?tag=%E8%AE%8A%E9%80%9F%E7%AE%B1%E6%B2%B9%E7%B2%BE HTTP/1.1" 301 319 "-" "Mozilla/5.0 (compatible; MJ12bot/v1.4.8; http://mj12bot.com/)"
193.70.81.99 - - [24/Nov/2024:00:43:36 +0800] "GET /tag/%E8%AE%8A%E9%80%9F%E7%AE%B1%E6%B2%B9%E7%B2%BE/ HTTP/1.1" 200 24898 "-" "Mozilla/5.0 (compatible; MJ12bot/v1.4.8; http://mj12bot.com/)"
4.227.36.14 - - [24/Nov/2024:00:43:38 +0800] "GET /%e9%bb%83%e9%87%91%e7%b7%9a%e6%8f%9b%e5%ad%a3%e4%bf%9d%e9%a4%8a%e5%b0%8f%e6%95%99%e5%ae%a4/embed/ HTTP/1.1" 200 10974 "-" "Mozilla/5.0 AppleWebKit/537.36 (KHTML, like Gecko; compatible; GPTBot/1.2; +https://openai.com/gptbot)"
193.70.81.99 - - [24/Nov/2024:00:43:39 +0800] "GET /?tag=%E9%80%B2%E6%B0%A3%E5%B2%90%E7%AE%A1 HTTP/1.1" 301 310 "-" "Mozilla/5.0 (compatible; MJ12bot/v1.4.8; http://mj12bot.com/)"
193.70.81.99 - - [24/Nov/2024:00:43:43 +0800] "GET /tag/%E9%80%B2%E6%B0%A3%E5%B2%90%E7%AE%A1/ HTTP/1.1" 200 17166 "-" "Mozilla/5.0 (compatible; MJ12bot/v1.4.8; http://mj12bot.com/)"
4.227.36.14 - - [24/Nov/2024:00:43:45 +0800] "GET /%e9%bb%83%e9%87%91%e7%b7%9a%e6%8f%9b%e5%ad%a3%e4%bf%9d%e9%a4%8a%e5%b0%8f%e6%95%99%e5%ae%a4/embed/ HTTP/1.1" 200 10974 "-" "Mozilla/5.0 AppleWebKit/537.36 (KHTML, like Gecko; compatible; GPTBot/1.2; +https://openai.com/gptbot)"
193.70.81.99 - - [24/Nov/2024:00:43:46 +0800] "GET /?tag=%E9%95%B7%E9%80%94 HTTP/1.1" 301 555 "-" "Mozilla/5.0 (compatible; MJ12bot/v1.4.8; http://mj12bot.com/)"
193.70.81.99 - - [24/Nov/2024:00:43:47 +0800] "GET /?tag=%E9%95%B7%E9%80%94 HTTP/1.1" 301 292 "-" "Mozilla/5.0 (compatible; MJ12bot/v1.4.8; http://mj12bot.com/)"
85.208.96.210 - - [24/Nov/2024:00:43:47 +0800] "GET /%E4%BD%A0%E6%B2%92%E7%9C%8B%E9%8C%AF%EF%BC%8C%E5%B0%B1%E6%98%AF%E8%A6%81%E5%B0%8D%E4%BD%A0%E7%9A%84%E8%BB%8A%E4%B8%8B%E8%97%A5%EF%BC%81/ HTTP/1.1" 200 24842 "-" "Mozilla/5.0 (compatible; SemrushBot/7~bl; +http://www.semrush.com/bot.html)"
193.70.81.99 - - [24/Nov/2024:00:43:51 +0800] "GET /tag/%E9%95%B7%E9%80%94/ HTTP/1.1" 200 17425 "-" "Mozilla/5.0 (compatible; MJ12bot/v1.4.8; http://mj12bot.com/)"
4.227.36.14 - - [24/Nov/2024:00:43:52 +0800] "GET /%e9%bb%83%e9%87%91%e7%b7%9a%e6%8f%9b%e5%ad%a3%e4%bf%9d%e9%a4%8a%e5%b0%8f%e6%95%99%e5%ae%a4/embed/ HTTP/1.1" 200 10972 "-" "Mozilla/5.0 AppleWebKit/537.36 (KHTML, like Gecko; compatible; GPTBot/1.2; +https://openai.com/gptbot)"
193.70.81.99 - - [24/Nov/2024:00:43:53 +0800] "GET /?tag=%E9%95%B7%E9%80%94 HTTP/1.1" 301 292 "-" "Mozilla/5.0 (compatible; MJ12bot/v1.4.8; http://mj12bot.com/)"
193.70.81.99 - - [24/Nov/2024:00:43:56 +0800] "GET /tag/%E9%95%B7%E9%80%94/ HTTP/1.1" 200 17425 "-" "Mozilla/5.0 (compatible; MJ12bot/v1.4.8; http://mj12bot.com/)"
193.70.81.99 - - [24/Nov/2024:00:43:59 +0800] "GET /?tag=%E9%99%B8%E4%BC%AF%E5%98%89 HTTP/1.1" 301 573 "-" "Mozilla/5.0 (compatible; MJ12bot/v1.4.8; http://mj12bot.com/)"
193.70.81.99 - - [24/Nov/2024:00:44:01 +0800] "GET /?tag=%E9%99%B8%E4%BC%AF%E5%98%89 HTTP/1.1" 301 301 "-" "Mozilla/5.0 (compatible; MJ12bot/v1.4.8; http://mj12bot.com/)"
4.227.36.14 - - [24/Nov/2024:00:44:03 +0800] "GET /%e9%bb%83%e9%87%91%e7%b7%9a%e6%8f%9b%e5%ad%a3%e4%bf%9d%e9%a4%8a%e5%b0%8f%e6%95%99%e5%ae%a4/embed/ HTTP/1.1" 200 10973 "-" "Mozilla/5.0 AppleWebKit/537.36 (KHTML, like Gecko; compatible; GPTBot/1.2; +https://openai.com/gptbot)"
193.70.81.99 - - [24/Nov/2024:00:44:04 +0800] "GET /tag/%E9%99%B8%E4%BC%AF%E5%98%89/ HTTP/1.1" 200 31055 "-" "Mozilla/5.0 (compatible; MJ12bot/v1.4.8; http://mj12bot.com/)"
3.12.152.102 - - [24/Nov/2024:00:44:07 +0800] "GET /wp-json/wp/v2/posts/316 HTTP/1.1" 200 25061 "-" "Mozilla/5.0 AppleWebKit/537.36 (KHTML, like Gecko; compatible; ClaudeBot/1.0; +claudebot@anthropic.com)"
193.70.81.99 - - [24/Nov/2024:00:44:08 +0800] "GET /?tag=%E9%99%B8%E4%BC%AF%E5%98%89 HTTP/1.1" 301 301 "-" "Mozilla/5.0 (compatible; MJ12bot/v1.4.8; http://mj12bot.com/)"
4.227.36.14 - - [24/Nov/2024:00:44:09 +0800] "GET /%e9%bb%83%e9%87%91%e7%b7%9a%e6%8f%9b%e5%ad%a3%e4%bf%9d%e9%a4%8a%e5%b0%8f%e6%95%99%e5%ae%a4/embed/ HTTP/1.1" 200 10973 "-" "Mozilla/5.0 AppleWebKit/537.36 (KHTML, like Gecko; compatible; GPTBot/1.2; +https://openai.com/gptbot)"
193.70.81.99 - - [24/Nov/2024:00:44:12 +0800] "GET /tag/%E9%99%B8%E4%BC%AF%E5%98%89/ HTTP/1.1" 200 31055 "-" "Mozilla/5.0 (compatible; MJ12bot/v1.4.8; http://mj12bot.com/)"
193.70.81.99 - - [24/Nov/2024:00:44:16 +0800] "GET /?tag=%E9%9A%94%E7%86%B1%E7%B4%99 HTTP/1.1" 301 301 "-" "Mozilla/5.0 (compatible; MJ12bot/v1.4.8; http://mj12bot.com/)"
193.70.81.99 - - [24/Nov/2024:00:44:20 +0800] "GET /tag/%E9%9A%94%E7%86%B1%E7%B4%99/ HTTP/1.1" 200 18031 "-" "Mozilla/5.0 (compatible; MJ12bot/v1.4.8; http://mj12bot.com/)"
4.227.36.14 - - [24/Nov/2024:00:44:22 +0800] "GET /%e9%bb%83%e9%87%91%e7%b7%9a%e6%8f%9b%e5%ad%a3%e4%bf%9d%e9%a4%8a%e5%b0%8f%e6%95%99%e5%ae%a4/embed/ HTTP/1.1" 200 10973 "-" "Mozilla/5.0 AppleWebKit/537.36 (KHTML, like Gecko; compatible; GPTBot/1.2; +https://openai.com/gptbot)"
193.70.81.99 - - [24/Nov/2024:00:44:22 +0800] "GET /?tag=%E9%9B%99b HTTP/1.1" 301 539 "-" "Mozilla/5.0 (compatible; MJ12bot/v1.4.8; http://mj12bot.com/)"
220.135.127.108 - - [24/Nov/2024:00:44:25 +0800] "POST /wp-cron.php?doing_wp_cron=1732380265.0792849063873291015625 HTTP/1.1" 200 4050 "-" "WordPress/6.7.1; https://www.car32.tw"
193.70.81.99 - - [24/Nov/2024:00:44:25 +0800] "GET /?tag=%E9%9B%99b HTTP/1.1" 301 284 "-" "Mozilla/5.0 (compatible; MJ12bot/v1.4.8; http://mj12bot.com/)"
193.70.81.99 - - [24/Nov/2024:00:44:28 +0800] "GET /tag/%E9%9B%99b/ HTTP/1.1" 200 23890 "-" "Mozilla/5.0 (compatible; MJ12bot/v1.4.8; http://mj12bot.com/)"
193.70.81.99 - - [24/Nov/2024:00:44:31 +0800] "GET /?tag=%E9%9B%99b HTTP/1.1" 301 284 "-" "Mozilla/5.0 (compatible; MJ12bot/v1.4.8; http://mj12bot.com/)"
4.227.36.14 - - [24/Nov/2024:00:44:33 +0800] "GET /%e9%bb%83%e9%87%91%e7%b7%9a%e6%8f%9b%e5%ad%a3%e4%bf%9d%e9%a4%8a%e5%b0%8f%e6%95%99%e5%ae%a4/embed/ HTTP/1.1" 200 10972 "-" "Mozilla/5.0 AppleWebKit/537.36 (KHTML, like Gecko; compatible; GPTBot/1.2; +https://openai.com/gptbot)"
193.70.81.99 - - [24/Nov/2024:00:44:34 +0800] "GET /tag/%E9%9B%99b/ HTTP/1.1" 200 23890 "-" "Mozilla/5.0 (compatible; MJ12bot/v1.4.8; http://mj12bot.com/)"
193.70.81.99 - - [24/Nov/2024:00:44:37 +0800] "GET /alpina-%E5%9C%A8%E7%AC%AC-89-%E5%B1%86%E6%97%A5%E5%85%A7%E7%93%A6%E5%9C%8B%E9%9A%9B%E8%BB%8A%E5%B1%95/feed/ HTTP/1.1" 200 1221 "-" "Mozilla/5.0 (compatible; MJ12bot/v1.4.8; http://mj12bot.com/)"
4.227.36.14 - - [24/Nov/2024:00:44:39 +0800] "GET /%e9%bb%83%e9%87%91%e7%b7%9a%e6%8f%9b%e5%ad%a3%e4%bf%9d%e9%a4%8a%e5%b0%8f%e6%95%99%e5%ae%a4/embed/ HTTP/1.1" 200 10973 "-" "Mozilla/5.0 AppleWebKit/537.36 (KHTML, like Gecko; compatible; GPTBot/1.2; +https://openai.com/gptbot)"
193.70.81.99 - - [24/Nov/2024:00:44:40 +0800] "GET /alpina-%E8%88%87-%E6%88%91/?share=linkedin HTTP/1.1" 302 444 "-" "Mozilla/5.0 (compatible; MJ12bot/v1.4.8; http://mj12bot.com/)"
4.227.36.14 - - [24/Nov/2024:00:44:46 +0800] "GET /%e9%bb%83%e9%87%91%e7%b7%9a%e6%8f%9b%e5%ad%a3%e4%bf%9d%e9%a4%8a%e5%b0%8f%e6%95%99%e5%ae%a4/embed/ HTTP/1.1" 200 10974 "-" "Mozilla/5.0 AppleWebKit/537.36 (KHTML, like Gecko; compatible; GPTBot/1.2; +https://openai.com/gptbot)"
193.70.81.99 - - [24/Nov/2024:00:44:51 +0800] "GET /alpina-%E8%88%87-%E6%88%91/feed/ HTTP/1.1" 200 4319 "-" "Mozilla/5.0 (compatible; MJ12bot/v1.4.8; http://mj12bot.com/)"
4.227.36.14 - - [24/Nov/2024:00:44:52 +0800] "GET /%e9%bb%83%e9%87%91%e7%b7%9a%e6%8f%9b%e5%ad%a3%e4%bf%9d%e9%a4%8a%e5%b0%8f%e6%95%99%e5%ae%a4/embed/ HTTP/1.1" 200 10973 "-" "Mozilla/5.0 AppleWebKit/537.36 (KHTML, like Gecko; compatible; GPTBot/1.2; +https://openai.com/gptbot)"
193.70.81.99 - - [24/Nov/2024:00:44:53 +0800] "GET /alpina-b6-50-%E9%80%B1%E5%B9%B4%E7%B4%80%E5%BF%B5%E7%89%88/?share=linkedin HTTP/1.1" 302 494 "-" "Mozilla/5.0 (compatible; MJ12bot/v1.4.8; http://mj12bot.com/)"
4.227.36.14 - - [24/Nov/2024:00:44:59 +0800] "GET /%e9%bb%83%e9%87%91%e7%b7%9a%e6%8f%9b%e5%ad%a3%e4%bf%9d%e9%a4%8a%e5%b0%8f%e6%95%99%e5%ae%a4/embed/ HTTP/1.1" 200 10973 "-" "Mozilla/5.0 AppleWebKit/537.36 (KHTML, like Gecko; compatible; GPTBot/1.2; +https://openai.com/gptbot)"
193.70.81.99 - - [24/Nov/2024:00:45:00 +0800] "GET /alpina-%E8%88%87-%E6%88%91/ HTTP/1.1" 200 27073 "-" "Mozilla/5.0 (compatible; MJ12bot/v1.4.8; http://mj12bot.com/)"
193.70.81.99 - - [24/Nov/2024:00:45:04 +0800] "GET /category/%E5%BF%83%E5%BE%97%E5%88%86%E4%BA%AB/ HTTP/1.1" 200 20667 "-" "Mozilla/5.0 (compatible; MJ12bot/v1.4.8; http://mj12bot.com/)"
4.227.36.14 - - [24/Nov/2024:00:45:05 +0800] "GET /%e9%bb%83%e9%87%91%e7%b7%9a%e6%8f%9b%e5%ad%a3%e4%bf%9d%e9%a4%8a%e5%b0%8f%e6%95%99%e5%ae%a4/embed/ HTTP/1.1" 200 10972 "-" "Mozilla/5.0 AppleWebKit/537.36 (KHTML, like Gecko; compatible; GPTBot/1.2; +https://openai.com/gptbot)"
193.70.81.99 - - [24/Nov/2024:00:45:07 +0800] "GET /category/%E5%BF%83%E5%BE%97%E5%88%86%E4%BA%AB/page/2/ HTTP/1.1" 200 14923 "-" "Mozilla/5.0 (compatible; MJ12bot/v1.4.8; http://mj12bot.com/)"
193.70.81.99 - - [24/Nov/2024:00:45:10 +0800] "GET /category/%E7%B6%AD%E4%BF%AE%E8%A7%80%E5%BF%B5/ HTTP/1.1" 200 20684 "-" "Mozilla/5.0 (compatible; MJ12bot/v1.4.8; http://mj12bot.com/)"
4.227.36.14 - - [24/Nov/2024:00:45:11 +0800] "GET /%e9%bb%83%e9%87%91%e7%b7%9a%e6%8f%9b%e5%ad%a3%e4%bf%9d%e9%a4%8a%e5%b0%8f%e6%95%99%e5%ae%a4/embed/ HTTP/1.1" 200 10974 "-" "Mozilla/5.0 AppleWebKit/537.36 (KHTML, like Gecko; compatible; GPTBot/1.2; +https://openai.com/gptbot)"
193.70.81.99 - - [24/Nov/2024:00:45:12 +0800] "GET /category/%E7%B6%AD%E4%BF%AE%E8%A7%80%E5%BF%B5/page/2/ HTTP/1.1" 200 14934 "-" "Mozilla/5.0 (compatible; MJ12bot/v1.4.8; http://mj12bot.com/)"
4.227.36.14 - - [24/Nov/2024:00:45:20 +0800] "GET /%e9%bb%83%e9%87%91%e7%b7%9a%e6%8f%9b%e5%ad%a3%e4%bf%9d%e9%a4%8a%e5%b0%8f%e6%95%99%e5%ae%a4/embed/ HTTP/1.1" 200 10973 "-" "Mozilla/5.0 AppleWebKit/537.36 (KHTML, like Gecko; compatible; GPTBot/1.2; +https://openai.com/gptbot)"
4.227.36.14 - - [24/Nov/2024:00:45:26 +0800] "GET /%e9%bb%83%e9%87%91%e7%b7%9a%e6%8f%9b%e5%ad%a3%e4%bf%9d%e9%a4%8a%e5%b0%8f%e6%95%99%e5%ae%a4/embed/ HTTP/1.1" 200 10972 "-" "Mozilla/5.0 AppleWebKit/537.36 (KHTML, like Gecko; compatible; GPTBot/1.2; +https://openai.com/gptbot)"
220.135.127.108 - - [24/Nov/2024:00:45:35 +0800] "POST /wp-cron.php?doing_wp_cron=1732380335.5579519271850585937500 HTTP/1.1" 200 4050 "-" "WordPress/6.7.1; https://www.car32.tw"
4.227.36.14 - - [24/Nov/2024:00:45:35 +0800] "GET /%e9%bb%83%e9%87%91%e7%b7%9a%e6%8f%9b%e5%ad%a3%e4%bf%9d%e9%a4%8a%e5%b0%8f%e6%95%99%e5%ae%a4/embed/ HTTP/1.1" 200 10974 "-" "Mozilla/5.0 AppleWebKit/537.36 (KHTML, like Gecko; compatible; GPTBot/1.2; +https://openai.com/gptbot)"
4.227.36.14 - - [24/Nov/2024:00:45:42 +0800] "GET /%e9%bb%83%e9%87%91%e7%b7%9a%e6%8f%9b%e5%ad%a3%e4%bf%9d%e9%a4%8a%e5%b0%8f%e6%95%99%e5%ae%a4/embed/ HTTP/1.1" 200 10973 "-" "Mozilla/5.0 AppleWebKit/537.36 (KHTML, like Gecko; compatible; GPTBot/1.2; +https://openai.com/gptbot)"
4.227.36.14 - - [24/Nov/2024:00:45:49 +0800] "GET /%e9%bb%83%e9%87%91%e7%b7%9a%e6%8f%9b%e5%ad%a3%e4%bf%9d%e9%a4%8a%e5%b0%8f%e6%95%99%e5%ae%a4/embed/ HTTP/1.1" 200 10973 "-" "Mozilla/5.0 AppleWebKit/537.36 (KHTML, like Gecko; compatible; GPTBot/1.2; +https://openai.com/gptbot)"
192.0.82.55 - - [24/Nov/2024:00:45:52 +0800] "HEAD / HTTP/1.1" 200 4000 "-" "jetmon/1.0 (Jetpack Site Uptime Monitor by WordPress.com)"
4.227.36.14 - - [24/Nov/2024:00:45:58 +0800] "GET /%e9%bb%83%e9%87%91%e7%b7%9a%e6%8f%9b%e5%ad%a3%e4%bf%9d%e9%a4%8a%e5%b0%8f%e6%95%99%e5%ae%a4/embed/ HTTP/1.1" 200 10973 "-" "Mozilla/5.0 AppleWebKit/537.36 (KHTML, like Gecko; compatible; GPTBot/1.2; +https://openai.com/gptbot)"
4.227.36.14 - - [24/Nov/2024:00:46:04 +0800] "GET /%e9%bb%83%e9%87%91%e7%b7%9a%e6%8f%9b%e5%ad%a3%e4%bf%9d%e9%a4%8a%e5%b0%8f%e6%95%99%e5%ae%a4/embed/ HTTP/1.1" 200 10974 "-" "Mozilla/5.0 AppleWebKit/537.36 (KHTML, like Gecko; compatible; GPTBot/1.2; +https://openai.com/gptbot)"
4.227.36.14 - - [24/Nov/2024:00:46:10 +0800] "GET /%e9%bb%83%e9%87%91%e7%b7%9a%e6%8f%9b%e5%ad%a3%e4%bf%9d%e9%a4%8a%e5%b0%8f%e6%95%99%e5%ae%a4/embed/ HTTP/1.1" 200 10973 "-" "Mozilla/5.0 AppleWebKit/537.36 (KHTML, like Gecko; compatible; GPTBot/1.2; +https://openai.com/gptbot)"
18.116.52.43 - - [24/Nov/2024:00:46:16 +0800] "GET /wp-json/oembed/1.0/embed?url=https%3A%2F%2Fwww.car32.tw%2F%25e6%25b1%259f%25e6%25b9%2596%25e5%259c%25b0%25e4%25bd%258d%2F HTTP/1.1" 200 6562 "-" "Mozilla/5.0 AppleWebKit/537.36 (KHTML, like Gecko; compatible; ClaudeBot/1.0; +claudebot@anthropic.com)"
4.227.36.14 - - [24/Nov/2024:00:46:19 +0800] "GET /%e9%bb%83%e9%87%91%e7%b7%9a%e6%8f%9b%e5%ad%a3%e4%bf%9d%e9%a4%8a%e5%b0%8f%e6%95%99%e5%ae%a4/embed/ HTTP/1.1" 200 10971 "-" "Mozilla/5.0 AppleWebKit/537.36 (KHTML, like Gecko; compatible; GPTBot/1.2; +https://openai.com/gptbot)"
185.191.171.7 - - [24/Nov/2024:00:46:22 +0800] "GET /tag/e9/ HTTP/1.1" 200 25176 "-" "Mozilla/5.0 (compatible; SemrushBot/7~bl; +http://www.semrush.com/bot.html)"
4.227.36.14 - - [24/Nov/2024:00:46:30 +0800] "GET /%e9%bb%83%e9%87%91%e7%b7%9a%e6%8f%9b%e5%ad%a3%e4%bf%9d%e9%a4%8a%e5%b0%8f%e6%95%99%e5%ae%a4/embed/ HTTP/1.1" 200 10973 "-" "Mozilla/5.0 AppleWebKit/537.36 (KHTML, like Gecko; compatible; GPTBot/1.2; +https://openai.com/gptbot)"
4.227.36.14 - - [24/Nov/2024:00:46:37 +0800] "GET /%e9%bb%83%e9%87%91%e7%b7%9a%e6%8f%9b%e5%ad%a3%e4%bf%9d%e9%a4%8a%e5%b0%8f%e6%95%99%e5%ae%a4/embed/ HTTP/1.1" 200 10974 "-" "Mozilla/5.0 AppleWebKit/537.36 (KHTML, like Gecko; compatible; GPTBot/1.2; +https://openai.com/gptbot)"
4.227.36.14 - - [24/Nov/2024:00:46:43 +0800] "GET /%e9%bb%83%e9%87%91%e7%b7%9a%e6%8f%9b%e5%ad%a3%e4%bf%9d%e9%a4%8a%e5%b0%8f%e6%95%99%e5%ae%a4/embed/ HTTP/1.1" 200 10972 "-" "Mozilla/5.0 AppleWebKit/537.36 (KHTML, like Gecko; compatible; GPTBot/1.2; +https://openai.com/gptbot)"
4.227.36.14 - - [24/Nov/2024:00:46:54 +0800] "GET /%e9%bb%83%e9%87%91%e7%b7%9a%e6%8f%9b%e5%ad%a3%e4%bf%9d%e9%a4%8a%e5%b0%8f%e6%95%99%e5%ae%a4/embed/ HTTP/1.1" 200 10973 "-" "Mozilla/5.0 AppleWebKit/537.36 (KHTML, like Gecko; compatible; GPTBot/1.2; +https://openai.com/gptbot)"
4.227.36.14 - - [24/Nov/2024:00:47:00 +0800] "GET /%e9%bb%83%e9%87%91%e7%b7%9a%e6%8f%9b%e5%ad%a3%e4%bf%9d%e9%a4%8a%e5%b0%8f%e6%95%99%e5%ae%a4/embed/ HTTP/1.1" 200 10974 "-" "Mozilla/5.0 AppleWebKit/537.36 (KHTML, like Gecko; compatible; GPTBot/1.2; +https://openai.com/gptbot)"
3.144.41.200 - - [24/Nov/2024:00:47:02 +0800] "GET /tag/%e4%ba%8b%e6%95%85%e8%99%95%e7%90%86/feed HTTP/1.1" 301 4156 "-" "Mozilla/5.0 AppleWebKit/537.36 (KHTML, like Gecko; compatible; ClaudeBot/1.0; +claudebot@anthropic.com)"
3.144.41.200 - - [24/Nov/2024:00:47:03 +0800] "GET /tag/%e4%ba%8b%e6%95%85%e8%99%95%e7%90%86/feed/ HTTP/1.1" 200 5299 "https://car32.tw/tag/%e4%ba%8b%e6%95%85%e8%99%95%e7%90%86/feed" "Mozilla/5.0 AppleWebKit/537.36 (KHTML, like Gecko; compatible; ClaudeBot/1.0; +claudebot@anthropic.com)"
4.227.36.14 - - [24/Nov/2024:00:47:07 +0800] "GET /%e9%bb%83%e9%87%91%e7%b7%9a%e6%8f%9b%e5%ad%a3%e4%bf%9d%e9%a4%8a%e5%b0%8f%e6%95%99%e5%ae%a4/embed/ HTTP/1.1" 200 10973 "-" "Mozilla/5.0 AppleWebKit/537.36 (KHTML, like Gecko; compatible; GPTBot/1.2; +https://openai.com/gptbot)"
4.227.36.14 - - [24/Nov/2024:00:47:13 +0800] "GET /%e9%bb%83%e9%87%91%e7%b7%9a%e6%8f%9b%e5%ad%a3%e4%bf%9d%e9%a4%8a%e5%b0%8f%e6%95%99%e5%ae%a4/embed/ HTTP/1.1" 200 10970 "-" "Mozilla/5.0 AppleWebKit/537.36 (KHTML, like Gecko; compatible; GPTBot/1.2; +https://openai.com/gptbot)"
4.227.36.14 - - [24/Nov/2024:00:47:23 +0800] "GET /%e9%bb%83%e9%87%91%e7%b7%9a%e6%8f%9b%e5%ad%a3%e4%bf%9d%e9%a4%8a%e5%b0%8f%e6%95%99%e5%ae%a4/embed/ HTTP/1.1" 200 10974 "-" "Mozilla/5.0 AppleWebKit/537.36 (KHTML, like Gecko; compatible; GPTBot/1.2; +https://openai.com/gptbot)"
4.227.36.14 - - [24/Nov/2024:00:47:30 +0800] "GET /%e9%bb%83%e9%87%91%e7%b7%9a%e6%8f%9b%e5%ad%a3%e4%bf%9d%e9%a4%8a%e5%b0%8f%e6%95%99%e5%ae%a4/embed/ HTTP/1.1" 200 10970 "-" "Mozilla/5.0 AppleWebKit/537.36 (KHTML, like Gecko; compatible; GPTBot/1.2; +https://openai.com/gptbot)"
4.227.36.14 - - [24/Nov/2024:00:47:36 +0800] "GET /%e9%bb%83%e9%87%91%e7%b7%9a%e6%8f%9b%e5%ad%a3%e4%bf%9d%e9%a4%8a%e5%b0%8f%e6%95%99%e5%ae%a4/embed/ HTTP/1.1" 200 10974 "-" "Mozilla/5.0 AppleWebKit/537.36 (KHTML, like Gecko; compatible; GPTBot/1.2; +https://openai.com/gptbot)"
193.70.81.99 - - [24/Nov/2024:00:47:39 +0800] "GET /category/%E4%BF%9D%E9%A4%8A%E8%A7%80%E5%BF%B5/page/12/ HTTP/1.1" 200 29724 "-" "Mozilla/5.0 (compatible; MJ12bot/v1.4.8; http://mj12bot.com/)"
193.70.81.99 - - [24/Nov/2024:00:47:41 +0800] "GET /category/%E4%BF%9D%E9%A4%8A%E8%A7%80%E5%BF%B5/page/2/ HTTP/1.1" 200 15711 "-" "Mozilla/5.0 (compatible; MJ12bot/v1.4.8; http://mj12bot.com/)"
193.70.81.99 - - [24/Nov/2024:00:47:43 +0800] "GET /category/%E4%BF%9D%E9%A4%8A%E8%A7%80%E5%BF%B5/page/3/ HTTP/1.1" 200 14308 "-" "Mozilla/5.0 (compatible; MJ12bot/v1.4.8; http://mj12bot.com/)"
4.227.36.14 - - [24/Nov/2024:00:47:44 +0800] "GET /%e9%bb%83%e9%87%91%e7%b7%9a%e6%8f%9b%e5%ad%a3%e4%bf%9d%e9%a4%8a%e5%b0%8f%e6%95%99%e5%ae%a4/embed/ HTTP/1.1" 200 10973 "-" "Mozilla/5.0 AppleWebKit/537.36 (KHTML, like Gecko; compatible; GPTBot/1.2; +https://openai.com/gptbot)"
193.70.81.99 - - [24/Nov/2024:00:47:45 +0800] "GET /category/%E5%93%81%E7%89%8C%E7%9B%B8%E9%97%9C/page/2/ HTTP/1.1" 200 25809 "-" "Mozilla/5.0 (compatible; MJ12bot/v1.4.8; http://mj12bot.com/)"
193.70.81.99 - - [24/Nov/2024:00:47:47 +0800] "GET /category/%E5%93%81%E7%89%8C%E7%9B%B8%E9%97%9C/page/8/ HTTP/1.1" 200 21831 "-" "Mozilla/5.0 (compatible; MJ12bot/v1.4.8; http://mj12bot.com/)"
193.70.81.99 - - [24/Nov/2024:00:47:49 +0800] "GET /category/%E6%87%89%E7%94%A8%E8%A7%80%E5%BF%B5/page/2/ HTTP/1.1" 200 14582 "-" "Mozilla/5.0 (compatible; MJ12bot/v1.4.8; http://mj12bot.com/)"
4.227.36.14 - - [24/Nov/2024:00:47:51 +0800] "GET /%e9%bb%83%e9%87%91%e7%b7%9a%e6%8f%9b%e5%ad%a3%e4%bf%9d%e9%a4%8a%e5%b0%8f%e6%95%99%e5%ae%a4/embed/ HTTP/1.1" 200 10971 "-" "Mozilla/5.0 AppleWebKit/537.36 (KHTML, like Gecko; compatible; GPTBot/1.2; +https://openai.com/gptbot)"
193.70.81.99 - - [24/Nov/2024:00:47:51 +0800] "GET /category/%E6%87%89%E7%94%A8%E8%A7%80%E5%BF%B5/page/3/ HTTP/1.1" 200 25663 "-" "Mozilla/5.0 (compatible; MJ12bot/v1.4.8; http://mj12bot.com/)"
193.70.81.99 - - [24/Nov/2024:00:47:54 +0800] "GET /category/%E6%87%89%E7%94%A8%E8%A7%80%E5%BF%B5/page/8/ HTTP/1.1" 200 20393 "-" "Mozilla/5.0 (compatible; MJ12bot/v1.4.8; http://mj12bot.com/)"
193.70.81.99 - - [24/Nov/2024:00:47:56 +0800] "GET /category/%E7%B6%AD%E4%BF%AE%E8%A7%80%E5%BF%B5/page/7/ HTTP/1.1" 200 25703 "-" "Mozilla/5.0 (compatible; MJ12bot/v1.4.8; http://mj12bot.com/)"
4.227.36.14 - - [24/Nov/2024:00:47:57 +0800] "GET /%e9%bb%83%e9%87%91%e7%b7%9a%e6%8f%9b%e5%ad%a3%e4%bf%9d%e9%a4%8a%e5%b0%8f%e6%95%99%e5%ae%a4/embed/ HTTP/1.1" 200 10972 "-" "Mozilla/5.0 AppleWebKit/537.36 (KHTML, like Gecko; compatible; GPTBot/1.2; +https://openai.com/gptbot)"
193.70.81.99 - - [24/Nov/2024:00:47:58 +0800] "GET /tag/%E4%B8%AD%E5%8F%A4%E8%BB%8A/ HTTP/1.1" 200 19089 "-" "Mozilla/5.0 (compatible; MJ12bot/v1.4.8; http://mj12bot.com/)"
193.70.81.99 - - [24/Nov/2024:00:48:00 +0800] "GET /tag/%E5%9C%B0%E7%90%83%E9%BB%83%E9%87%91%E7%B7%9A/ HTTP/1.1" 200 14583 "-" "Mozilla/5.0 (compatible; MJ12bot/v1.4.8; http://mj12bot.com/)"
193.70.81.99 - - [24/Nov/2024:00:48:02 +0800] "GET /tag/%E5%9C%B0%E7%90%83%E9%BB%83%E9%87%91%E7%B7%9A/page/2/ HTTP/1.1" 200 14375 "-" "Mozilla/5.0 (compatible; MJ12bot/v1.4.8; http://mj12bot.com/)"
193.70.81.99 - - [24/Nov/2024:00:48:04 +0800] "GET /tag/%E5%BC%95%E6%93%8E%E6%A9%9F%E6%B2%B9/ HTTP/1.1" 200 14341 "-" "Mozilla/5.0 (compatible; MJ12bot/v1.4.8; http://mj12bot.com/)"
193.70.81.99 - - [24/Nov/2024:00:48:06 +0800] "GET /tag/%E5%BF%AB%E6%A8%82%E8%B7%91/ HTTP/1.1" 200 25735 "-" "Mozilla/5.0 (compatible; MJ12bot/v1.4.8; http://mj12bot.com/)"
4.227.36.14 - - [24/Nov/2024:00:48:07 +0800] "GET /%e9%bb%83%e9%87%91%e7%b7%9a%e6%8f%9b%e5%ad%a3%e4%bf%9d%e9%a4%8a%e5%b0%8f%e6%95%99%e5%ae%a4/embed/ HTTP/1.1" 200 10973 "-" "Mozilla/5.0 AppleWebKit/537.36 (KHTML, like Gecko; compatible; GPTBot/1.2; +https://openai.com/gptbot)"
193.70.81.99 - - [24/Nov/2024:00:48:08 +0800] "GET /tag/%E6%94%B9%E9%9B%BB%E8%85%A6/ HTTP/1.1" 200 13938 "-" "Mozilla/5.0 (compatible; MJ12bot/v1.4.8; http://mj12bot.com/)"
193.70.81.99 - - [24/Nov/2024:00:48:10 +0800] "GET /tag/%E6%A6%B4%E5%BD%88%E5%85%B5/feed/ HTTP/1.1" 200 1571 "-" "Mozilla/5.0 (compatible; MJ12bot/v1.4.8; http://mj12bot.com/)"
193.70.81.99 - - [24/Nov/2024:00:48:12 +0800] "GET /tag/%E6%B2%B9%E9%9B%BB%E8%BB%8A/ HTTP/1.1" 200 22376 "-" "Mozilla/5.0 (compatible; MJ12bot/v1.4.8; http://mj12bot.com/)"
4.227.36.14 - - [24/Nov/2024:00:48:13 +0800] "GET /%e9%bb%83%e9%87%91%e7%b7%9a%e6%8f%9b%e5%ad%a3%e4%bf%9d%e9%a4%8a%e5%b0%8f%e6%95%99%e5%ae%a4/embed/ HTTP/1.1" 200 10973 "-" "Mozilla/5.0 AppleWebKit/537.36 (KHTML, like Gecko; compatible; GPTBot/1.2; +https://openai.com/gptbot)"
4.227.36.14 - - [24/Nov/2024:00:48:20 +0800] "GET /%e9%bb%83%e9%87%91%e7%b7%9a%e6%8f%9b%e5%ad%a3%e4%bf%9d%e9%a4%8a%e5%b0%8f%e6%95%99%e5%ae%a4/embed/ HTTP/1.1" 200 10972 "-" "Mozilla/5.0 AppleWebKit/537.36 (KHTML, like Gecko; compatible; GPTBot/1.2; +https://openai.com/gptbot)"
193.70.81.99 - - [24/Nov/2024:00:48:20 +0800] "GET /tag/%E8%80%81%E8%BB%8A/ HTTP/1.1" 200 17551 "-" "Mozilla/5.0 (compatible; MJ12bot/v1.4.8; http://mj12bot.com/)"
193.70.81.99 - - [24/Nov/2024:00:48:22 +0800] "GET /tag/%E8%8B%B1%E5%8A%9B%E5%A3%AB/feed/ HTTP/1.1" 200 1570 "-" "Mozilla/5.0 (compatible; MJ12bot/v1.4.8; http://mj12bot.com/)"
185.191.171.13 - - [24/Nov/2024:00:48:22 +0800] "GET /tag/%E6%80%A7%E8%83%BD%E8%AA%BF%E6%95%B4/ HTTP/1.1" 200 30753 "-" "Mozilla/5.0 (compatible; SemrushBot/7~bl; +http://www.semrush.com/bot.html)"
193.70.81.99 - - [24/Nov/2024:00:48:24 +0800] "GET /tag/%E8%AE%8A%E9%80%9F%E7%AE%B1/ HTTP/1.1" 200 29274 "-" "Mozilla/5.0 (compatible; MJ12bot/v1.4.8; http://mj12bot.com/)"
4.227.36.14 - - [24/Nov/2024:00:48:25 +0800] "GET /%e9%bb%83%e9%87%91%e7%b7%9a%e6%8f%9b%e5%ad%a3%e4%bf%9d%e9%a4%8a%e5%b0%8f%e6%95%99%e5%ae%a4/embed/ HTTP/1.1" 200 10973 "-" "Mozilla/5.0 AppleWebKit/537.36 (KHTML, like Gecko; compatible; GPTBot/1.2; +https://openai.com/gptbot)"
193.70.81.99 - - [24/Nov/2024:00:48:26 +0800] "GET /tag/%E9%9B%99b/ HTTP/1.1" 200 20660 "-" "Mozilla/5.0 (compatible; MJ12bot/v1.4.8; http://mj12bot.com/)"
193.70.81.99 - - [24/Nov/2024:00:48:28 +0800] "GET /tag/%E5%9C%B0%E7%90%83%E9%BB%83%E9%87%91%E7%B7%9A/page/8/ HTTP/1.1" 200 14372 "-" "Mozilla/5.0 (compatible; MJ12bot/v1.4.8; http://mj12bot.com/)"
193.70.81.99 - - [24/Nov/2024:00:48:30 +0800] "GET /tag/%E6%A6%B4%E5%BD%88%E5%85%B5/ HTTP/1.1" 200 23162 "-" "Mozilla/5.0 (compatible; MJ12bot/v1.4.8; http://mj12bot.com/)"
4.227.36.14 - - [24/Nov/2024:00:48:32 +0800] "GET /%e9%bb%83%e9%87%91%e7%b7%9a%e6%8f%9b%e5%ad%a3%e4%bf%9d%e9%a4%8a%e5%b0%8f%e6%95%99%e5%ae%a4/embed/ HTTP/1.1" 200 10975 "-" "Mozilla/5.0 AppleWebKit/537.36 (KHTML, like Gecko; compatible; GPTBot/1.2; +https://openai.com/gptbot)"
193.70.81.99 - - [24/Nov/2024:00:48:32 +0800] "GET /tag/%E8%8B%B1%E5%8A%9B%E5%A3%AB/ HTTP/1.1" 200 23165 "-" "Mozilla/5.0 (compatible; MJ12bot/v1.4.8; http://mj12bot.com/)"
193.70.81.99 - - [24/Nov/2024:00:48:35 +0800] "GET /the-small-escape-%E4%B8%80%E5%80%8B%E7%9C%9F%E5%AF%A6%E7%9A%84%E6%95%85%E4%BA%8B/?share=linkedin HTTP/1.1" 302 528 "-" "Mozilla/5.0 (compatible; MJ12bot/v1.4.8; http://mj12bot.com/)"
4.227.36.14 - - [24/Nov/2024:00:48:39 +0800] "GET /%e9%bb%83%e9%87%91%e7%b7%9a%e6%8f%9b%e5%ad%a3%e4%bf%9d%e9%a4%8a%e5%b0%8f%e6%95%99%e5%ae%a4/embed/ HTTP/1.1" 200 10972 "-" "Mozilla/5.0 AppleWebKit/537.36 (KHTML, like Gecko; compatible; GPTBot/1.2; +https://openai.com/gptbot)"
193.70.81.99 - - [24/Nov/2024:00:48:39 +0800] "GET /the-small-escape-%E4%B8%80%E5%80%8B%E7%9C%9F%E5%AF%A6%E7%9A%84%E6%95%85%E4%BA%8B/feed/ HTTP/1.1" 200 1186 "-" "Mozilla/5.0 (compatible; MJ12bot/v1.4.8; http://mj12bot.com/)"
