68.183.80.133 - - [23/Nov/2024:19:44:22 +0800] "POST //xmlrpc.php HTTP/1.1" 200 4037 "-" "Mozilla/5.0 (Windows NT 10.0; Win64; x64) AppleWebKit/537.36 (KHTML, like Gecko) Chrome/80.0.3987.149 Safari/537.36"
220.135.127.108 - - [23/Nov/2024:19:44:25 +0800] "POST /wp-cron.php?doing_wp_cron=1732362265.6113700866699218750000 HTTP/1.1" 200 4050 "-" "WordPress/6.7.1; https://www.car32.tw"
66.249.77.135 - - [23/Nov/2024:19:44:25 +0800] "GET /%E9%A2%A8%E6%B4%9E%E8%A9%A6%E9%A9%97%EF%BC%9A%E5%9C%A8-bmw-%E9%A2%A8%E6%B4%9E%E7%9A%84-alpina/ HTTP/1.1" 200 24097 "-" "Mozilla/5.0 (Linux; Android 6.0.1; Nexus 5X Build/MMB29P) AppleWebKit/537.36 (KHTML, like Gecko) Chrome/131.0.6778.69 Mobile Safari/537.36 (compatible; Googlebot/2.1; +http://www.google.com/bot.html)"
68.183.80.133 - - [23/Nov/2024:19:44:25 +0800] "POST //xmlrpc.php HTTP/1.1" 200 4037 "-" "Mozilla/5.0 (Windows NT 10.0; Win64; x64) AppleWebKit/537.36 (KHTML, like Gecko) Chrome/80.0.3987.149 Safari/537.36"
68.183.80.133 - - [23/Nov/2024:19:44:28 +0800] "POST //xmlrpc.php HTTP/1.1" 200 4037 "-" "Mozilla/5.0 (Windows NT 10.0; Win64; x64) AppleWebKit/537.36 (KHTML, like Gecko) Chrome/80.0.3987.149 Safari/537.36"
68.183.80.133 - - [23/Nov/2024:19:44:29 +0800] "POST //xmlrpc.php HTTP/1.1" 200 4037 "-" "Mozilla/5.0 (Windows NT 10.0; Win64; x64) AppleWebKit/537.36 (KHTML, like Gecko) Chrome/80.0.3987.149 Safari/537.36"
68.183.80.133 - - [23/Nov/2024:19:44:32 +0800] "POST //xmlrpc.php HTTP/1.1" 200 4037 "-" "Mozilla/5.0 (Windows NT 10.0; Win64; x64) AppleWebKit/537.36 (KHTML, like Gecko) Chrome/80.0.3987.149 Safari/537.36"
68.183.80.133 - - [23/Nov/2024:19:44:33 +0800] "POST //xmlrpc.php HTTP/1.1" 200 4037 "-" "Mozilla/5.0 (Windows NT 10.0; Win64; x64) AppleWebKit/537.36 (KHTML, like Gecko) Chrome/80.0.3987.149 Safari/537.36"
68.183.80.133 - - [23/Nov/2024:19:44:34 +0800] "POST //xmlrpc.php HTTP/1.1" 200 4037 "-" "Mozilla/5.0 (Windows NT 10.0; Win64; x64) AppleWebKit/537.36 (KHTML, like Gecko) Chrome/80.0.3987.149 Safari/537.36"
68.183.80.133 - - [23/Nov/2024:19:44:37 +0800] "POST //xmlrpc.php HTTP/1.1" 200 4037 "-" "Mozilla/5.0 (Windows NT 10.0; Win64; x64) AppleWebKit/537.36 (KHTML, like Gecko) Chrome/80.0.3987.149 Safari/537.36"
66.249.77.134 - - [23/Nov/2024:19:44:40 +0800] "GET /%E9%A2%A8%E6%B4%9E%E8%A9%A6%E9%A9%97%EF%BC%9A%E5%9C%A8-bmw-%E9%A2%A8%E6%B4%9E%E7%9A%84-alpina/?relatedposts=1 HTTP/1.1" 200 7745 "https://www.car32.tw/%E9%A2%A8%E6%B4%9E%E8%A9%A6%E9%A9%97%EF%BC%9A%E5%9C%A8-bmw-%E9%A2%A8%E6%B4%9E%E7%9A%84-alpina/" "Mozilla/5.0 (Linux; Android 6.0.1; Nexus 5X Build/MMB29P) AppleWebKit/537.36 (KHTML, like Gecko) Chrome/131.0.6778.69 Mobile Safari/537.36 (compatible; Googlebot/2.1; +http://www.google.com/bot.html)"
68.183.80.133 - - [23/Nov/2024:19:44:40 +0800] "POST //xmlrpc.php HTTP/1.1" 200 4037 "-" "Mozilla/5.0 (Windows NT 10.0; Win64; x64) AppleWebKit/537.36 (KHTML, like Gecko) Chrome/80.0.3987.149 Safari/537.36"
68.183.80.133 - - [23/Nov/2024:19:44:43 +0800] "POST //xmlrpc.php HTTP/1.1" 200 4037 "-" "Mozilla/5.0 (Windows NT 10.0; Win64; x64) AppleWebKit/537.36 (KHTML, like Gecko) Chrome/80.0.3987.149 Safari/537.36"
68.183.80.133 - - [23/Nov/2024:19:44:46 +0800] "POST //xmlrpc.php HTTP/1.1" 200 4037 "-" "Mozilla/5.0 (Windows NT 10.0; Win64; x64) AppleWebKit/537.36 (KHTML, like Gecko) Chrome/80.0.3987.149 Safari/537.36"
68.183.80.133 - - [23/Nov/2024:19:44:47 +0800] "POST //xmlrpc.php HTTP/1.1" 200 4037 "-" "Mozilla/5.0 (Windows NT 10.0; Win64; x64) AppleWebKit/537.36 (KHTML, like Gecko) Chrome/80.0.3987.149 Safari/537.36"
68.183.80.133 - - [23/Nov/2024:19:44:48 +0800] "POST //xmlrpc.php HTTP/1.1" 200 4037 "-" "Mozilla/5.0 (Windows NT 10.0; Win64; x64) AppleWebKit/537.36 (KHTML, like Gecko) Chrome/80.0.3987.149 Safari/537.36"
68.183.80.133 - - [23/Nov/2024:19:44:51 +0800] "POST //xmlrpc.php HTTP/1.1" 200 4037 "-" "Mozilla/5.0 (Windows NT 10.0; Win64; x64) AppleWebKit/537.36 (KHTML, like Gecko) Chrome/80.0.3987.149 Safari/537.36"
68.183.80.133 - - [23/Nov/2024:19:44:55 +0800] "POST //xmlrpc.php HTTP/1.1" 200 4037 "-" "Mozilla/5.0 (Windows NT 10.0; Win64; x64) AppleWebKit/537.36 (KHTML, like Gecko) Chrome/80.0.3987.149 Safari/537.36"
68.183.80.133 - - [23/Nov/2024:19:44:56 +0800] "POST //xmlrpc.php HTTP/1.1" 200 4037 "-" "Mozilla/5.0 (Windows NT 10.0; Win64; x64) AppleWebKit/537.36 (KHTML, like Gecko) Chrome/80.0.3987.149 Safari/537.36"
68.183.80.133 - - [23/Nov/2024:19:44:58 +0800] "POST //xmlrpc.php HTTP/1.1" 200 4037 "-" "Mozilla/5.0 (Windows NT 10.0; Win64; x64) AppleWebKit/537.36 (KHTML, like Gecko) Chrome/80.0.3987.149 Safari/537.36"
68.183.80.133 - - [23/Nov/2024:19:44:59 +0800] "POST //xmlrpc.php HTTP/1.1" 200 4037 "-" "Mozilla/5.0 (Windows NT 10.0; Win64; x64) AppleWebKit/537.36 (KHTML, like Gecko) Chrome/80.0.3987.149 Safari/537.36"
68.183.80.133 - - [23/Nov/2024:19:45:01 +0800] "POST //xmlrpc.php HTTP/1.1" 200 4037 "-" "Mozilla/5.0 (Windows NT 10.0; Win64; x64) AppleWebKit/537.36 (KHTML, like Gecko) Chrome/80.0.3987.149 Safari/537.36"
68.183.80.133 - - [23/Nov/2024:19:45:03 +0800] "POST //xmlrpc.php HTTP/1.1" 200 4037 "-" "Mozilla/5.0 (Windows NT 10.0; Win64; x64) AppleWebKit/537.36 (KHTML, like Gecko) Chrome/80.0.3987.149 Safari/537.36"
68.183.80.133 - - [23/Nov/2024:19:45:08 +0800] "POST //xmlrpc.php HTTP/1.1" 200 4037 "-" "Mozilla/5.0 (Windows NT 10.0; Win64; x64) AppleWebKit/537.36 (KHTML, like Gecko) Chrome/80.0.3987.149 Safari/537.36"
68.183.80.133 - - [23/Nov/2024:19:45:11 +0800] "POST //xmlrpc.php HTTP/1.1" 200 4037 "-" "Mozilla/5.0 (Windows NT 10.0; Win64; x64) AppleWebKit/537.36 (KHTML, like Gecko) Chrome/80.0.3987.149 Safari/537.36"
68.183.80.133 - - [23/Nov/2024:19:45:14 +0800] "POST //xmlrpc.php HTTP/1.1" 200 4037 "-" "Mozilla/5.0 (Windows NT 10.0; Win64; x64) AppleWebKit/537.36 (KHTML, like Gecko) Chrome/80.0.3987.149 Safari/537.36"
68.183.80.133 - - [23/Nov/2024:19:45:17 +0800] "POST //xmlrpc.php HTTP/1.1" 200 4037 "-" "Mozilla/5.0 (Windows NT 10.0; Win64; x64) AppleWebKit/537.36 (KHTML, like Gecko) Chrome/80.0.3987.149 Safari/537.36"
4.227.36.14 - - [23/Nov/2024:19:45:17 +0800] "GET /%e9%bb%83%e9%87%91%e7%b7%9a%e6%8f%9b%e5%ad%a3%e4%bf%9d%e9%a4%8a%e5%b0%8f%e6%95%99%e5%ae%a4/embed/ HTTP/1.1" 200 10972 "-" "Mozilla/5.0 AppleWebKit/537.36 (KHTML, like Gecko; compatible; GPTBot/1.2; +https://openai.com/gptbot)"
68.183.80.133 - - [23/Nov/2024:19:45:18 +0800] "POST //xmlrpc.php HTTP/1.1" 200 4037 "-" "Mozilla/5.0 (Windows NT 10.0; Win64; x64) AppleWebKit/537.36 (KHTML, like Gecko) Chrome/80.0.3987.149 Safari/537.36"
68.183.80.133 - - [23/Nov/2024:19:45:20 +0800] "POST //xmlrpc.php HTTP/1.1" 200 4037 "-" "Mozilla/5.0 (Windows NT 10.0; Win64; x64) AppleWebKit/537.36 (KHTML, like Gecko) Chrome/80.0.3987.149 Safari/537.36"
68.183.80.133 - - [23/Nov/2024:19:45:21 +0800] "POST //xmlrpc.php HTTP/1.1" 200 4037 "-" "Mozilla/5.0 (Windows NT 10.0; Win64; x64) AppleWebKit/537.36 (KHTML, like Gecko) Chrome/80.0.3987.149 Safari/537.36"
68.183.80.133 - - [23/Nov/2024:19:45:24 +0800] "POST //xmlrpc.php HTTP/1.1" 200 4037 "-" "Mozilla/5.0 (Windows NT 10.0; Win64; x64) AppleWebKit/537.36 (KHTML, like Gecko) Chrome/80.0.3987.149 Safari/537.36"
68.183.80.133 - - [23/Nov/2024:19:45:25 +0800] "POST //xmlrpc.php HTTP/1.1" 200 4037 "-" "Mozilla/5.0 (Windows NT 10.0; Win64; x64) AppleWebKit/537.36 (KHTML, like Gecko) Chrome/80.0.3987.149 Safari/537.36"
68.183.80.133 - - [23/Nov/2024:19:45:27 +0800] "POST //xmlrpc.php HTTP/1.1" 200 4037 "-" "Mozilla/5.0 (Windows NT 10.0; Win64; x64) AppleWebKit/537.36 (KHTML, like Gecko) Chrome/80.0.3987.149 Safari/537.36"
220.135.127.108 - - [23/Nov/2024:19:45:32 +0800] "POST /wp-cron.php?doing_wp_cron=1732362332.9626901149749755859375 HTTP/1.1" 200 4050 "-" "WordPress/6.7.1; https://www.car32.tw"
68.183.80.133 - - [23/Nov/2024:19:45:32 +0800] "POST //xmlrpc.php HTTP/1.1" 200 4037 "-" "Mozilla/5.0 (Windows NT 10.0; Win64; x64) AppleWebKit/537.36 (KHTML, like Gecko) Chrome/80.0.3987.149 Safari/537.36"
68.183.80.133 - - [23/Nov/2024:19:45:35 +0800] "POST //xmlrpc.php HTTP/1.1" 200 4037 "-" "Mozilla/5.0 (Windows NT 10.0; Win64; x64) AppleWebKit/537.36 (KHTML, like Gecko) Chrome/80.0.3987.149 Safari/537.36"
68.183.80.133 - - [23/Nov/2024:19:45:36 +0800] "POST //xmlrpc.php HTTP/1.1" 200 4037 "-" "Mozilla/5.0 (Windows NT 10.0; Win64; x64) AppleWebKit/537.36 (KHTML, like Gecko) Chrome/80.0.3987.149 Safari/537.36"
68.183.80.133 - - [23/Nov/2024:19:45:38 +0800] "POST //xmlrpc.php HTTP/1.1" 200 4037 "-" "Mozilla/5.0 (Windows NT 10.0; Win64; x64) AppleWebKit/537.36 (KHTML, like Gecko) Chrome/80.0.3987.149 Safari/537.36"
68.183.80.133 - - [23/Nov/2024:19:45:40 +0800] "POST //xmlrpc.php HTTP/1.1" 200 4037 "-" "Mozilla/5.0 (Windows NT 10.0; Win64; x64) AppleWebKit/537.36 (KHTML, like Gecko) Chrome/80.0.3987.149 Safari/537.36"
68.183.80.133 - - [23/Nov/2024:19:45:46 +0800] "POST //xmlrpc.php HTTP/1.1" 200 4037 "-" "Mozilla/5.0 (Windows NT 10.0; Win64; x64) AppleWebKit/537.36 (KHTML, like Gecko) Chrome/80.0.3987.149 Safari/537.36"
68.183.80.133 - - [23/Nov/2024:19:45:49 +0800] "POST //xmlrpc.php HTTP/1.1" 200 4037 "-" "Mozilla/5.0 (Windows NT 10.0; Win64; x64) AppleWebKit/537.36 (KHTML, like Gecko) Chrome/80.0.3987.149 Safari/537.36"
68.183.80.133 - - [23/Nov/2024:19:45:51 +0800] "POST //xmlrpc.php HTTP/1.1" 200 4037 "-" "Mozilla/5.0 (Windows NT 10.0; Win64; x64) AppleWebKit/537.36 (KHTML, like Gecko) Chrome/80.0.3987.149 Safari/537.36"
192.0.82.55 - - [23/Nov/2024:19:45:52 +0800] "HEAD / HTTP/1.1" 200 4000 "-" "jetmon/1.0 (Jetpack Site Uptime Monitor by WordPress.com)"
68.183.80.133 - - [23/Nov/2024:19:45:53 +0800] "POST //xmlrpc.php HTTP/1.1" 200 4037 "-" "Mozilla/5.0 (Windows NT 10.0; Win64; x64) AppleWebKit/537.36 (KHTML, like Gecko) Chrome/80.0.3987.149 Safari/537.36"
68.183.80.133 - - [23/Nov/2024:19:45:55 +0800] "POST //xmlrpc.php HTTP/1.1" 200 4037 "-" "Mozilla/5.0 (Windows NT 10.0; Win64; x64) AppleWebKit/537.36 (KHTML, like Gecko) Chrome/80.0.3987.149 Safari/537.36"
68.183.80.133 - - [23/Nov/2024:19:45:57 +0800] "POST //xmlrpc.php HTTP/1.1" 200 4037 "-" "Mozilla/5.0 (Windows NT 10.0; Win64; x64) AppleWebKit/537.36 (KHTML, like Gecko) Chrome/80.0.3987.149 Safari/537.36"
68.183.80.133 - - [23/Nov/2024:19:46:02 +0800] "POST //xmlrpc.php HTTP/1.1" 200 4037 "-" "Mozilla/5.0 (Windows NT 10.0; Win64; x64) AppleWebKit/537.36 (KHTML, like Gecko) Chrome/80.0.3987.149 Safari/537.36"
68.183.80.133 - - [23/Nov/2024:19:46:04 +0800] "POST //xmlrpc.php HTTP/1.1" 200 4037 "-" "Mozilla/5.0 (Windows NT 10.0; Win64; x64) AppleWebKit/537.36 (KHTML, like Gecko) Chrome/80.0.3987.149 Safari/537.36"
68.183.80.133 - - [23/Nov/2024:19:46:09 +0800] "POST //xmlrpc.php HTTP/1.1" 200 4037 "-" "Mozilla/5.0 (Windows NT 10.0; Win64; x64) AppleWebKit/537.36 (KHTML, like Gecko) Chrome/80.0.3987.149 Safari/537.36"
4.227.36.14 - - [23/Nov/2024:19:46:12 +0800] "GET /%e9%bb%83%e9%87%91%e7%b7%9a%e6%8f%9b%e5%ad%a3%e4%bf%9d%e9%a4%8a%e5%b0%8f%e6%95%99%e5%ae%a4/embed/ HTTP/1.1" 200 10972 "-" "Mozilla/5.0 AppleWebKit/537.36 (KHTML, like Gecko; compatible; GPTBot/1.2; +https://openai.com/gptbot)"
68.183.80.133 - - [23/Nov/2024:19:46:12 +0800] "POST //xmlrpc.php HTTP/1.1" 200 4037 "-" "Mozilla/5.0 (Windows NT 10.0; Win64; x64) AppleWebKit/537.36 (KHTML, like Gecko) Chrome/80.0.3987.149 Safari/537.36"
68.183.80.133 - - [23/Nov/2024:19:46:15 +0800] "POST //xmlrpc.php HTTP/1.1" 200 4037 "-" "Mozilla/5.0 (Windows NT 10.0; Win64; x64) AppleWebKit/537.36 (KHTML, like Gecko) Chrome/80.0.3987.149 Safari/537.36"
68.183.80.133 - - [23/Nov/2024:19:46:16 +0800] "POST //xmlrpc.php HTTP/1.1" 200 4037 "-" "Mozilla/5.0 (Windows NT 10.0; Win64; x64) AppleWebKit/537.36 (KHTML, like Gecko) Chrome/80.0.3987.149 Safari/537.36"
68.183.80.133 - - [23/Nov/2024:19:46:21 +0800] "POST //xmlrpc.php HTTP/1.1" 200 4037 "-" "Mozilla/5.0 (Windows NT 10.0; Win64; x64) AppleWebKit/537.36 (KHTML, like Gecko) Chrome/80.0.3987.149 Safari/537.36"
68.183.80.133 - - [23/Nov/2024:19:46:23 +0800] "POST //xmlrpc.php HTTP/1.1" 200 4037 "-" "Mozilla/5.0 (Windows NT 10.0; Win64; x64) AppleWebKit/537.36 (KHTML, like Gecko) Chrome/80.0.3987.149 Safari/537.36"
68.183.80.133 - - [23/Nov/2024:19:46:25 +0800] "POST //xmlrpc.php HTTP/1.1" 200 4037 "-" "Mozilla/5.0 (Windows NT 10.0; Win64; x64) AppleWebKit/537.36 (KHTML, like Gecko) Chrome/80.0.3987.149 Safari/537.36"
68.183.80.133 - - [23/Nov/2024:19:46:28 +0800] "POST //xmlrpc.php HTTP/1.1" 200 4037 "-" "Mozilla/5.0 (Windows NT 10.0; Win64; x64) AppleWebKit/537.36 (KHTML, like Gecko) Chrome/80.0.3987.149 Safari/537.36"
68.183.80.133 - - [23/Nov/2024:19:46:32 +0800] "POST //xmlrpc.php HTTP/1.1" 200 4037 "-" "Mozilla/5.0 (Windows NT 10.0; Win64; x64) AppleWebKit/537.36 (KHTML, like Gecko) Chrome/80.0.3987.149 Safari/537.36"
68.183.80.133 - - [23/Nov/2024:19:46:34 +0800] "POST //xmlrpc.php HTTP/1.1" 200 4037 "-" "Mozilla/5.0 (Windows NT 10.0; Win64; x64) AppleWebKit/537.36 (KHTML, like Gecko) Chrome/80.0.3987.149 Safari/537.36"
68.183.80.133 - - [23/Nov/2024:19:46:35 +0800] "POST //xmlrpc.php HTTP/1.1" 200 4037 "-" "Mozilla/5.0 (Windows NT 10.0; Win64; x64) AppleWebKit/537.36 (KHTML, like Gecko) Chrome/80.0.3987.149 Safari/537.36"
68.183.80.133 - - [23/Nov/2024:19:46:38 +0800] "POST //xmlrpc.php HTTP/1.1" 200 4037 "-" "Mozilla/5.0 (Windows NT 10.0; Win64; x64) AppleWebKit/537.36 (KHTML, like Gecko) Chrome/80.0.3987.149 Safari/537.36"
4.227.36.14 - - [23/Nov/2024:19:46:42 +0800] "GET /%e9%bb%83%e9%87%91%e7%b7%9a%e6%8f%9b%e5%ad%a3%e4%bf%9d%e9%a4%8a%e5%b0%8f%e6%95%99%e5%ae%a4/embed/ HTTP/1.1" 200 10972 "-" "Mozilla/5.0 AppleWebKit/537.36 (KHTML, like Gecko; compatible; GPTBot/1.2; +https://openai.com/gptbot)"
68.183.80.133 - - [23/Nov/2024:19:46:43 +0800] "POST //xmlrpc.php HTTP/1.1" 200 4037 "-" "Mozilla/5.0 (Windows NT 10.0; Win64; x64) AppleWebKit/537.36 (KHTML, like Gecko) Chrome/80.0.3987.149 Safari/537.36"
68.183.80.133 - - [23/Nov/2024:19:46:44 +0800] "POST //xmlrpc.php HTTP/1.1" 200 4037 "-" "Mozilla/5.0 (Windows NT 10.0; Win64; x64) AppleWebKit/537.36 (KHTML, like Gecko) Chrome/80.0.3987.149 Safari/537.36"
68.183.80.133 - - [23/Nov/2024:19:46:46 +0800] "POST //xmlrpc.php HTTP/1.1" 200 4037 "-" "Mozilla/5.0 (Windows NT 10.0; Win64; x64) AppleWebKit/537.36 (KHTML, like Gecko) Chrome/80.0.3987.149 Safari/537.36"
68.183.80.133 - - [23/Nov/2024:19:46:49 +0800] "POST //xmlrpc.php HTTP/1.1" 200 4037 "-" "Mozilla/5.0 (Windows NT 10.0; Win64; x64) AppleWebKit/537.36 (KHTML, like Gecko) Chrome/80.0.3987.149 Safari/537.36"
216.244.66.249 - - [23/Nov/2024:19:46:50 +0800] "GET /robots.txt HTTP/1.1" 301 529 "-" "Mozilla/5.0 (compatible; DotBot/1.2; +https://opensiteexplorer.org/dotbot; help@moz.com)"
216.244.66.249 - - [23/Nov/2024:19:46:51 +0800] "GET /robots.txt HTTP/1.1" 200 3513 "-" "Mozilla/5.0 (compatible; DotBot/1.2; +https://opensiteexplorer.org/dotbot; help@moz.com)"
68.183.80.133 - - [23/Nov/2024:19:46:52 +0800] "POST //xmlrpc.php HTTP/1.1" 200 4037 "-" "Mozilla/5.0 (Windows NT 10.0; Win64; x64) AppleWebKit/537.36 (KHTML, like Gecko) Chrome/80.0.3987.149 Safari/537.36"
68.183.80.133 - - [23/Nov/2024:19:46:54 +0800] "POST //xmlrpc.php HTTP/1.1" 200 4037 "-" "Mozilla/5.0 (Windows NT 10.0; Win64; x64) AppleWebKit/537.36 (KHTML, like Gecko) Chrome/80.0.3987.149 Safari/537.36"
68.183.80.133 - - [23/Nov/2024:19:46:55 +0800] "POST //xmlrpc.php HTTP/1.1" 200 4037 "-" "Mozilla/5.0 (Windows NT 10.0; Win64; x64) AppleWebKit/537.36 (KHTML, like Gecko) Chrome/80.0.3987.149 Safari/537.36"
68.183.80.133 - - [23/Nov/2024:19:46:58 +0800] "POST //xmlrpc.php HTTP/1.1" 200 4037 "-" "Mozilla/5.0 (Windows NT 10.0; Win64; x64) AppleWebKit/537.36 (KHTML, like Gecko) Chrome/80.0.3987.149 Safari/537.36"
68.183.80.133 - - [23/Nov/2024:19:47:02 +0800] "POST //xmlrpc.php HTTP/1.1" 200 4037 "-" "Mozilla/5.0 (Windows NT 10.0; Win64; x64) AppleWebKit/537.36 (KHTML, like Gecko) Chrome/80.0.3987.149 Safari/537.36"
68.183.80.133 - - [23/Nov/2024:19:47:03 +0800] "POST //xmlrpc.php HTTP/1.1" 200 4037 "-" "Mozilla/5.0 (Windows NT 10.0; Win64; x64) AppleWebKit/537.36 (KHTML, like Gecko) Chrome/80.0.3987.149 Safari/537.36"
68.183.80.133 - - [23/Nov/2024:19:47:05 +0800] "POST //xmlrpc.php HTTP/1.1" 200 4037 "-" "Mozilla/5.0 (Windows NT 10.0; Win64; x64) AppleWebKit/537.36 (KHTML, like Gecko) Chrome/80.0.3987.149 Safari/537.36"
68.183.80.133 - - [23/Nov/2024:19:47:06 +0800] "POST //xmlrpc.php HTTP/1.1" 200 4037 "-" "Mozilla/5.0 (Windows NT 10.0; Win64; x64) AppleWebKit/537.36 (KHTML, like Gecko) Chrome/80.0.3987.149 Safari/537.36"
68.183.80.133 - - [23/Nov/2024:19:47:08 +0800] "POST //xmlrpc.php HTTP/1.1" 200 4037 "-" "Mozilla/5.0 (Windows NT 10.0; Win64; x64) AppleWebKit/537.36 (KHTML, like Gecko) Chrome/80.0.3987.149 Safari/537.36"
68.183.80.133 - - [23/Nov/2024:19:47:10 +0800] "POST //xmlrpc.php HTTP/1.1" 200 4037 "-" "Mozilla/5.0 (Windows NT 10.0; Win64; x64) AppleWebKit/537.36 (KHTML, like Gecko) Chrome/80.0.3987.149 Safari/537.36"
68.183.80.133 - - [23/Nov/2024:19:47:15 +0800] "POST //xmlrpc.php HTTP/1.1" 200 4037 "-" "Mozilla/5.0 (Windows NT 10.0; Win64; x64) AppleWebKit/537.36 (KHTML, like Gecko) Chrome/80.0.3987.149 Safari/537.36"
68.183.80.133 - - [23/Nov/2024:19:47:16 +0800] "POST //xmlrpc.php HTTP/1.1" 200 4037 "-" "Mozilla/5.0 (Windows NT 10.0; Win64; x64) AppleWebKit/537.36 (KHTML, like Gecko) Chrome/80.0.3987.149 Safari/537.36"
68.183.80.133 - - [23/Nov/2024:19:47:18 +0800] "POST //xmlrpc.php HTTP/1.1" 200 4037 "-" "Mozilla/5.0 (Windows NT 10.0; Win64; x64) AppleWebKit/537.36 (KHTML, like Gecko) Chrome/80.0.3987.149 Safari/537.36"
68.183.80.133 - - [23/Nov/2024:19:47:20 +0800] "POST //xmlrpc.php HTTP/1.1" 200 4037 "-" "Mozilla/5.0 (Windows NT 10.0; Win64; x64) AppleWebKit/537.36 (KHTML, like Gecko) Chrome/80.0.3987.149 Safari/537.36"
68.183.80.133 - - [23/Nov/2024:19:47:22 +0800] "POST //xmlrpc.php HTTP/1.1" 200 4037 "-" "Mozilla/5.0 (Windows NT 10.0; Win64; x64) AppleWebKit/537.36 (KHTML, like Gecko) Chrome/80.0.3987.149 Safari/537.36"
68.183.80.133 - - [23/Nov/2024:19:47:24 +0800] "POST //xmlrpc.php HTTP/1.1" 200 4037 "-" "Mozilla/5.0 (Windows NT 10.0; Win64; x64) AppleWebKit/537.36 (KHTML, like Gecko) Chrome/80.0.3987.149 Safari/537.36"
68.183.80.133 - - [23/Nov/2024:19:47:25 +0800] "POST //xmlrpc.php HTTP/1.1" 200 4037 "-" "Mozilla/5.0 (Windows NT 10.0; Win64; x64) AppleWebKit/537.36 (KHTML, like Gecko) Chrome/80.0.3987.149 Safari/537.36"
4.227.36.14 - - [23/Nov/2024:19:47:25 +0800] "GET /%e9%bb%83%e9%87%91%e7%b7%9a%e6%8f%9b%e5%ad%a3%e4%bf%9d%e9%a4%8a%e5%b0%8f%e6%95%99%e5%ae%a4/embed/ HTTP/1.1" 200 10972 "-" "Mozilla/5.0 AppleWebKit/537.36 (KHTML, like Gecko; compatible; GPTBot/1.2; +https://openai.com/gptbot)"
68.183.80.133 - - [23/Nov/2024:19:47:28 +0800] "POST //xmlrpc.php HTTP/1.1" 200 4037 "-" "Mozilla/5.0 (Windows NT 10.0; Win64; x64) AppleWebKit/537.36 (KHTML, like Gecko) Chrome/80.0.3987.149 Safari/537.36"
68.183.80.133 - - [23/Nov/2024:19:47:33 +0800] "POST //xmlrpc.php HTTP/1.1" 200 4037 "-" "Mozilla/5.0 (Windows NT 10.0; Win64; x64) AppleWebKit/537.36 (KHTML, like Gecko) Chrome/80.0.3987.149 Safari/537.36"
68.183.80.133 - - [23/Nov/2024:19:47:34 +0800] "POST //xmlrpc.php HTTP/1.1" 200 4037 "-" "Mozilla/5.0 (Windows NT 10.0; Win64; x64) AppleWebKit/537.36 (KHTML, like Gecko) Chrome/80.0.3987.149 Safari/537.36"
68.183.80.133 - - [23/Nov/2024:19:47:37 +0800] "POST //xmlrpc.php HTTP/1.1" 200 4037 "-" "Mozilla/5.0 (Windows NT 10.0; Win64; x64) AppleWebKit/537.36 (KHTML, like Gecko) Chrome/80.0.3987.149 Safari/537.36"
68.183.80.133 - - [23/Nov/2024:19:47:40 +0800] "POST //xmlrpc.php HTTP/1.1" 200 4037 "-" "Mozilla/5.0 (Windows NT 10.0; Win64; x64) AppleWebKit/537.36 (KHTML, like Gecko) Chrome/80.0.3987.149 Safari/537.36"
68.183.80.133 - - [23/Nov/2024:19:47:41 +0800] "POST //xmlrpc.php HTTP/1.1" 200 4037 "-" "Mozilla/5.0 (Windows NT 10.0; Win64; x64) AppleWebKit/537.36 (KHTML, like Gecko) Chrome/80.0.3987.149 Safari/537.36"
68.183.80.133 - - [23/Nov/2024:19:47:43 +0800] "POST //xmlrpc.php HTTP/1.1" 200 4037 "-" "Mozilla/5.0 (Windows NT 10.0; Win64; x64) AppleWebKit/537.36 (KHTML, like Gecko) Chrome/80.0.3987.149 Safari/537.36"
68.183.80.133 - - [23/Nov/2024:19:47:45 +0800] "POST //xmlrpc.php HTTP/1.1" 200 4037 "-" "Mozilla/5.0 (Windows NT 10.0; Win64; x64) AppleWebKit/537.36 (KHTML, like Gecko) Chrome/80.0.3987.149 Safari/537.36"
68.183.80.133 - - [23/Nov/2024:19:47:48 +0800] "POST //xmlrpc.php HTTP/1.1" 200 4037 "-" "Mozilla/5.0 (Windows NT 10.0; Win64; x64) AppleWebKit/537.36 (KHTML, like Gecko) Chrome/80.0.3987.149 Safari/537.36"
68.183.80.133 - - [23/Nov/2024:19:47:52 +0800] "POST //xmlrpc.php HTTP/1.1" 200 4037 "-" "Mozilla/5.0 (Windows NT 10.0; Win64; x64) AppleWebKit/537.36 (KHTML, like Gecko) Chrome/80.0.3987.149 Safari/537.36"
68.183.80.133 - - [23/Nov/2024:19:47:55 +0800] "POST //xmlrpc.php HTTP/1.1" 200 4037 "-" "Mozilla/5.0 (Windows NT 10.0; Win64; x64) AppleWebKit/537.36 (KHTML, like Gecko) Chrome/80.0.3987.149 Safari/537.36"
68.183.80.133 - - [23/Nov/2024:19:47:56 +0800] "POST //xmlrpc.php HTTP/1.1" 200 4037 "-" "Mozilla/5.0 (Windows NT 10.0; Win64; x64) AppleWebKit/537.36 (KHTML, like Gecko) Chrome/80.0.3987.149 Safari/537.36"
68.183.80.133 - - [23/Nov/2024:19:47:58 +0800] "POST //xmlrpc.php HTTP/1.1" 200 4037 "-" "Mozilla/5.0 (Windows NT 10.0; Win64; x64) AppleWebKit/537.36 (KHTML, like Gecko) Chrome/80.0.3987.149 Safari/537.36"
68.183.80.133 - - [23/Nov/2024:19:48:01 +0800] "POST //xmlrpc.php HTTP/1.1" 200 4037 "-" "Mozilla/5.0 (Windows NT 10.0; Win64; x64) AppleWebKit/537.36 (KHTML, like Gecko) Chrome/80.0.3987.149 Safari/537.36"
68.183.80.133 - - [23/Nov/2024:19:48:03 +0800] "POST //xmlrpc.php HTTP/1.1" 200 4037 "-" "Mozilla/5.0 (Windows NT 10.0; Win64; x64) AppleWebKit/537.36 (KHTML, like Gecko) Chrome/80.0.3987.149 Safari/537.36"
68.183.80.133 - - [23/Nov/2024:19:48:05 +0800] "POST //xmlrpc.php HTTP/1.1" 200 4037 "-" "Mozilla/5.0 (Windows NT 10.0; Win64; x64) AppleWebKit/537.36 (KHTML, like Gecko) Chrome/80.0.3987.149 Safari/537.36"
68.183.80.133 - - [23/Nov/2024:19:48:07 +0800] "POST //xmlrpc.php HTTP/1.1" 200 4037 "-" "Mozilla/5.0 (Windows NT 10.0; Win64; x64) AppleWebKit/537.36 (KHTML, like Gecko) Chrome/80.0.3987.149 Safari/537.36"
4.227.36.14 - - [23/Nov/2024:19:48:08 +0800] "GET /%e9%bb%83%e9%87%91%e7%b7%9a%e6%8f%9b%e5%ad%a3%e4%bf%9d%e9%a4%8a%e5%b0%8f%e6%95%99%e5%ae%a4/embed/ HTTP/1.1" 200 10972 "-" "Mozilla/5.0 AppleWebKit/537.36 (KHTML, like Gecko; compatible; GPTBot/1.2; +https://openai.com/gptbot)"
68.183.80.133 - - [23/Nov/2024:19:48:11 +0800] "POST //xmlrpc.php HTTP/1.1" 200 4037 "-" "Mozilla/5.0 (Windows NT 10.0; Win64; x64) AppleWebKit/537.36 (KHTML, like Gecko) Chrome/80.0.3987.149 Safari/537.36"
68.183.80.133 - - [23/Nov/2024:19:48:15 +0800] "POST //xmlrpc.php HTTP/1.1" 200 4037 "-" "Mozilla/5.0 (Windows NT 10.0; Win64; x64) AppleWebKit/537.36 (KHTML, like Gecko) Chrome/80.0.3987.149 Safari/537.36"
68.183.80.133 - - [23/Nov/2024:19:48:17 +0800] "POST //xmlrpc.php HTTP/1.1" 200 4037 "-" "Mozilla/5.0 (Windows NT 10.0; Win64; x64) AppleWebKit/537.36 (KHTML, like Gecko) Chrome/80.0.3987.149 Safari/537.36"
68.183.80.133 - - [23/Nov/2024:19:48:21 +0800] "POST //xmlrpc.php HTTP/1.1" 200 4037 "-" "Mozilla/5.0 (Windows NT 10.0; Win64; x64) AppleWebKit/537.36 (KHTML, like Gecko) Chrome/80.0.3987.149 Safari/537.36"
68.183.80.133 - - [23/Nov/2024:19:48:22 +0800] "POST //xmlrpc.php HTTP/1.1" 200 4037 "-" "Mozilla/5.0 (Windows NT 10.0; Win64; x64) AppleWebKit/537.36 (KHTML, like Gecko) Chrome/80.0.3987.149 Safari/537.36"
68.183.80.133 - - [23/Nov/2024:19:48:23 +0800] "POST //xmlrpc.php HTTP/1.1" 200 4037 "-" "Mozilla/5.0 (Windows NT 10.0; Win64; x64) AppleWebKit/537.36 (KHTML, like Gecko) Chrome/80.0.3987.149 Safari/537.36"
68.183.80.133 - - [23/Nov/2024:19:48:29 +0800] "POST //xmlrpc.php HTTP/1.1" 200 4037 "-" "Mozilla/5.0 (Windows NT 10.0; Win64; x64) AppleWebKit/537.36 (KHTML, like Gecko) Chrome/80.0.3987.149 Safari/537.36"
68.183.80.133 - - [23/Nov/2024:19:48:31 +0800] "POST //xmlrpc.php HTTP/1.1" 200 4037 "-" "Mozilla/5.0 (Windows NT 10.0; Win64; x64) AppleWebKit/537.36 (KHTML, like Gecko) Chrome/80.0.3987.149 Safari/537.36"
68.183.80.133 - - [23/Nov/2024:19:48:32 +0800] "POST //xmlrpc.php HTTP/1.1" 200 4037 "-" "Mozilla/5.0 (Windows NT 10.0; Win64; x64) AppleWebKit/537.36 (KHTML, like Gecko) Chrome/80.0.3987.149 Safari/537.36"
68.183.80.133 - - [23/Nov/2024:19:48:35 +0800] "POST //xmlrpc.php HTTP/1.1" 200 4037 "-" "Mozilla/5.0 (Windows NT 10.0; Win64; x64) AppleWebKit/537.36 (KHTML, like Gecko) Chrome/80.0.3987.149 Safari/537.36"
68.183.80.133 - - [23/Nov/2024:19:48:37 +0800] "POST //xmlrpc.php HTTP/1.1" 200 4037 "-" "Mozilla/5.0 (Windows NT 10.0; Win64; x64) AppleWebKit/537.36 (KHTML, like Gecko) Chrome/80.0.3987.149 Safari/537.36"
68.183.80.133 - - [23/Nov/2024:19:48:40 +0800] "POST //xmlrpc.php HTTP/1.1" 200 4037 "-" "Mozilla/5.0 (Windows NT 10.0; Win64; x64) AppleWebKit/537.36 (KHTML, like Gecko) Chrome/80.0.3987.149 Safari/537.36"
68.183.80.133 - - [23/Nov/2024:19:48:43 +0800] "POST //xmlrpc.php HTTP/1.1" 200 4037 "-" "Mozilla/5.0 (Windows NT 10.0; Win64; x64) AppleWebKit/537.36 (KHTML, like Gecko) Chrome/80.0.3987.149 Safari/537.36"
68.183.80.133 - - [23/Nov/2024:19:48:45 +0800] "POST //xmlrpc.php HTTP/1.1" 200 4037 "-" "Mozilla/5.0 (Windows NT 10.0; Win64; x64) AppleWebKit/537.36 (KHTML, like Gecko) Chrome/80.0.3987.149 Safari/537.36"
68.183.80.133 - - [23/Nov/2024:19:48:46 +0800] "POST //xmlrpc.php HTTP/1.1" 200 4037 "-" "Mozilla/5.0 (Windows NT 10.0; Win64; x64) AppleWebKit/537.36 (KHTML, like Gecko) Chrome/80.0.3987.149 Safari/537.36"
4.227.36.14 - - [23/Nov/2024:19:48:47 +0800] "GET /%e9%bb%83%e9%87%91%e7%b7%9a%e6%8f%9b%e5%ad%a3%e4%bf%9d%e9%a4%8a%e5%b0%8f%e6%95%99%e5%ae%a4/embed/ HTTP/1.1" 200 10974 "-" "Mozilla/5.0 AppleWebKit/537.36 (KHTML, like Gecko; compatible; GPTBot/1.2; +https://openai.com/gptbot)"
68.183.80.133 - - [23/Nov/2024:19:48:48 +0800] "POST //xmlrpc.php HTTP/1.1" 200 4037 "-" "Mozilla/5.0 (Windows NT 10.0; Win64; x64) AppleWebKit/537.36 (KHTML, like Gecko) Chrome/80.0.3987.149 Safari/537.36"
68.183.80.133 - - [23/Nov/2024:19:48:51 +0800] "POST //xmlrpc.php HTTP/1.1" 200 4037 "-" "Mozilla/5.0 (Windows NT 10.0; Win64; x64) AppleWebKit/537.36 (KHTML, like Gecko) Chrome/80.0.3987.149 Safari/537.36"
68.183.80.133 - - [23/Nov/2024:19:48:54 +0800] "POST //xmlrpc.php HTTP/1.1" 200 4037 "-" "Mozilla/5.0 (Windows NT 10.0; Win64; x64) AppleWebKit/537.36 (KHTML, like Gecko) Chrome/80.0.3987.149 Safari/537.36"
68.183.80.133 - - [23/Nov/2024:19:48:57 +0800] "POST //xmlrpc.php HTTP/1.1" 200 4037 "-" "Mozilla/5.0 (Windows NT 10.0; Win64; x64) AppleWebKit/537.36 (KHTML, like Gecko) Chrome/80.0.3987.149 Safari/537.36"
68.183.80.133 - - [23/Nov/2024:19:48:58 +0800] "POST //xmlrpc.php HTTP/1.1" 200 4037 "-" "Mozilla/5.0 (Windows NT 10.0; Win64; x64) AppleWebKit/537.36 (KHTML, like Gecko) Chrome/80.0.3987.149 Safari/537.36"
68.183.80.133 - - [23/Nov/2024:19:49:01 +0800] "POST //xmlrpc.php HTTP/1.1" 200 4037 "-" "Mozilla/5.0 (Windows NT 10.0; Win64; x64) AppleWebKit/537.36 (KHTML, like Gecko) Chrome/80.0.3987.149 Safari/537.36"
68.183.80.133 - - [23/Nov/2024:19:49:04 +0800] "POST //xmlrpc.php HTTP/1.1" 200 4037 "-" "Mozilla/5.0 (Windows NT 10.0; Win64; x64) AppleWebKit/537.36 (KHTML, like Gecko) Chrome/80.0.3987.149 Safari/537.36"
68.183.80.133 - - [23/Nov/2024:19:49:05 +0800] "POST //xmlrpc.php HTTP/1.1" 200 4037 "-" "Mozilla/5.0 (Windows NT 10.0; Win64; x64) AppleWebKit/537.36 (KHTML, like Gecko) Chrome/80.0.3987.149 Safari/537.36"
68.183.80.133 - - [23/Nov/2024:19:49:07 +0800] "POST //xmlrpc.php HTTP/1.1" 200 4037 "-" "Mozilla/5.0 (Windows NT 10.0; Win64; x64) AppleWebKit/537.36 (KHTML, like Gecko) Chrome/80.0.3987.149 Safari/537.36"
68.183.80.133 - - [23/Nov/2024:19:49:09 +0800] "POST //xmlrpc.php HTTP/1.1" 200 4037 "-" "Mozilla/5.0 (Windows NT 10.0; Win64; x64) AppleWebKit/537.36 (KHTML, like Gecko) Chrome/80.0.3987.149 Safari/537.36"
68.183.80.133 - - [23/Nov/2024:19:49:12 +0800] "POST //xmlrpc.php HTTP/1.1" 200 4037 "-" "Mozilla/5.0 (Windows NT 10.0; Win64; x64) AppleWebKit/537.36 (KHTML, like Gecko) Chrome/80.0.3987.149 Safari/537.36"
68.183.80.133 - - [23/Nov/2024:19:49:14 +0800] "POST //xmlrpc.php HTTP/1.1" 200 4037 "-" "Mozilla/5.0 (Windows NT 10.0; Win64; x64) AppleWebKit/537.36 (KHTML, like Gecko) Chrome/80.0.3987.149 Safari/537.36"
68.183.80.133 - - [23/Nov/2024:19:49:15 +0800] "POST //xmlrpc.php HTTP/1.1" 200 4037 "-" "Mozilla/5.0 (Windows NT 10.0; Win64; x64) AppleWebKit/537.36 (KHTML, like Gecko) Chrome/80.0.3987.149 Safari/537.36"
68.183.80.133 - - [23/Nov/2024:19:49:18 +0800] "POST //xmlrpc.php HTTP/1.1" 200 4037 "-" "Mozilla/5.0 (Windows NT 10.0; Win64; x64) AppleWebKit/537.36 (KHTML, like Gecko) Chrome/80.0.3987.149 Safari/537.36"
68.183.80.133 - - [23/Nov/2024:19:49:19 +0800] "POST //xmlrpc.php HTTP/1.1" 200 4037 "-" "Mozilla/5.0 (Windows NT 10.0; Win64; x64) AppleWebKit/537.36 (KHTML, like Gecko) Chrome/80.0.3987.149 Safari/537.36"
220.135.127.108 - - [23/Nov/2024:19:49:25 +0800] "POST /wp-cron.php?doing_wp_cron=1732362565.1953709125518798828125 HTTP/1.1" 200 4050 "-" "WordPress/6.7.1; https://www.car32.tw"
68.183.80.133 - - [23/Nov/2024:19:49:24 +0800] "POST //xmlrpc.php HTTP/1.1" 200 4037 "-" "Mozilla/5.0 (Windows NT 10.0; Win64; x64) AppleWebKit/537.36 (KHTML, like Gecko) Chrome/80.0.3987.149 Safari/537.36"
68.183.80.133 - - [23/Nov/2024:19:49:26 +0800] "POST //xmlrpc.php HTTP/1.1" 200 4037 "-" "Mozilla/5.0 (Windows NT 10.0; Win64; x64) AppleWebKit/537.36 (KHTML, like Gecko) Chrome/80.0.3987.149 Safari/537.36"
68.183.80.133 - - [23/Nov/2024:19:49:28 +0800] "POST //xmlrpc.php HTTP/1.1" 200 4037 "-" "Mozilla/5.0 (Windows NT 10.0; Win64; x64) AppleWebKit/537.36 (KHTML, like Gecko) Chrome/80.0.3987.149 Safari/537.36"
68.183.80.133 - - [23/Nov/2024:19:49:29 +0800] "POST //xmlrpc.php HTTP/1.1" 200 4037 "-" "Mozilla/5.0 (Windows NT 10.0; Win64; x64) AppleWebKit/537.36 (KHTML, like Gecko) Chrome/80.0.3987.149 Safari/537.36"
68.183.80.133 - - [23/Nov/2024:19:49:32 +0800] "POST //xmlrpc.php HTTP/1.1" 200 4037 "-" "Mozilla/5.0 (Windows NT 10.0; Win64; x64) AppleWebKit/537.36 (KHTML, like Gecko) Chrome/80.0.3987.149 Safari/537.36"
4.227.36.14 - - [23/Nov/2024:19:49:32 +0800] "GET /%e9%bb%83%e9%87%91%e7%b7%9a%e6%8f%9b%e5%ad%a3%e4%bf%9d%e9%a4%8a%e5%b0%8f%e6%95%99%e5%ae%a4/embed/ HTTP/1.1" 200 10973 "-" "Mozilla/5.0 AppleWebKit/537.36 (KHTML, like Gecko; compatible; GPTBot/1.2; +https://openai.com/gptbot)"
68.183.80.133 - - [23/Nov/2024:19:49:34 +0800] "POST //xmlrpc.php HTTP/1.1" 200 4037 "-" "Mozilla/5.0 (Windows NT 10.0; Win64; x64) AppleWebKit/537.36 (KHTML, like Gecko) Chrome/80.0.3987.149 Safari/537.36"
68.183.80.133 - - [23/Nov/2024:19:49:37 +0800] "POST //xmlrpc.php HTTP/1.1" 200 4037 "-" "Mozilla/5.0 (Windows NT 10.0; Win64; x64) AppleWebKit/537.36 (KHTML, like Gecko) Chrome/80.0.3987.149 Safari/537.36"
68.183.80.133 - - [23/Nov/2024:19:49:38 +0800] "POST //xmlrpc.php HTTP/1.1" 200 4037 "-" "Mozilla/5.0 (Windows NT 10.0; Win64; x64) AppleWebKit/537.36 (KHTML, like Gecko) Chrome/80.0.3987.149 Safari/537.36"
68.183.80.133 - - [23/Nov/2024:19:49:40 +0800] "POST //xmlrpc.php HTTP/1.1" 200 4037 "-" "Mozilla/5.0 (Windows NT 10.0; Win64; x64) AppleWebKit/537.36 (KHTML, like Gecko) Chrome/80.0.3987.149 Safari/537.36"
68.183.80.133 - - [23/Nov/2024:19:49:41 +0800] "POST //xmlrpc.php HTTP/1.1" 200 4037 "-" "Mozilla/5.0 (Windows NT 10.0; Win64; x64) AppleWebKit/537.36 (KHTML, like Gecko) Chrome/80.0.3987.149 Safari/537.36"
68.183.80.133 - - [23/Nov/2024:19:49:42 +0800] "POST //xmlrpc.php HTTP/1.1" 200 4037 "-" "Mozilla/5.0 (Windows NT 10.0; Win64; x64) AppleWebKit/537.36 (KHTML, like Gecko) Chrome/80.0.3987.149 Safari/537.36"
68.183.80.133 - - [23/Nov/2024:19:49:44 +0800] "POST //xmlrpc.php HTTP/1.1" 200 4037 "-" "Mozilla/5.0 (Windows NT 10.0; Win64; x64) AppleWebKit/537.36 (KHTML, like Gecko) Chrome/80.0.3987.149 Safari/537.36"
68.183.80.133 - - [23/Nov/2024:19:49:46 +0800] "POST //xmlrpc.php HTTP/1.1" 200 4037 "-" "Mozilla/5.0 (Windows NT 10.0; Win64; x64) AppleWebKit/537.36 (KHTML, like Gecko) Chrome/80.0.3987.149 Safari/537.36"
68.183.80.133 - - [23/Nov/2024:19:49:47 +0800] "POST //xmlrpc.php HTTP/1.1" 200 4037 "-" "Mozilla/5.0 (Windows NT 10.0; Win64; x64) AppleWebKit/537.36 (KHTML, like Gecko) Chrome/80.0.3987.149 Safari/537.36"
68.183.80.133 - - [23/Nov/2024:19:49:49 +0800] "POST //xmlrpc.php HTTP/1.1" 200 4037 "-" "Mozilla/5.0 (Windows NT 10.0; Win64; x64) AppleWebKit/537.36 (KHTML, like Gecko) Chrome/80.0.3987.149 Safari/537.36"
68.183.80.133 - - [23/Nov/2024:19:49:50 +0800] "POST //xmlrpc.php HTTP/1.1" 200 4037 "-" "Mozilla/5.0 (Windows NT 10.0; Win64; x64) AppleWebKit/537.36 (KHTML, like Gecko) Chrome/80.0.3987.149 Safari/537.36"
68.183.80.133 - - [23/Nov/2024:19:49:53 +0800] "POST //xmlrpc.php HTTP/1.1" 200 4037 "-" "Mozilla/5.0 (Windows NT 10.0; Win64; x64) AppleWebKit/537.36 (KHTML, like Gecko) Chrome/80.0.3987.149 Safari/537.36"
68.183.80.133 - - [23/Nov/2024:19:49:54 +0800] "POST //xmlrpc.php HTTP/1.1" 200 4037 "-" "Mozilla/5.0 (Windows NT 10.0; Win64; x64) AppleWebKit/537.36 (KHTML, like Gecko) Chrome/80.0.3987.149 Safari/537.36"
68.183.80.133 - - [23/Nov/2024:19:49:55 +0800] "POST //xmlrpc.php HTTP/1.1" 200 4037 "-" "Mozilla/5.0 (Windows NT 10.0; Win64; x64) AppleWebKit/537.36 (KHTML, like Gecko) Chrome/80.0.3987.149 Safari/537.36"
68.183.80.133 - - [23/Nov/2024:19:49:57 +0800] "POST //xmlrpc.php HTTP/1.1" 200 4037 "-" "Mozilla/5.0 (Windows NT 10.0; Win64; x64) AppleWebKit/537.36 (KHTML, like Gecko) Chrome/80.0.3987.149 Safari/537.36"
68.183.80.133 - - [23/Nov/2024:19:49:58 +0800] "POST //xmlrpc.php HTTP/1.1" 200 4037 "-" "Mozilla/5.0 (Windows NT 10.0; Win64; x64) AppleWebKit/537.36 (KHTML, like Gecko) Chrome/80.0.3987.149 Safari/537.36"
68.183.80.133 - - [23/Nov/2024:19:50:00 +0800] "POST //xmlrpc.php HTTP/1.1" 200 4037 "-" "Mozilla/5.0 (Windows NT 10.0; Win64; x64) AppleWebKit/537.36 (KHTML, like Gecko) Chrome/80.0.3987.149 Safari/537.36"
68.183.80.133 - - [23/Nov/2024:19:50:01 +0800] "POST //xmlrpc.php HTTP/1.1" 200 4037 "-" "Mozilla/5.0 (Windows NT 10.0; Win64; x64) AppleWebKit/537.36 (KHTML, like Gecko) Chrome/80.0.3987.149 Safari/537.36"
68.183.80.133 - - [23/Nov/2024:19:50:04 +0800] "POST //xmlrpc.php HTTP/1.1" 200 4037 "-" "Mozilla/5.0 (Windows NT 10.0; Win64; x64) AppleWebKit/537.36 (KHTML, like Gecko) Chrome/80.0.3987.149 Safari/537.36"
68.183.80.133 - - [23/Nov/2024:19:50:07 +0800] "POST //xmlrpc.php HTTP/1.1" 200 4037 "-" "Mozilla/5.0 (Windows NT 10.0; Win64; x64) AppleWebKit/537.36 (KHTML, like Gecko) Chrome/80.0.3987.149 Safari/537.36"
68.183.80.133 - - [23/Nov/2024:19:50:09 +0800] "POST //xmlrpc.php HTTP/1.1" 200 4037 "-" "Mozilla/5.0 (Windows NT 10.0; Win64; x64) AppleWebKit/537.36 (KHTML, like Gecko) Chrome/80.0.3987.149 Safari/537.36"
68.183.80.133 - - [23/Nov/2024:19:50:11 +0800] "POST //xmlrpc.php HTTP/1.1" 200 4037 "-" "Mozilla/5.0 (Windows NT 10.0; Win64; x64) AppleWebKit/537.36 (KHTML, like Gecko) Chrome/80.0.3987.149 Safari/537.36"
4.227.36.14 - - [23/Nov/2024:19:50:13 +0800] "GET /%e9%bb%83%e9%87%91%e7%b7%9a%e6%8f%9b%e5%ad%a3%e4%bf%9d%e9%a4%8a%e5%b0%8f%e6%95%99%e5%ae%a4/embed/ HTTP/1.1" 200 10973 "-" "Mozilla/5.0 AppleWebKit/537.36 (KHTML, like Gecko; compatible; GPTBot/1.2; +https://openai.com/gptbot)"
68.183.80.133 - - [23/Nov/2024:19:50:14 +0800] "POST //xmlrpc.php HTTP/1.1" 200 4037 "-" "Mozilla/5.0 (Windows NT 10.0; Win64; x64) AppleWebKit/537.36 (KHTML, like Gecko) Chrome/80.0.3987.149 Safari/537.36"
68.183.80.133 - - [23/Nov/2024:19:50:15 +0800] "POST //xmlrpc.php HTTP/1.1" 200 4037 "-" "Mozilla/5.0 (Windows NT 10.0; Win64; x64) AppleWebKit/537.36 (KHTML, like Gecko) Chrome/80.0.3987.149 Safari/537.36"
68.183.80.133 - - [23/Nov/2024:19:50:18 +0800] "POST //xmlrpc.php HTTP/1.1" 200 4037 "-" "Mozilla/5.0 (Windows NT 10.0; Win64; x64) AppleWebKit/537.36 (KHTML, like Gecko) Chrome/80.0.3987.149 Safari/537.36"
68.183.80.133 - - [23/Nov/2024:19:50:20 +0800] "POST //xmlrpc.php HTTP/1.1" 200 4037 "-" "Mozilla/5.0 (Windows NT 10.0; Win64; x64) AppleWebKit/537.36 (KHTML, like Gecko) Chrome/80.0.3987.149 Safari/537.36"
220.135.127.108 - - [23/Nov/2024:19:50:52 +0800] "POST /wp-cron.php?doing_wp_cron=1732362652.5708200931549072265625 HTTP/1.1" 200 4050 "-" "WordPress/6.7.1; https://www.car32.tw"
192.0.82.55 - - [23/Nov/2024:19:50:52 +0800] "HEAD / HTTP/1.1" 200 4000 "-" "jetmon/1.0 (Jetpack Site Uptime Monitor by WordPress.com)"
4.227.36.14 - - [23/Nov/2024:19:51:00 +0800] "GET /%e9%bb%83%e9%87%91%e7%b7%9a%e6%8f%9b%e5%ad%a3%e4%bf%9d%e9%a4%8a%e5%b0%8f%e6%95%99%e5%ae%a4/embed/ HTTP/1.1" 200 10971 "-" "Mozilla/5.0 AppleWebKit/537.36 (KHTML, like Gecko; compatible; GPTBot/1.2; +https://openai.com/gptbot)"
4.227.36.14 - - [23/Nov/2024:19:51:28 +0800] "GET /%e9%bb%83%e9%87%91%e7%b7%9a%e6%8f%9b%e5%ad%a3%e4%bf%9d%e9%a4%8a%e5%b0%8f%e6%95%99%e5%ae%a4/embed/ HTTP/1.1" 200 10972 "-" "Mozilla/5.0 AppleWebKit/537.36 (KHTML, like Gecko; compatible; GPTBot/1.2; +https://openai.com/gptbot)"
4.227.36.14 - - [23/Nov/2024:19:52:10 +0800] "GET /%e9%bb%83%e9%87%91%e7%b7%9a%e6%8f%9b%e5%ad%a3%e4%bf%9d%e9%a4%8a%e5%b0%8f%e6%95%99%e5%ae%a4/embed/ HTTP/1.1" 200 10972 "-" "Mozilla/5.0 AppleWebKit/537.36 (KHTML, like Gecko; compatible; GPTBot/1.2; +https://openai.com/gptbot)"
4.227.36.14 - - [23/Nov/2024:19:52:49 +0800] "GET /%e9%bb%83%e9%87%91%e7%b7%9a%e6%8f%9b%e5%ad%a3%e4%bf%9d%e9%a4%8a%e5%b0%8f%e6%95%99%e5%ae%a4/embed/ HTTP/1.1" 200 10973 "-" "Mozilla/5.0 AppleWebKit/537.36 (KHTML, like Gecko; compatible; GPTBot/1.2; +https://openai.com/gptbot)"
4.227.36.14 - - [23/Nov/2024:19:53:34 +0800] "GET /%e9%bb%83%e9%87%91%e7%b7%9a%e6%8f%9b%e5%ad%a3%e4%bf%9d%e9%a4%8a%e5%b0%8f%e6%95%99%e5%ae%a4/embed/ HTTP/1.1" 200 10974 "-" "Mozilla/5.0 AppleWebKit/537.36 (KHTML, like Gecko; compatible; GPTBot/1.2; +https://openai.com/gptbot)"
4.227.36.14 - - [23/Nov/2024:19:54:13 +0800] "GET /%e9%bb%83%e9%87%91%e7%b7%9a%e6%8f%9b%e5%ad%a3%e4%bf%9d%e9%a4%8a%e5%b0%8f%e6%95%99%e5%ae%a4/embed/ HTTP/1.1" 200 10971 "-" "Mozilla/5.0 AppleWebKit/537.36 (KHTML, like Gecko; compatible; GPTBot/1.2; +https://openai.com/gptbot)"
193.70.81.99 - - [23/Nov/2024:19:54:53 +0800] "GET /robots.txt HTTP/1.1" 301 585 "-" "Mozilla/5.0 (compatible; MJ12bot/v1.4.8; http://mj12bot.com/)"
220.135.127.108 - - [23/Nov/2024:19:54:58 +0800] "POST /wp-cron.php?doing_wp_cron=1732362898.4559779167175292968750 HTTP/1.1" 200 4050 "-" "WordPress/6.7.1; https://www.car32.tw"
4.227.36.14 - - [23/Nov/2024:19:54:58 +0800] "GET /%e9%bb%83%e9%87%91%e7%b7%9a%e6%8f%9b%e5%ad%a3%e4%bf%9d%e9%a4%8a%e5%b0%8f%e6%95%99%e5%ae%a4/embed/ HTTP/1.1" 200 10973 "-" "Mozilla/5.0 AppleWebKit/537.36 (KHTML, like Gecko; compatible; GPTBot/1.2; +https://openai.com/gptbot)"
193.70.81.99 - - [23/Nov/2024:19:55:02 +0800] "GET /robots.txt HTTP/1.1" 200 3719 "-" "Mozilla/5.0 (compatible; MJ12bot/v1.4.8; http://mj12bot.com/)"
193.70.81.99 - - [23/Nov/2024:19:55:15 +0800] "GET /?tag=%E6%80%A7%E8%83%BD%E8%AA%BF%E6%95%B4 HTTP/1.1" 301 591 "-" "Mozilla/5.0 (compatible; MJ12bot/v1.4.8; http://mj12bot.com/)"
216.244.66.249 - - [23/Nov/2024:19:55:21 +0800] "GET /page/20/?page=5 HTTP/1.1" 200 100483 "-" "Mozilla/5.0 (compatible; DotBot/1.2; +https://opensiteexplorer.org/dotbot; help@moz.com)"
193.70.81.99 - - [23/Nov/2024:19:55:24 +0800] "GET /?tag=%E6%80%A7%E8%83%BD%E8%AA%BF%E6%95%B4 HTTP/1.1" 301 3538 "-" "Mozilla/5.0 (compatible; MJ12bot/v1.4.8; http://mj12bot.com/)"
220.135.127.108 - - [23/Nov/2024:19:55:36 +0800] "POST /wp-cron.php?doing_wp_cron=1732362936.4017310142517089843750 HTTP/1.1" 200 4050 "-" "WordPress/6.7.1; https://www.car32.tw"
193.70.81.99 - - [23/Nov/2024:19:55:36 +0800] "GET /tag/%E6%80%A7%E8%83%BD%E8%AA%BF%E6%95%B4/ HTTP/1.1" 200 30264 "-" "Mozilla/5.0 (compatible; MJ12bot/v1.4.8; http://mj12bot.com/)"
4.227.36.14 - - [23/Nov/2024:19:55:41 +0800] "GET /%e9%bb%83%e9%87%91%e7%b7%9a%e6%8f%9b%e5%ad%a3%e4%bf%9d%e9%a4%8a%e5%b0%8f%e6%95%99%e5%ae%a4/embed/ HTTP/1.1" 200 10973 "-" "Mozilla/5.0 AppleWebKit/537.36 (KHTML, like Gecko; compatible; GPTBot/1.2; +https://openai.com/gptbot)"
193.70.81.99 - - [23/Nov/2024:19:55:50 +0800] "GET /?tag=%E6%80%A7%E8%83%BD%E8%AA%BF%E6%95%B4 HTTP/1.1" 301 3538 "-" "Mozilla/5.0 (compatible; MJ12bot/v1.4.8; http://mj12bot.com/)"
192.0.82.55 - - [23/Nov/2024:19:55:51 +0800] "HEAD / HTTP/1.1" 200 4000 "-" "jetmon/1.0 (Jetpack Site Uptime Monitor by WordPress.com)"
193.70.81.99 - - [23/Nov/2024:19:55:59 +0800] "GET /tag/%E6%80%A7%E8%83%BD%E8%AA%BF%E6%95%B4/ HTTP/1.1" 200 30264 "-" "Mozilla/5.0 (compatible; MJ12bot/v1.4.8; http://mj12bot.com/)"
193.70.81.99 - - [23/Nov/2024:19:56:13 +0800] "GET /?tag=%E6%8F%9B%E6%AA%94%E9%A0%93%E6%8C%AB HTTP/1.1" 301 591 "-" "Mozilla/5.0 (compatible; MJ12bot/v1.4.8; http://mj12bot.com/)"
4.227.36.14 - - [23/Nov/2024:19:56:19 +0800] "GET /%e9%bb%83%e9%87%91%e7%b7%9a%e6%8f%9b%e5%ad%a3%e4%bf%9d%e9%a4%8a%e5%b0%8f%e6%95%99%e5%ae%a4/embed/ HTTP/1.1" 200 10973 "-" "Mozilla/5.0 AppleWebKit/537.36 (KHTML, like Gecko; compatible; GPTBot/1.2; +https://openai.com/gptbot)"
193.70.81.99 - - [23/Nov/2024:19:56:23 +0800] "GET /?tag=%E6%8F%9B%E6%AA%94%E9%A0%93%E6%8C%AB HTTP/1.1" 301 3538 "-" "Mozilla/5.0 (compatible; MJ12bot/v1.4.8; http://mj12bot.com/)"
216.244.66.249 - - [23/Nov/2024:19:56:26 +0800] "GET /page/22/?share=facebook HTTP/1.1" 200 125990 "-" "Mozilla/5.0 (compatible; DotBot/1.2; +https://opensiteexplorer.org/dotbot; help@moz.com)"
85.208.96.202 - - [23/Nov/2024:19:56:34 +0800] "GET /robots.txt HTTP/1.1" 200 4136 "-" "Mozilla/5.0 (compatible; SemrushBot/7~bl; +http://www.semrush.com/bot.html)"
85.208.96.204 - - [23/Nov/2024:19:56:36 +0800] "GET /page/4/ HTTP/1.1" 200 22358 "-" "Mozilla/5.0 (compatible; SemrushBot/7~bl; +http://www.semrush.com/bot.html)"
193.70.81.99 - - [23/Nov/2024:19:56:39 +0800] "GET /tag/%E6%8F%9B%E6%AA%94%E9%A0%93%E6%8C%AB/ HTTP/1.1" 200 27901 "-" "Mozilla/5.0 (compatible; MJ12bot/v1.4.8; http://mj12bot.com/)"
193.70.81.99 - - [23/Nov/2024:19:56:51 +0800] "GET /?tag=%E6%8F%9B%E6%AA%94%E9%A0%93%E6%8C%AB HTTP/1.1" 301 3538 "-" "Mozilla/5.0 (compatible; MJ12bot/v1.4.8; http://mj12bot.com/)"
193.70.81.99 - - [23/Nov/2024:19:57:06 +0800] "GET /tag/%E6%8F%9B%E6%AA%94%E9%A0%93%E6%8C%AB/ HTTP/1.1" 200 27902 "-" "Mozilla/5.0 (compatible; MJ12bot/v1.4.8; http://mj12bot.com/)"
4.227.36.14 - - [23/Nov/2024:19:57:08 +0800] "GET /%e9%bb%83%e9%87%91%e7%b7%9a%e6%8f%9b%e5%ad%a3%e4%bf%9d%e9%a4%8a%e5%b0%8f%e6%95%99%e5%ae%a4/embed/ HTTP/1.1" 200 10974 "-" "Mozilla/5.0 AppleWebKit/537.36 (KHTML, like Gecko; compatible; GPTBot/1.2; +https://openai.com/gptbot)"
193.70.81.99 - - [23/Nov/2024:19:57:25 +0800] "GET /?tag=%E6%94%B9%E9%9B%BB%E8%85%A6 HTTP/1.1" 301 573 "-" "Mozilla/5.0 (compatible; MJ12bot/v1.4.8; http://mj12bot.com/)"
193.70.81.99 - - [23/Nov/2024:19:57:39 +0800] "GET /?tag=%E6%94%B9%E9%9B%BB%E8%85%A6 HTTP/1.1" 301 3529 "-" "Mozilla/5.0 (compatible; MJ12bot/v1.4.8; http://mj12bot.com/)"
4.227.36.14 - - [23/Nov/2024:19:57:47 +0800] "GET /%e9%bb%83%e9%87%91%e7%b7%9a%e6%8f%9b%e5%ad%a3%e4%bf%9d%e9%a4%8a%e5%b0%8f%e6%95%99%e5%ae%a4/embed/ HTTP/1.1" 200 10973 "-" "Mozilla/5.0 AppleWebKit/537.36 (KHTML, like Gecko; compatible; GPTBot/1.2; +https://openai.com/gptbot)"
192.0.86.166 - - [23/Nov/2024:19:58:08 +0800] "GET /wp-content/uploads/2020/09/P90400009_highRes.jpg HTTP/1.1" 200 373048 "-" "Photon/1.0"
4.227.36.14 - - [23/Nov/2024:19:58:31 +0800] "GET /%e9%bb%83%e9%87%91%e7%b7%9a%e6%8f%9b%e5%ad%a3%e4%bf%9d%e9%a4%8a%e5%b0%8f%e6%95%99%e5%ae%a4/embed/ HTTP/1.1" 200 10973 "-" "Mozilla/5.0 AppleWebKit/537.36 (KHTML, like Gecko; compatible; GPTBot/1.2; +https://openai.com/gptbot)"
5.255.231.25 - - [23/Nov/2024:19:58:35 +0800] "GET /robots.txt HTTP/1.1" 301 585 "-" "Mozilla/5.0 (compatible; YandexBot/3.0; +http://yandex.com/bots)"
5.255.231.25 - - [23/Nov/2024:19:58:36 +0800] "GET /robots.txt HTTP/1.1" 200 4234 "-" "Mozilla/5.0 (compatible; YandexBot/3.0; +http://yandex.com/bots)"
87.250.224.5 - - [23/Nov/2024:19:58:37 +0800] "GET /wp-content/uploads/2019/03/cropped-IMG_6937-3-180x180.jpg HTTP/1.1" 301 679 "-" "Mozilla/5.0 (compatible; YandexFavicons/1.0; +http://yandex.com/bots)"
95.108.213.227 - - [23/Nov/2024:19:58:40 +0800] "GET /robots.txt HTTP/1.1" 200 4234 "-" "Mozilla/5.0 (compatible; YandexBot/3.0; +http://yandex.com/bots)"
213.180.203.206 - - [23/Nov/2024:19:58:41 +0800] "GET /wp-content/uploads/2019/03/cropped-IMG_6937-3-180x180.jpg HTTP/1.1" 200 16159 "-" "Mozilla/5.0 (compatible; YandexFavicons/1.0; +http://yandex.com/bots)"
54.38.85.17 - - [23/Nov/2024:19:58:46 +0800] "GET /robots.txt HTTP/1.1" 200 3719 "-" "Mozilla/5.0 (compatible; MJ12bot/v1.4.8; http://mj12bot.com/)"
54.38.85.17 - - [23/Nov/2024:19:59:09 +0800] "GET /%E4%B8%8D%E5%8F%AA%E6%98%AF%E4%BD%A0%EF%BC%8C%E5%8C%85%E6%8B%AC%E4%BD%A0%E7%9A%84%E8%BB%8A%E9%83%BD%E8%A6%BA%E5%BE%97%E5%BE%88%E5%86%B7%E3%80%82/?share=linkedin HTTP/1.1" 302 3874 "-" "Mozilla/5.0 (compatible; MJ12bot/v1.4.8; http://mj12bot.com/)"
4.227.36.14 - - [23/Nov/2024:19:59:11 +0800] "GET /%e9%bb%83%e9%87%91%e7%b7%9a%e6%8f%9b%e5%ad%a3%e4%bf%9d%e9%a4%8a%e5%b0%8f%e6%95%99%e5%ae%a4/embed/ HTTP/1.1" 200 10973 "-" "Mozilla/5.0 AppleWebKit/537.36 (KHTML, like Gecko; compatible; GPTBot/1.2; +https://openai.com/gptbot)"
220.135.127.108 - - [23/Nov/2024:19:59:58 +0800] "POST /wp-cron.php?doing_wp_cron=1732363198.6803650856018066406250 HTTP/1.1" 200 4050 "-" "WordPress/6.7.1; https://www.car32.tw"
4.227.36.14 - - [23/Nov/2024:19:59:58 +0800] "GET /%e9%bb%83%e9%87%91%e7%b7%9a%e6%8f%9b%e5%ad%a3%e4%bf%9d%e9%a4%8a%e5%b0%8f%e6%95%99%e5%ae%a4/embed/ HTTP/1.1" 200 10971 "-" "Mozilla/5.0 AppleWebKit/537.36 (KHTML, like Gecko; compatible; GPTBot/1.2; +https://openai.com/gptbot)"
54.38.85.17 - - [23/Nov/2024:20:00:04 +0800] "GET /%E5%9C%B0%E7%90%83%E9%BB%83%E9%87%91%E7%B7%9A%E6%84%9B%E8%BB%8A%E8%A8%BA%E7%99%82%E5%AE%A4/ HTTP/1.1" 200 17616 "-" "Mozilla/5.0 (compatible; MJ12bot/v1.4.8; http://mj12bot.com/)"
54.38.85.17 - - [23/Nov/2024:20:00:27 +0800] "GET /%E5%A4%8F%E5%AD%A3%E6%B1%BD%E8%BB%8A%E4%BF%9D%E9%A4%8A%E5%85%A8%E6%94%BB%E7%95%A5/?share=linkedin HTTP/1.1" 302 3769 "-" "Mozilla/5.0 (compatible; MJ12bot/v1.4.8; http://mj12bot.com/)"
5.255.231.18 - - [23/Nov/2024:20:00:45 +0800] "GET /wp-content/uploads/2019/03/cropped-IMG_6937-3-180x180.jpg HTTP/1.1" 200 16159 "-" "Mozilla/5.0 (compatible; YandexFavicons/1.0; +http://yandex.com/bots)"
220.135.127.108 - - [23/Nov/2024:20:00:50 +0800] "POST /wp-cron.php?doing_wp_cron=1732363250.2132840156555175781250 HTTP/1.1" 200 4050 "-" "WordPress/6.7.1; https://www.car32.tw"
192.0.82.55 - - [23/Nov/2024:20:00:49 +0800] "HEAD / HTTP/1.1" 200 4000 "-" "jetmon/1.0 (Jetpack Site Uptime Monitor by WordPress.com)"
54.38.85.17 - - [23/Nov/2024:20:01:26 +0800] "GET /%E5%A4%96%E8%A7%80-%E6%80%A7%E8%83%BD-%E5%83%B9%E6%A0%BC-%E5%85%A7%E8%A3%9D%E8%B3%AA%E6%84%9F/feed/ HTTP/1.1" 200 4429 "-" "Mozilla/5.0 (compatible; MJ12bot/v1.4.8; http://mj12bot.com/)"
54.38.85.17 - - [23/Nov/2024:20:01:44 +0800] "GET /%E5%A4%A9%E5%95%8A-%E6%88%91%E7%88%BD%E5%91%86%E4%BA%86%EF%BC%81/ HTTP/1.1" 200 24256 "-" "Mozilla/5.0 (compatible; MJ12bot/v1.4.8; http://mj12bot.com/)"
66.249.77.134 - - [23/Nov/2024:20:01:52 +0800] "GET /tag/ineos/ HTTP/1.1" 200 26918 "-" "Mozilla/5.0 (Linux; Android 6.0.1; Nexus 5X Build/MMB29P) AppleWebKit/537.36 (KHTML, like Gecko) Chrome/131.0.6778.69 Mobile Safari/537.36 (compatible; Googlebot/2.1; +http://www.google.com/bot.html)"
66.249.77.136 - - [23/Nov/2024:20:02:06 +0800] "GET /wp-content/plugins/jetpack/_inc/blocks/tiled-gallery/view.js?minify=false&ver=14.0 HTTP/1.1" 200 7867 "https://www.car32.tw/tag/ineos/" "Mozilla/5.0 (Linux; Android 6.0.1; Nexus 5X Build/MMB29P) AppleWebKit/537.36 (KHTML, like Gecko) Chrome/131.0.6778.69 Mobile Safari/537.36 (compatible; Googlebot/2.1; +http://www.google.com/bot.html)"
54.38.85.17 - - [23/Nov/2024:20:02:09 +0800] "GET /%E5%BB%B6%E9%95%B7%E6%84%9B%E8%BB%8A%E5%A3%BD%E5%91%BD%E9%82%84%E8%83%BD%E7%9C%81%E9%8C%A2/?share=linkedin HTTP/1.1" 302 3784 "-" "Mozilla/5.0 (compatible; MJ12bot/v1.4.8; http://mj12bot.com/)"
66.249.77.134 - - [23/Nov/2024:20:02:47 +0800] "GET /wp-content/uploads/2020/09/alpina_brooch.png HTTP/1.1" 304 3900 "-" "Googlebot-Image/1.0"
54.38.85.17 - - [23/Nov/2024:20:03:03 +0800] "GET /%E5%BC%95%E6%93%8E%E5%90%83%E6%A9%9F%E6%B2%B9-%E6%80%8E%E6%A8%A3%E7%AE%97%E5%9A%B4%E9%87%8D-%E8%A9%B2%E5%A6%82%E4%BD%95%E8%99%95%E7%90%86/?share=linkedin HTTP/1.1" 302 3861 "-" "Mozilla/5.0 (compatible; MJ12bot/v1.4.8; http://mj12bot.com/)"
54.38.85.17 - - [23/Nov/2024:20:03:45 +0800] "GET /%E5%BC%95%E6%93%8E%E6%BB%B2%E6%B2%B9%E5%88%A5%E7%B7%8A%E5%BC%B5%EF%BC%81%E8%A9%B2%E5%A6%82%E4%BD%95%E8%99%95%E7%90%86%E5%8F%8A%E5%88%A4%E5%AE%9A%E5%95%8F%E9%A1%8C/?share=linkedin HTTP/1.1" 302 3904 "-" "Mozilla/5.0 (compatible; MJ12bot/v1.4.8; http://mj12bot.com/)"
220.135.127.108 - - [23/Nov/2024:20:04:34 +0800] "POST /wp-cron.php?doing_wp_cron=1732363474.1295359134674072265625 HTTP/1.1" 200 4050 "-" "WordPress/6.7.1; https://www.car32.tw"
54.38.85.17 - - [23/Nov/2024:20:04:33 +0800] "GET /%E5%BE%9E%E6%89%93%E5%AD%97%E6%A9%9F%E5%88%B0%E9%9B%99%E5%96%89%E5%8C%96%E6%B2%B9%E5%99%A8-%E7%B5%95%E7%89%88-alpina-%E8%BA%8D%E6%98%87%E8%97%9D%E8%A1%93%E6%AE%BF%E5%A0%82/ HTTP/1.1" 200 17740 "-" "Mozilla/5.0 (compatible; MJ12bot/v1.4.8; http://mj12bot.com/)"
54.38.85.17 - - [23/Nov/2024:20:04:47 +0800] "GET /%E6%80%A7%E8%83%BD%E7%9A%84%E7%94%9F%E6%84%8F%EF%BC%9Aalpina-%E5%BE%9E%E6%89%93%E5%AD%97%E6%A9%9F%E5%88%B0%E6%B1%BD%E8%BB%8A%E9%9C%B8%E4%B8%BB%E7%9A%84%E5%B4%9B%E8%B5%B7/ HTTP/1.1" 200 31820 "-" "Mozilla/5.0 (compatible; MJ12bot/v1.4.8; http://mj12bot.com/)"
54.38.85.17 - - [23/Nov/2024:20:05:03 +0800] "GET /%E6%82%A8%E6%80%8E%E9%BA%BC%E9%81%B8%E6%93%87%E6%84%9B%E8%BB%8A%E7%9A%84%E6%A9%9F%E6%B2%B9%EF%BC%9F/?share=linkedin HTTP/1.1" 302 3799 "-" "Mozilla/5.0 (compatible; MJ12bot/v1.4.8; http://mj12bot.com/)"
220.135.127.108 - - [23/Nov/2024:20:05:36 +0800] "POST /wp-cron.php?doing_wp_cron=1732363536.1407270431518554687500 HTTP/1.1" 200 4050 "-" "WordPress/6.7.1; https://www.car32.tw"
