192.0.82.55 - - [23/Nov/2024:19:20:52 +0800] "HEAD / HTTP/1.1" 200 4000 "-" "jetmon/1.0 (Jetpack Site Uptime Monitor by WordPress.com)"
17.246.15.56 - - [23/Nov/2024:19:21:21 +0800] "GET /wp-content/themes/twentytwelve/fonts/font-open-sans.css?ver=20230328 HTTP/1.1" 200 4984 "https://www.car32.tw/%E6%AD%B2%E6%9C%AB%E5%B9%B4%E7%B5%82%E7%9A%84%E5%B9%B4%E5%BA%A6%E4%BF%9D%E9%A4%8A/" "Mozilla/5.0 (Macintosh; Intel Mac OS X 10_15_7) AppleWebKit/605.1.15 (KHTML, like Gecko) Version/17.4 Safari/605.1.15 (Applebot/0.1; +http://www.apple.com/go/applebot)"
17.246.15.86 - - [23/Nov/2024:19:21:21 +0800] "GET /wp-content/themes/twentytwelve/js/navigation.js?ver=20141205 HTTP/1.1" 200 4723 "https://www.car32.tw/%E6%AD%B2%E6%9C%AB%E5%B9%B4%E7%B5%82%E7%9A%84%E5%B9%B4%E5%BA%A6%E4%BF%9D%E9%A4%8A/" "Mozilla/5.0 (Macintosh; Intel Mac OS X 10_15_7) AppleWebKit/605.1.15 (KHTML, like Gecko) Version/17.4 Safari/605.1.15 (Applebot/0.1; +http://www.apple.com/go/applebot)"
17.246.23.113 - - [23/Nov/2024:19:21:22 +0800] "GET /wp-content/themes/twentytwelve/css/blocks.css?ver=20240603 HTTP/1.1" 200 5988 "https://www.car32.tw/%E6%AD%B2%E6%9C%AB%E5%B9%B4%E7%B5%82%E7%9A%84%E5%B9%B4%E5%BA%A6%E4%BF%9D%E9%A4%8A/" "Mozilla/5.0 (Macintosh; Intel Mac OS X 10_15_7) AppleWebKit/605.1.15 (KHTML, like Gecko) Version/17.4 Safari/605.1.15 (Applebot/0.1; +http://www.apple.com/go/applebot)"
17.246.19.26 - - [23/Nov/2024:19:21:22 +0800] "GET /wp-content/themes/twentytwelve/style.css?ver=20240716 HTTP/1.1" 200 12376 "https://www.car32.tw/%E6%AD%B2%E6%9C%AB%E5%B9%B4%E7%B5%82%E7%9A%84%E5%B9%B4%E5%BA%A6%E4%BF%9D%E9%A4%8A/" "Mozilla/5.0 (Macintosh; Intel Mac OS X 10_15_7) AppleWebKit/605.1.15 (KHTML, like Gecko) Version/17.4 Safari/605.1.15 (Applebot/0.1; +http://www.apple.com/go/applebot)"
17.246.19.67 - - [23/Nov/2024:19:21:23 +0800] "GET /wp-includes/js/wp-emoji-release.min.js?ver=6.7.1 HTTP/1.1" 200 9175 "https://www.car32.tw/%E6%AD%B2%E6%9C%AB%E5%B9%B4%E7%B5%82%E7%9A%84%E5%B9%B4%E5%BA%A6%E4%BF%9D%E9%A4%8A/" "Mozilla/5.0 (Macintosh; Intel Mac OS X 10_15_7) AppleWebKit/605.1.15 (KHTML, like Gecko) Version/17.4 Safari/605.1.15 (Applebot/0.1; +http://www.apple.com/go/applebot)"
17.246.15.115 - - [23/Nov/2024:19:21:24 +0800] "GET /%E6%AD%B2%E6%9C%AB%E5%B9%B4%E7%B5%82%E7%9A%84%E5%B9%B4%E5%BA%A6%E4%BF%9D%E9%A4%8A/?relatedposts=1 HTTP/1.1" 200 7053 "https://www.car32.tw/%E6%AD%B2%E6%9C%AB%E5%B9%B4%E7%B5%82%E7%9A%84%E5%B9%B4%E5%BA%A6%E4%BF%9D%E9%A4%8A/" "Mozilla/5.0 (Macintosh; Intel Mac OS X 10_15_7) AppleWebKit/605.1.15 (KHTML, like Gecko) Version/17.4 Safari/605.1.15 (Applebot/0.1; +http://www.apple.com/go/applebot)"
4.227.36.14 - - [23/Nov/2024:19:21:40 +0800] "GET /%e9%bb%83%e9%87%91%e7%b7%9a%e6%8f%9b%e5%ad%a3%e4%bf%9d%e9%a4%8a%e5%b0%8f%e6%95%99%e5%ae%a4/embed/ HTTP/1.1" 200 10973 "-" "Mozilla/5.0 AppleWebKit/537.36 (KHTML, like Gecko; compatible; GPTBot/1.2; +https://openai.com/gptbot)"
4.227.36.14 - - [23/Nov/2024:19:22:17 +0800] "GET /%e9%bb%83%e9%87%91%e7%b7%9a%e6%8f%9b%e5%ad%a3%e4%bf%9d%e9%a4%8a%e5%b0%8f%e6%95%99%e5%ae%a4/embed/ HTTP/1.1" 200 10971 "-" "Mozilla/5.0 AppleWebKit/537.36 (KHTML, like Gecko; compatible; GPTBot/1.2; +https://openai.com/gptbot)"
4.227.36.14 - - [23/Nov/2024:19:23:01 +0800] "GET /%e9%bb%83%e9%87%91%e7%b7%9a%e6%8f%9b%e5%ad%a3%e4%bf%9d%e9%a4%8a%e5%b0%8f%e6%95%99%e5%ae%a4/embed/ HTTP/1.1" 200 10973 "-" "Mozilla/5.0 AppleWebKit/537.36 (KHTML, like Gecko; compatible; GPTBot/1.2; +https://openai.com/gptbot)"
13.59.112.169 - - [23/Nov/2024:19:23:08 +0800] "GET /%e8%a2%ab%e6%92%9e%e4%b9%8b%e5%be%8c HTTP/1.1" 301 4094 "-" "Mozilla/5.0 AppleWebKit/537.36 (KHTML, like Gecko; compatible; ClaudeBot/1.0; +claudebot@anthropic.com)"
13.59.112.169 - - [23/Nov/2024:19:23:09 +0800] "GET /%e8%a2%ab%e6%92%9e%e4%b9%8b%e5%be%8c/ HTTP/1.1" 200 28576 "https://car32.tw/%e8%a2%ab%e6%92%9e%e4%b9%8b%e5%be%8c" "Mozilla/5.0 AppleWebKit/537.36 (KHTML, like Gecko; compatible; ClaudeBot/1.0; +claudebot@anthropic.com)"
4.227.36.14 - - [23/Nov/2024:19:23:36 +0800] "GET /%e9%bb%83%e9%87%91%e7%b7%9a%e6%8f%9b%e5%ad%a3%e4%bf%9d%e9%a4%8a%e5%b0%8f%e6%95%99%e5%ae%a4/embed/ HTTP/1.1" 200 10971 "-" "Mozilla/5.0 AppleWebKit/537.36 (KHTML, like Gecko; compatible; GPTBot/1.2; +https://openai.com/gptbot)"
4.227.36.14 - - [23/Nov/2024:19:24:15 +0800] "GET /%e9%bb%83%e9%87%91%e7%b7%9a%e6%8f%9b%e5%ad%a3%e4%bf%9d%e9%a4%8a%e5%b0%8f%e6%95%99%e5%ae%a4/embed/ HTTP/1.1" 200 10972 "-" "Mozilla/5.0 AppleWebKit/537.36 (KHTML, like Gecko; compatible; GPTBot/1.2; +https://openai.com/gptbot)"
220.135.127.108 - - [23/Nov/2024:19:25:03 +0800] "POST /wp-cron.php?doing_wp_cron=1732361103.6533639430999755859375 HTTP/1.1" 200 4050 "-" "WordPress/6.7.1; https://www.car32.tw"
4.227.36.14 - - [23/Nov/2024:19:25:03 +0800] "GET /%e9%bb%83%e9%87%91%e7%b7%9a%e6%8f%9b%e5%ad%a3%e4%bf%9d%e9%a4%8a%e5%b0%8f%e6%95%99%e5%ae%a4/embed/ HTTP/1.1" 200 10971 "-" "Mozilla/5.0 AppleWebKit/537.36 (KHTML, like Gecko; compatible; GPTBot/1.2; +https://openai.com/gptbot)"
220.135.127.108 - - [23/Nov/2024:19:25:45 +0800] "POST /wp-cron.php?doing_wp_cron=1732361145.9091560840606689453125 HTTP/1.1" 200 4050 "-" "WordPress/6.7.1; https://www.car32.tw"
4.227.36.14 - - [23/Nov/2024:19:25:45 +0800] "GET /%e9%bb%83%e9%87%91%e7%b7%9a%e6%8f%9b%e5%ad%a3%e4%bf%9d%e9%a4%8a%e5%b0%8f%e6%95%99%e5%ae%a4/embed/ HTTP/1.1" 200 10973 "-" "Mozilla/5.0 AppleWebKit/537.36 (KHTML, like Gecko; compatible; GPTBot/1.2; +https://openai.com/gptbot)"
192.0.82.55 - - [23/Nov/2024:19:25:53 +0800] "HEAD / HTTP/1.1" 200 4000 "-" "jetmon/1.0 (Jetpack Site Uptime Monitor by WordPress.com)"
220.135.127.108 - - [23/Nov/2024:19:26:37 +0800] "POST /wp-cron.php?doing_wp_cron=1732361197.1579051017761230468750 HTTP/1.1" 200 4050 "-" "WordPress/6.7.1; https://www.car32.tw"
4.227.36.14 - - [23/Nov/2024:19:26:36 +0800] "GET /%e9%bb%83%e9%87%91%e7%b7%9a%e6%8f%9b%e5%ad%a3%e4%bf%9d%e9%a4%8a%e5%b0%8f%e6%95%99%e5%ae%a4/embed/ HTTP/1.1" 200 10974 "-" "Mozilla/5.0 AppleWebKit/537.36 (KHTML, like Gecko; compatible; GPTBot/1.2; +https://openai.com/gptbot)"
4.227.36.14 - - [23/Nov/2024:19:27:03 +0800] "GET /%e9%bb%83%e9%87%91%e7%b7%9a%e6%8f%9b%e5%ad%a3%e4%bf%9d%e9%a4%8a%e5%b0%8f%e6%95%99%e5%ae%a4/embed/ HTTP/1.1" 200 10972 "-" "Mozilla/5.0 AppleWebKit/537.36 (KHTML, like Gecko; compatible; GPTBot/1.2; +https://openai.com/gptbot)"
18.119.113.79 - - [23/Nov/2024:19:27:08 +0800] "GET /bmw-o2-series HTTP/1.1" 301 4071 "-" "Mozilla/5.0 AppleWebKit/537.36 (KHTML, like Gecko; compatible; ClaudeBot/1.0; +claudebot@anthropic.com)"
18.119.113.79 - - [23/Nov/2024:19:27:09 +0800] "GET /bmw-o2-series/ HTTP/1.1" 200 18110 "https://car32.tw/bmw-o2-series" "Mozilla/5.0 AppleWebKit/537.36 (KHTML, like Gecko; compatible; ClaudeBot/1.0; +claudebot@anthropic.com)"
4.227.36.14 - - [23/Nov/2024:19:27:45 +0800] "GET /%e9%bb%83%e9%87%91%e7%b7%9a%e6%8f%9b%e5%ad%a3%e4%bf%9d%e9%a4%8a%e5%b0%8f%e6%95%99%e5%ae%a4/embed/ HTTP/1.1" 200 10972 "-" "Mozilla/5.0 AppleWebKit/537.36 (KHTML, like Gecko; compatible; GPTBot/1.2; +https://openai.com/gptbot)"
17.241.219.22 - - [23/Nov/2024:19:27:46 +0800] "GET /%E4%B8%8D%E7%94%A8%E7%99%BE%E8%90%AC%E5%B0%B1%E8%83%BD%E5%85%A5%E6%89%8B%E5%B8%A5%E6%B0%A3%E9%9B%99b/ HTTP/1.1" 200 18208 "-" "Mozilla/5.0 (Macintosh; Intel Mac OS X 10_15_7) AppleWebKit/605.1.15 (KHTML, like Gecko) Version/17.4 Safari/605.1.15 (Applebot/0.1; +http://www.apple.com/go/applebot)"
4.227.36.14 - - [23/Nov/2024:19:28:14 +0800] "GET /%e9%bb%83%e9%87%91%e7%b7%9a%e6%8f%9b%e5%ad%a3%e4%bf%9d%e9%a4%8a%e5%b0%8f%e6%95%99%e5%ae%a4/embed/ HTTP/1.1" 200 10973 "-" "Mozilla/5.0 AppleWebKit/537.36 (KHTML, like Gecko; compatible; GPTBot/1.2; +https://openai.com/gptbot)"
4.227.36.14 - - [23/Nov/2024:19:28:54 +0800] "GET /%e9%bb%83%e9%87%91%e7%b7%9a%e6%8f%9b%e5%ad%a3%e4%bf%9d%e9%a4%8a%e5%b0%8f%e6%95%99%e5%ae%a4/embed/ HTTP/1.1" 200 10973 "-" "Mozilla/5.0 AppleWebKit/537.36 (KHTML, like Gecko; compatible; GPTBot/1.2; +https://openai.com/gptbot)"
52.167.144.146 - - [23/Nov/2024:19:29:15 +0800] "GET /%E8%BB%8A%E7%94%A8%E6%99%B6%E7%89%87%E3%80%81%E7%B6%AD%E4%BF%AE%E5%B7%A5%E6%99%82/?share=twitter HTTP/1.1" 302 4429 "-" "Mozilla/5.0 AppleWebKit/537.36 (KHTML, like Gecko; compatible; bingbot/2.0; +http://www.bing.com/bingbot.htm) Chrome/116.0.1938.76 Safari/537.36"
17.241.75.102 - - [23/Nov/2024:19:29:21 +0800] "GET /%E4%B8%8D%E7%94%A8%E7%99%BE%E8%90%AC%E5%B0%B1%E8%83%BD%E5%85%A5%E6%89%8B%E5%B8%A5%E6%B0%A3%E9%9B%99b/?relatedposts=1 HTTP/1.1" 200 7419 "https://www.car32.tw/%E4%B8%8D%E7%94%A8%E7%99%BE%E8%90%AC%E5%B0%B1%E8%83%BD%E5%85%A5%E6%89%8B%E5%B8%A5%E6%B0%A3%E9%9B%99b/" "Mozilla/5.0 (Macintosh; Intel Mac OS X 10_15_7) AppleWebKit/605.1.15 (KHTML, like Gecko) Version/17.4 Safari/605.1.15 (Applebot/0.1; +http://www.apple.com/go/applebot)"
220.135.127.108 - - [23/Nov/2024:19:29:31 +0800] "POST /wp-cron.php?doing_wp_cron=1732361371.9220299720764160156250 HTTP/1.1" 200 4050 "-" "WordPress/6.7.1; https://www.car32.tw"
4.227.36.14 - - [23/Nov/2024:19:29:31 +0800] "GET /%e9%bb%83%e9%87%91%e7%b7%9a%e6%8f%9b%e5%ad%a3%e4%bf%9d%e9%a4%8a%e5%b0%8f%e6%95%99%e5%ae%a4/embed/ HTTP/1.1" 200 10973 "-" "Mozilla/5.0 AppleWebKit/537.36 (KHTML, like Gecko; compatible; GPTBot/1.2; +https://openai.com/gptbot)"
4.227.36.14 - - [23/Nov/2024:19:30:09 +0800] "GET /%e9%bb%83%e9%87%91%e7%b7%9a%e6%8f%9b%e5%ad%a3%e4%bf%9d%e9%a4%8a%e5%b0%8f%e6%95%99%e5%ae%a4/embed/ HTTP/1.1" 200 10972 "-" "Mozilla/5.0 AppleWebKit/537.36 (KHTML, like Gecko; compatible; GPTBot/1.2; +https://openai.com/gptbot)"
220.135.127.108 - - [23/Nov/2024:19:30:45 +0800] "POST /wp-cron.php?doing_wp_cron=1732361445.0158019065856933593750 HTTP/1.1" 200 4050 "-" "WordPress/6.7.1; https://www.car32.tw"
4.227.36.14 - - [23/Nov/2024:19:30:44 +0800] "GET /%e9%bb%83%e9%87%91%e7%b7%9a%e6%8f%9b%e5%ad%a3%e4%bf%9d%e9%a4%8a%e5%b0%8f%e6%95%99%e5%ae%a4/embed/ HTTP/1.1" 200 10974 "-" "Mozilla/5.0 AppleWebKit/537.36 (KHTML, like Gecko; compatible; GPTBot/1.2; +https://openai.com/gptbot)"
192.0.82.55 - - [23/Nov/2024:19:30:52 +0800] "HEAD / HTTP/1.1" 200 4000 "-" "jetmon/1.0 (Jetpack Site Uptime Monitor by WordPress.com)"
4.227.36.14 - - [23/Nov/2024:19:31:29 +0800] "GET /%e9%bb%83%e9%87%91%e7%b7%9a%e6%8f%9b%e5%ad%a3%e4%bf%9d%e9%a4%8a%e5%b0%8f%e6%95%99%e5%ae%a4/embed/ HTTP/1.1" 200 10972 "-" "Mozilla/5.0 AppleWebKit/537.36 (KHTML, like Gecko; compatible; GPTBot/1.2; +https://openai.com/gptbot)"
4.227.36.14 - - [23/Nov/2024:19:32:04 +0800] "GET /%e9%bb%83%e9%87%91%e7%b7%9a%e6%8f%9b%e5%ad%a3%e4%bf%9d%e9%a4%8a%e5%b0%8f%e6%95%99%e5%ae%a4/embed/ HTTP/1.1" 200 10973 "-" "Mozilla/5.0 AppleWebKit/537.36 (KHTML, like Gecko; compatible; GPTBot/1.2; +https://openai.com/gptbot)"
4.227.36.14 - - [23/Nov/2024:19:32:46 +0800] "GET /%e9%bb%83%e9%87%91%e7%b7%9a%e6%8f%9b%e5%ad%a3%e4%bf%9d%e9%a4%8a%e5%b0%8f%e6%95%99%e5%ae%a4/embed/ HTTP/1.1" 200 10973 "-" "Mozilla/5.0 AppleWebKit/537.36 (KHTML, like Gecko; compatible; GPTBot/1.2; +https://openai.com/gptbot)"
101.0.232.165 - - [23/Nov/2024:19:32:59 +0800] "GET /tag/%E6%AD%A2%E6%BC%8F/ HTTP/1.1" 200 24163 "https://www.google.com/" "Mozilla/5.0 (iPhone; CPU iPhone OS 15_8 like Mac OS X) AppleWebKit/605.1.15 (KHTML, like Gecko) CriOS/99.0.4844.59 Mobile/15E148 Safari/604.1"
101.0.232.165 - - [23/Nov/2024:19:33:00 +0800] "GET /wp-content/themes/twentytwelve/fonts/font-open-sans.css?ver=20230328 HTTP/1.1" 200 1288 "https://www.car32.tw/tag/%E6%AD%A2%E6%BC%8F/" "Mozilla/5.0 (iPhone; CPU iPhone OS 15_8 like Mac OS X) AppleWebKit/605.1.15 (KHTML, like Gecko) CriOS/99.0.4844.59 Mobile/15E148 Safari/604.1"
101.0.232.165 - - [23/Nov/2024:19:33:00 +0800] "GET /wp-content/themes/twentytwelve/style.css?ver=20240716 HTTP/1.1" 200 12423 "https://www.car32.tw/tag/%E6%AD%A2%E6%BC%8F/" "Mozilla/5.0 (iPhone; CPU iPhone OS 15_8 like Mac OS X) AppleWebKit/605.1.15 (KHTML, like Gecko) CriOS/99.0.4844.59 Mobile/15E148 Safari/604.1"
101.0.232.165 - - [23/Nov/2024:19:33:00 +0800] "GET /wp-content/themes/twentytwelve/js/navigation.js?ver=20141205 HTTP/1.1" 200 4770 "https://www.car32.tw/tag/%E6%AD%A2%E6%BC%8F/" "Mozilla/5.0 (iPhone; CPU iPhone OS 15_8 like Mac OS X) AppleWebKit/605.1.15 (KHTML, like Gecko) CriOS/99.0.4844.59 Mobile/15E148 Safari/604.1"
101.0.232.165 - - [23/Nov/2024:19:33:00 +0800] "GET /wp-content/themes/twentytwelve/css/blocks.css?ver=20240603 HTTP/1.1" 200 6035 "https://www.car32.tw/tag/%E6%AD%A2%E6%BC%8F/" "Mozilla/5.0 (iPhone; CPU iPhone OS 15_8 like Mac OS X) AppleWebKit/605.1.15 (KHTML, like Gecko) CriOS/99.0.4844.59 Mobile/15E148 Safari/604.1"
101.0.232.165 - - [23/Nov/2024:19:33:00 +0800] "GET /wp-content/themes/twentytwelve/fonts/open-sans/open-sans-latin-400-normal.woff2?ver=34 HTTP/1.1" 200 17094 "https://www.car32.tw/tag/%E6%AD%A2%E6%BC%8F/" "Mozilla/5.0 (iPhone; CPU iPhone OS 15_8 like Mac OS X) AppleWebKit/605.1.15 (KHTML, like Gecko) CriOS/99.0.4844.59 Mobile/15E148 Safari/604.1"
101.0.232.165 - - [23/Nov/2024:19:33:00 +0800] "GET /wp-content/themes/twentytwelve/fonts/open-sans/open-sans-latin-700-normal.woff2?ver=34 HTTP/1.1" 200 16704 "https://www.car32.tw/tag/%E6%AD%A2%E6%BC%8F/" "Mozilla/5.0 (iPhone; CPU iPhone OS 15_8 like Mac OS X) AppleWebKit/605.1.15 (KHTML, like Gecko) CriOS/99.0.4844.59 Mobile/15E148 Safari/604.1"
101.0.232.165 - - [23/Nov/2024:19:33:00 +0800] "GET /download/IMG_1165.mp4 HTTP/1.1" 206 358 "https://www.car32.tw/tag/%E6%AD%A2%E6%BC%8F/" "Mozilla/5.0 (iPhone; CPU iPhone OS 15_8 like Mac OS X) AppleWebKit/605.1.15 (KHTML, like Gecko) CriOS/99.0.4844.59 Mobile/15E148 Safari/604.1"
101.0.232.165 - - [23/Nov/2024:19:33:00 +0800] "GET /wp-includes/js/wp-emoji-release.min.js?ver=6.7.1 HTTP/1.1" 200 5479 "https://www.car32.tw/tag/%E6%AD%A2%E6%BC%8F/" "Mozilla/5.0 (iPhone; CPU iPhone OS 15_8 like Mac OS X) AppleWebKit/605.1.15 (KHTML, like Gecko) CriOS/99.0.4844.59 Mobile/15E148 Safari/604.1"
101.0.232.165 - - [23/Nov/2024:19:33:00 +0800] "GET /download/IMG_1165.mp4 HTTP/1.1" 206 58346 "https://www.car32.tw/tag/%E6%AD%A2%E6%BC%8F/" "Mozilla/5.0 (iPhone; CPU iPhone OS 15_8 like Mac OS X) AppleWebKit/605.1.15 (KHTML, like Gecko) CriOS/99.0.4844.59 Mobile/15E148 Safari/604.1"
101.0.232.165 - - [23/Nov/2024:19:33:01 +0800] "POST /?ob=open-bridge/events HTTP/1.1" 200 520 "https://www.car32.tw/tag/%E6%AD%A2%E6%BC%8F/" "Mozilla/5.0 (iPhone; CPU iPhone OS 15_8 like Mac OS X) AppleWebKit/605.1.15 (KHTML, like Gecko) CriOS/99.0.4844.59 Mobile/15E148 Safari/604.1"
4.227.36.14 - - [23/Nov/2024:19:33:24 +0800] "GET /%e9%bb%83%e9%87%91%e7%b7%9a%e6%8f%9b%e5%ad%a3%e4%bf%9d%e9%a4%8a%e5%b0%8f%e6%95%99%e5%ae%a4/embed/ HTTP/1.1" 200 10971 "-" "Mozilla/5.0 AppleWebKit/537.36 (KHTML, like Gecko; compatible; GPTBot/1.2; +https://openai.com/gptbot)"
66.249.77.132 - - [23/Nov/2024:19:33:33 +0800] "GET /?cat=16 HTTP/1.1" 301 579 "-" "Mozilla/5.0 (Linux; Android 6.0.1; Nexus 5X Build/MMB29P) AppleWebKit/537.36 (KHTML, like Gecko) Chrome/131.0.6778.69 Mobile Safari/537.36 (compatible; Googlebot/2.1; +http://www.google.com/bot.html)"
4.227.36.14 - - [23/Nov/2024:19:34:01 +0800] "GET /%e9%bb%83%e9%87%91%e7%b7%9a%e6%8f%9b%e5%ad%a3%e4%bf%9d%e9%a4%8a%e5%b0%8f%e6%95%99%e5%ae%a4/embed/ HTTP/1.1" 200 10972 "-" "Mozilla/5.0 AppleWebKit/537.36 (KHTML, like Gecko; compatible; GPTBot/1.2; +https://openai.com/gptbot)"
66.249.71.135 - - [23/Nov/2024:19:34:23 +0800] "GET /bmw-alpina-b5-gt HTTP/1.1" 301 4083 "-" "Mozilla/5.0 (Linux; Android 6.0.1; Nexus 5X Build/MMB29P) AppleWebKit/537.36 (KHTML, like Gecko) Chrome/131.0.6778.69 Mobile Safari/537.36 (compatible; Googlebot/2.1; +http://www.google.com/bot.html)"
220.135.127.108 - - [23/Nov/2024:19:34:41 +0800] "POST /wp-cron.php?doing_wp_cron=1732361681.3265249729156494140625 HTTP/1.1" 200 4050 "-" "WordPress/6.7.1; https://www.car32.tw"
4.227.36.14 - - [23/Nov/2024:19:34:41 +0800] "GET /%e9%bb%83%e9%87%91%e7%b7%9a%e6%8f%9b%e5%ad%a3%e4%bf%9d%e9%a4%8a%e5%b0%8f%e6%95%99%e5%ae%a4/embed/ HTTP/1.1" 200 10972 "-" "Mozilla/5.0 AppleWebKit/537.36 (KHTML, like Gecko; compatible; GPTBot/1.2; +https://openai.com/gptbot)"
66.249.77.135 - - [23/Nov/2024:19:35:06 +0800] "GET /bmw-alpina-b5-gt/ HTTP/1.1" 200 25874 "-" "Mozilla/5.0 (Linux; Android 6.0.1; Nexus 5X Build/MMB29P) AppleWebKit/537.36 (KHTML, like Gecko) Chrome/131.0.6778.69 Mobile Safari/537.36 (compatible; Googlebot/2.1; +http://www.google.com/bot.html)"
220.135.127.108 - - [23/Nov/2024:19:35:33 +0800] "POST /wp-cron.php?doing_wp_cron=1732361733.7770609855651855468750 HTTP/1.1" 200 4050 "-" "WordPress/6.7.1; https://www.car32.tw"
4.227.36.14 - - [23/Nov/2024:19:35:33 +0800] "GET /%e9%bb%83%e9%87%91%e7%b7%9a%e6%8f%9b%e5%ad%a3%e4%bf%9d%e9%a4%8a%e5%b0%8f%e6%95%99%e5%ae%a4/embed/ HTTP/1.1" 200 10972 "-" "Mozilla/5.0 AppleWebKit/537.36 (KHTML, like Gecko; compatible; GPTBot/1.2; +https://openai.com/gptbot)"
192.0.82.55 - - [23/Nov/2024:19:35:52 +0800] "HEAD / HTTP/1.1" 200 4000 "-" "jetmon/1.0 (Jetpack Site Uptime Monitor by WordPress.com)"
4.227.36.14 - - [23/Nov/2024:19:36:11 +0800] "GET /%e9%bb%83%e9%87%91%e7%b7%9a%e6%8f%9b%e5%ad%a3%e4%bf%9d%e9%a4%8a%e5%b0%8f%e6%95%99%e5%ae%a4/embed/ HTTP/1.1" 200 10971 "-" "Mozilla/5.0 AppleWebKit/537.36 (KHTML, like Gecko; compatible; GPTBot/1.2; +https://openai.com/gptbot)"
4.227.36.14 - - [23/Nov/2024:19:36:42 +0800] "GET /%e9%bb%83%e9%87%91%e7%b7%9a%e6%8f%9b%e5%ad%a3%e4%bf%9d%e9%a4%8a%e5%b0%8f%e6%95%99%e5%ae%a4/embed/ HTTP/1.1" 200 10974 "-" "Mozilla/5.0 AppleWebKit/537.36 (KHTML, like Gecko; compatible; GPTBot/1.2; +https://openai.com/gptbot)"
4.227.36.14 - - [23/Nov/2024:19:37:35 +0800] "GET /%e9%bb%83%e9%87%91%e7%b7%9a%e6%8f%9b%e5%ad%a3%e4%bf%9d%e9%a4%8a%e5%b0%8f%e6%95%99%e5%ae%a4/embed/ HTTP/1.1" 200 10974 "-" "Mozilla/5.0 AppleWebKit/537.36 (KHTML, like Gecko; compatible; GPTBot/1.2; +https://openai.com/gptbot)"
101.0.232.165 - - [23/Nov/2024:19:33:00 +0800] "GET /download/IMG_1165.mp4 HTTP/1.1" 206 2282400 "https://www.car32.tw/tag/%E6%AD%A2%E6%BC%8F/" "Mozilla/5.0 (iPhone; CPU iPhone OS 15_8 like Mac OS X) AppleWebKit/605.1.15 (KHTML, like Gecko) CriOS/99.0.4844.59 Mobile/15E148 Safari/604.1"
4.227.36.14 - - [23/Nov/2024:19:38:07 +0800] "GET /%e9%bb%83%e9%87%91%e7%b7%9a%e6%8f%9b%e5%ad%a3%e4%bf%9d%e9%a4%8a%e5%b0%8f%e6%95%99%e5%ae%a4/embed/ HTTP/1.1" 200 10972 "-" "Mozilla/5.0 AppleWebKit/537.36 (KHTML, like Gecko; compatible; GPTBot/1.2; +https://openai.com/gptbot)"
1.161.176.200 - - [23/Nov/2024:19:38:09 +0800] "GET /wp-content/uploads/2020/09/INEOS_Grenadier_Image_9b_800600.jpg HTTP/1.1" 200 390478 "https://www.google.com/" "Mozilla/5.0 (iPhone; CPU iPhone OS 17_6_1 like Mac OS X) AppleWebKit/605.1.15 (KHTML, like Gecko) Version/17.6 Mobile/15E148 Safari/604.1"
1.161.176.200 - - [23/Nov/2024:19:38:10 +0800] "GET /%E8%8B%B1%E5%8A%9B%E5%A3%AB-%E7%9A%84-%E6%A6%B4%E5%BD%88%E5%85%B5-ineos-grenadier/ HTTP/1.1" 200 27788 "https://www.google.com/" "Mozilla/5.0 (iPhone; CPU iPhone OS 17_6_1 like Mac OS X) AppleWebKit/605.1.15 (KHTML, like Gecko) Version/17.6 Mobile/15E148 Safari/604.1"
1.161.176.200 - - [23/Nov/2024:19:38:11 +0800] "GET /wp-content/themes/twentytwelve/fonts/font-open-sans.css?ver=20230328 HTTP/1.1" 200 1288 "https://www.car32.tw/%E8%8B%B1%E5%8A%9B%E5%A3%AB-%E7%9A%84-%E6%A6%B4%E5%BD%88%E5%85%B5-ineos-grenadier/" "Mozilla/5.0 (iPhone; CPU iPhone OS 17_6_1 like Mac OS X) AppleWebKit/605.1.15 (KHTML, like Gecko) Version/17.6 Mobile/15E148 Safari/604.1"
1.161.176.200 - - [23/Nov/2024:19:38:11 +0800] "GET /wp-content/themes/twentytwelve/css/blocks.css?ver=20240603 HTTP/1.1" 200 6035 "https://www.car32.tw/%E8%8B%B1%E5%8A%9B%E5%A3%AB-%E7%9A%84-%E6%A6%B4%E5%BD%88%E5%85%B5-ineos-grenadier/" "Mozilla/5.0 (iPhone; CPU iPhone OS 17_6_1 like Mac OS X) AppleWebKit/605.1.15 (KHTML, like Gecko) Version/17.6 Mobile/15E148 Safari/604.1"
1.161.176.200 - - [23/Nov/2024:19:38:11 +0800] "GET /wp-content/themes/twentytwelve/js/navigation.js?ver=20141205 HTTP/1.1" 200 4770 "https://www.car32.tw/%E8%8B%B1%E5%8A%9B%E5%A3%AB-%E7%9A%84-%E6%A6%B4%E5%BD%88%E5%85%B5-ineos-grenadier/" "Mozilla/5.0 (iPhone; CPU iPhone OS 17_6_1 like Mac OS X) AppleWebKit/605.1.15 (KHTML, like Gecko) Version/17.6 Mobile/15E148 Safari/604.1"
1.161.176.200 - - [23/Nov/2024:19:38:11 +0800] "GET /wp-content/themes/twentytwelve/style.css?ver=20240716 HTTP/1.1" 200 12423 "https://www.car32.tw/%E8%8B%B1%E5%8A%9B%E5%A3%AB-%E7%9A%84-%E6%A6%B4%E5%BD%88%E5%85%B5-ineos-grenadier/" "Mozilla/5.0 (iPhone; CPU iPhone OS 17_6_1 like Mac OS X) AppleWebKit/605.1.15 (KHTML, like Gecko) Version/17.6 Mobile/15E148 Safari/604.1"
1.161.176.200 - - [23/Nov/2024:19:38:11 +0800] "GET /wp-content/plugins/jetpack/_inc/blocks/tiled-gallery/view.js?minify=false&ver=14.0 HTTP/1.1" 200 7914 "https://www.car32.tw/%E8%8B%B1%E5%8A%9B%E5%A3%AB-%E7%9A%84-%E6%A6%B4%E5%BD%88%E5%85%B5-ineos-grenadier/" "Mozilla/5.0 (iPhone; CPU iPhone OS 17_6_1 like Mac OS X) AppleWebKit/605.1.15 (KHTML, like Gecko) Version/17.6 Mobile/15E148 Safari/604.1"
1.161.176.200 - - [23/Nov/2024:19:38:11 +0800] "GET /wp-content/themes/twentytwelve/fonts/open-sans/open-sans-latin-400-normal.woff2?ver=34 HTTP/1.1" 200 17094 "https://www.car32.tw/%E8%8B%B1%E5%8A%9B%E5%A3%AB-%E7%9A%84-%E6%A6%B4%E5%BD%88%E5%85%B5-ineos-grenadier/" "Mozilla/5.0 (iPhone; CPU iPhone OS 17_6_1 like Mac OS X) AppleWebKit/605.1.15 (KHTML, like Gecko) Version/17.6 Mobile/15E148 Safari/604.1"
1.161.176.200 - - [23/Nov/2024:19:38:11 +0800] "GET /wp-content/themes/twentytwelve/fonts/open-sans/open-sans-latin-700-normal.woff2?ver=34 HTTP/1.1" 200 16704 "https://www.car32.tw/%E8%8B%B1%E5%8A%9B%E5%A3%AB-%E7%9A%84-%E6%A6%B4%E5%BD%88%E5%85%B5-ineos-grenadier/" "Mozilla/5.0 (iPhone; CPU iPhone OS 17_6_1 like Mac OS X) AppleWebKit/605.1.15 (KHTML, like Gecko) Version/17.6 Mobile/15E148 Safari/604.1"
1.161.176.200 - - [23/Nov/2024:19:38:11 +0800] "GET /wp-content/themes/twentytwelve/fonts/open-sans/open-sans-latin-400-italic.woff2?ver=34 HTTP/1.1" 200 18174 "https://www.car32.tw/%E8%8B%B1%E5%8A%9B%E5%A3%AB-%E7%9A%84-%E6%A6%B4%E5%BD%88%E5%85%B5-ineos-grenadier/" "Mozilla/5.0 (iPhone; CPU iPhone OS 17_6_1 like Mac OS X) AppleWebKit/605.1.15 (KHTML, like Gecko) Version/17.6 Mobile/15E148 Safari/604.1"
1.161.176.200 - - [23/Nov/2024:19:38:11 +0800] "GET /%E8%8B%B1%E5%8A%9B%E5%A3%AB-%E7%9A%84-%E6%A6%B4%E5%BD%88%E5%85%B5-ineos-grenadier/?relatedposts=1 HTTP/1.1" 200 4586 "https://www.car32.tw/%E8%8B%B1%E5%8A%9B%E5%A3%AB-%E7%9A%84-%E6%A6%B4%E5%BD%88%E5%85%B5-ineos-grenadier/" "Mozilla/5.0 (iPhone; CPU iPhone OS 17_6_1 like Mac OS X) AppleWebKit/605.1.15 (KHTML, like Gecko) Version/17.6 Mobile/15E148 Safari/604.1"
1.161.176.200 - - [23/Nov/2024:19:38:12 +0800] "POST /?ob=open-bridge/events HTTP/1.1" 200 520 "https://www.car32.tw/%E8%8B%B1%E5%8A%9B%E5%A3%AB-%E7%9A%84-%E6%A6%B4%E5%BD%88%E5%85%B5-ineos-grenadier/" "Mozilla/5.0 (iPhone; CPU iPhone OS 17_6_1 like Mac OS X) AppleWebKit/605.1.15 (KHTML, like Gecko) Version/17.6 Mobile/15E148 Safari/604.1"
4.227.36.14 - - [23/Nov/2024:19:38:46 +0800] "GET /%e9%bb%83%e9%87%91%e7%b7%9a%e6%8f%9b%e5%ad%a3%e4%bf%9d%e9%a4%8a%e5%b0%8f%e6%95%99%e5%ae%a4/embed/ HTTP/1.1" 200 10973 "-" "Mozilla/5.0 AppleWebKit/537.36 (KHTML, like Gecko; compatible; GPTBot/1.2; +https://openai.com/gptbot)"
220.135.127.108 - - [23/Nov/2024:19:39:26 +0800] "POST /wp-cron.php?doing_wp_cron=1732361966.6280300617218017578125 HTTP/1.1" 200 4050 "-" "WordPress/6.7.1; https://www.car32.tw"
4.227.36.14 - - [23/Nov/2024:19:39:26 +0800] "GET /%e9%bb%83%e9%87%91%e7%b7%9a%e6%8f%9b%e5%ad%a3%e4%bf%9d%e9%a4%8a%e5%b0%8f%e6%95%99%e5%ae%a4/embed/ HTTP/1.1" 200 10973 "-" "Mozilla/5.0 AppleWebKit/537.36 (KHTML, like Gecko; compatible; GPTBot/1.2; +https://openai.com/gptbot)"
68.183.80.133 - - [23/Nov/2024:19:39:31 +0800] "GET / HTTP/1.1" 301 553 "-" "Mozilla/5.0 (Windows NT 10.0; Win64; x64) AppleWebKit/537.36 (KHTML, like Gecko) Chrome/80.0.3987.149 Safari/537.36"
68.183.80.133 - - [23/Nov/2024:19:39:32 +0800] "GET / HTTP/1.1" 301 3582 "-" "Mozilla/5.0 (Windows NT 10.0; Win64; x64) AppleWebKit/537.36 (KHTML, like Gecko) Chrome/80.0.3987.149 Safari/537.36"
68.183.80.133 - - [23/Nov/2024:19:39:34 +0800] "GET //wp-includes/wlwmanifest.xml HTTP/1.1" 301 3718 "-" "Mozilla/5.0 (Windows NT 10.0; Win64; x64) AppleWebKit/537.36 (KHTML, like Gecko) Chrome/80.0.3987.149 Safari/537.36"
68.183.80.133 - - [23/Nov/2024:19:39:34 +0800] "GET //xmlrpc.php?rsd HTTP/1.1" 200 1061 "-" "Mozilla/5.0 (Windows NT 10.0; Win64; x64) AppleWebKit/537.36 (KHTML, like Gecko) Chrome/80.0.3987.149 Safari/537.36"
68.183.80.133 - - [23/Nov/2024:19:39:35 +0800] "GET //?author=1 HTTP/1.1" 301 348 "-" "Mozilla/5.0 (Windows NT 10.0; Win64; x64) AppleWebKit/537.36 (KHTML, like Gecko) Chrome/80.0.3987.149 Safari/537.36"
68.183.80.133 - - [23/Nov/2024:19:39:35 +0800] "GET //?author=2 HTTP/1.1" 301 434 "-" "Mozilla/5.0 (Windows NT 10.0; Win64; x64) AppleWebKit/537.36 (KHTML, like Gecko) Chrome/80.0.3987.149 Safari/537.36"
68.183.80.133 - - [23/Nov/2024:19:39:36 +0800] "GET //wp-json/wp/v2/users/ HTTP/1.1" 200 1228 "-" "Mozilla/5.0 (Windows NT 10.0; Win64; x64) AppleWebKit/537.36 (KHTML, like Gecko) Chrome/80.0.3987.149 Safari/537.36"
68.183.80.133 - - [23/Nov/2024:19:39:36 +0800] "POST //xmlrpc.php HTTP/1.1" 200 642 "-" "Mozilla/5.0 (Windows NT 10.0; Win64; x64) AppleWebKit/537.36 (KHTML, like Gecko) Chrome/80.0.3987.149 Safari/537.36"
68.183.80.133 - - [23/Nov/2024:19:39:38 +0800] "POST //xmlrpc.php HTTP/1.1" 200 4037 "-" "Mozilla/5.0 (Windows NT 10.0; Win64; x64) AppleWebKit/537.36 (KHTML, like Gecko) Chrome/80.0.3987.149 Safari/537.36"
68.183.80.133 - - [23/Nov/2024:19:39:43 +0800] "POST //xmlrpc.php HTTP/1.1" 200 3907 "-" "Mozilla/5.0 (Windows NT 10.0; Win64; x64) AppleWebKit/537.36 (KHTML, like Gecko) Chrome/80.0.3987.149 Safari/537.36"
68.183.80.133 - - [23/Nov/2024:19:39:55 +0800] "POST //xmlrpc.php HTTP/1.1" 200 4037 "-" "Mozilla/5.0 (Windows NT 10.0; Win64; x64) AppleWebKit/537.36 (KHTML, like Gecko) Chrome/80.0.3987.149 Safari/537.36"
68.183.80.133 - - [23/Nov/2024:19:39:56 +0800] "POST //xmlrpc.php HTTP/1.1" 200 4037 "-" "Mozilla/5.0 (Windows NT 10.0; Win64; x64) AppleWebKit/537.36 (KHTML, like Gecko) Chrome/80.0.3987.149 Safari/537.36"
68.183.80.133 - - [23/Nov/2024:19:39:59 +0800] "POST //xmlrpc.php HTTP/1.1" 200 4037 "-" "Mozilla/5.0 (Windows NT 10.0; Win64; x64) AppleWebKit/537.36 (KHTML, like Gecko) Chrome/80.0.3987.149 Safari/537.36"
68.183.80.133 - - [23/Nov/2024:19:40:01 +0800] "POST //xmlrpc.php HTTP/1.1" 200 4037 "-" "Mozilla/5.0 (Windows NT 10.0; Win64; x64) AppleWebKit/537.36 (KHTML, like Gecko) Chrome/80.0.3987.149 Safari/537.36"
68.183.80.133 - - [23/Nov/2024:19:40:02 +0800] "POST //xmlrpc.php HTTP/1.1" 200 4037 "-" "Mozilla/5.0 (Windows NT 10.0; Win64; x64) AppleWebKit/537.36 (KHTML, like Gecko) Chrome/80.0.3987.149 Safari/537.36"
68.183.80.133 - - [23/Nov/2024:19:40:04 +0800] "POST //xmlrpc.php HTTP/1.1" 200 4037 "-" "Mozilla/5.0 (Windows NT 10.0; Win64; x64) AppleWebKit/537.36 (KHTML, like Gecko) Chrome/80.0.3987.149 Safari/537.36"
68.183.80.133 - - [23/Nov/2024:19:40:05 +0800] "POST //xmlrpc.php HTTP/1.1" 200 4037 "-" "Mozilla/5.0 (Windows NT 10.0; Win64; x64) AppleWebKit/537.36 (KHTML, like Gecko) Chrome/80.0.3987.149 Safari/537.36"
68.183.80.133 - - [23/Nov/2024:19:40:09 +0800] "POST //xmlrpc.php HTTP/1.1" 200 4037 "-" "Mozilla/5.0 (Windows NT 10.0; Win64; x64) AppleWebKit/537.36 (KHTML, like Gecko) Chrome/80.0.3987.149 Safari/537.36"
4.227.36.14 - - [23/Nov/2024:19:40:09 +0800] "GET /%e9%bb%83%e9%87%91%e7%b7%9a%e6%8f%9b%e5%ad%a3%e4%bf%9d%e9%a4%8a%e5%b0%8f%e6%95%99%e5%ae%a4/embed/ HTTP/1.1" 200 10973 "-" "Mozilla/5.0 AppleWebKit/537.36 (KHTML, like Gecko; compatible; GPTBot/1.2; +https://openai.com/gptbot)"
68.183.80.133 - - [23/Nov/2024:19:40:10 +0800] "POST //xmlrpc.php HTTP/1.1" 200 4037 "-" "Mozilla/5.0 (Windows NT 10.0; Win64; x64) AppleWebKit/537.36 (KHTML, like Gecko) Chrome/80.0.3987.149 Safari/537.36"
68.183.80.133 - - [23/Nov/2024:19:40:11 +0800] "POST //xmlrpc.php HTTP/1.1" 200 4037 "-" "Mozilla/5.0 (Windows NT 10.0; Win64; x64) AppleWebKit/537.36 (KHTML, like Gecko) Chrome/80.0.3987.149 Safari/537.36"
68.183.80.133 - - [23/Nov/2024:19:40:15 +0800] "POST //xmlrpc.php HTTP/1.1" 200 4037 "-" "Mozilla/5.0 (Windows NT 10.0; Win64; x64) AppleWebKit/537.36 (KHTML, like Gecko) Chrome/80.0.3987.149 Safari/537.36"
68.183.80.133 - - [23/Nov/2024:19:40:18 +0800] "POST //xmlrpc.php HTTP/1.1" 200 4037 "-" "Mozilla/5.0 (Windows NT 10.0; Win64; x64) AppleWebKit/537.36 (KHTML, like Gecko) Chrome/80.0.3987.149 Safari/537.36"
68.183.80.133 - - [23/Nov/2024:19:40:23 +0800] "POST //xmlrpc.php HTTP/1.1" 200 4037 "-" "Mozilla/5.0 (Windows NT 10.0; Win64; x64) AppleWebKit/537.36 (KHTML, like Gecko) Chrome/80.0.3987.149 Safari/537.36"
68.183.80.133 - - [23/Nov/2024:19:40:27 +0800] "POST //xmlrpc.php HTTP/1.1" 200 4037 "-" "Mozilla/5.0 (Windows NT 10.0; Win64; x64) AppleWebKit/537.36 (KHTML, like Gecko) Chrome/80.0.3987.149 Safari/537.36"
68.183.80.133 - - [23/Nov/2024:19:40:29 +0800] "POST //xmlrpc.php HTTP/1.1" 200 4037 "-" "Mozilla/5.0 (Windows NT 10.0; Win64; x64) AppleWebKit/537.36 (KHTML, like Gecko) Chrome/80.0.3987.149 Safari/537.36"
220.135.127.108 - - [23/Nov/2024:19:40:30 +0800] "POST /wp-cron.php?doing_wp_cron=1732362030.9510669708251953125000 HTTP/1.1" 200 4050 "-" "WordPress/6.7.1; https://www.car32.tw"
68.183.80.133 - - [23/Nov/2024:19:40:30 +0800] "POST //xmlrpc.php HTTP/1.1" 200 4037 "-" "Mozilla/5.0 (Windows NT 10.0; Win64; x64) AppleWebKit/537.36 (KHTML, like Gecko) Chrome/80.0.3987.149 Safari/537.36"
68.183.80.133 - - [23/Nov/2024:19:40:32 +0800] "POST //xmlrpc.php HTTP/1.1" 200 4037 "-" "Mozilla/5.0 (Windows NT 10.0; Win64; x64) AppleWebKit/537.36 (KHTML, like Gecko) Chrome/80.0.3987.149 Safari/537.36"
68.183.80.133 - - [23/Nov/2024:19:40:33 +0800] "POST //xmlrpc.php HTTP/1.1" 200 4037 "-" "Mozilla/5.0 (Windows NT 10.0; Win64; x64) AppleWebKit/537.36 (KHTML, like Gecko) Chrome/80.0.3987.149 Safari/537.36"
68.183.80.133 - - [23/Nov/2024:19:40:34 +0800] "POST //xmlrpc.php HTTP/1.1" 200 4037 "-" "Mozilla/5.0 (Windows NT 10.0; Win64; x64) AppleWebKit/537.36 (KHTML, like Gecko) Chrome/80.0.3987.149 Safari/537.36"
68.183.80.133 - - [23/Nov/2024:19:40:37 +0800] "POST //xmlrpc.php HTTP/1.1" 200 4037 "-" "Mozilla/5.0 (Windows NT 10.0; Win64; x64) AppleWebKit/537.36 (KHTML, like Gecko) Chrome/80.0.3987.149 Safari/537.36"
3.139.236.93 - - [23/Nov/2024:19:40:39 +0800] "GET /92%e3%80%8195%e3%80%8198-%e6%b7%b7%e5%8a%a0%ef%bc%9f%e6%b1%bd%e6%b2%b9-99-%e6%9f%b4%e6%b2%b9-1%ef%bc%9f%e7%9c%9f%e7%9a%84%e5%8f%af%e8%a1%8c%e5%97%8e%ef%bc%9f/feed HTTP/1.1" 301 4318 "-" "Mozilla/5.0 AppleWebKit/537.36 (KHTML, like Gecko; compatible; ClaudeBot/1.0; +claudebot@anthropic.com)"
140.238.59.22 - - [23/Nov/2024:19:40:39 +0800] "GET /feed/ HTTP/1.1" 200 6804 "https://www.car32.tw/feed/" "FreshRSS/1.24.3 (Linux; https://freshrss.org)"
3.139.236.93 - - [23/Nov/2024:19:40:40 +0800] "GET /92%e3%80%8195%e3%80%8198-%e6%b7%b7%e5%8a%a0%ef%bc%9f%e6%b1%bd%e6%b2%b9-99-%e6%9f%b4%e6%b2%b9-1%ef%bc%9f%e7%9c%9f%e7%9a%84%e5%8f%af%e8%a1%8c%e5%97%8e%ef%bc%9f/feed/ HTTP/1.1" 200 4945 "https://car32.tw/92%e3%80%8195%e3%80%8198-%e6%b7%b7%e5%8a%a0%ef%bc%9f%e6%b1%bd%e6%b2%b9-99-%e6%9f%b4%e6%b2%b9-1%ef%bc%9f%e7%9c%9f%e7%9a%84%e5%8f%af%e8%a1%8c%e5%97%8e%ef%bc%9f/feed" "Mozilla/5.0 AppleWebKit/537.36 (KHTML, like Gecko; compatible; ClaudeBot/1.0; +claudebot@anthropic.com)"
68.183.80.133 - - [23/Nov/2024:19:40:40 +0800] "POST //xmlrpc.php HTTP/1.1" 200 4037 "-" "Mozilla/5.0 (Windows NT 10.0; Win64; x64) AppleWebKit/537.36 (KHTML, like Gecko) Chrome/80.0.3987.149 Safari/537.36"
68.183.80.133 - - [23/Nov/2024:19:40:41 +0800] "POST //xmlrpc.php HTTP/1.1" 200 4037 "-" "Mozilla/5.0 (Windows NT 10.0; Win64; x64) AppleWebKit/537.36 (KHTML, like Gecko) Chrome/80.0.3987.149 Safari/537.36"
68.183.80.133 - - [23/Nov/2024:19:40:43 +0800] "POST //xmlrpc.php HTTP/1.1" 200 4037 "-" "Mozilla/5.0 (Windows NT 10.0; Win64; x64) AppleWebKit/537.36 (KHTML, like Gecko) Chrome/80.0.3987.149 Safari/537.36"
68.183.80.133 - - [23/Nov/2024:19:40:44 +0800] "POST //xmlrpc.php HTTP/1.1" 200 4037 "-" "Mozilla/5.0 (Windows NT 10.0; Win64; x64) AppleWebKit/537.36 (KHTML, like Gecko) Chrome/80.0.3987.149 Safari/537.36"
68.183.80.133 - - [23/Nov/2024:19:40:47 +0800] "POST //xmlrpc.php HTTP/1.1" 200 4037 "-" "Mozilla/5.0 (Windows NT 10.0; Win64; x64) AppleWebKit/537.36 (KHTML, like Gecko) Chrome/80.0.3987.149 Safari/537.36"
68.183.80.133 - - [23/Nov/2024:19:40:50 +0800] "POST //xmlrpc.php HTTP/1.1" 200 4037 "-" "Mozilla/5.0 (Windows NT 10.0; Win64; x64) AppleWebKit/537.36 (KHTML, like Gecko) Chrome/80.0.3987.149 Safari/537.36"
4.227.36.14 - - [23/Nov/2024:19:40:50 +0800] "GET /%e9%bb%83%e9%87%91%e7%b7%9a%e6%8f%9b%e5%ad%a3%e4%bf%9d%e9%a4%8a%e5%b0%8f%e6%95%99%e5%ae%a4/embed/ HTTP/1.1" 200 10972 "-" "Mozilla/5.0 AppleWebKit/537.36 (KHTML, like Gecko; compatible; GPTBot/1.2; +https://openai.com/gptbot)"
192.0.82.55 - - [23/Nov/2024:19:40:52 +0800] "HEAD / HTTP/1.1" 200 4000 "-" "jetmon/1.0 (Jetpack Site Uptime Monitor by WordPress.com)"
68.183.80.133 - - [23/Nov/2024:19:40:54 +0800] "POST //xmlrpc.php HTTP/1.1" 200 4037 "-" "Mozilla/5.0 (Windows NT 10.0; Win64; x64) AppleWebKit/537.36 (KHTML, like Gecko) Chrome/80.0.3987.149 Safari/537.36"
68.183.80.133 - - [23/Nov/2024:19:41:02 +0800] "POST //xmlrpc.php HTTP/1.1" 200 4037 "-" "Mozilla/5.0 (Windows NT 10.0; Win64; x64) AppleWebKit/537.36 (KHTML, like Gecko) Chrome/80.0.3987.149 Safari/537.36"
68.183.80.133 - - [23/Nov/2024:19:41:06 +0800] "POST //xmlrpc.php HTTP/1.1" 200 4037 "-" "Mozilla/5.0 (Windows NT 10.0; Win64; x64) AppleWebKit/537.36 (KHTML, like Gecko) Chrome/80.0.3987.149 Safari/537.36"
68.183.80.133 - - [23/Nov/2024:19:41:07 +0800] "POST //xmlrpc.php HTTP/1.1" 200 4037 "-" "Mozilla/5.0 (Windows NT 10.0; Win64; x64) AppleWebKit/537.36 (KHTML, like Gecko) Chrome/80.0.3987.149 Safari/537.36"
68.183.80.133 - - [23/Nov/2024:19:41:10 +0800] "POST //xmlrpc.php HTTP/1.1" 200 4037 "-" "Mozilla/5.0 (Windows NT 10.0; Win64; x64) AppleWebKit/537.36 (KHTML, like Gecko) Chrome/80.0.3987.149 Safari/537.36"
68.183.80.133 - - [23/Nov/2024:19:41:12 +0800] "POST //xmlrpc.php HTTP/1.1" 200 4037 "-" "Mozilla/5.0 (Windows NT 10.0; Win64; x64) AppleWebKit/537.36 (KHTML, like Gecko) Chrome/80.0.3987.149 Safari/537.36"
68.183.80.133 - - [23/Nov/2024:19:41:15 +0800] "POST //xmlrpc.php HTTP/1.1" 200 4037 "-" "Mozilla/5.0 (Windows NT 10.0; Win64; x64) AppleWebKit/537.36 (KHTML, like Gecko) Chrome/80.0.3987.149 Safari/537.36"
68.183.80.133 - - [23/Nov/2024:19:41:16 +0800] "POST //xmlrpc.php HTTP/1.1" 200 4037 "-" "Mozilla/5.0 (Windows NT 10.0; Win64; x64) AppleWebKit/537.36 (KHTML, like Gecko) Chrome/80.0.3987.149 Safari/537.36"
68.183.80.133 - - [23/Nov/2024:19:41:19 +0800] "POST //xmlrpc.php HTTP/1.1" 200 4037 "-" "Mozilla/5.0 (Windows NT 10.0; Win64; x64) AppleWebKit/537.36 (KHTML, like Gecko) Chrome/80.0.3987.149 Safari/537.36"
68.183.80.133 - - [23/Nov/2024:19:41:20 +0800] "POST //xmlrpc.php HTTP/1.1" 200 4037 "-" "Mozilla/5.0 (Windows NT 10.0; Win64; x64) AppleWebKit/537.36 (KHTML, like Gecko) Chrome/80.0.3987.149 Safari/537.36"
68.183.80.133 - - [23/Nov/2024:19:41:24 +0800] "POST //xmlrpc.php HTTP/1.1" 200 4037 "-" "Mozilla/5.0 (Windows NT 10.0; Win64; x64) AppleWebKit/537.36 (KHTML, like Gecko) Chrome/80.0.3987.149 Safari/537.36"
220.135.127.108 - - [23/Nov/2024:19:41:30 +0800] "POST /wp-cron.php?doing_wp_cron=1732362090.3651359081268310546875 HTTP/1.1" 200 4050 "-" "WordPress/6.7.1; https://www.car32.tw"
68.183.80.133 - - [23/Nov/2024:19:41:30 +0800] "POST //xmlrpc.php HTTP/1.1" 200 4037 "-" "Mozilla/5.0 (Windows NT 10.0; Win64; x64) AppleWebKit/537.36 (KHTML, like Gecko) Chrome/80.0.3987.149 Safari/537.36"
68.183.80.133 - - [23/Nov/2024:19:41:33 +0800] "POST //xmlrpc.php HTTP/1.1" 200 4037 "-" "Mozilla/5.0 (Windows NT 10.0; Win64; x64) AppleWebKit/537.36 (KHTML, like Gecko) Chrome/80.0.3987.149 Safari/537.36"
68.183.80.133 - - [23/Nov/2024:19:41:35 +0800] "POST //xmlrpc.php HTTP/1.1" 200 4037 "-" "Mozilla/5.0 (Windows NT 10.0; Win64; x64) AppleWebKit/537.36 (KHTML, like Gecko) Chrome/80.0.3987.149 Safari/537.36"
68.183.80.133 - - [23/Nov/2024:19:41:39 +0800] "POST //xmlrpc.php HTTP/1.1" 200 4037 "-" "Mozilla/5.0 (Windows NT 10.0; Win64; x64) AppleWebKit/537.36 (KHTML, like Gecko) Chrome/80.0.3987.149 Safari/537.36"
68.183.80.133 - - [23/Nov/2024:19:41:40 +0800] "POST //xmlrpc.php HTTP/1.1" 200 4037 "-" "Mozilla/5.0 (Windows NT 10.0; Win64; x64) AppleWebKit/537.36 (KHTML, like Gecko) Chrome/80.0.3987.149 Safari/537.36"
4.227.36.14 - - [23/Nov/2024:19:41:47 +0800] "GET /%e9%bb%83%e9%87%91%e7%b7%9a%e6%8f%9b%e5%ad%a3%e4%bf%9d%e9%a4%8a%e5%b0%8f%e6%95%99%e5%ae%a4/embed/ HTTP/1.1" 200 10971 "-" "Mozilla/5.0 AppleWebKit/537.36 (KHTML, like Gecko; compatible; GPTBot/1.2; +https://openai.com/gptbot)"
66.249.71.135 - - [23/Nov/2024:19:41:48 +0800] "GET /tag/ix3/ HTTP/1.1" 200 21970 "-" "Mozilla/5.0 (Linux; Android 6.0.1; Nexus 5X Build/MMB29P) AppleWebKit/537.36 (KHTML, like Gecko) Chrome/131.0.6778.85 Mobile Safari/537.36 (compatible; Googlebot/2.1; +http://www.google.com/bot.html)"
68.183.80.133 - - [23/Nov/2024:19:41:49 +0800] "POST //xmlrpc.php HTTP/1.1" 200 4037 "-" "Mozilla/5.0 (Windows NT 10.0; Win64; x64) AppleWebKit/537.36 (KHTML, like Gecko) Chrome/80.0.3987.149 Safari/537.36"
68.183.80.133 - - [23/Nov/2024:19:41:51 +0800] "POST //xmlrpc.php HTTP/1.1" 200 4037 "-" "Mozilla/5.0 (Windows NT 10.0; Win64; x64) AppleWebKit/537.36 (KHTML, like Gecko) Chrome/80.0.3987.149 Safari/537.36"
68.183.80.133 - - [23/Nov/2024:19:41:53 +0800] "POST //xmlrpc.php HTTP/1.1" 200 4037 "-" "Mozilla/5.0 (Windows NT 10.0; Win64; x64) AppleWebKit/537.36 (KHTML, like Gecko) Chrome/80.0.3987.149 Safari/537.36"
68.183.80.133 - - [23/Nov/2024:19:41:55 +0800] "POST //xmlrpc.php HTTP/1.1" 200 4037 "-" "Mozilla/5.0 (Windows NT 10.0; Win64; x64) AppleWebKit/537.36 (KHTML, like Gecko) Chrome/80.0.3987.149 Safari/537.36"
68.183.80.133 - - [23/Nov/2024:19:41:57 +0800] "POST //xmlrpc.php HTTP/1.1" 200 4037 "-" "Mozilla/5.0 (Windows NT 10.0; Win64; x64) AppleWebKit/537.36 (KHTML, like Gecko) Chrome/80.0.3987.149 Safari/537.36"
68.183.80.133 - - [23/Nov/2024:19:41:58 +0800] "POST //xmlrpc.php HTTP/1.1" 200 4037 "-" "Mozilla/5.0 (Windows NT 10.0; Win64; x64) AppleWebKit/537.36 (KHTML, like Gecko) Chrome/80.0.3987.149 Safari/537.36"
68.183.80.133 - - [23/Nov/2024:19:42:01 +0800] "POST //xmlrpc.php HTTP/1.1" 200 4037 "-" "Mozilla/5.0 (Windows NT 10.0; Win64; x64) AppleWebKit/537.36 (KHTML, like Gecko) Chrome/80.0.3987.149 Safari/537.36"
68.183.80.133 - - [23/Nov/2024:19:42:03 +0800] "POST //xmlrpc.php HTTP/1.1" 200 4037 "-" "Mozilla/5.0 (Windows NT 10.0; Win64; x64) AppleWebKit/537.36 (KHTML, like Gecko) Chrome/80.0.3987.149 Safari/537.36"
68.183.80.133 - - [23/Nov/2024:19:42:05 +0800] "POST //xmlrpc.php HTTP/1.1" 200 4037 "-" "Mozilla/5.0 (Windows NT 10.0; Win64; x64) AppleWebKit/537.36 (KHTML, like Gecko) Chrome/80.0.3987.149 Safari/537.36"
68.183.80.133 - - [23/Nov/2024:19:42:07 +0800] "POST //xmlrpc.php HTTP/1.1" 200 4037 "-" "Mozilla/5.0 (Windows NT 10.0; Win64; x64) AppleWebKit/537.36 (KHTML, like Gecko) Chrome/80.0.3987.149 Safari/537.36"
68.183.80.133 - - [23/Nov/2024:19:42:08 +0800] "POST //xmlrpc.php HTTP/1.1" 200 4037 "-" "Mozilla/5.0 (Windows NT 10.0; Win64; x64) AppleWebKit/537.36 (KHTML, like Gecko) Chrome/80.0.3987.149 Safari/537.36"
68.183.80.133 - - [23/Nov/2024:19:42:11 +0800] "POST //xmlrpc.php HTTP/1.1" 200 4037 "-" "Mozilla/5.0 (Windows NT 10.0; Win64; x64) AppleWebKit/537.36 (KHTML, like Gecko) Chrome/80.0.3987.149 Safari/537.36"
68.183.80.133 - - [23/Nov/2024:19:42:12 +0800] "POST //xmlrpc.php HTTP/1.1" 200 4037 "-" "Mozilla/5.0 (Windows NT 10.0; Win64; x64) AppleWebKit/537.36 (KHTML, like Gecko) Chrome/80.0.3987.149 Safari/537.36"
68.183.80.133 - - [23/Nov/2024:19:42:13 +0800] "POST //xmlrpc.php HTTP/1.1" 200 4037 "-" "Mozilla/5.0 (Windows NT 10.0; Win64; x64) AppleWebKit/537.36 (KHTML, like Gecko) Chrome/80.0.3987.149 Safari/537.36"
68.183.80.133 - - [23/Nov/2024:19:42:15 +0800] "POST //xmlrpc.php HTTP/1.1" 200 4037 "-" "Mozilla/5.0 (Windows NT 10.0; Win64; x64) AppleWebKit/537.36 (KHTML, like Gecko) Chrome/80.0.3987.149 Safari/537.36"
68.183.80.133 - - [23/Nov/2024:19:42:16 +0800] "POST //xmlrpc.php HTTP/1.1" 200 4037 "-" "Mozilla/5.0 (Windows NT 10.0; Win64; x64) AppleWebKit/537.36 (KHTML, like Gecko) Chrome/80.0.3987.149 Safari/537.36"
68.183.80.133 - - [23/Nov/2024:19:42:18 +0800] "POST //xmlrpc.php HTTP/1.1" 200 4037 "-" "Mozilla/5.0 (Windows NT 10.0; Win64; x64) AppleWebKit/537.36 (KHTML, like Gecko) Chrome/80.0.3987.149 Safari/537.36"
68.183.80.133 - - [23/Nov/2024:19:42:19 +0800] "POST //xmlrpc.php HTTP/1.1" 200 4037 "-" "Mozilla/5.0 (Windows NT 10.0; Win64; x64) AppleWebKit/537.36 (KHTML, like Gecko) Chrome/80.0.3987.149 Safari/537.36"
68.183.80.133 - - [23/Nov/2024:19:42:21 +0800] "POST //xmlrpc.php HTTP/1.1" 200 4037 "-" "Mozilla/5.0 (Windows NT 10.0; Win64; x64) AppleWebKit/537.36 (KHTML, like Gecko) Chrome/80.0.3987.149 Safari/537.36"
68.183.80.133 - - [23/Nov/2024:19:42:24 +0800] "POST //xmlrpc.php HTTP/1.1" 200 4037 "-" "Mozilla/5.0 (Windows NT 10.0; Win64; x64) AppleWebKit/537.36 (KHTML, like Gecko) Chrome/80.0.3987.149 Safari/537.36"
68.183.80.133 - - [23/Nov/2024:19:42:25 +0800] "POST //xmlrpc.php HTTP/1.1" 200 4037 "-" "Mozilla/5.0 (Windows NT 10.0; Win64; x64) AppleWebKit/537.36 (KHTML, like Gecko) Chrome/80.0.3987.149 Safari/537.36"
68.183.80.133 - - [23/Nov/2024:19:42:30 +0800] "POST //xmlrpc.php HTTP/1.1" 200 4037 "-" "Mozilla/5.0 (Windows NT 10.0; Win64; x64) AppleWebKit/537.36 (KHTML, like Gecko) Chrome/80.0.3987.149 Safari/537.36"
68.183.80.133 - - [23/Nov/2024:19:42:31 +0800] "POST //xmlrpc.php HTTP/1.1" 200 4037 "-" "Mozilla/5.0 (Windows NT 10.0; Win64; x64) AppleWebKit/537.36 (KHTML, like Gecko) Chrome/80.0.3987.149 Safari/537.36"
68.183.80.133 - - [23/Nov/2024:19:42:34 +0800] "POST //xmlrpc.php HTTP/1.1" 200 4037 "-" "Mozilla/5.0 (Windows NT 10.0; Win64; x64) AppleWebKit/537.36 (KHTML, like Gecko) Chrome/80.0.3987.149 Safari/537.36"
4.227.36.14 - - [23/Nov/2024:19:42:36 +0800] "GET /%e9%bb%83%e9%87%91%e7%b7%9a%e6%8f%9b%e5%ad%a3%e4%bf%9d%e9%a4%8a%e5%b0%8f%e6%95%99%e5%ae%a4/embed/ HTTP/1.1" 200 10972 "-" "Mozilla/5.0 AppleWebKit/537.36 (KHTML, like Gecko; compatible; GPTBot/1.2; +https://openai.com/gptbot)"
68.183.80.133 - - [23/Nov/2024:19:42:36 +0800] "POST //xmlrpc.php HTTP/1.1" 200 4037 "-" "Mozilla/5.0 (Windows NT 10.0; Win64; x64) AppleWebKit/537.36 (KHTML, like Gecko) Chrome/80.0.3987.149 Safari/537.36"
68.183.80.133 - - [23/Nov/2024:19:42:37 +0800] "POST //xmlrpc.php HTTP/1.1" 200 4037 "-" "Mozilla/5.0 (Windows NT 10.0; Win64; x64) AppleWebKit/537.36 (KHTML, like Gecko) Chrome/80.0.3987.149 Safari/537.36"
68.183.80.133 - - [23/Nov/2024:19:42:38 +0800] "POST //xmlrpc.php HTTP/1.1" 200 4037 "-" "Mozilla/5.0 (Windows NT 10.0; Win64; x64) AppleWebKit/537.36 (KHTML, like Gecko) Chrome/80.0.3987.149 Safari/537.36"
68.183.80.133 - - [23/Nov/2024:19:42:41 +0800] "POST //xmlrpc.php HTTP/1.1" 200 4037 "-" "Mozilla/5.0 (Windows NT 10.0; Win64; x64) AppleWebKit/537.36 (KHTML, like Gecko) Chrome/80.0.3987.149 Safari/537.36"
68.183.80.133 - - [23/Nov/2024:19:42:42 +0800] "POST //xmlrpc.php HTTP/1.1" 200 4037 "-" "Mozilla/5.0 (Windows NT 10.0; Win64; x64) AppleWebKit/537.36 (KHTML, like Gecko) Chrome/80.0.3987.149 Safari/537.36"
68.183.80.133 - - [23/Nov/2024:19:42:43 +0800] "POST //xmlrpc.php HTTP/1.1" 200 4037 "-" "Mozilla/5.0 (Windows NT 10.0; Win64; x64) AppleWebKit/537.36 (KHTML, like Gecko) Chrome/80.0.3987.149 Safari/537.36"
68.183.80.133 - - [23/Nov/2024:19:42:45 +0800] "POST //xmlrpc.php HTTP/1.1" 200 4037 "-" "Mozilla/5.0 (Windows NT 10.0; Win64; x64) AppleWebKit/537.36 (KHTML, like Gecko) Chrome/80.0.3987.149 Safari/537.36"
68.183.80.133 - - [23/Nov/2024:19:42:46 +0800] "POST //xmlrpc.php HTTP/1.1" 200 4037 "-" "Mozilla/5.0 (Windows NT 10.0; Win64; x64) AppleWebKit/537.36 (KHTML, like Gecko) Chrome/80.0.3987.149 Safari/537.36"
68.183.80.133 - - [23/Nov/2024:19:42:49 +0800] "POST //xmlrpc.php HTTP/1.1" 200 4037 "-" "Mozilla/5.0 (Windows NT 10.0; Win64; x64) AppleWebKit/537.36 (KHTML, like Gecko) Chrome/80.0.3987.149 Safari/537.36"
68.183.80.133 - - [23/Nov/2024:19:42:51 +0800] "POST //xmlrpc.php HTTP/1.1" 200 4037 "-" "Mozilla/5.0 (Windows NT 10.0; Win64; x64) AppleWebKit/537.36 (KHTML, like Gecko) Chrome/80.0.3987.149 Safari/537.36"
68.183.80.133 - - [23/Nov/2024:19:42:53 +0800] "POST //xmlrpc.php HTTP/1.1" 200 4037 "-" "Mozilla/5.0 (Windows NT 10.0; Win64; x64) AppleWebKit/537.36 (KHTML, like Gecko) Chrome/80.0.3987.149 Safari/537.36"
68.183.80.133 - - [23/Nov/2024:19:42:55 +0800] "POST //xmlrpc.php HTTP/1.1" 200 4037 "-" "Mozilla/5.0 (Windows NT 10.0; Win64; x64) AppleWebKit/537.36 (KHTML, like Gecko) Chrome/80.0.3987.149 Safari/537.36"
68.183.80.133 - - [23/Nov/2024:19:43:03 +0800] "POST //xmlrpc.php HTTP/1.1" 200 4037 "-" "Mozilla/5.0 (Windows NT 10.0; Win64; x64) AppleWebKit/537.36 (KHTML, like Gecko) Chrome/80.0.3987.149 Safari/537.36"
68.183.80.133 - - [23/Nov/2024:19:43:05 +0800] "POST //xmlrpc.php HTTP/1.1" 200 4037 "-" "Mozilla/5.0 (Windows NT 10.0; Win64; x64) AppleWebKit/537.36 (KHTML, like Gecko) Chrome/80.0.3987.149 Safari/537.36"
68.183.80.133 - - [23/Nov/2024:19:43:07 +0800] "POST //xmlrpc.php HTTP/1.1" 200 4037 "-" "Mozilla/5.0 (Windows NT 10.0; Win64; x64) AppleWebKit/537.36 (KHTML, like Gecko) Chrome/80.0.3987.149 Safari/537.36"
68.183.80.133 - - [23/Nov/2024:19:43:08 +0800] "POST //xmlrpc.php HTTP/1.1" 200 4037 "-" "Mozilla/5.0 (Windows NT 10.0; Win64; x64) AppleWebKit/537.36 (KHTML, like Gecko) Chrome/80.0.3987.149 Safari/537.36"
68.183.80.133 - - [23/Nov/2024:19:43:11 +0800] "POST //xmlrpc.php HTTP/1.1" 200 4037 "-" "Mozilla/5.0 (Windows NT 10.0; Win64; x64) AppleWebKit/537.36 (KHTML, like Gecko) Chrome/80.0.3987.149 Safari/537.36"
68.183.80.133 - - [23/Nov/2024:19:43:15 +0800] "POST //xmlrpc.php HTTP/1.1" 200 4037 "-" "Mozilla/5.0 (Windows NT 10.0; Win64; x64) AppleWebKit/537.36 (KHTML, like Gecko) Chrome/80.0.3987.149 Safari/537.36"
68.183.80.133 - - [23/Nov/2024:19:43:19 +0800] "POST //xmlrpc.php HTTP/1.1" 200 4037 "-" "Mozilla/5.0 (Windows NT 10.0; Win64; x64) AppleWebKit/537.36 (KHTML, like Gecko) Chrome/80.0.3987.149 Safari/537.36"
68.183.80.133 - - [23/Nov/2024:19:43:21 +0800] "POST //xmlrpc.php HTTP/1.1" 200 4037 "-" "Mozilla/5.0 (Windows NT 10.0; Win64; x64) AppleWebKit/537.36 (KHTML, like Gecko) Chrome/80.0.3987.149 Safari/537.36"
68.183.80.133 - - [23/Nov/2024:19:43:24 +0800] "POST //xmlrpc.php HTTP/1.1" 200 4037 "-" "Mozilla/5.0 (Windows NT 10.0; Win64; x64) AppleWebKit/537.36 (KHTML, like Gecko) Chrome/80.0.3987.149 Safari/537.36"
4.227.36.14 - - [23/Nov/2024:19:43:25 +0800] "GET /%e9%bb%83%e9%87%91%e7%b7%9a%e6%8f%9b%e5%ad%a3%e4%bf%9d%e9%a4%8a%e5%b0%8f%e6%95%99%e5%ae%a4/embed/ HTTP/1.1" 200 10973 "-" "Mozilla/5.0 AppleWebKit/537.36 (KHTML, like Gecko; compatible; GPTBot/1.2; +https://openai.com/gptbot)"
68.183.80.133 - - [23/Nov/2024:19:43:51 +0800] "POST //xmlrpc.php HTTP/1.1" 200 4037 "-" "Mozilla/5.0 (Windows NT 10.0; Win64; x64) AppleWebKit/537.36 (KHTML, like Gecko) Chrome/80.0.3987.149 Safari/537.36"
66.249.71.133 - - [23/Nov/2024:19:43:55 +0800] "GET /?p=645 HTTP/1.1" 301 577 "-" "Mozilla/5.0 (Linux; Android 6.0.1; Nexus 5X Build/MMB29P) AppleWebKit/537.36 (KHTML, like Gecko) Chrome/131.0.6778.69 Mobile Safari/537.36 (compatible; Googlebot/2.1; +http://www.google.com/bot.html)"
68.183.80.133 - - [23/Nov/2024:19:43:57 +0800] "POST //xmlrpc.php HTTP/1.1" 200 4037 "-" "Mozilla/5.0 (Windows NT 10.0; Win64; x64) AppleWebKit/537.36 (KHTML, like Gecko) Chrome/80.0.3987.149 Safari/537.36"
68.183.80.133 - - [23/Nov/2024:19:44:03 +0800] "POST //xmlrpc.php HTTP/1.1" 200 4037 "-" "Mozilla/5.0 (Windows NT 10.0; Win64; x64) AppleWebKit/537.36 (KHTML, like Gecko) Chrome/80.0.3987.149 Safari/537.36"
68.183.80.133 - - [23/Nov/2024:19:44:04 +0800] "POST //xmlrpc.php HTTP/1.1" 200 4037 "-" "Mozilla/5.0 (Windows NT 10.0; Win64; x64) AppleWebKit/537.36 (KHTML, like Gecko) Chrome/80.0.3987.149 Safari/537.36"
68.183.80.133 - - [23/Nov/2024:19:44:07 +0800] "POST //xmlrpc.php HTTP/1.1" 200 4037 "-" "Mozilla/5.0 (Windows NT 10.0; Win64; x64) AppleWebKit/537.36 (KHTML, like Gecko) Chrome/80.0.3987.149 Safari/537.36"
68.183.80.133 - - [23/Nov/2024:19:44:08 +0800] "POST //xmlrpc.php HTTP/1.1" 200 4037 "-" "Mozilla/5.0 (Windows NT 10.0; Win64; x64) AppleWebKit/537.36 (KHTML, like Gecko) Chrome/80.0.3987.149 Safari/537.36"
4.227.36.14 - - [23/Nov/2024:19:44:08 +0800] "GET /%e9%bb%83%e9%87%91%e7%b7%9a%e6%8f%9b%e5%ad%a3%e4%bf%9d%e9%a4%8a%e5%b0%8f%e6%95%99%e5%ae%a4/embed/ HTTP/1.1" 200 10974 "-" "Mozilla/5.0 AppleWebKit/537.36 (KHTML, like Gecko; compatible; GPTBot/1.2; +https://openai.com/gptbot)"
68.183.80.133 - - [23/Nov/2024:19:44:09 +0800] "POST //xmlrpc.php HTTP/1.1" 200 4037 "-" "Mozilla/5.0 (Windows NT 10.0; Win64; x64) AppleWebKit/537.36 (KHTML, like Gecko) Chrome/80.0.3987.149 Safari/537.36"
66.249.77.135 - - [23/Nov/2024:19:44:10 +0800] "GET /?p=645 HTTP/1.1" 301 4160 "-" "Mozilla/5.0 (Linux; Android 6.0.1; Nexus 5X Build/MMB29P) AppleWebKit/537.36 (KHTML, like Gecko) Chrome/131.0.6778.69 Mobile Safari/537.36 (compatible; Googlebot/2.1; +http://www.google.com/bot.html)"
68.183.80.133 - - [23/Nov/2024:19:44:11 +0800] "POST //xmlrpc.php HTTP/1.1" 200 4037 "-" "Mozilla/5.0 (Windows NT 10.0; Win64; x64) AppleWebKit/537.36 (KHTML, like Gecko) Chrome/80.0.3987.149 Safari/537.36"
68.183.80.133 - - [23/Nov/2024:19:44:13 +0800] "POST //xmlrpc.php HTTP/1.1" 200 4037 "-" "Mozilla/5.0 (Windows NT 10.0; Win64; x64) AppleWebKit/537.36 (KHTML, like Gecko) Chrome/80.0.3987.149 Safari/537.36"
68.183.80.133 - - [23/Nov/2024:19:44:16 +0800] "POST //xmlrpc.php HTTP/1.1" 200 4037 "-" "Mozilla/5.0 (Windows NT 10.0; Win64; x64) AppleWebKit/537.36 (KHTML, like Gecko) Chrome/80.0.3987.149 Safari/537.36"
68.183.80.133 - - [23/Nov/2024:19:44:19 +0800] "POST //xmlrpc.php HTTP/1.1" 200 4037 "-" "Mozilla/5.0 (Windows NT 10.0; Win64; x64) AppleWebKit/537.36 (KHTML, like Gecko) Chrome/80.0.3987.149 Safari/537.36"
