140.238.59.22 - - [23/Nov/2024:20:05:35 +0800] "GET /feed/ HTTP/1.1" 200 6804 "https://www.car32.tw/feed/" "FreshRSS/1.24.3 (Linux; https://freshrss.org)"
54.38.85.17 - - [23/Nov/2024:20:05:48 +0800] "GET /%E6%82%BC%E5%BF%B5-burkard-bovensiepen/ HTTP/1.1" 200 21548 "-" "Mozilla/5.0 (compatible; MJ12bot/v1.4.8; http://mj12bot.com/)"
192.0.82.55 - - [23/Nov/2024:20:05:50 +0800] "HEAD / HTTP/1.1" 200 4000 "-" "jetmon/1.0 (Jetpack Site Uptime Monitor by WordPress.com)"
54.38.85.17 - - [23/Nov/2024:20:06:03 +0800] "GET /%E6%88%91%E6%8E%A5%E4%B8%8B%E4%BE%86%E6%98%AF%E8%A6%81%E5%81%9A%E4%BB%80%E9%BA%BC%EF%BC%9F%E6%84%9F%E8%AC%9D%E5%90%84%E7%95%8C%E9%97%9C%E5%BF%83/?share=linkedin HTTP/1.1" 302 3874 "-" "Mozilla/5.0 (compatible; MJ12bot/v1.4.8; http://mj12bot.com/)"
66.249.71.135 - - [23/Nov/2024:20:06:35 +0800] "GET /the-bmw-alpina-xd3-and-xd4/ HTTP/1.1" 200 23084 "-" "Mozilla/5.0 (Linux; Android 6.0.1; Nexus 5X Build/MMB29P) AppleWebKit/537.36 (KHTML, like Gecko) Chrome/131.0.6778.69 Mobile Safari/537.36 (compatible; Googlebot/2.1; +http://www.google.com/bot.html)"
54.38.85.17 - - [23/Nov/2024:20:06:46 +0800] "GET /%E6%88%91%E6%8E%A5%E4%B8%8B%E4%BE%86%E6%98%AF%E8%A6%81%E5%81%9A%E4%BB%80%E9%BA%BC%EF%BC%9F%E6%84%9F%E8%AC%9D%E5%90%84%E7%95%8C%E9%97%9C%E5%BF%83/feed/ HTTP/1.1" 200 4510 "-" "Mozilla/5.0 (compatible; MJ12bot/v1.4.8; http://mj12bot.com/)"
66.249.77.134 - - [23/Nov/2024:20:06:47 +0800] "GET /the-bmw-alpina-xd3-and-xd4/?relatedposts=1 HTTP/1.1" 200 8816 "https://www.car32.tw/the-bmw-alpina-xd3-and-xd4/" "Mozilla/5.0 (Linux; Android 6.0.1; Nexus 5X Build/MMB29P) AppleWebKit/537.36 (KHTML, like Gecko) Chrome/131.0.6778.69 Mobile Safari/537.36 (compatible; Googlebot/2.1; +http://www.google.com/bot.html)"
54.38.85.17 - - [23/Nov/2024:20:07:03 +0800] "GET /%E6%93%81%E6%9C%89%E6%9C%80%E5%A4%A7%E9%A6%AC%E5%8A%9B%E7%9A%84-alpina-%E8%B1%AA%E8%8F%AF-bmw-%E5%AE%8C%E6%95%B4%E7%B4%80%E9%8C%84%E7%89%87/feed/ HTTP/1.1" 200 4516 "-" "Mozilla/5.0 (compatible; MJ12bot/v1.4.8; http://mj12bot.com/)"
54.38.85.17 - - [23/Nov/2024:20:07:18 +0800] "GET /%E6%AD%B2%E6%9C%AB%E5%B9%B4%E7%B5%82%E7%9A%84%E5%B9%B4%E5%BA%A6%E4%BF%9D%E9%A4%8A/?share=linkedin HTTP/1.1" 302 3769 "-" "Mozilla/5.0 (compatible; MJ12bot/v1.4.8; http://mj12bot.com/)"
18.224.69.176 - - [23/Nov/2024:20:07:25 +0800] "GET /robots.txt HTTP/1.1" 301 4022 "-" "Mozilla/5.0 AppleWebKit/537.36 (KHTML, like Gecko; compatible; ClaudeBot/1.0; +claudebot@anthropic.com)"
18.224.69.176 - - [23/Nov/2024:20:07:25 +0800] "GET /robots.txt HTTP/1.1" 200 4164 "https://car32.tw/robots.txt" "Mozilla/5.0 AppleWebKit/537.36 (KHTML, like Gecko; compatible; ClaudeBot/1.0; +claudebot@anthropic.com)"
18.224.69.176 - - [23/Nov/2024:20:07:26 +0800] "GET /tag/%E8%AE%8A%E9%80%9F%E7%AE%B1%E6%B2%B9%E7%B2%BE HTTP/1.1" 301 320 "-" "Mozilla/5.0 AppleWebKit/537.36 (KHTML, like Gecko; compatible; ClaudeBot/1.0; +claudebot@anthropic.com)"
18.224.69.176 - - [23/Nov/2024:20:07:26 +0800] "GET /tag/%E8%AE%8A%E9%80%9F%E7%AE%B1%E6%B2%B9%E7%B2%BE/ HTTP/1.1" 200 21676 "https://car32.tw/tag/%E8%AE%8A%E9%80%9F%E7%AE%B1%E6%B2%B9%E7%B2%BE" "Mozilla/5.0 AppleWebKit/537.36 (KHTML, like Gecko; compatible; ClaudeBot/1.0; +claudebot@anthropic.com)"
54.38.85.17 - - [23/Nov/2024:20:07:58 +0800] "GET /%E6%B0%B4%E7%AE%B1%E6%B0%B4%E6%BC%8F%E5%85%89%E5%85%89-%E7%9C%8B%E6%87%82%E7%AF%80%E6%BA%AB%E5%99%A8%E6%B0%B4%E9%BE%9C%E5%93%AA%E8%A3%A1%E5%87%BA%E5%95%8F%E9%A1%8C%EF%BC%9F/?share=linkedin HTTP/1.1" 302 3920 "-" "Mozilla/5.0 (compatible; MJ12bot/v1.4.8; http://mj12bot.com/)"
54.38.85.17 - - [23/Nov/2024:20:08:33 +0800] "GET /%E6%B1%9F%E6%B9%96%E5%9C%B0%E4%BD%8D/?share=linkedin HTTP/1.1" 302 3694 "-" "Mozilla/5.0 (compatible; MJ12bot/v1.4.8; http://mj12bot.com/)"
85.208.96.196 - - [23/Nov/2024:20:08:45 +0800] "GET /tag/alpina/page/8/ HTTP/1.1" 200 28235 "-" "Mozilla/5.0 (compatible; SemrushBot/7~bl; +http://www.semrush.com/bot.html)"
54.38.85.17 - - [23/Nov/2024:20:09:04 +0800] "GET /%E6%B1%9F%E6%B9%96%E5%9C%B0%E4%BD%8D/feed/ HTTP/1.1" 200 4349 "-" "Mozilla/5.0 (compatible; MJ12bot/v1.4.8; http://mj12bot.com/)"
3.135.220.219 - - [23/Nov/2024:20:09:09 +0800] "GET /wp-json/wp/v2/posts/678 HTTP/1.1" 200 8710 "-" "Mozilla/5.0 AppleWebKit/537.36 (KHTML, like Gecko; compatible; ClaudeBot/1.0; +claudebot@anthropic.com)"
54.38.85.17 - - [23/Nov/2024:20:09:19 +0800] "GET /%E7%86%B1%E5%88%B0%E5%8F%97%E4%B8%8D%E4%BA%86-%E5%A4%A9%E7%86%B1%E5%82%B7%E8%BB%8A%E9%9B%B7%E5%8D%80%E5%A4%A7%E6%AA%A2%E9%A9%97/ HTTP/1.1" 200 17830 "-" "Mozilla/5.0 (compatible; MJ12bot/v1.4.8; http://mj12bot.com/)"
220.135.127.108 - - [23/Nov/2024:20:09:31 +0800] "POST /wp-cron.php?doing_wp_cron=1732363771.4885509014129638671875 HTTP/1.1" 200 4050 "-" "WordPress/6.7.1; https://www.car32.tw"
54.38.85.17 - - [23/Nov/2024:20:09:31 +0800] "GET /%E7%86%B1%E5%88%B0%E5%8F%97%E4%B8%8D%E4%BA%86-%E5%A4%A9%E7%86%B1%E5%82%B7%E8%BB%8A%E9%9B%B7%E5%8D%80%E5%A4%A7%E6%AA%A2%E9%A9%97/?share=linkedin HTTP/1.1" 302 3845 "-" "Mozilla/5.0 (compatible; MJ12bot/v1.4.8; http://mj12bot.com/)"
54.38.85.17 - - [23/Nov/2024:20:10:04 +0800] "GET /%E7%8D%A8%E7%89%B9%E5%8F%88%E4%BD%8E%E8%AA%BF%E7%9A%84%E9%81%B8%E6%93%87/ HTTP/1.1" 200 27050 "-" "Mozilla/5.0 (compatible; MJ12bot/v1.4.8; http://mj12bot.com/)"
4.227.36.14 - - [23/Nov/2024:20:10:16 +0800] "GET /%e9%bb%83%e9%87%91%e7%b7%9a%e6%8f%9b%e5%ad%a3%e4%bf%9d%e9%a4%8a%e5%b0%8f%e6%95%99%e5%ae%a4/embed/ HTTP/1.1" 200 10974 "-" "Mozilla/5.0 AppleWebKit/537.36 (KHTML, like Gecko; compatible; GPTBot/1.2; +https://openai.com/gptbot)"
54.38.85.17 - - [23/Nov/2024:20:10:18 +0800] "GET /%E7%A9%BA%E6%B0%A3%E6%B5%81%E9%87%8F%E8%A8%88%E6%98%AF%E4%BB%80%E9%BA%BC%EF%BC%9F%E7%9C%9F%E7%9A%84%E5%BE%88%E5%AE%B9%E6%98%93%E5%A3%9E%E5%97%8E%EF%BC%9F/?share=linkedin HTTP/1.1" 302 3889 "-" "Mozilla/5.0 (compatible; MJ12bot/v1.4.8; http://mj12bot.com/)"
54.38.85.17 - - [23/Nov/2024:20:10:48 +0800] "GET /%E7%B6%AD%E4%BF%AE%E5%A4%A9%E5%83%B9%E7%84%A1%E5%A5%87%E4%B8%8D%E6%9C%89/ HTTP/1.1" 200 17646 "-" "Mozilla/5.0 (compatible; MJ12bot/v1.4.8; http://mj12bot.com/)"
220.135.127.108 - - [23/Nov/2024:20:10:49 +0800] "POST /wp-cron.php?doing_wp_cron=1732363849.0937860012054443359375 HTTP/1.1" 200 4050 "-" "WordPress/6.7.1; https://www.car32.tw"
192.0.82.55 - - [23/Nov/2024:20:10:48 +0800] "HEAD / HTTP/1.1" 200 4000 "-" "jetmon/1.0 (Jetpack Site Uptime Monitor by WordPress.com)"
4.227.36.14 - - [23/Nov/2024:20:10:57 +0800] "GET /%e9%bb%83%e9%87%91%e7%b7%9a%e6%8f%9b%e5%ad%a3%e4%bf%9d%e9%a4%8a%e5%b0%8f%e6%95%99%e5%ae%a4/embed/ HTTP/1.1" 200 10972 "-" "Mozilla/5.0 AppleWebKit/537.36 (KHTML, like Gecko; compatible; GPTBot/1.2; +https://openai.com/gptbot)"
54.38.85.17 - - [23/Nov/2024:20:11:04 +0800] "GET /%E7%B6%AD%E4%BF%AE%E5%A4%A9%E5%83%B9%E7%84%A1%E5%A5%87%E4%B8%8D%E6%9C%89/?share=facebook HTTP/1.1" 302 3807 "-" "Mozilla/5.0 (compatible; MJ12bot/v1.4.8; http://mj12bot.com/)"
54.38.85.17 - - [23/Nov/2024:20:11:36 +0800] "GET /%E7%B6%AD%E4%BF%AE%E5%A4%A9%E5%83%B9%E7%84%A1%E5%A5%87%E4%B8%8D%E6%9C%89/?share=jetpack-whatsapp HTTP/1.1" 302 3804 "-" "Mozilla/5.0 (compatible; MJ12bot/v1.4.8; http://mj12bot.com/)"
4.227.36.14 - - [23/Nov/2024:20:11:37 +0800] "GET /%e9%bb%83%e9%87%91%e7%b7%9a%e6%8f%9b%e5%ad%a3%e4%bf%9d%e9%a4%8a%e5%b0%8f%e6%95%99%e5%ae%a4/embed/ HTTP/1.1" 200 10972 "-" "Mozilla/5.0 AppleWebKit/537.36 (KHTML, like Gecko; compatible; GPTBot/1.2; +https://openai.com/gptbot)"
54.38.85.17 - - [23/Nov/2024:20:12:06 +0800] "GET /%E7%B6%AD%E4%BF%AE%E5%A4%A9%E5%83%B9%E7%84%A1%E5%A5%87%E4%B8%8D%E6%9C%89/?share=linkedin HTTP/1.1" 302 3754 "-" "Mozilla/5.0 (compatible; MJ12bot/v1.4.8; http://mj12bot.com/)"
4.227.36.14 - - [23/Nov/2024:20:12:14 +0800] "GET /%e9%bb%83%e9%87%91%e7%b7%9a%e6%8f%9b%e5%ad%a3%e4%bf%9d%e9%a4%8a%e5%b0%8f%e6%95%99%e5%ae%a4/embed/ HTTP/1.1" 200 10973 "-" "Mozilla/5.0 AppleWebKit/537.36 (KHTML, like Gecko; compatible; GPTBot/1.2; +https://openai.com/gptbot)"
54.38.85.17 - - [23/Nov/2024:20:12:35 +0800] "GET /%E7%B6%AD%E4%BF%AE%E5%A4%A9%E5%83%B9%E7%84%A1%E5%A5%87%E4%B8%8D%E6%9C%89/?share=twitter HTTP/1.1" 302 3809 "-" "Mozilla/5.0 (compatible; MJ12bot/v1.4.8; http://mj12bot.com/)"
85.208.96.205 - - [23/Nov/2024:20:12:39 +0800] "GET /page/17/?page=2 HTTP/1.1" 200 27410 "-" "Mozilla/5.0 (compatible; SemrushBot/7~bl; +http://www.semrush.com/bot.html)"
54.38.85.17 - - [23/Nov/2024:20:12:57 +0800] "GET /%E7%B6%AD%E4%BF%AE%E5%A4%A9%E5%83%B9%E7%84%A1%E5%A5%87%E4%B8%8D%E6%9C%89/feed/ HTTP/1.1" 200 4409 "-" "Mozilla/5.0 (compatible; MJ12bot/v1.4.8; http://mj12bot.com/)"
4.227.36.14 - - [23/Nov/2024:20:12:58 +0800] "GET /%e9%bb%83%e9%87%91%e7%b7%9a%e6%8f%9b%e5%ad%a3%e4%bf%9d%e9%a4%8a%e5%b0%8f%e6%95%99%e5%ae%a4/embed/ HTTP/1.1" 200 10973 "-" "Mozilla/5.0 AppleWebKit/537.36 (KHTML, like Gecko; compatible; GPTBot/1.2; +https://openai.com/gptbot)"
54.38.85.17 - - [23/Nov/2024:20:13:06 +0800] "GET /%E8%8B%B1%E5%8A%9B%E5%A3%AB-%E7%9A%84-%E6%A6%B4%E5%BD%88%E5%85%B5-ineos-grenadier/?share=linkedin HTTP/1.1" 302 3757 "-" "Mozilla/5.0 (compatible; MJ12bot/v1.4.8; http://mj12bot.com/)"
4.227.36.14 - - [23/Nov/2024:20:13:30 +0800] "GET /%e9%bb%83%e9%87%91%e7%b7%9a%e6%8f%9b%e5%ad%a3%e4%bf%9d%e9%a4%8a%e5%b0%8f%e6%95%99%e5%ae%a4/embed/ HTTP/1.1" 200 10973 "-" "Mozilla/5.0 AppleWebKit/537.36 (KHTML, like Gecko; compatible; GPTBot/1.2; +https://openai.com/gptbot)"
54.38.85.17 - - [23/Nov/2024:20:13:32 +0800] "GET /%E8%A8%88%E7%95%AB%E6%B0%B8%E9%81%A0%E8%B6%95%E4%B8%8D%E4%B8%8A%E8%AE%8A%E5%8C%96/ HTTP/1.1" 200 21342 "-" "Mozilla/5.0 (compatible; MJ12bot/v1.4.8; http://mj12bot.com/)"
54.38.85.17 - - [23/Nov/2024:20:13:44 +0800] "GET /%E8%AE%8A%E9%80%9F%E7%AE%B1%E6%B2%B9%E5%88%B0%E5%BA%95%E6%98%AF%E6%8F%9B%E9%82%84%E6%98%AF%E6%B0%B8%E4%B9%85%E5%85%8D%E6%8F%9B%EF%BC%9F%E2%80%A8/?share=linkedin HTTP/1.1" 302 3874 "-" "Mozilla/5.0 (compatible; MJ12bot/v1.4.8; http://mj12bot.com/)"
4.227.36.14 - - [23/Nov/2024:20:14:10 +0800] "GET /%e9%bb%83%e9%87%91%e7%b7%9a%e6%8f%9b%e5%ad%a3%e4%bf%9d%e9%a4%8a%e5%b0%8f%e6%95%99%e5%ae%a4/embed/ HTTP/1.1" 200 10974 "-" "Mozilla/5.0 AppleWebKit/537.36 (KHTML, like Gecko; compatible; GPTBot/1.2; +https://openai.com/gptbot)"
54.38.85.17 - - [23/Nov/2024:20:14:10 +0800] "GET /%E8%B5%B0%E5%90%91-%E7%B6%A0%E8%89%B2%E5%9C%B0%E7%8D%84%EF%BC%9A%E6%96%B0%E6%AC%BE-bmw-128ti-%E8%BD%8E%E8%B7%91%E8%BB%8A%E5%9C%A8%E7%B4%90%E4%BC%AF%E6%9E%97%EF%BC%88nurburgring/?share=linkedin HTTP/1.1" 302 3912 "-" "Mozilla/5.0 (compatible; MJ12bot/v1.4.8; http://mj12bot.com/)"
220.135.127.108 - - [23/Nov/2024:20:14:41 +0800] "POST /wp-cron.php?doing_wp_cron=1732364081.8942880630493164062500 HTTP/1.1" 200 4050 "-" "WordPress/6.7.1; https://www.car32.tw"
18.117.172.189 - - [23/Nov/2024:20:14:41 +0800] "GET /wp-json/wp/v2/posts/284 HTTP/1.1" 200 11576 "-" "Mozilla/5.0 AppleWebKit/537.36 (KHTML, like Gecko; compatible; ClaudeBot/1.0; +claudebot@anthropic.com)"
4.227.36.14 - - [23/Nov/2024:20:14:47 +0800] "GET /%e9%bb%83%e9%87%91%e7%b7%9a%e6%8f%9b%e5%ad%a3%e4%bf%9d%e9%a4%8a%e5%b0%8f%e6%95%99%e5%ae%a4/embed/ HTTP/1.1" 200 10972 "-" "Mozilla/5.0 AppleWebKit/537.36 (KHTML, like Gecko; compatible; GPTBot/1.2; +https://openai.com/gptbot)"
54.38.85.17 - - [23/Nov/2024:20:15:10 +0800] "GET /%E8%B5%B0%E5%90%91-%E7%B6%A0%E8%89%B2%E5%9C%B0%E7%8D%84%EF%BC%9A%E6%96%B0%E6%AC%BE-bmw-128ti-%E8%BD%8E%E8%B7%91%E8%BB%8A%E5%9C%A8%E7%B4%90%E4%BC%AF%E6%9E%97%EF%BC%88nurburgring/feed/ HTTP/1.1" 200 4598 "-" "Mozilla/5.0 (compatible; MJ12bot/v1.4.8; http://mj12bot.com/)"
54.38.85.17 - - [23/Nov/2024:20:15:20 +0800] "GET /%E9%87%91%E7%89%8C%E9%81%B8%E8%BB%8A/ HTTP/1.1" 200 17410 "-" "Mozilla/5.0 (compatible; MJ12bot/v1.4.8; http://mj12bot.com/)"
54.38.85.17 - - [23/Nov/2024:20:15:29 +0800] "GET /%E9%87%91%E7%89%8C%E9%81%B8%E8%BB%8A/?share=facebook HTTP/1.1" 302 3711 "-" "Mozilla/5.0 (compatible; MJ12bot/v1.4.8; http://mj12bot.com/)"
220.135.127.108 - - [23/Nov/2024:20:15:37 +0800] "POST /wp-cron.php?doing_wp_cron=1732364137.2990920543670654296875 HTTP/1.1" 200 4050 "-" "WordPress/6.7.1; https://www.car32.tw"
4.227.36.14 - - [23/Nov/2024:20:15:37 +0800] "GET /%e9%bb%83%e9%87%91%e7%b7%9a%e6%8f%9b%e5%ad%a3%e4%bf%9d%e9%a4%8a%e5%b0%8f%e6%95%99%e5%ae%a4/embed/ HTTP/1.1" 200 10972 "-" "Mozilla/5.0 AppleWebKit/537.36 (KHTML, like Gecko; compatible; GPTBot/1.2; +https://openai.com/gptbot)"
54.38.85.17 - - [23/Nov/2024:20:15:41 +0800] "GET /%E9%87%91%E7%89%8C%E9%81%B8%E8%BB%8A/?share=jetpack-whatsapp HTTP/1.1" 302 3708 "-" "Mozilla/5.0 (compatible; MJ12bot/v1.4.8; http://mj12bot.com/)"
192.0.82.55 - - [23/Nov/2024:20:15:50 +0800] "HEAD / HTTP/1.1" 200 4000 "-" "jetmon/1.0 (Jetpack Site Uptime Monitor by WordPress.com)"
54.38.85.17 - - [23/Nov/2024:20:15:55 +0800] "GET /%E9%87%91%E7%89%8C%E9%81%B8%E8%BB%8A/?share=linkedin HTTP/1.1" 302 3694 "-" "Mozilla/5.0 (compatible; MJ12bot/v1.4.8; http://mj12bot.com/)"
4.227.36.14 - - [23/Nov/2024:20:16:21 +0800] "GET /%e9%bb%83%e9%87%91%e7%b7%9a%e6%8f%9b%e5%ad%a3%e4%bf%9d%e9%a4%8a%e5%b0%8f%e6%95%99%e5%ae%a4/embed/ HTTP/1.1" 200 10973 "-" "Mozilla/5.0 AppleWebKit/537.36 (KHTML, like Gecko; compatible; GPTBot/1.2; +https://openai.com/gptbot)"
3.135.219.153 - - [23/Nov/2024:20:16:27 +0800] "GET /wp-json/wp/v2/posts/924 HTTP/1.1" 200 8878 "-" "Mozilla/5.0 AppleWebKit/537.36 (KHTML, like Gecko; compatible; ClaudeBot/1.0; +claudebot@anthropic.com)"
54.38.85.17 - - [23/Nov/2024:20:16:27 +0800] "GET /%E9%87%91%E7%89%8C%E9%81%B8%E8%BB%8A/?share=twitter HTTP/1.1" 302 3713 "-" "Mozilla/5.0 (compatible; MJ12bot/v1.4.8; http://mj12bot.com/)"
54.38.85.17 - - [23/Nov/2024:20:16:44 +0800] "GET /%E9%96%8B%E8%BB%8A%E5%87%BA%E9%81%8A%E6%97%A5%E5%B8%B8%E4%BF%9D%E9%A4%8A%E4%B8%8D%E5%8F%AF%E5%B0%91/?share=facebook HTTP/1.1" 302 3879 "-" "Mozilla/5.0 (compatible; MJ12bot/v1.4.8; http://mj12bot.com/)"
54.38.85.17 - - [23/Nov/2024:20:17:00 +0800] "GET /%E9%96%8B%E8%BB%8A%E5%87%BA%E9%81%8A%E6%97%A5%E5%B8%B8%E4%BF%9D%E9%A4%8A%E4%B8%8D%E5%8F%AF%E5%B0%91/?share=jetpack-whatsapp HTTP/1.1" 302 3876 "-" "Mozilla/5.0 (compatible; MJ12bot/v1.4.8; http://mj12bot.com/)"
66.249.77.135 - - [23/Nov/2024:20:17:08 +0800] "GET /%E6%B2%B9%E9%9B%BB%E8%BB%8A%E4%BF%9D%E9%A4%8A/ HTTP/1.1" 200 18084 "-" "Mozilla/5.0 (Linux; Android 6.0.1; Nexus 5X Build/MMB29P) AppleWebKit/537.36 (KHTML, like Gecko) Chrome/131.0.6778.69 Mobile Safari/537.36 (compatible; Googlebot/2.1; +http://www.google.com/bot.html)"
54.38.85.17 - - [23/Nov/2024:20:17:10 +0800] "GET /%E9%96%8B%E8%BB%8A%E5%87%BA%E9%81%8A%E6%97%A5%E5%B8%B8%E4%BF%9D%E9%A4%8A%E4%B8%8D%E5%8F%AF%E5%B0%91/?share=linkedin HTTP/1.1" 302 3799 "-" "Mozilla/5.0 (compatible; MJ12bot/v1.4.8; http://mj12bot.com/)"
54.38.85.17 - - [23/Nov/2024:20:17:35 +0800] "GET /%E9%96%8B%E8%BB%8A%E5%87%BA%E9%81%8A%E6%97%A5%E5%B8%B8%E4%BF%9D%E9%A4%8A%E4%B8%8D%E5%8F%AF%E5%B0%91/?share=twitter HTTP/1.1" 302 3881 "-" "Mozilla/5.0 (compatible; MJ12bot/v1.4.8; http://mj12bot.com/)"
54.38.85.17 - - [23/Nov/2024:20:17:49 +0800] "GET /%E9%96%8B%E8%BB%8A%E5%87%BA%E9%81%8A%E6%97%A5%E5%B8%B8%E4%BF%9D%E9%A4%8A%E4%B8%8D%E5%8F%AF%E5%B0%91/feed/ HTTP/1.1" 200 4445 "-" "Mozilla/5.0 (compatible; MJ12bot/v1.4.8; http://mj12bot.com/)"
54.38.85.17 - - [23/Nov/2024:20:17:58 +0800] "GET /%E9%97%9C%E6%96%BC-pioneer-%E7%9A%84-sph-10bt-%E9%80%99%E5%8F%B0%E6%B1%BD%E8%BB%8A%E9%9F%B3%E9%9F%BF/?share=linkedin HTTP/1.1" 302 3788 "-" "Mozilla/5.0 (compatible; MJ12bot/v1.4.8; http://mj12bot.com/)"
66.249.71.134 - - [23/Nov/2024:20:18:06 +0800] "GET /%E7%B4%94%E9%9B%BB%E5%8B%95-bmw-ix3-%E9%96%8B%E5%A7%8B%E7%94%9F%E7%94%A2/ HTTP/1.1" 200 22650 "-" "Mozilla/5.0 (Linux; Android 6.0.1; Nexus 5X Build/MMB29P) AppleWebKit/537.36 (KHTML, like Gecko) Chrome/131.0.6778.69 Mobile Safari/537.36 (compatible; Googlebot/2.1; +http://www.google.com/bot.html)"
54.38.85.17 - - [23/Nov/2024:20:18:19 +0800] "GET /%E9%97%9C%E6%96%BC-pioneer-%E7%9A%84-sph-10bt-%E9%80%99%E5%8F%B0%E6%B1%BD%E8%BB%8A%E9%9F%B3%E9%9F%BF/feed/ HTTP/1.1" 200 4442 "-" "Mozilla/5.0 (compatible; MJ12bot/v1.4.8; http://mj12bot.com/)"
54.38.85.17 - - [23/Nov/2024:20:18:28 +0800] "GET /%E9%A2%A8%E6%B4%9E%E8%A9%A6%E9%A9%97%EF%BC%9A%E5%9C%A8-bmw-%E9%A2%A8%E6%B4%9E%E7%9A%84-alpina/ HTTP/1.1" 200 23568 "-" "Mozilla/5.0 (compatible; MJ12bot/v1.4.8; http://mj12bot.com/)"
54.38.85.17 - - [23/Nov/2024:20:18:37 +0800] "GET /%E9%A4%8A%E8%BB%8A%E7%B6%93%E6%BF%9F%E5%AD%B8/ HTTP/1.1" 200 17400 "-" "Mozilla/5.0 (compatible; MJ12bot/v1.4.8; http://mj12bot.com/)"
54.38.85.17 - - [23/Nov/2024:20:18:44 +0800] "GET /%E9%A4%8A%E8%BB%8A%E7%B6%93%E6%BF%9F%E5%AD%B8/?share=facebook HTTP/1.1" 302 3738 "-" "Mozilla/5.0 (compatible; MJ12bot/v1.4.8; http://mj12bot.com/)"
54.38.85.17 - - [23/Nov/2024:20:18:57 +0800] "GET /%E9%A4%8A%E8%BB%8A%E7%B6%93%E6%BF%9F%E5%AD%B8/?share=jetpack-whatsapp HTTP/1.1" 302 3735 "-" "Mozilla/5.0 (compatible; MJ12bot/v1.4.8; http://mj12bot.com/)"
54.38.85.17 - - [23/Nov/2024:20:19:10 +0800] "GET /%E9%A4%8A%E8%BB%8A%E7%B6%93%E6%BF%9F%E5%AD%B8/?share=linkedin HTTP/1.1" 302 3709 "-" "Mozilla/5.0 (compatible; MJ12bot/v1.4.8; http://mj12bot.com/)"
66.249.77.133 - - [23/Nov/2024:20:19:11 +0800] "GET /?p=524 HTTP/1.1" 301 577 "-" "Mozilla/5.0 (Linux; Android 6.0.1; Nexus 5X Build/MMB29P) AppleWebKit/537.36 (KHTML, like Gecko) Chrome/131.0.6778.69 Mobile Safari/537.36 (compatible; Googlebot/2.1; +http://www.google.com/bot.html)"
220.135.127.108 - - [23/Nov/2024:20:19:28 +0800] "POST /wp-cron.php?doing_wp_cron=1732364368.1914529800415039062500 HTTP/1.1" 200 4050 "-" "WordPress/6.7.1; https://www.car32.tw"
66.249.71.134 - - [23/Nov/2024:20:19:27 +0800] "GET /?p=524 HTTP/1.1" 301 4112 "-" "Mozilla/5.0 (Linux; Android 6.0.1; Nexus 5X Build/MMB29P) AppleWebKit/537.36 (KHTML, like Gecko) Chrome/131.0.6778.69 Mobile Safari/537.36 (compatible; Googlebot/2.1; +http://www.google.com/bot.html)"
54.38.85.17 - - [23/Nov/2024:20:19:29 +0800] "GET /%E9%A4%8A%E8%BB%8A%E7%B6%93%E6%BF%9F%E5%AD%B8/?share=twitter HTTP/1.1" 302 3740 "-" "Mozilla/5.0 (compatible; MJ12bot/v1.4.8; http://mj12bot.com/)"
66.249.71.134 - - [23/Nov/2024:20:19:42 +0800] "GET /%E9%A4%8A%E8%BB%8A%E7%B6%93%E6%BF%9F%E5%AD%B8/ HTTP/1.1" 200 17928 "-" "Mozilla/5.0 (Linux; Android 6.0.1; Nexus 5X Build/MMB29P) AppleWebKit/537.36 (KHTML, like Gecko) Chrome/131.0.6778.69 Mobile Safari/537.36 (compatible; Googlebot/2.1; +http://www.google.com/bot.html)"
66.249.77.134 - - [23/Nov/2024:20:19:56 +0800] "POST /?ob=open-bridge/events HTTP/1.1" 200 4216 "https://www.car32.tw/%E9%A4%8A%E8%BB%8A%E7%B6%93%E6%BF%9F%E5%AD%B8/" "Mozilla/5.0 (Linux; Android 6.0.1; Nexus 5X Build/MMB29P) AppleWebKit/537.36 (KHTML, like Gecko) Chrome/131.0.6778.69 Mobile Safari/537.36 (compatible; Googlebot/2.1; +http://www.google.com/bot.html)"
54.38.85.17 - - [23/Nov/2024:20:20:27 +0800] "GET /%E9%AB%98%E9%87%8C%E7%A8%8B%E6%B1%BD%E8%BB%8A%E4%BF%9D%E9%A4%8A%E8%A1%93/?share=facebook HTTP/1.1" 302 3807 "-" "Mozilla/5.0 (compatible; MJ12bot/v1.4.8; http://mj12bot.com/)"
220.135.127.108 - - [23/Nov/2024:20:20:51 +0800] "POST /wp-cron.php?doing_wp_cron=1732364451.0735011100769042968750 HTTP/1.1" 200 4050 "-" "WordPress/6.7.1; https://www.car32.tw"
192.0.82.55 - - [23/Nov/2024:20:20:50 +0800] "HEAD / HTTP/1.1" 200 4000 "-" "jetmon/1.0 (Jetpack Site Uptime Monitor by WordPress.com)"
54.38.85.17 - - [23/Nov/2024:20:21:25 +0800] "GET /%E9%AB%98%E9%87%8C%E7%A8%8B%E6%B1%BD%E8%BB%8A%E4%BF%9D%E9%A4%8A%E8%A1%93/?share=linkedin HTTP/1.1" 302 3754 "-" "Mozilla/5.0 (compatible; MJ12bot/v1.4.8; http://mj12bot.com/)"
54.38.85.17 - - [23/Nov/2024:20:21:44 +0800] "GET /%E9%AB%98%E9%87%8C%E7%A8%8B%E6%B1%BD%E8%BB%8A%E4%BF%9D%E9%A4%8A%E8%A1%93/?share=twitter HTTP/1.1" 302 3809 "-" "Mozilla/5.0 (compatible; MJ12bot/v1.4.8; http://mj12bot.com/)"
54.38.85.17 - - [23/Nov/2024:20:22:38 +0800] "GET /%E9%BB%83%E9%87%91%E7%B7%9A%E6%8F%9B%E5%AD%A3%E4%BF%9D%E9%A4%8A%E5%B0%8F%E6%95%99%E5%AE%A4/ HTTP/1.1" 200 17723 "-" "Mozilla/5.0 (compatible; MJ12bot/v1.4.8; http://mj12bot.com/)"
54.38.85.17 - - [23/Nov/2024:20:22:41 +0800] "GET /robots.txt HTTP/1.1" 301 585 "-" "Mozilla/5.0 (compatible; MJ12bot/v1.4.8; http://mj12bot.com/)"
54.38.85.17 - - [23/Nov/2024:20:22:47 +0800] "GET /robots.txt HTTP/1.1" 200 3663 "-" "Mozilla/5.0 (compatible; MJ12bot/v1.4.8; http://mj12bot.com/)"
54.38.85.17 - - [23/Nov/2024:20:22:54 +0800] "GET /?feed=rss2&tag=%E4%B8%AD%E5%8F%A4%E8%BB%8A HTTP/1.1" 301 597 "-" "Mozilla/5.0 (compatible; MJ12bot/v1.4.8; http://mj12bot.com/)"
220.135.127.108 - - [23/Nov/2024:20:25:51 +0800] "POST /wp-cron.php?doing_wp_cron=1732364751.8928620815277099609375 HTTP/1.1" 200 4050 "-" "WordPress/6.7.1; https://www.car32.tw"
192.0.82.55 - - [23/Nov/2024:20:25:51 +0800] "HEAD / HTTP/1.1" 200 4000 "-" "jetmon/1.0 (Jetpack Site Uptime Monitor by WordPress.com)"
220.135.127.108 - - [23/Nov/2024:20:26:25 +0800] "POST /wp-cron.php?doing_wp_cron=1732364785.3409750461578369140625 HTTP/1.1" 200 4050 "-" "WordPress/6.7.1; https://www.car32.tw"
4.227.36.14 - - [23/Nov/2024:20:26:25 +0800] "GET /%e9%bb%83%e9%87%91%e7%b7%9a%e6%8f%9b%e5%ad%a3%e4%bf%9d%e9%a4%8a%e5%b0%8f%e6%95%99%e5%ae%a4/embed/ HTTP/1.1" 200 10974 "-" "Mozilla/5.0 AppleWebKit/537.36 (KHTML, like Gecko; compatible; GPTBot/1.2; +https://openai.com/gptbot)"
4.227.36.14 - - [23/Nov/2024:20:27:11 +0800] "GET /%e9%bb%83%e9%87%91%e7%b7%9a%e6%8f%9b%e5%ad%a3%e4%bf%9d%e9%a4%8a%e5%b0%8f%e6%95%99%e5%ae%a4/embed/ HTTP/1.1" 200 10974 "-" "Mozilla/5.0 AppleWebKit/537.36 (KHTML, like Gecko; compatible; GPTBot/1.2; +https://openai.com/gptbot)"
220.129.149.143 - - [23/Nov/2024:20:27:12 +0800] "GET /tag/%E5%BF%AB%E6%A8%82%E8%B7%91/ HTTP/1.1" 200 29540 "https://www.google.com/" "Mozilla/5.0 (Linux; Android 10; K) AppleWebKit/537.36 (KHTML, like Gecko) SamsungBrowser/27.0 Chrome/125.0.0.0 Mobile Safari/537.36"
220.129.149.143 - - [23/Nov/2024:20:27:13 +0800] "GET /wp-content/themes/twentytwelve/fonts/font-open-sans.css?ver=20230328 HTTP/1.1" 200 1288 "https://www.car32.tw/tag/%E5%BF%AB%E6%A8%82%E8%B7%91/" "Mozilla/5.0 (Linux; Android 10; K) AppleWebKit/537.36 (KHTML, like Gecko) SamsungBrowser/27.0 Chrome/125.0.0.0 Mobile Safari/537.36"
220.129.149.143 - - [23/Nov/2024:20:27:13 +0800] "GET /wp-content/themes/twentytwelve/style.css?ver=20240716 HTTP/1.1" 200 12423 "https://www.car32.tw/tag/%E5%BF%AB%E6%A8%82%E8%B7%91/" "Mozilla/5.0 (Linux; Android 10; K) AppleWebKit/537.36 (KHTML, like Gecko) SamsungBrowser/27.0 Chrome/125.0.0.0 Mobile Safari/537.36"
220.129.149.143 - - [23/Nov/2024:20:27:13 +0800] "GET /wp-content/themes/twentytwelve/css/blocks.css?ver=20240603 HTTP/1.1" 200 2292 "https://www.car32.tw/tag/%E5%BF%AB%E6%A8%82%E8%B7%91/" "Mozilla/5.0 (Linux; Android 10; K) AppleWebKit/537.36 (KHTML, like Gecko) SamsungBrowser/27.0 Chrome/125.0.0.0 Mobile Safari/537.36"
220.129.149.143 - - [23/Nov/2024:20:27:13 +0800] "GET /wp-content/themes/twentytwelve/js/navigation.js?ver=20141205 HTTP/1.1" 200 1027 "https://www.car32.tw/tag/%E5%BF%AB%E6%A8%82%E8%B7%91/" "Mozilla/5.0 (Linux; Android 10; K) AppleWebKit/537.36 (KHTML, like Gecko) SamsungBrowser/27.0 Chrome/125.0.0.0 Mobile Safari/537.36"
220.129.149.143 - - [23/Nov/2024:20:27:13 +0800] "GET /wp-content/themes/twentytwelve/fonts/open-sans/open-sans-latin-400-normal.woff2?ver=34 HTTP/1.1" 200 17094 "https://www.car32.tw/wp-content/themes/twentytwelve/fonts/font-open-sans.css?ver=20230328" "Mozilla/5.0 (Linux; Android 10; K) AppleWebKit/537.36 (KHTML, like Gecko) SamsungBrowser/27.0 Chrome/125.0.0.0 Mobile Safari/537.36"
220.129.149.143 - - [23/Nov/2024:20:27:13 +0800] "GET /wp-content/themes/twentytwelve/fonts/open-sans/open-sans-latin-700-normal.woff2?ver=34 HTTP/1.1" 200 16704 "https://www.car32.tw/wp-content/themes/twentytwelve/fonts/font-open-sans.css?ver=20230328" "Mozilla/5.0 (Linux; Android 10; K) AppleWebKit/537.36 (KHTML, like Gecko) SamsungBrowser/27.0 Chrome/125.0.0.0 Mobile Safari/537.36"
220.129.149.143 - - [23/Nov/2024:20:27:13 +0800] "GET /wp-content/themes/twentytwelve/fonts/open-sans/open-sans-latin-700-italic.woff2?ver=34 HTTP/1.1" 200 18302 "https://www.car32.tw/wp-content/themes/twentytwelve/fonts/font-open-sans.css?ver=20230328" "Mozilla/5.0 (Linux; Android 10; K) AppleWebKit/537.36 (KHTML, like Gecko) SamsungBrowser/27.0 Chrome/125.0.0.0 Mobile Safari/537.36"
220.129.149.143 - - [23/Nov/2024:20:27:13 +0800] "GET /wp-content/themes/twentytwelve/fonts/open-sans/open-sans-latin-400-italic.woff2?ver=34 HTTP/1.1" 200 18174 "https://www.car32.tw/wp-content/themes/twentytwelve/fonts/font-open-sans.css?ver=20230328" "Mozilla/5.0 (Linux; Android 10; K) AppleWebKit/537.36 (KHTML, like Gecko) SamsungBrowser/27.0 Chrome/125.0.0.0 Mobile Safari/537.36"
4.227.36.14 - - [23/Nov/2024:20:27:49 +0800] "GET /%e9%bb%83%e9%87%91%e7%b7%9a%e6%8f%9b%e5%ad%a3%e4%bf%9d%e9%a4%8a%e5%b0%8f%e6%95%99%e5%ae%a4/embed/ HTTP/1.1" 200 10973 "-" "Mozilla/5.0 AppleWebKit/537.36 (KHTML, like Gecko; compatible; GPTBot/1.2; +https://openai.com/gptbot)"
4.227.36.14 - - [23/Nov/2024:20:28:27 +0800] "GET /%e9%bb%83%e9%87%91%e7%b7%9a%e6%8f%9b%e5%ad%a3%e4%bf%9d%e9%a4%8a%e5%b0%8f%e6%95%99%e5%ae%a4/embed/ HTTP/1.1" 200 10972 "-" "Mozilla/5.0 AppleWebKit/537.36 (KHTML, like Gecko; compatible; GPTBot/1.2; +https://openai.com/gptbot)"
4.227.36.14 - - [23/Nov/2024:20:29:06 +0800] "GET /%e9%bb%83%e9%87%91%e7%b7%9a%e6%8f%9b%e5%ad%a3%e4%bf%9d%e9%a4%8a%e5%b0%8f%e6%95%99%e5%ae%a4/embed/ HTTP/1.1" 200 10971 "-" "Mozilla/5.0 AppleWebKit/537.36 (KHTML, like Gecko; compatible; GPTBot/1.2; +https://openai.com/gptbot)"
220.135.127.108 - - [23/Nov/2024:20:29:46 +0800] "POST /wp-cron.php?doing_wp_cron=1732364986.7779579162597656250000 HTTP/1.1" 200 4050 "-" "WordPress/6.7.1; https://www.car32.tw"
4.227.36.14 - - [23/Nov/2024:20:29:46 +0800] "GET /%e9%bb%83%e9%87%91%e7%b7%9a%e6%8f%9b%e5%ad%a3%e4%bf%9d%e9%a4%8a%e5%b0%8f%e6%95%99%e5%ae%a4/embed/ HTTP/1.1" 200 10972 "-" "Mozilla/5.0 AppleWebKit/537.36 (KHTML, like Gecko; compatible; GPTBot/1.2; +https://openai.com/gptbot)"
18.224.56.127 - - [23/Nov/2024:20:29:49 +0800] "GET /%e6%93%81%e6%9c%89%e6%9c%80%e5%a4%a7%e9%a6%ac%e5%8a%9b%e7%9a%84-alpina-%e8%b1%aa%e8%8f%af-bmw-%e5%ae%8c%e6%95%b4%e7%b4%80%e9%8c%84%e7%89%87/feed HTTP/1.1" 301 4300 "-" "Mozilla/5.0 AppleWebKit/537.36 (KHTML, like Gecko; compatible; ClaudeBot/1.0; +claudebot@anthropic.com)"
18.224.56.127 - - [23/Nov/2024:20:29:50 +0800] "GET /%e6%93%81%e6%9c%89%e6%9c%80%e5%a4%a7%e9%a6%ac%e5%8a%9b%e7%9a%84-alpina-%e8%b1%aa%e8%8f%af-bmw-%e5%ae%8c%e6%95%b4%e7%b4%80%e9%8c%84%e7%89%87/feed/ HTTP/1.1" 200 4964 "https://car32.tw/%e6%93%81%e6%9c%89%e6%9c%80%e5%a4%a7%e9%a6%ac%e5%8a%9b%e7%9a%84-alpina-%e8%b1%aa%e8%8f%af-bmw-%e5%ae%8c%e6%95%b4%e7%b4%80%e9%8c%84%e7%89%87/feed" "Mozilla/5.0 AppleWebKit/537.36 (KHTML, like Gecko; compatible; ClaudeBot/1.0; +claudebot@anthropic.com)"
4.227.36.14 - - [23/Nov/2024:20:30:24 +0800] "GET /%e9%bb%83%e9%87%91%e7%b7%9a%e6%8f%9b%e5%ad%a3%e4%bf%9d%e9%a4%8a%e5%b0%8f%e6%95%99%e5%ae%a4/embed/ HTTP/1.1" 200 10974 "-" "Mozilla/5.0 AppleWebKit/537.36 (KHTML, like Gecko; compatible; GPTBot/1.2; +https://openai.com/gptbot)"
220.135.127.108 - - [23/Nov/2024:20:30:37 +0800] "POST /wp-cron.php?doing_wp_cron=1732365037.9019720554351806640625 HTTP/1.1" 200 4050 "-" "WordPress/6.7.1; https://www.car32.tw"
140.238.59.22 - - [23/Nov/2024:20:30:37 +0800] "GET /feed/ HTTP/1.1" 200 6804 "https://www.car32.tw/feed/" "FreshRSS/1.24.3 (Linux; https://freshrss.org)"
192.0.82.55 - - [23/Nov/2024:20:30:51 +0800] "HEAD / HTTP/1.1" 200 4000 "-" "jetmon/1.0 (Jetpack Site Uptime Monitor by WordPress.com)"
4.227.36.14 - - [23/Nov/2024:20:31:08 +0800] "GET /%e9%bb%83%e9%87%91%e7%b7%9a%e6%8f%9b%e5%ad%a3%e4%bf%9d%e9%a4%8a%e5%b0%8f%e6%95%99%e5%ae%a4/embed/ HTTP/1.1" 200 10973 "-" "Mozilla/5.0 AppleWebKit/537.36 (KHTML, like Gecko; compatible; GPTBot/1.2; +https://openai.com/gptbot)"
3.149.23.124 - - [23/Nov/2024:20:31:34 +0800] "GET /%e9%bb%83%e9%87%91%e7%b7%9a%e6%8f%9b%e5%ad%a3%e4%bf%9d%e9%a4%8a%e5%b0%8f%e6%95%99%e5%ae%a4/feed HTTP/1.1" 301 4251 "-" "Mozilla/5.0 AppleWebKit/537.36 (KHTML, like Gecko; compatible; ClaudeBot/1.0; +claudebot@anthropic.com)"
3.149.23.124 - - [23/Nov/2024:20:31:35 +0800] "GET /%e9%bb%83%e9%87%91%e7%b7%9a%e6%8f%9b%e5%ad%a3%e4%bf%9d%e9%a4%8a%e5%b0%8f%e6%95%99%e5%ae%a4/feed/ HTTP/1.1" 200 4899 "https://car32.tw/%e9%bb%83%e9%87%91%e7%b7%9a%e6%8f%9b%e5%ad%a3%e4%bf%9d%e9%a4%8a%e5%b0%8f%e6%95%99%e5%ae%a4/feed" "Mozilla/5.0 AppleWebKit/537.36 (KHTML, like Gecko; compatible; ClaudeBot/1.0; +claudebot@anthropic.com)"
4.227.36.14 - - [23/Nov/2024:20:31:42 +0800] "GET /%e9%bb%83%e9%87%91%e7%b7%9a%e6%8f%9b%e5%ad%a3%e4%bf%9d%e9%a4%8a%e5%b0%8f%e6%95%99%e5%ae%a4/embed/ HTTP/1.1" 200 10975 "-" "Mozilla/5.0 AppleWebKit/537.36 (KHTML, like Gecko; compatible; GPTBot/1.2; +https://openai.com/gptbot)"
4.227.36.14 - - [23/Nov/2024:20:32:22 +0800] "GET /%e9%bb%83%e9%87%91%e7%b7%9a%e6%8f%9b%e5%ad%a3%e4%bf%9d%e9%a4%8a%e5%b0%8f%e6%95%99%e5%ae%a4/embed/ HTTP/1.1" 200 10972 "-" "Mozilla/5.0 AppleWebKit/537.36 (KHTML, like Gecko; compatible; GPTBot/1.2; +https://openai.com/gptbot)"
4.227.36.14 - - [23/Nov/2024:20:33:06 +0800] "GET /%e9%bb%83%e9%87%91%e7%b7%9a%e6%8f%9b%e5%ad%a3%e4%bf%9d%e9%a4%8a%e5%b0%8f%e6%95%99%e5%ae%a4/embed/ HTTP/1.1" 200 10974 "-" "Mozilla/5.0 AppleWebKit/537.36 (KHTML, like Gecko; compatible; GPTBot/1.2; +https://openai.com/gptbot)"
4.227.36.14 - - [23/Nov/2024:20:33:44 +0800] "GET /%e9%bb%83%e9%87%91%e7%b7%9a%e6%8f%9b%e5%ad%a3%e4%bf%9d%e9%a4%8a%e5%b0%8f%e6%95%99%e5%ae%a4/embed/ HTTP/1.1" 200 10972 "-" "Mozilla/5.0 AppleWebKit/537.36 (KHTML, like Gecko; compatible; GPTBot/1.2; +https://openai.com/gptbot)"
220.135.127.108 - - [23/Nov/2024:20:34:27 +0800] "POST /wp-cron.php?doing_wp_cron=1732365267.0356950759887695312500 HTTP/1.1" 200 4050 "-" "WordPress/6.7.1; https://www.car32.tw"
4.227.36.14 - - [23/Nov/2024:20:34:26 +0800] "GET /%e9%bb%83%e9%87%91%e7%b7%9a%e6%8f%9b%e5%ad%a3%e4%bf%9d%e9%a4%8a%e5%b0%8f%e6%95%99%e5%ae%a4/embed/ HTTP/1.1" 200 10972 "-" "Mozilla/5.0 AppleWebKit/537.36 (KHTML, like Gecko; compatible; GPTBot/1.2; +https://openai.com/gptbot)"
216.244.66.249 - - [23/Nov/2024:20:34:30 +0800] "GET /robots.txt HTTP/1.1" 301 529 "-" "Mozilla/5.0 (compatible; DotBot/1.2; +https://opensiteexplorer.org/dotbot; help@moz.com)"
216.244.66.249 - - [23/Nov/2024:20:34:30 +0800] "GET /robots.txt HTTP/1.1" 200 3513 "-" "Mozilla/5.0 (compatible; DotBot/1.2; +https://opensiteexplorer.org/dotbot; help@moz.com)"
4.227.36.14 - - [23/Nov/2024:20:35:26 +0800] "GET /%e9%bb%83%e9%87%91%e7%b7%9a%e6%8f%9b%e5%ad%a3%e4%bf%9d%e9%a4%8a%e5%b0%8f%e6%95%99%e5%ae%a4/embed/ HTTP/1.1" 200 10971 "-" "Mozilla/5.0 AppleWebKit/537.36 (KHTML, like Gecko; compatible; GPTBot/1.2; +https://openai.com/gptbot)"
220.135.127.108 - - [23/Nov/2024:20:35:51 +0800] "POST /wp-cron.php?doing_wp_cron=1732365351.2642560005187988281250 HTTP/1.1" 200 4050 "-" "WordPress/6.7.1; https://www.car32.tw"
192.0.82.55 - - [23/Nov/2024:20:35:51 +0800] "HEAD / HTTP/1.1" 200 4000 "-" "jetmon/1.0 (Jetpack Site Uptime Monitor by WordPress.com)"
85.208.96.200 - - [23/Nov/2024:20:36:16 +0800] "GET /tag/e24/ HTTP/1.1" 200 25175 "-" "Mozilla/5.0 (compatible; SemrushBot/7~bl; +http://www.semrush.com/bot.html)"
4.227.36.14 - - [23/Nov/2024:20:36:18 +0800] "GET /%e9%bb%83%e9%87%91%e7%b7%9a%e6%8f%9b%e5%ad%a3%e4%bf%9d%e9%a4%8a%e5%b0%8f%e6%95%99%e5%ae%a4/embed/ HTTP/1.1" 200 10971 "-" "Mozilla/5.0 AppleWebKit/537.36 (KHTML, like Gecko; compatible; GPTBot/1.2; +https://openai.com/gptbot)"
4.227.36.14 - - [23/Nov/2024:20:37:26 +0800] "GET /%e9%bb%83%e9%87%91%e7%b7%9a%e6%8f%9b%e5%ad%a3%e4%bf%9d%e9%a4%8a%e5%b0%8f%e6%95%99%e5%ae%a4/embed/ HTTP/1.1" 200 10972 "-" "Mozilla/5.0 AppleWebKit/537.36 (KHTML, like Gecko; compatible; GPTBot/1.2; +https://openai.com/gptbot)"
4.227.36.14 - - [23/Nov/2024:20:38:17 +0800] "GET /%e9%bb%83%e9%87%91%e7%b7%9a%e6%8f%9b%e5%ad%a3%e4%bf%9d%e9%a4%8a%e5%b0%8f%e6%95%99%e5%ae%a4/embed/ HTTP/1.1" 200 10972 "-" "Mozilla/5.0 AppleWebKit/537.36 (KHTML, like Gecko; compatible; GPTBot/1.2; +https://openai.com/gptbot)"
220.135.127.108 - - [23/Nov/2024:20:40:52 +0800] "POST /wp-cron.php?doing_wp_cron=1732365652.5751099586486816406250 HTTP/1.1" 200 4050 "-" "WordPress/6.7.1; https://www.car32.tw"
192.0.82.55 - - [23/Nov/2024:20:40:52 +0800] "HEAD / HTTP/1.1" 200 4000 "-" "jetmon/1.0 (Jetpack Site Uptime Monitor by WordPress.com)"
223.137.148.117 - - [23/Nov/2024:20:43:16 +0800] "GET /tag/dpf/ HTTP/1.1" 200 35786 "https://www.google.com/" "Mozilla/5.0 (iPhone; CPU iPhone OS 17_4_1 like Mac OS X) AppleWebKit/605.1.15 (KHTML, like Gecko) CriOS/131.0.6778.73 Mobile/15E148 Safari/604.1"
223.137.148.117 - - [23/Nov/2024:20:43:17 +0800] "GET /wp-content/themes/twentytwelve/fonts/font-open-sans.css?ver=20230328 HTTP/1.1" 200 5031 "https://www.car32.tw/tag/dpf/" "Mozilla/5.0 (iPhone; CPU iPhone OS 17_4_1 like Mac OS X) AppleWebKit/605.1.15 (KHTML, like Gecko) CriOS/131.0.6778.73 Mobile/15E148 Safari/604.1"
223.137.148.117 - - [23/Nov/2024:20:43:17 +0800] "GET /wp-content/themes/twentytwelve/style.css?ver=20240716 HTTP/1.1" 200 12423 "https://www.car32.tw/tag/dpf/" "Mozilla/5.0 (iPhone; CPU iPhone OS 17_4_1 like Mac OS X) AppleWebKit/605.1.15 (KHTML, like Gecko) CriOS/131.0.6778.73 Mobile/15E148 Safari/604.1"
223.137.148.117 - - [23/Nov/2024:20:43:17 +0800] "GET /wp-content/themes/twentytwelve/js/navigation.js?ver=20141205 HTTP/1.1" 200 4770 "https://www.car32.tw/tag/dpf/" "Mozilla/5.0 (iPhone; CPU iPhone OS 17_4_1 like Mac OS X) AppleWebKit/605.1.15 (KHTML, like Gecko) CriOS/131.0.6778.73 Mobile/15E148 Safari/604.1"
223.137.148.117 - - [23/Nov/2024:20:43:17 +0800] "GET /wp-content/themes/twentytwelve/css/blocks.css?ver=20240603 HTTP/1.1" 200 6035 "https://www.car32.tw/tag/dpf/" "Mozilla/5.0 (iPhone; CPU iPhone OS 17_4_1 like Mac OS X) AppleWebKit/605.1.15 (KHTML, like Gecko) CriOS/131.0.6778.73 Mobile/15E148 Safari/604.1"
223.137.148.117 - - [23/Nov/2024:20:43:18 +0800] "GET /wp-content/themes/twentytwelve/fonts/open-sans/open-sans-latin-400-normal.woff2?ver=34 HTTP/1.1" 200 17094 "https://www.car32.tw/tag/dpf/" "Mozilla/5.0 (iPhone; CPU iPhone OS 17_4_1 like Mac OS X) AppleWebKit/605.1.15 (KHTML, like Gecko) CriOS/131.0.6778.73 Mobile/15E148 Safari/604.1"
223.137.148.117 - - [23/Nov/2024:20:43:18 +0800] "GET /wp-content/themes/twentytwelve/fonts/open-sans/open-sans-latin-700-italic.woff2?ver=34 HTTP/1.1" 200 17738 "https://www.car32.tw/tag/dpf/" "Mozilla/5.0 (iPhone; CPU iPhone OS 17_4_1 like Mac OS X) AppleWebKit/605.1.15 (KHTML, like Gecko) CriOS/131.0.6778.73 Mobile/15E148 Safari/604.1"
223.137.148.117 - - [23/Nov/2024:20:43:18 +0800] "GET /wp-content/themes/twentytwelve/fonts/open-sans/open-sans-latin-700-normal.woff2?ver=34 HTTP/1.1" 200 16704 "https://www.car32.tw/tag/dpf/" "Mozilla/5.0 (iPhone; CPU iPhone OS 17_4_1 like Mac OS X) AppleWebKit/605.1.15 (KHTML, like Gecko) CriOS/131.0.6778.73 Mobile/15E148 Safari/604.1"
223.137.148.117 - - [23/Nov/2024:20:43:18 +0800] "GET /wp-content/themes/twentytwelve/fonts/open-sans/open-sans-latin-400-italic.woff2?ver=34 HTTP/1.1" 200 18174 "https://www.car32.tw/tag/dpf/" "Mozilla/5.0 (iPhone; CPU iPhone OS 17_4_1 like Mac OS X) AppleWebKit/605.1.15 (KHTML, like Gecko) CriOS/131.0.6778.73 Mobile/15E148 Safari/604.1"
223.137.148.117 - - [23/Nov/2024:20:43:20 +0800] "POST /?ob=open-bridge/events HTTP/1.1" 200 520 "https://www.car32.tw/tag/dpf/" "Mozilla/5.0 (iPhone; CPU iPhone OS 17_4_1 like Mac OS X) AppleWebKit/605.1.15 (KHTML, like Gecko) CriOS/131.0.6778.73 Mobile/15E148 Safari/604.1"
185.191.171.13 - - [23/Nov/2024:20:43:58 +0800] "GET /page/40/ HTTP/1.1" 200 23710 "-" "Mozilla/5.0 (compatible; SemrushBot/7~bl; +http://www.semrush.com/bot.html)"
220.135.127.108 - - [23/Nov/2024:20:45:14 +0800] "POST /wp-cron.php?doing_wp_cron=1732365914.5273919105529785156250 HTTP/1.1" 200 4050 "-" "WordPress/6.7.1; https://www.car32.tw"
114.119.149.92 - - [23/Nov/2024:20:45:14 +0800] "GET /robots.txt HTTP/1.1" 301 3994 "-" "Mozilla/5.0 (compatible;PetalBot;+https://webmaster.petalsearch.com/site/petalbot)"
114.119.149.92 - - [23/Nov/2024:20:45:18 +0800] "GET /robots.txt HTTP/1.1" 200 4136 "-" "Mozilla/5.0 (compatible;PetalBot;+https://webmaster.petalsearch.com/site/petalbot)"
17.241.219.189 - - [23/Nov/2024:20:45:22 +0800] "GET /%E8%BB%8A%E7%94%A8%E5%86%B7%E6%B0%A3%E7%A9%BA%E8%AA%BF%E7%9A%84%E6%B8%85%E6%BD%94/ HTTP/1.1" 200 18526 "-" "Mozilla/5.0 (Macintosh; Intel Mac OS X 10_15_7) AppleWebKit/605.1.15 (KHTML, like Gecko) Version/17.4 Safari/605.1.15 (Applebot/0.1; +http://www.apple.com/go/applebot)"
220.135.127.108 - - [23/Nov/2024:20:45:51 +0800] "POST /wp-cron.php?doing_wp_cron=1732365951.1468141078948974609375 HTTP/1.1" 200 4050 "-" "WordPress/6.7.1; https://www.car32.tw"
192.0.82.55 - - [23/Nov/2024:20:45:51 +0800] "HEAD / HTTP/1.1" 200 4000 "-" "jetmon/1.0 (Jetpack Site Uptime Monitor by WordPress.com)"
17.246.23.42 - - [23/Nov/2024:20:46:17 +0800] "GET /wp-content/themes/twentytwelve/js/navigation.js?ver=20141205 HTTP/1.1" 200 4723 "https://www.car32.tw/%E8%BB%8A%E7%94%A8%E5%86%B7%E6%B0%A3%E7%A9%BA%E8%AA%BF%E7%9A%84%E6%B8%85%E6%BD%94/" "Mozilla/5.0 (Macintosh; Intel Mac OS X 10_15_7) AppleWebKit/605.1.15 (KHTML, like Gecko) Version/17.4 Safari/605.1.15 (Applebot/0.1; +http://www.apple.com/go/applebot)"
17.246.15.7 - - [23/Nov/2024:20:46:17 +0800] "GET /wp-content/themes/twentytwelve/css/blocks.css?ver=20240603 HTTP/1.1" 200 5988 "https://www.car32.tw/%E8%BB%8A%E7%94%A8%E5%86%B7%E6%B0%A3%E7%A9%BA%E8%AA%BF%E7%9A%84%E6%B8%85%E6%BD%94/" "Mozilla/5.0 (Macintosh; Intel Mac OS X 10_15_7) AppleWebKit/605.1.15 (KHTML, like Gecko) Version/17.4 Safari/605.1.15 (Applebot/0.1; +http://www.apple.com/go/applebot)"
17.246.15.195 - - [23/Nov/2024:20:46:18 +0800] "GET /wp-content/themes/twentytwelve/style.css?ver=20240716 HTTP/1.1" 200 12376 "https://www.car32.tw/%E8%BB%8A%E7%94%A8%E5%86%B7%E6%B0%A3%E7%A9%BA%E8%AA%BF%E7%9A%84%E6%B8%85%E6%BD%94/" "Mozilla/5.0 (Macintosh; Intel Mac OS X 10_15_7) AppleWebKit/605.1.15 (KHTML, like Gecko) Version/17.4 Safari/605.1.15 (Applebot/0.1; +http://www.apple.com/go/applebot)"
17.246.15.171 - - [23/Nov/2024:20:46:18 +0800] "GET /wp-content/themes/twentytwelve/fonts/font-open-sans.css?ver=20230328 HTTP/1.1" 200 4984 "https://www.car32.tw/%E8%BB%8A%E7%94%A8%E5%86%B7%E6%B0%A3%E7%A9%BA%E8%AA%BF%E7%9A%84%E6%B8%85%E6%BD%94/" "Mozilla/5.0 (Macintosh; Intel Mac OS X 10_15_7) AppleWebKit/605.1.15 (KHTML, like Gecko) Version/17.4 Safari/605.1.15 (Applebot/0.1; +http://www.apple.com/go/applebot)"
17.246.23.139 - - [23/Nov/2024:20:46:20 +0800] "GET /wp-includes/js/wp-emoji-release.min.js?ver=6.7.1 HTTP/1.1" 200 9175 "https://www.car32.tw/%E8%BB%8A%E7%94%A8%E5%86%B7%E6%B0%A3%E7%A9%BA%E8%AA%BF%E7%9A%84%E6%B8%85%E6%BD%94/" "Mozilla/5.0 (Macintosh; Intel Mac OS X 10_15_7) AppleWebKit/605.1.15 (KHTML, like Gecko) Version/17.4 Safari/605.1.15 (Applebot/0.1; +http://www.apple.com/go/applebot)"
17.246.19.16 - - [23/Nov/2024:20:46:21 +0800] "GET /%E8%BB%8A%E7%94%A8%E5%86%B7%E6%B0%A3%E7%A9%BA%E8%AA%BF%E7%9A%84%E6%B8%85%E6%BD%94/?relatedposts=1 HTTP/1.1" 200 8110 "https://www.car32.tw/%E8%BB%8A%E7%94%A8%E5%86%B7%E6%B0%A3%E7%A9%BA%E8%AA%BF%E7%9A%84%E6%B8%85%E6%BD%94/" "Mozilla/5.0 (Macintosh; Intel Mac OS X 10_15_7) AppleWebKit/605.1.15 (KHTML, like Gecko) Version/17.4 Safari/605.1.15 (Applebot/0.1; +http://www.apple.com/go/applebot)"
4.227.36.14 - - [23/Nov/2024:20:48:29 +0800] "GET /%e9%bb%83%e9%87%91%e7%b7%9a%e6%8f%9b%e5%ad%a3%e4%bf%9d%e9%a4%8a%e5%b0%8f%e6%95%99%e5%ae%a4/embed/ HTTP/1.1" 200 10973 "-" "Mozilla/5.0 AppleWebKit/537.36 (KHTML, like Gecko; compatible; GPTBot/1.2; +https://openai.com/gptbot)"
220.135.127.108 - - [23/Nov/2024:20:49:26 +0800] "POST /wp-cron.php?doing_wp_cron=1732366166.1913249492645263671875 HTTP/1.1" 200 4050 "-" "WordPress/6.7.1; https://www.car32.tw"
4.227.36.14 - - [23/Nov/2024:20:49:26 +0800] "GET /%e9%bb%83%e9%87%91%e7%b7%9a%e6%8f%9b%e5%ad%a3%e4%bf%9d%e9%a4%8a%e5%b0%8f%e6%95%99%e5%ae%a4/embed/ HTTP/1.1" 200 10972 "-" "Mozilla/5.0 AppleWebKit/537.36 (KHTML, like Gecko; compatible; GPTBot/1.2; +https://openai.com/gptbot)"
4.227.36.14 - - [23/Nov/2024:20:50:38 +0800] "GET /%e9%bb%83%e9%87%91%e7%b7%9a%e6%8f%9b%e5%ad%a3%e4%bf%9d%e9%a4%8a%e5%b0%8f%e6%95%99%e5%ae%a4/embed/ HTTP/1.1" 200 10973 "-" "Mozilla/5.0 AppleWebKit/537.36 (KHTML, like Gecko; compatible; GPTBot/1.2; +https://openai.com/gptbot)"
220.135.127.108 - - [23/Nov/2024:20:50:38 +0800] "POST /wp-cron.php?doing_wp_cron=1732366238.7617130279541015625000 HTTP/1.1" 200 4050 "-" "WordPress/6.7.1; https://www.car32.tw"
192.0.82.55 - - [23/Nov/2024:20:50:50 +0800] "HEAD / HTTP/1.1" 200 4000 "-" "jetmon/1.0 (Jetpack Site Uptime Monitor by WordPress.com)"
4.227.36.14 - - [23/Nov/2024:20:51:45 +0800] "GET /%e9%bb%83%e9%87%91%e7%b7%9a%e6%8f%9b%e5%ad%a3%e4%bf%9d%e9%a4%8a%e5%b0%8f%e6%95%99%e5%ae%a4/embed/ HTTP/1.1" 200 10971 "-" "Mozilla/5.0 AppleWebKit/537.36 (KHTML, like Gecko; compatible; GPTBot/1.2; +https://openai.com/gptbot)"
185.191.171.17 - - [23/Nov/2024:20:52:56 +0800] "GET /category/%E4%BF%9D%E9%A4%8A%E8%A7%80%E5%BF%B5/page/10/ HTTP/1.1" 200 27629 "-" "Mozilla/5.0 (compatible; SemrushBot/7~bl; +http://www.semrush.com/bot.html)"
4.227.36.14 - - [23/Nov/2024:20:54:12 +0800] "GET /%e9%bb%83%e9%87%91%e7%b7%9a%e6%8f%9b%e5%ad%a3%e4%bf%9d%e9%a4%8a%e5%b0%8f%e6%95%99%e5%ae%a4/embed/ HTTP/1.1" 200 10972 "-" "Mozilla/5.0 AppleWebKit/537.36 (KHTML, like Gecko; compatible; GPTBot/1.2; +https://openai.com/gptbot)"
54.38.85.17 - - [23/Nov/2024:20:54:23 +0800] "GET /?feed=rss2&tag=%E4%B8%AD%E5%8F%A4%E8%BB%8A HTTP/1.1" 301 653 "-" "Mozilla/5.0 (compatible; MJ12bot/v1.4.8; http://mj12bot.com/)"
220.135.127.108 - - [23/Nov/2024:20:54:27 +0800] "POST /wp-cron.php?doing_wp_cron=1732366467.0330340862274169921875 HTTP/1.1" 200 4050 "-" "WordPress/6.7.1; https://www.car32.tw"
54.38.85.17 - - [23/Nov/2024:20:54:26 +0800] "GET /?feed=rss2&tag=%E4%B8%AD%E5%8F%A4%E8%BB%8A HTTP/1.1" 301 3688 "-" "Mozilla/5.0 (compatible; MJ12bot/v1.4.8; http://mj12bot.com/)"
54.38.85.17 - - [23/Nov/2024:20:54:31 +0800] "GET /tag/%E4%B8%AD%E5%8F%A4%E8%BB%8A/feed/ HTTP/1.1" 200 5165 "-" "Mozilla/5.0 (compatible; MJ12bot/v1.4.8; http://mj12bot.com/)"
54.38.85.17 - - [23/Nov/2024:20:54:32 +0800] "GET /?feed=rss2&tag=%E4%B8%AD%E5%8F%A4%E8%BB%8A HTTP/1.1" 301 404 "-" "Mozilla/5.0 (compatible; MJ12bot/v1.4.8; http://mj12bot.com/)"
54.38.85.17 - - [23/Nov/2024:20:54:36 +0800] "GET /tag/%E4%B8%AD%E5%8F%A4%E8%BB%8A/feed/ HTTP/1.1" 200 5165 "-" "Mozilla/5.0 (compatible; MJ12bot/v1.4.8; http://mj12bot.com/)"
54.38.85.17 - - [23/Nov/2024:20:54:40 +0800] "GET /?feed=rss2&tag=%E4%B8%AD%E5%8F%A4%E9%9B%99b HTTP/1.1" 301 599 "-" "Mozilla/5.0 (compatible; MJ12bot/v1.4.8; http://mj12bot.com/)"
54.38.85.17 - - [23/Nov/2024:20:54:44 +0800] "GET /?feed=rss2&tag=%E4%B8%AD%E5%8F%A4%E9%9B%99b HTTP/1.1" 301 3633 "-" "Mozilla/5.0 (compatible; MJ12bot/v1.4.8; http://mj12bot.com/)"
54.38.85.17 - - [23/Nov/2024:20:54:47 +0800] "GET /tag/%E4%B8%AD%E5%8F%A4%E9%9B%99b/feed/ HTTP/1.1" 200 4864 "-" "Mozilla/5.0 (compatible; MJ12bot/v1.4.8; http://mj12bot.com/)"
54.38.85.17 - - [23/Nov/2024:20:54:50 +0800] "GET /?feed=rss2&tag=%E4%B8%AD%E5%8F%A4%E9%9B%99b HTTP/1.1" 301 405 "-" "Mozilla/5.0 (compatible; MJ12bot/v1.4.8; http://mj12bot.com/)"
54.38.85.17 - - [23/Nov/2024:20:54:53 +0800] "GET /tag/%E4%B8%AD%E5%8F%A4%E9%9B%99b/feed/ HTTP/1.1" 200 4864 "-" "Mozilla/5.0 (compatible; MJ12bot/v1.4.8; http://mj12bot.com/)"
54.38.85.17 - - [23/Nov/2024:20:54:57 +0800] "GET /?feed=rss2&tag=%E4%BA%8B%E6%95%85%E8%99%95%E7%90%86 HTTP/1.1" 301 615 "-" "Mozilla/5.0 (compatible; MJ12bot/v1.4.8; http://mj12bot.com/)"
54.38.85.17 - - [23/Nov/2024:20:55:00 +0800] "GET /?feed=rss2&tag=%E4%BA%8B%E6%95%85%E8%99%95%E7%90%86 HTTP/1.1" 301 3641 "-" "Mozilla/5.0 (compatible; MJ12bot/v1.4.8; http://mj12bot.com/)"
54.38.85.17 - - [23/Nov/2024:20:55:03 +0800] "GET /tag/%E4%BA%8B%E6%95%85%E8%99%95%E7%90%86/feed/ HTTP/1.1" 200 4794 "-" "Mozilla/5.0 (compatible; MJ12bot/v1.4.8; http://mj12bot.com/)"
54.38.85.17 - - [23/Nov/2024:20:55:06 +0800] "GET /?feed=rss2&tag=%E4%BA%8B%E6%95%85%E8%99%95%E7%90%86 HTTP/1.1" 301 413 "-" "Mozilla/5.0 (compatible; MJ12bot/v1.4.8; http://mj12bot.com/)"
54.38.85.17 - - [23/Nov/2024:20:55:09 +0800] "GET /tag/%E4%BA%8B%E6%95%85%E8%99%95%E7%90%86/feed/ HTTP/1.1" 200 4794 "-" "Mozilla/5.0 (compatible; MJ12bot/v1.4.8; http://mj12bot.com/)"
54.38.85.17 - - [23/Nov/2024:20:55:11 +0800] "GET /?feed=rss2&tag=%E5%86%8D%E7%94%9F HTTP/1.1" 301 579 "-" "Mozilla/5.0 (compatible; MJ12bot/v1.4.8; http://mj12bot.com/)"
54.38.85.17 - - [23/Nov/2024:20:55:14 +0800] "GET /?feed=rss2&tag=%E5%86%8D%E7%94%9F HTTP/1.1" 301 395 "-" "Mozilla/5.0 (compatible; MJ12bot/v1.4.8; http://mj12bot.com/)"
54.38.85.17 - - [23/Nov/2024:20:55:19 +0800] "GET /tag/%E5%86%8D%E7%94%9F/feed/ HTTP/1.1" 200 4917 "-" "Mozilla/5.0 (compatible; MJ12bot/v1.4.8; http://mj12bot.com/)"
54.38.85.17 - - [23/Nov/2024:20:55:21 +0800] "GET /?feed=rss2&tag=%E5%86%8D%E7%94%9F HTTP/1.1" 301 395 "-" "Mozilla/5.0 (compatible; MJ12bot/v1.4.8; http://mj12bot.com/)"
54.38.85.17 - - [23/Nov/2024:20:55:25 +0800] "GET /tag/%E5%86%8D%E7%94%9F/feed/ HTTP/1.1" 200 4917 "-" "Mozilla/5.0 (compatible; MJ12bot/v1.4.8; http://mj12bot.com/)"
54.38.85.17 - - [23/Nov/2024:20:55:27 +0800] "GET /?feed=rss2&tag=%E5%86%B7%E5%8D%BB%E6%B6%B2 HTTP/1.1" 301 597 "-" "Mozilla/5.0 (compatible; MJ12bot/v1.4.8; http://mj12bot.com/)"
220.135.127.108 - - [23/Nov/2024:20:55:34 +0800] "POST /wp-cron.php?doing_wp_cron=1732366534.0441260337829589843750 HTTP/1.1" 200 4050 "-" "WordPress/6.7.1; https://www.car32.tw"
54.38.85.17 - - [23/Nov/2024:20:55:33 +0800] "GET /?feed=rss2&tag=%E5%86%B7%E5%8D%BB%E6%B6%B2 HTTP/1.1" 301 3632 "-" "Mozilla/5.0 (compatible; MJ12bot/v1.4.8; http://mj12bot.com/)"
54.38.85.17 - - [23/Nov/2024:20:55:37 +0800] "GET /tag/%E5%86%B7%E5%8D%BB%E6%B6%B2/feed/ HTTP/1.1" 200 4858 "-" "Mozilla/5.0 (compatible; MJ12bot/v1.4.8; http://mj12bot.com/)"
140.238.59.22 - - [23/Nov/2024:20:55:37 +0800] "GET /feed/ HTTP/1.1" 200 6804 "https://www.car32.tw/feed/" "FreshRSS/1.24.3 (Linux; https://freshrss.org)"
54.38.85.17 - - [23/Nov/2024:20:55:40 +0800] "GET /?feed=rss2&tag=%E5%86%B7%E5%8D%BB%E7%B3%BB%E7%B5%B1 HTTP/1.1" 301 615 "-" "Mozilla/5.0 (compatible; MJ12bot/v1.4.8; http://mj12bot.com/)"
54.38.85.17 - - [23/Nov/2024:20:55:43 +0800] "GET /?feed=rss2&tag=%E5%86%B7%E5%8D%BB%E7%B3%BB%E7%B5%B1 HTTP/1.1" 301 3641 "-" "Mozilla/5.0 (compatible; MJ12bot/v1.4.8; http://mj12bot.com/)"
54.38.85.17 - - [23/Nov/2024:20:55:47 +0800] "GET /tag/%E5%86%B7%E5%8D%BB%E7%B3%BB%E7%B5%B1/feed/ HTTP/1.1" 200 4936 "-" "Mozilla/5.0 (compatible; MJ12bot/v1.4.8; http://mj12bot.com/)"
54.38.85.17 - - [23/Nov/2024:20:55:50 +0800] "GET /?feed=rss2&tag=%E5%86%B7%E5%8D%BB%E7%B3%BB%E7%B5%B1 HTTP/1.1" 301 413 "-" "Mozilla/5.0 (compatible; MJ12bot/v1.4.8; http://mj12bot.com/)"
192.0.82.55 - - [23/Nov/2024:20:55:51 +0800] "HEAD / HTTP/1.1" 200 4000 "-" "jetmon/1.0 (Jetpack Site Uptime Monitor by WordPress.com)"
54.38.85.17 - - [23/Nov/2024:20:55:55 +0800] "GET /tag/%E5%86%B7%E5%8D%BB%E7%B3%BB%E7%B5%B1/feed/ HTTP/1.1" 200 4936 "-" "Mozilla/5.0 (compatible; MJ12bot/v1.4.8; http://mj12bot.com/)"
54.38.85.17 - - [23/Nov/2024:20:55:59 +0800] "GET /?feed=rss2&tag=%E5%86%B7%E5%95%9F%E5%8B%95 HTTP/1.1" 301 597 "-" "Mozilla/5.0 (compatible; MJ12bot/v1.4.8; http://mj12bot.com/)"
54.38.85.17 - - [23/Nov/2024:20:56:03 +0800] "GET /?feed=rss2&tag=%E5%86%B7%E5%95%9F%E5%8B%95 HTTP/1.1" 301 3632 "-" "Mozilla/5.0 (compatible; MJ12bot/v1.4.8; http://mj12bot.com/)"
54.38.85.17 - - [23/Nov/2024:20:56:07 +0800] "GET /tag/%E5%86%B7%E5%95%9F%E5%8B%95/feed/ HTTP/1.1" 200 4995 "-" "Mozilla/5.0 (compatible; MJ12bot/v1.4.8; http://mj12bot.com/)"
54.38.85.17 - - [23/Nov/2024:20:56:10 +0800] "GET /?feed=rss2&tag=%E5%86%B7%E5%95%9F%E5%8B%95 HTTP/1.1" 301 404 "-" "Mozilla/5.0 (compatible; MJ12bot/v1.4.8; http://mj12bot.com/)"
54.38.85.17 - - [23/Nov/2024:20:56:14 +0800] "GET /tag/%E5%86%B7%E5%95%9F%E5%8B%95/feed/ HTTP/1.1" 200 4995 "-" "Mozilla/5.0 (compatible; MJ12bot/v1.4.8; http://mj12bot.com/)"
54.38.85.17 - - [23/Nov/2024:20:56:16 +0800] "GET /?feed=rss2&tag=%E5%86%B7%E6%9A%96%E7%A9%BA%E8%AA%BF HTTP/1.1" 301 615 "-" "Mozilla/5.0 (compatible; MJ12bot/v1.4.8; http://mj12bot.com/)"
54.38.85.17 - - [23/Nov/2024:20:56:19 +0800] "GET /?feed=rss2&tag=%E5%86%B7%E6%9A%96%E7%A9%BA%E8%AA%BF HTTP/1.1" 301 413 "-" "Mozilla/5.0 (compatible; MJ12bot/v1.4.8; http://mj12bot.com/)"
54.38.85.17 - - [23/Nov/2024:20:56:23 +0800] "GET /tag/%E5%86%B7%E6%9A%96%E7%A9%BA%E8%AA%BF/feed/ HTTP/1.1" 200 4885 "-" "Mozilla/5.0 (compatible; MJ12bot/v1.4.8; http://mj12bot.com/)"
54.38.85.17 - - [23/Nov/2024:20:56:25 +0800] "GET /?feed=rss2&tag=%E5%86%B7%E6%B0%A3 HTTP/1.1" 301 395 "-" "Mozilla/5.0 (compatible; MJ12bot/v1.4.8; http://mj12bot.com/)"
54.38.85.17 - - [23/Nov/2024:20:56:29 +0800] "GET /tag/%E5%86%B7%E6%B0%A3/feed/ HTTP/1.1" 200 5076 "-" "Mozilla/5.0 (compatible; MJ12bot/v1.4.8; http://mj12bot.com/)"
54.38.85.17 - - [23/Nov/2024:20:56:33 +0800] "GET /?feed=rss2&tag=%E5%90%83%E6%A9%9F%E6%B2%B9 HTTP/1.1" 301 597 "-" "Mozilla/5.0 (compatible; MJ12bot/v1.4.8; http://mj12bot.com/)"
54.38.85.17 - - [23/Nov/2024:20:56:37 +0800] "GET /?feed=rss2&tag=%E5%90%83%E6%A9%9F%E6%B2%B9 HTTP/1.1" 301 3632 "-" "Mozilla/5.0 (compatible; MJ12bot/v1.4.8; http://mj12bot.com/)"
54.38.85.17 - - [23/Nov/2024:20:56:40 +0800] "GET /tag/%E5%90%83%E6%A9%9F%E6%B2%B9/feed/ HTTP/1.1" 200 4896 "-" "Mozilla/5.0 (compatible; MJ12bot/v1.4.8; http://mj12bot.com/)"
54.38.85.17 - - [23/Nov/2024:20:56:42 +0800] "GET /?feed=rss2&tag=%E5%90%83%E6%A9%9F%E6%B2%B9 HTTP/1.1" 301 404 "-" "Mozilla/5.0 (compatible; MJ12bot/v1.4.8; http://mj12bot.com/)"
54.38.85.17 - - [23/Nov/2024:20:56:46 +0800] "GET /tag/%E5%90%83%E6%A9%9F%E6%B2%B9/feed/ HTTP/1.1" 200 4896 "-" "Mozilla/5.0 (compatible; MJ12bot/v1.4.8; http://mj12bot.com/)"
54.38.85.17 - - [23/Nov/2024:20:56:48 +0800] "GET /?feed=rss2&tag=%E5%9C%B0%E7%90%83%E9%BB%83%E9%87%91%E7%B7%9A HTTP/1.1" 301 633 "-" "Mozilla/5.0 (compatible; MJ12bot/v1.4.8; http://mj12bot.com/)"
54.38.85.17 - - [23/Nov/2024:20:56:52 +0800] "GET /?feed=rss2&tag=%E5%9C%B0%E7%90%83%E9%BB%83%E9%87%91%E7%B7%9A HTTP/1.1" 301 3650 "-" "Mozilla/5.0 (compatible; MJ12bot/v1.4.8; http://mj12bot.com/)"
