42.79.107.35 - - [24/Nov/2024:09:00:01 +0800] "GET /tag/%E6%A9%9F%E6%B2%B9%E5%A3%93%E5%8A%9B/ HTTP/1.1" 200 26700 "https://www.google.com/" "Mozilla/5.0 (Linux; Android 10; K) AppleWebKit/537.36 (KHTML, like Gecko) Chrome/131.0.0.0 Mobile Safari/537.36"
42.79.107.35 - - [24/Nov/2024:09:00:02 +0800] "GET /wp-content/themes/twentytwelve/js/navigation.js?ver=20141205 HTTP/1.1" 200 1027 "https://www.car32.tw/tag/%E6%A9%9F%E6%B2%B9%E5%A3%93%E5%8A%9B/" "Mozilla/5.0 (Linux; Android 10; K) AppleWebKit/537.36 (KHTML, like Gecko) Chrome/131.0.0.0 Mobile Safari/537.36"
42.79.107.35 - - [24/Nov/2024:09:00:02 +0800] "GET /wp-content/themes/twentytwelve/fonts/open-sans/open-sans-latin-700-normal.woff2?ver=34 HTTP/1.1" 200 16704 "https://www.car32.tw/wp-content/themes/twentytwelve/fonts/font-open-sans.css?ver=20230328" "Mozilla/5.0 (Linux; Android 10; K) AppleWebKit/537.36 (KHTML, like Gecko) Chrome/131.0.0.0 Mobile Safari/537.36"
42.79.107.35 - - [24/Nov/2024:09:00:02 +0800] "GET /wp-content/themes/twentytwelve/fonts/open-sans/open-sans-latin-400-normal.woff2?ver=34 HTTP/1.1" 200 17094 "https://www.car32.tw/wp-content/themes/twentytwelve/fonts/font-open-sans.css?ver=20230328" "Mozilla/5.0 (Linux; Android 10; K) AppleWebKit/537.36 (KHTML, like Gecko) Chrome/131.0.0.0 Mobile Safari/537.36"
42.79.107.35 - - [24/Nov/2024:09:00:02 +0800] "GET /wp-content/themes/twentytwelve/fonts/open-sans/open-sans-latin-400-italic.woff2?ver=34 HTTP/1.1" 200 18738 "https://www.car32.tw/wp-content/themes/twentytwelve/fonts/font-open-sans.css?ver=20230328" "Mozilla/5.0 (Linux; Android 10; K) AppleWebKit/537.36 (KHTML, like Gecko) Chrome/131.0.0.0 Mobile Safari/537.36"
220.135.127.108 - - [24/Nov/2024:09:00:51 +0800] "POST /wp-cron.php?doing_wp_cron=1732410051.2290649414062500000000 HTTP/1.1" 200 4050 "-" "WordPress/6.7.1; https://www.car32.tw"
85.208.96.194 - - [24/Nov/2024:09:00:51 +0800] "GET /%E9%81%8E%E5%BA%A6%E4%BF%9D%E9%A4%8A/ HTTP/1.1" 200 18546 "-" "Mozilla/5.0 (compatible; SemrushBot/7~bl; +http://www.semrush.com/bot.html)"
192.0.82.55 - - [24/Nov/2024:09:00:54 +0800] "HEAD / HTTP/1.1" 200 4000 "-" "jetmon/1.0 (Jetpack Site Uptime Monitor by WordPress.com)"
3.145.180.152 - - [24/Nov/2024:09:02:15 +0800] "GET /wp-json/wp/v2/tags/38 HTTP/1.1" 200 4888 "-" "Mozilla/5.0 AppleWebKit/537.36 (KHTML, like Gecko; compatible; ClaudeBot/1.0; +claudebot@anthropic.com)"
18.226.248.88 - - [24/Nov/2024:09:02:44 +0800] "GET /tag/%e5%90%83%e6%a9%9f%e6%b2%b9/feed HTTP/1.1" 301 4147 "-" "Mozilla/5.0 AppleWebKit/537.36 (KHTML, like Gecko; compatible; ClaudeBot/1.0; +claudebot@anthropic.com)"
18.226.248.88 - - [24/Nov/2024:09:02:45 +0800] "GET /tag/%e5%90%83%e6%a9%9f%e6%b2%b9/feed/ HTTP/1.1" 200 5393 "https://car32.tw/tag/%e5%90%83%e6%a9%9f%e6%b2%b9/feed" "Mozilla/5.0 AppleWebKit/537.36 (KHTML, like Gecko; compatible; ClaudeBot/1.0; +claudebot@anthropic.com)"
220.135.127.108 - - [24/Nov/2024:09:05:55 +0800] "POST /wp-cron.php?doing_wp_cron=1732410355.3510160446166992187500 HTTP/1.1" 200 4050 "-" "WordPress/6.7.1; https://www.car32.tw"
18.225.255.196 - - [24/Nov/2024:09:05:53 +0800] "GET /%e7%9c%81%e6%b2%b9-%e8%80%90%e7%94%a8-%e6%89%ad%e5%8a%9b%e5%a4%a7-%e6%b1%bd%e6%b2%b9%e8%bb%8a-%e6%9f%b4%e6%b2%b9%e8%bb%8a%e8%a9%b2%e6%80%8e%e9%ba%bc%e9%81%b8/feed HTTP/1.1" 301 4318 "-" "Mozilla/5.0 AppleWebKit/537.36 (KHTML, like Gecko; compatible; ClaudeBot/1.0; +claudebot@anthropic.com)"
220.135.127.108 - - [24/Nov/2024:09:05:55 +0800] "POST /wp-cron.php?doing_wp_cron=1732410355.3508739471435546875000 HTTP/1.1" 200 4050 "-" "WordPress/6.7.1; https://www.car32.tw"
192.0.82.55 - - [24/Nov/2024:09:05:53 +0800] "HEAD / HTTP/1.1" 200 4000 "-" "jetmon/1.0 (Jetpack Site Uptime Monitor by WordPress.com)"
18.225.255.196 - - [24/Nov/2024:09:05:56 +0800] "GET /%e7%9c%81%e6%b2%b9-%e8%80%90%e7%94%a8-%e6%89%ad%e5%8a%9b%e5%a4%a7-%e6%b1%bd%e6%b2%b9%e8%bb%8a-%e6%9f%b4%e6%b2%b9%e8%bb%8a%e8%a9%b2%e6%80%8e%e9%ba%bc%e9%81%b8/feed/ HTTP/1.1" 200 4952 "https://car32.tw/%e7%9c%81%e6%b2%b9-%e8%80%90%e7%94%a8-%e6%89%ad%e5%8a%9b%e5%a4%a7-%e6%b1%bd%e6%b2%b9%e8%bb%8a-%e6%9f%b4%e6%b2%b9%e8%bb%8a%e8%a9%b2%e6%80%8e%e9%ba%bc%e9%81%b8/feed" "Mozilla/5.0 AppleWebKit/537.36 (KHTML, like Gecko; compatible; ClaudeBot/1.0; +claudebot@anthropic.com)"
3.136.19.124 - - [24/Nov/2024:09:08:48 +0800] "GET /wp-json/wp/v2/posts/884 HTTP/1.1" 200 8937 "-" "Mozilla/5.0 AppleWebKit/537.36 (KHTML, like Gecko; compatible; ClaudeBot/1.0; +claudebot@anthropic.com)"
220.135.127.108 - - [24/Nov/2024:09:09:45 +0800] "POST /wp-cron.php?doing_wp_cron=1732410585.2495620250701904296875 HTTP/1.1" 200 4050 "-" "WordPress/6.7.1; https://www.car32.tw"
209.38.248.17 - - [24/Nov/2024:09:09:43 +0800] "GET / HTTP/1.1" 301 3984 "-" "Mozilla/5.0 (Linux; Android 6.0; HTC One M9 Build/MRA870934) AppleWebKit/537.36 (KHTML, like Gecko) Chrome/52.0.3699.98 Mobile Safari/537.3"
220.135.127.108 - - [24/Nov/2024:09:09:45 +0800] "POST /wp-cron.php?doing_wp_cron=1732410585.2495839595794677734375 HTTP/1.1" 200 4050 "-" "WordPress/6.7.1; https://www.car32.tw"
209.38.248.17 - - [24/Nov/2024:09:09:41 +0800] "GET / HTTP/1.1" 301 3695 "-" "-"
209.38.248.17 - - [24/Nov/2024:09:09:46 +0800] "GET /server HTTP/1.1" 301 4083 "-" "Go-http-client/1.1"
209.38.248.17 - - [24/Nov/2024:09:09:47 +0800] "GET /.vscode/sftp.json HTTP/1.1" 301 931 "-" "Go-http-client/1.1"
209.38.248.17 - - [24/Nov/2024:09:09:48 +0800] "GET /about HTTP/1.1" 301 919 "-" "Go-http-client/1.1"
209.38.248.17 - - [24/Nov/2024:09:09:49 +0800] "GET /debug/default/view?panel=config HTTP/1.1" 301 945 "-" "Go-http-client/1.1"
209.38.248.17 - - [24/Nov/2024:09:09:50 +0800] "GET /v2/_catalog HTTP/1.1" 301 925 "-" "Go-http-client/1.1"
209.38.248.17 - - [24/Nov/2024:09:09:51 +0800] "GET /ecp/Current/exporttool/microsoft.exchange.ediscovery.exporttool.application HTTP/1.1" 301 989 "-" "Go-http-client/1.1"
209.38.248.17 - - [24/Nov/2024:09:09:52 +0800] "GET /server-status HTTP/1.1" 403 1008 "-" "Go-http-client/1.1"
209.38.248.17 - - [24/Nov/2024:09:09:53 +0800] "GET /login.action HTTP/1.1" 301 926 "-" "Go-http-client/1.1"
209.38.248.17 - - [24/Nov/2024:09:09:54 +0800] "GET /_all_dbs HTTP/1.1" 301 922 "-" "Mozilla/5.0 (l9scan/2.0.830313e2732313e2533313e2032323; +https://leakix.net)"
209.38.248.17 - - [24/Nov/2024:09:09:55 +0800] "GET /.DS_Store HTTP/1.1" 301 923 "-" "Go-http-client/1.1"
209.38.248.17 - - [24/Nov/2024:09:09:56 +0800] "GET /.env HTTP/1.1" 301 918 "-" "Go-http-client/1.1"
209.38.248.17 - - [24/Nov/2024:09:09:57 +0800] "GET /.git/config HTTP/1.1" 301 925 "-" "Go-http-client/1.1"
209.38.248.17 - - [24/Nov/2024:09:09:58 +0800] "GET /s/830313e2732313e2533313e2032323/_/;/META-INF/maven/com.atlassian.jira/jira-webapp-dist/pom.properties HTTP/1.1" 301 1016 "-" "Go-http-client/1.1"
209.38.248.17 - - [24/Nov/2024:09:09:59 +0800] "GET /config.json HTTP/1.1" 301 925 "-" "Go-http-client/1.1"
209.38.248.17 - - [24/Nov/2024:09:10:00 +0800] "GET /telescope/requests HTTP/1.1" 301 932 "-" "Go-http-client/1.1"
209.38.248.17 - - [24/Nov/2024:09:10:01 +0800] "GET /?rest_route=/wp/v2/users/ HTTP/1.1" 200 1717 "-" "Go-http-client/1.1"
220.135.127.108 - - [24/Nov/2024:09:10:53 +0800] "POST /wp-cron.php?doing_wp_cron=1732410653.2096920013427734375000 HTTP/1.1" 200 4050 "-" "WordPress/6.7.1; https://www.car32.tw"
192.0.82.55 - - [24/Nov/2024:09:10:53 +0800] "HEAD / HTTP/1.1" 200 4000 "-" "jetmon/1.0 (Jetpack Site Uptime Monitor by WordPress.com)"
85.208.96.211 - - [24/Nov/2024:09:12:49 +0800] "GET /tag/aerolab/ HTTP/1.1" 200 23341 "-" "Mozilla/5.0 (compatible; SemrushBot/7~bl; +http://www.semrush.com/bot.html)"
185.191.171.14 - - [24/Nov/2024:09:13:46 +0800] "GET /category/%E4%BF%9D%E9%A4%8A%E8%A7%80%E5%BF%B5/page/18/ HTTP/1.1" 200 23800 "-" "Mozilla/5.0 (compatible; SemrushBot/7~bl; +http://www.semrush.com/bot.html)"
220.135.127.108 - - [24/Nov/2024:09:14:24 +0800] "POST /wp-cron.php?doing_wp_cron=1732410864.6851470470428466796875 HTTP/1.1" 200 4050 "-" "WordPress/6.7.1; https://www.car32.tw"
85.208.96.197 - - [24/Nov/2024:09:14:24 +0800] "GET /tag/%E9%9A%94%E7%86%B1%E7%B4%99/ HTTP/1.1" 200 18520 "-" "Mozilla/5.0 (compatible; SemrushBot/7~bl; +http://www.semrush.com/bot.html)"
140.238.59.22 - - [24/Nov/2024:09:15:02 +0800] "GET /feed/ HTTP/1.1" 200 6804 "https://www.car32.tw/feed/" "FreshRSS/1.24.3 (Linux; https://freshrss.org)"
220.135.127.108 - - [24/Nov/2024:09:15:54 +0800] "POST /wp-cron.php?doing_wp_cron=1732410954.4249129295349121093750 HTTP/1.1" 200 4050 "-" "WordPress/6.7.1; https://www.car32.tw"
192.0.82.55 - - [24/Nov/2024:09:15:54 +0800] "HEAD / HTTP/1.1" 200 4000 "-" "jetmon/1.0 (Jetpack Site Uptime Monitor by WordPress.com)"
66.249.82.203 - - [24/Nov/2024:09:16:37 +0800] "GET /.well-known/traffic-advice HTTP/1.1" 404 31463 "-" "Chrome Privacy Preserving Prefetch Proxy"
193.186.4.133 - - [24/Nov/2024:09:16:37 +0800] "GET /tag/%E6%9F%B4%E6%B2%B9%E7%B2%BE/ HTTP/1.1" 200 30531 "https://www.google.com/" "Mozilla/5.0 (Windows NT 10.0; Win64; x64) AppleWebKit/537.36 (KHTML, like Gecko) Chrome/131.0.0.0 Safari/537.36"
49.215.86.202 - - [24/Nov/2024:09:17:47 +0800] "GET /dpf-gpf-%E4%BD%A0%E9%9C%80%E8%A6%81%E7%95%A5%E7%9F%A5%E7%9A%84%E4%B8%89%E5%85%A9%E4%BA%8B/ HTTP/1.1" 200 34982 "https://www.google.com/" "Mozilla/5.0 (iPhone; CPU iPhone OS 17_6_1 like Mac OS X) AppleWebKit/605.1.15 (KHTML, like Gecko) CriOS/131.0.6778.73 Mobile/15E148 Safari/604.1"
49.215.86.202 - - [24/Nov/2024:09:17:49 +0800] "GET /wp-content/themes/twentytwelve/fonts/font-open-sans.css?ver=20230328 HTTP/1.1" 200 1288 "https://www.car32.tw/dpf-gpf-%E4%BD%A0%E9%9C%80%E8%A6%81%E7%95%A5%E7%9F%A5%E7%9A%84%E4%B8%89%E5%85%A9%E4%BA%8B/" "Mozilla/5.0 (iPhone; CPU iPhone OS 17_6_1 like Mac OS X) AppleWebKit/605.1.15 (KHTML, like Gecko) CriOS/131.0.6778.73 Mobile/15E148 Safari/604.1"
49.215.86.202 - - [24/Nov/2024:09:17:49 +0800] "GET /wp-content/themes/twentytwelve/css/blocks.css?ver=20240603 HTTP/1.1" 200 6035 "https://www.car32.tw/dpf-gpf-%E4%BD%A0%E9%9C%80%E8%A6%81%E7%95%A5%E7%9F%A5%E7%9A%84%E4%B8%89%E5%85%A9%E4%BA%8B/" "Mozilla/5.0 (iPhone; CPU iPhone OS 17_6_1 like Mac OS X) AppleWebKit/605.1.15 (KHTML, like Gecko) CriOS/131.0.6778.73 Mobile/15E148 Safari/604.1"
49.215.86.202 - - [24/Nov/2024:09:17:49 +0800] "GET /wp-content/themes/twentytwelve/js/navigation.js?ver=20141205 HTTP/1.1" 200 4770 "https://www.car32.tw/dpf-gpf-%E4%BD%A0%E9%9C%80%E8%A6%81%E7%95%A5%E7%9F%A5%E7%9A%84%E4%B8%89%E5%85%A9%E4%BA%8B/" "Mozilla/5.0 (iPhone; CPU iPhone OS 17_6_1 like Mac OS X) AppleWebKit/605.1.15 (KHTML, like Gecko) CriOS/131.0.6778.73 Mobile/15E148 Safari/604.1"
49.215.86.202 - - [24/Nov/2024:09:17:49 +0800] "GET /wp-content/themes/twentytwelve/style.css?ver=20240716 HTTP/1.1" 200 12423 "https://www.car32.tw/dpf-gpf-%E4%BD%A0%E9%9C%80%E8%A6%81%E7%95%A5%E7%9F%A5%E7%9A%84%E4%B8%89%E5%85%A9%E4%BA%8B/" "Mozilla/5.0 (iPhone; CPU iPhone OS 17_6_1 like Mac OS X) AppleWebKit/605.1.15 (KHTML, like Gecko) CriOS/131.0.6778.73 Mobile/15E148 Safari/604.1"
49.215.86.202 - - [24/Nov/2024:09:17:50 +0800] "GET /wp-content/themes/twentytwelve/fonts/open-sans/open-sans-latin-400-normal.woff2?ver=34 HTTP/1.1" 200 17094 "https://www.car32.tw/dpf-gpf-%E4%BD%A0%E9%9C%80%E8%A6%81%E7%95%A5%E7%9F%A5%E7%9A%84%E4%B8%89%E5%85%A9%E4%BA%8B/" "Mozilla/5.0 (iPhone; CPU iPhone OS 17_6_1 like Mac OS X) AppleWebKit/605.1.15 (KHTML, like Gecko) CriOS/131.0.6778.73 Mobile/15E148 Safari/604.1"
49.215.86.202 - - [24/Nov/2024:09:17:50 +0800] "GET /wp-content/themes/twentytwelve/fonts/open-sans/open-sans-latin-700-normal.woff2?ver=34 HTTP/1.1" 200 16704 "https://www.car32.tw/dpf-gpf-%E4%BD%A0%E9%9C%80%E8%A6%81%E7%95%A5%E7%9F%A5%E7%9A%84%E4%B8%89%E5%85%A9%E4%BA%8B/" "Mozilla/5.0 (iPhone; CPU iPhone OS 17_6_1 like Mac OS X) AppleWebKit/605.1.15 (KHTML, like Gecko) CriOS/131.0.6778.73 Mobile/15E148 Safari/604.1"
49.215.86.202 - - [24/Nov/2024:09:17:50 +0800] "GET /wp-content/themes/twentytwelve/fonts/open-sans/open-sans-latin-700-italic.woff2?ver=34 HTTP/1.1" 200 17738 "https://www.car32.tw/dpf-gpf-%E4%BD%A0%E9%9C%80%E8%A6%81%E7%95%A5%E7%9F%A5%E7%9A%84%E4%B8%89%E5%85%A9%E4%BA%8B/" "Mozilla/5.0 (iPhone; CPU iPhone OS 17_6_1 like Mac OS X) AppleWebKit/605.1.15 (KHTML, like Gecko) CriOS/131.0.6778.73 Mobile/15E148 Safari/604.1"
49.215.86.202 - - [24/Nov/2024:09:17:50 +0800] "GET /wp-content/themes/twentytwelve/fonts/open-sans/open-sans-latin-400-italic.woff2?ver=34 HTTP/1.1" 200 21917 "https://www.car32.tw/dpf-gpf-%E4%BD%A0%E9%9C%80%E8%A6%81%E7%95%A5%E7%9F%A5%E7%9A%84%E4%B8%89%E5%85%A9%E4%BA%8B/" "Mozilla/5.0 (iPhone; CPU iPhone OS 17_6_1 like Mac OS X) AppleWebKit/605.1.15 (KHTML, like Gecko) CriOS/131.0.6778.73 Mobile/15E148 Safari/604.1"
49.215.86.202 - - [24/Nov/2024:09:17:50 +0800] "GET /dpf-gpf-%E4%BD%A0%E9%9C%80%E8%A6%81%E7%95%A5%E7%9F%A5%E7%9A%84%E4%B8%89%E5%85%A9%E4%BA%8B/?relatedposts=1 HTTP/1.1" 200 6539 "https://www.car32.tw/dpf-gpf-%E4%BD%A0%E9%9C%80%E8%A6%81%E7%95%A5%E7%9F%A5%E7%9A%84%E4%B8%89%E5%85%A9%E4%BA%8B/" "Mozilla/5.0 (iPhone; CPU iPhone OS 17_6_1 like Mac OS X) AppleWebKit/605.1.15 (KHTML, like Gecko) CriOS/131.0.6778.73 Mobile/15E148 Safari/604.1"
49.215.86.202 - - [24/Nov/2024:09:17:50 +0800] "POST /?ob=open-bridge/events HTTP/1.1" 200 520 "https://www.car32.tw/dpf-gpf-%E4%BD%A0%E9%9C%80%E8%A6%81%E7%95%A5%E7%9F%A5%E7%9A%84%E4%B8%89%E5%85%A9%E4%BA%8B/" "Mozilla/5.0 (iPhone; CPU iPhone OS 17_6_1 like Mac OS X) AppleWebKit/605.1.15 (KHTML, like Gecko) CriOS/131.0.6778.73 Mobile/15E148 Safari/604.1"
52.167.144.217 - - [24/Nov/2024:09:19:16 +0800] "GET /%E4%BA%BA%E7%94%9F%E7%9A%84%E9%9B%99-b-%E5%A4%A2-%E4%B9%8B-%E9%81%B8%E5%93%AA%E5%80%8B-b/?share=twitter HTTP/1.1" 302 4459 "-" "Mozilla/5.0 AppleWebKit/537.36 (KHTML, like Gecko; compatible; bingbot/2.0; +http://www.bing.com/bingbot.htm) Chrome/116.0.1938.76 Safari/537.36"
192.0.82.55 - - [24/Nov/2024:09:20:54 +0800] "HEAD / HTTP/1.1" 200 4000 "-" "jetmon/1.0 (Jetpack Site Uptime Monitor by WordPress.com)"
220.135.127.108 - - [24/Nov/2024:09:21:19 +0800] "POST /wp-cron.php?doing_wp_cron=1732411278.7130329608917236328125 HTTP/1.1" 200 4050 "-" "WordPress/6.7.1; https://www.car32.tw"
66.249.79.69 - - [24/Nov/2024:09:21:52 +0800] "GET /tag/%E6%9A%96%E6%B0%A3/ HTTP/1.1" 200 17418 "-" "Mozilla/5.0 (Linux; Android 6.0.1; Nexus 5X Build/MMB29P) AppleWebKit/537.36 (KHTML, like Gecko) Chrome/131.0.6778.85 Mobile Safari/537.36 (compatible; Googlebot/2.1; +http://www.google.com/bot.html)"
192.0.82.55 - - [24/Nov/2024:09:22:18 +0800] "HEAD / HTTP/1.1" 200 4000 "-" "jetmon/1.0 (Jetpack Site Uptime Monitor by WordPress.com)"
85.208.96.201 - - [24/Nov/2024:09:24:49 +0800] "GET /tag/%E6%9A%96%E6%B0%A3/ HTTP/1.1" 200 17381 "-" "Mozilla/5.0 (compatible; SemrushBot/7~bl; +http://www.semrush.com/bot.html)"
220.135.127.108 - - [24/Nov/2024:09:25:05 +0800] "POST /wp-cron.php?doing_wp_cron=1732411499.7153189182281494140625 HTTP/1.1" 200 4050 "-" "WordPress/6.7.1; https://www.car32.tw"
192.0.82.55 - - [24/Nov/2024:09:25:54 +0800] "HEAD / HTTP/1.1" 200 4000 "-" "jetmon/1.0 (Jetpack Site Uptime Monitor by WordPress.com)"
220.135.127.108 - - [24/Nov/2024:09:26:05 +0800] "POST /wp-cron.php?doing_wp_cron=1732411562.6699590682983398437500 HTTP/1.1" 200 4050 "-" "WordPress/6.7.1; https://www.car32.tw"
52.167.144.215 - - [24/Nov/2024:09:28:55 +0800] "GET /page/9/ HTTP/1.1" 200 23162 "-" "Mozilla/5.0 AppleWebKit/537.36 (KHTML, like Gecko; compatible; bingbot/2.0; +http://www.bing.com/bingbot.htm) Chrome/116.0.1938.76 Safari/537.36"
220.135.127.108 - - [24/Nov/2024:09:29:02 +0800] "POST /wp-cron.php?doing_wp_cron=1732411740.4550778865814208984375 HTTP/1.1" 200 4050 "-" "WordPress/6.7.1; https://www.car32.tw"
192.0.82.55 - - [24/Nov/2024:09:30:53 +0800] "HEAD / HTTP/1.1" 200 4000 "-" "jetmon/1.0 (Jetpack Site Uptime Monitor by WordPress.com)"
85.208.96.210 - - [24/Nov/2024:09:31:07 +0800] "GET /tag/%E8%8B%B1%E5%8A%9B%E5%A3%AB/ HTTP/1.1" 200 26886 "-" "Mozilla/5.0 (compatible; SemrushBot/7~bl; +http://www.semrush.com/bot.html)"
220.135.127.108 - - [24/Nov/2024:09:31:06 +0800] "POST /wp-cron.php?doing_wp_cron=1732411865.7289669513702392578125 HTTP/1.1" 200 4050 "-" "WordPress/6.7.1; https://www.car32.tw"
178.239.158.57 - - [24/Nov/2024:09:33:45 +0800] "POST /xmlrpc.php HTTP/1.1" 200 4461 "-" "Mozilla/5.0 (iPod; CPU iPhone OS 14_6 like Mac OS X) AppleWebKit/605.1.15 (KHTML, like Gecko) CriOS/91.0.4472.80 Mobile/15E148 Safari/604.1"
176.123.10.85 - - [24/Nov/2024:09:33:31 +0800] "POST /xmlrpc.php HTTP/1.1" 200 4021 "-" "Mozilla/5.0 (Windows NT 10.0; Win64; x64) AppleWebKit/537.36 (KHTML, like Gecko) Chrome/86.0.4240.198 Safari/537.36"
149.255.58.114 - - [24/Nov/2024:09:33:54 +0800] "POST /xmlrpc.php HTTP/1.1" 200 4461 "-" "Mozilla/5.0 (Windows NT 10.0; Win64; x64) AppleWebKit/537.36 (KHTML, like Gecko) Chrome/74.0.3729.157 Safari/537.36"
176.123.10.85 - - [24/Nov/2024:09:33:52 +0800] "POST /xmlrpc.php HTTP/1.1" 200 4021 "-" "Mozilla/5.0 (Windows NT 10.0; Win64; x64) AppleWebKit/537.36 (KHTML, like Gecko) Chrome/86.0.4240.198 Safari/537.36"
178.239.158.57 - - [24/Nov/2024:09:33:24 +0800] "POST /xmlrpc.php HTTP/1.1" 200 4461 "-" "Mozilla/5.0 (iPod; CPU iPhone OS 14_6 like Mac OS X) AppleWebKit/605.1.15 (KHTML, like Gecko) CriOS/91.0.4472.80 Mobile/15E148 Safari/604.1"
149.255.58.114 - - [24/Nov/2024:09:34:15 +0800] "POST /xmlrpc.php HTTP/1.1" 200 4461 "-" "Mozilla/5.0 (Windows NT 10.0; Win64; x64) AppleWebKit/537.36 (KHTML, like Gecko) Chrome/74.0.3729.157 Safari/537.36"
220.135.127.108 - - [24/Nov/2024:09:34:27 +0800] "POST /wp-cron.php?doing_wp_cron=1732412066.4063200950622558593750 HTTP/1.1" 200 4050 "-" "WordPress/6.7.1; https://www.car32.tw"
41.111.178.66 - - [24/Nov/2024:09:34:20 +0800] "POST /xmlrpc.php HTTP/1.1" 200 4460 "-" "Mozilla/5.0 (Windows NT 6.0; rv:34.0) Gecko/20100101 Firefox/34.0"
41.111.178.66 - - [24/Nov/2024:09:34:37 +0800] "POST /xmlrpc.php HTTP/1.1" 200 4460 "-" "Mozilla/5.0 (Windows NT 6.0; rv:34.0) Gecko/20100101 Firefox/34.0"
192.0.82.55 - - [24/Nov/2024:09:35:52 +0800] "HEAD / HTTP/1.1" 200 4000 "-" "jetmon/1.0 (Jetpack Site Uptime Monitor by WordPress.com)"
140.238.59.22 - - [24/Nov/2024:09:35:38 +0800] "GET /feed/ HTTP/1.1" 200 6804 "https://www.car32.tw/feed/" "FreshRSS/1.24.3 (Linux; https://freshrss.org)"
220.135.127.108 - - [24/Nov/2024:09:36:16 +0800] "POST /wp-cron.php?doing_wp_cron=1732412167.4084889888763427734375 HTTP/1.1" 200 4050 "-" "WordPress/6.7.1; https://www.car32.tw"
220.135.127.108 - - [24/Nov/2024:09:36:16 +0800] "POST /wp-cron.php?doing_wp_cron=1732412167.4122009277343750000000 HTTP/1.1" 200 4050 "-" "WordPress/6.7.1; https://www.car32.tw"
85.208.96.202 - - [24/Nov/2024:09:37:19 +0800] "GET /robots.txt HTTP/1.1" 200 4136 "-" "Mozilla/5.0 (compatible; SemrushBot/7~bl; +http://www.semrush.com/bot.html)"
192.0.82.55 - - [24/Nov/2024:09:37:18 +0800] "HEAD / HTTP/1.1" 200 4000 "-" "jetmon/1.0 (Jetpack Site Uptime Monitor by WordPress.com)"
85.208.96.205 - - [24/Nov/2024:09:37:25 +0800] "GET /tag/%E5%9C%B0%E7%90%83%E9%BB%83%E9%87%91%E7%B7%9A/page/4/ HTTP/1.1" 200 18373 "-" "Mozilla/5.0 (compatible; SemrushBot/7~bl; +http://www.semrush.com/bot.html)"
192.95.30.12 - - [24/Nov/2024:09:37:53 +0800] "GET /robots.txt HTTP/1.1" 200 3719 "-" "Mozilla/5.0 (compatible; MJ12bot/v1.4.8; http://mj12bot.com/)"
192.95.30.12 - - [24/Nov/2024:09:37:56 +0800] "GET /category/%E4%BF%9D%E9%A4%8A%E8%A7%80%E5%BF%B5/page/16/ HTTP/1.1" 200 14397 "-" "Mozilla/5.0 (compatible; MJ12bot/v1.4.8; http://mj12bot.com/)"
192.95.30.12 - - [24/Nov/2024:09:37:58 +0800] "GET /category/%E5%93%81%E7%89%8C%E7%9B%B8%E9%97%9C/page/12/ HTTP/1.1" 200 20742 "-" "Mozilla/5.0 (compatible; MJ12bot/v1.4.8; http://mj12bot.com/)"
192.95.30.12 - - [24/Nov/2024:09:38:00 +0800] "GET /category/%E6%87%89%E7%94%A8%E8%A7%80%E5%BF%B5/page/12/ HTTP/1.1" 200 34001 "-" "Mozilla/5.0 (compatible; MJ12bot/v1.4.8; http://mj12bot.com/)"
192.95.30.12 - - [24/Nov/2024:09:38:02 +0800] "GET /tag/%E5%9C%B0%E7%90%83%E9%BB%83%E9%87%91%E7%B7%9A/page/12/ HTTP/1.1" 200 18229 "-" "Mozilla/5.0 (compatible; MJ12bot/v1.4.8; http://mj12bot.com/)"
192.0.82.55 - - [24/Nov/2024:09:40:53 +0800] "HEAD / HTTP/1.1" 200 4000 "-" "jetmon/1.0 (Jetpack Site Uptime Monitor by WordPress.com)"
220.135.127.108 - - [24/Nov/2024:09:40:57 +0800] "POST /wp-cron.php?doing_wp_cron=1732412457.1212980747222900390625 HTTP/1.1" 200 4050 "-" "WordPress/6.7.1; https://www.car32.tw"
192.0.82.55 - - [24/Nov/2024:09:45:53 +0800] "HEAD / HTTP/1.1" 200 4000 "-" "jetmon/1.0 (Jetpack Site Uptime Monitor by WordPress.com)"
220.135.127.108 - - [24/Nov/2024:09:45:58 +0800] "POST /wp-cron.php?doing_wp_cron=1732412757.5429949760437011718750 HTTP/1.1" 200 4050 "-" "WordPress/6.7.1; https://www.car32.tw"
185.191.171.3 - - [24/Nov/2024:09:48:16 +0800] "GET /xthruster-cce/ HTTP/1.1" 200 22927 "-" "Mozilla/5.0 (compatible; SemrushBot/7~bl; +http://www.semrush.com/bot.html)"
217.142.255.1 - - [24/Nov/2024:09:49:03 +0800] "POST /xmlrpc.php HTTP/1.1" 200 4021 "-" "Mozilla/5.0 (Windows NT 10.0; Win64; x64) AppleWebKit/537.36 (KHTML, like Gecko) Chrome/79.0.3945.130 Safari/537.36"
130.61.17.146 - - [24/Nov/2024:09:49:02 +0800] "POST /xmlrpc.php HTTP/1.1" 200 4021 "-" "Mozilla/5.0 (Windows NT 10.0; Win64; x64) AppleWebKit/537.36 (KHTML, like Gecko) Chrome/91.0.4472.114 Safari/537.36"
217.142.255.1 - - [24/Nov/2024:09:49:10 +0800] "POST /xmlrpc.php HTTP/1.1" 200 4021 "-" "Mozilla/5.0 (Windows NT 10.0; Win64; x64) AppleWebKit/537.36 (KHTML, like Gecko) Chrome/79.0.3945.130 Safari/537.36"
130.61.17.146 - - [24/Nov/2024:09:49:11 +0800] "POST /xmlrpc.php HTTP/1.1" 200 4021 "-" "Mozilla/5.0 (Windows NT 10.0; Win64; x64) AppleWebKit/537.36 (KHTML, like Gecko) Chrome/91.0.4472.114 Safari/537.36"
139.162.32.49 - - [24/Nov/2024:09:49:16 +0800] "POST /xmlrpc.php HTTP/1.1" 200 4021 "-" "Mozilla/5.0 (Macintosh; Intel Mac OS X 10_10; rv:33.0) Gecko/20100101 Firefox/33.0"
41.111.178.66 - - [24/Nov/2024:09:49:21 +0800] "POST /xmlrpc.php HTTP/1.1" 200 4460 "-" "Mozilla/5.0 (Windows NT 6.3; Win64; x64) AppleWebKit/537.36 (KHTML, like Gecko) Chrome/60.0.3112.113 Safari/537.36"
139.162.32.49 - - [24/Nov/2024:09:49:19 +0800] "POST /xmlrpc.php HTTP/1.1" 200 4021 "-" "Mozilla/5.0 (Macintosh; Intel Mac OS X 10_10; rv:33.0) Gecko/20100101 Firefox/33.0"
41.111.178.66 - - [24/Nov/2024:09:49:23 +0800] "POST /xmlrpc.php HTTP/1.1" 200 4460 "-" "Mozilla/5.0 (Windows NT 6.3; Win64; x64) AppleWebKit/537.36 (KHTML, like Gecko) Chrome/60.0.3112.113 Safari/537.36"
220.135.127.108 - - [24/Nov/2024:09:49:27 +0800] "POST /wp-cron.php?doing_wp_cron=1732412965.4780120849609375000000 HTTP/1.1" 200 4050 "-" "WordPress/6.7.1; https://www.car32.tw"
149.255.58.114 - - [24/Nov/2024:09:49:49 +0800] "POST /xmlrpc.php HTTP/1.1" 200 4461 "-" "Mozilla/5.0 (Windows NT 10.0; Win64; x64; rv:58.0) Gecko/20100101 Firefox/58.0"
149.255.58.114 - - [24/Nov/2024:09:49:53 +0800] "POST /xmlrpc.php HTTP/1.1" 200 4461 "-" "Mozilla/5.0 (Windows NT 10.0; Win64; x64; rv:58.0) Gecko/20100101 Firefox/58.0"
185.107.112.164 - - [24/Nov/2024:09:49:50 +0800] "POST /xmlrpc.php HTTP/1.1" 200 4462 "-" "Mozilla/5.0 (Windows NT 10.0; Win64; x64) AppleWebKit/537.36 (KHTML, like Gecko) Chrome/90.0.4430.93 Safari/537.36"
185.107.112.164 - - [24/Nov/2024:09:49:55 +0800] "POST /xmlrpc.php HTTP/1.1" 200 4462 "-" "Mozilla/5.0 (Windows NT 10.0; Win64; x64) AppleWebKit/537.36 (KHTML, like Gecko) Chrome/90.0.4430.93 Safari/537.36"
103.177.95.19 - - [24/Nov/2024:09:50:17 +0800] "POST /xmlrpc.php HTTP/1.1" 200 4460 "-" "Mozilla/5.0 (Windows NT 10.0; Win64; x64) AppleWebKit/537.36 (KHTML, like Gecko) Chrome/63.0.3239.132 Safari/537.36"
62.60.201.22 - - [24/Nov/2024:09:50:14 +0800] "POST /xmlrpc.php HTTP/1.1" 200 4459 "-" "Mozilla/5.0 (Windows NT 10.0; Win64; x64; rv:60.0) Gecko/20100101 Firefox/60.0"
103.177.95.19 - - [24/Nov/2024:09:50:21 +0800] "POST /xmlrpc.php HTTP/1.1" 200 4460 "-" "Mozilla/5.0 (Windows NT 10.0; Win64; x64) AppleWebKit/537.36 (KHTML, like Gecko) Chrome/63.0.3239.132 Safari/537.36"
62.60.201.22 - - [24/Nov/2024:09:50:23 +0800] "POST /xmlrpc.php HTTP/1.1" 200 4459 "-" "Mozilla/5.0 (Windows NT 10.0; Win64; x64; rv:60.0) Gecko/20100101 Firefox/60.0"
123.51.222.48 - - [24/Nov/2024:09:50:24 +0800] "POST /xmlrpc.php HTTP/1.1" 200 4021 "-" "Mozilla/5.0 (Windows NT 10.0; Win64; x64) AppleWebKit/537.36 (KHTML, like Gecko) Chrome/74.0.3729.169 Safari/537.36"
123.51.222.48 - - [24/Nov/2024:09:50:25 +0800] "POST /xmlrpc.php HTTP/1.1" 200 4021 "-" "Mozilla/5.0 (Windows NT 10.0; Win64; x64) AppleWebKit/537.36 (KHTML, like Gecko) Chrome/74.0.3729.169 Safari/537.36"
220.135.127.108 - - [24/Nov/2024:09:50:58 +0800] "POST /wp-cron.php?doing_wp_cron=1732413055.5967140197753906250000 HTTP/1.1" 200 4050 "-" "WordPress/6.7.1; https://www.car32.tw"
192.0.82.55 - - [24/Nov/2024:09:50:52 +0800] "HEAD / HTTP/1.1" 200 4000 "-" "jetmon/1.0 (Jetpack Site Uptime Monitor by WordPress.com)"
18.118.137.96 - - [24/Nov/2024:09:51:44 +0800] "GET /robots.txt HTTP/1.1" 301 4022 "-" "Mozilla/5.0 AppleWebKit/537.36 (KHTML, like Gecko; compatible; ClaudeBot/1.0; +claudebot@anthropic.com)"
18.118.137.96 - - [24/Nov/2024:09:51:49 +0800] "GET /robots.txt HTTP/1.1" 200 4164 "https://car32.tw/robots.txt" "Mozilla/5.0 AppleWebKit/537.36 (KHTML, like Gecko; compatible; ClaudeBot/1.0; +claudebot@anthropic.com)"
18.118.137.96 - - [24/Nov/2024:09:51:49 +0800] "GET /tag/%e5%a4%8f%e5%ad%a3%e4%bf%9d%e9%a4%8a/feed HTTP/1.1" 301 414 "-" "Mozilla/5.0 AppleWebKit/537.36 (KHTML, like Gecko; compatible; ClaudeBot/1.0; +claudebot@anthropic.com)"
18.118.137.96 - - [24/Nov/2024:09:51:50 +0800] "GET /tag/%e5%a4%8f%e5%ad%a3%e4%bf%9d%e9%a4%8a/feed/ HTTP/1.1" 200 1616 "https://car32.tw/tag/%e5%a4%8f%e5%ad%a3%e4%bf%9d%e9%a4%8a/feed" "Mozilla/5.0 AppleWebKit/537.36 (KHTML, like Gecko; compatible; ClaudeBot/1.0; +claudebot@anthropic.com)"
220.135.127.108 - - [24/Nov/2024:09:55:56 +0800] "POST /wp-cron.php?doing_wp_cron=1732413356.7105760574340820312500 HTTP/1.1" 200 4050 "-" "WordPress/6.7.1; https://www.car32.tw"
192.0.82.55 - - [24/Nov/2024:09:55:54 +0800] "HEAD / HTTP/1.1" 200 4000 "-" "jetmon/1.0 (Jetpack Site Uptime Monitor by WordPress.com)"
61.61.146.146 - - [24/Nov/2024:09:56:30 +0800] "GET /tag/%E6%AD%A2%E6%BC%8F/ HTTP/1.1" 200 24162 "https://www.google.com/" "Mozilla/5.0 (Windows NT 10.0; Win64; x64) AppleWebKit/537.36 (KHTML, like Gecko) Chrome/131.0.0.0 Safari/537.36"
61.61.146.146 - - [24/Nov/2024:09:56:33 +0800] "GET /tag/%E6%AD%A2%E6%BC%8F/ HTTP/1.1" 200 24164 "https://www.google.com/" "Mozilla/5.0 (Windows NT 10.0; Win64; x64) AppleWebKit/537.36 (KHTML, like Gecko) Chrome/131.0.0.0 Safari/537.36"
61.61.146.146 - - [24/Nov/2024:09:56:35 +0800] "GET /wp-content/themes/twentytwelve/fonts/font-open-sans.css?ver=20230328 HTTP/1.1" 200 1288 "https://www.car32.tw/tag/%E6%AD%A2%E6%BC%8F/" "Mozilla/5.0 (Windows NT 10.0; Win64; x64) AppleWebKit/537.36 (KHTML, like Gecko) Chrome/131.0.0.0 Safari/537.36"
61.61.146.146 - - [24/Nov/2024:09:56:35 +0800] "GET /wp-content/themes/twentytwelve/style.css?ver=20240716 HTTP/1.1" 200 8680 "https://www.car32.tw/tag/%E6%AD%A2%E6%BC%8F/" "Mozilla/5.0 (Windows NT 10.0; Win64; x64) AppleWebKit/537.36 (KHTML, like Gecko) Chrome/131.0.0.0 Safari/537.36"
61.61.146.146 - - [24/Nov/2024:09:56:35 +0800] "GET /wp-content/themes/twentytwelve/css/blocks.css?ver=20240603 HTTP/1.1" 200 2856 "https://www.car32.tw/tag/%E6%AD%A2%E6%BC%8F/" "Mozilla/5.0 (Windows NT 10.0; Win64; x64) AppleWebKit/537.36 (KHTML, like Gecko) Chrome/131.0.0.0 Safari/537.36"
61.61.146.146 - - [24/Nov/2024:09:56:35 +0800] "GET /wp-content/themes/twentytwelve/js/navigation.js?ver=20141205 HTTP/1.1" 200 1027 "https://www.car32.tw/tag/%E6%AD%A2%E6%BC%8F/" "Mozilla/5.0 (Windows NT 10.0; Win64; x64) AppleWebKit/537.36 (KHTML, like Gecko) Chrome/131.0.0.0 Safari/537.36"
61.61.146.146 - - [24/Nov/2024:09:56:35 +0800] "GET /wp-content/themes/twentytwelve/fonts/open-sans/open-sans-latin-700-normal.woff2?ver=34 HTTP/1.1" 200 16704 "https://www.car32.tw/wp-content/themes/twentytwelve/fonts/font-open-sans.css?ver=20230328" "Mozilla/5.0 (Windows NT 10.0; Win64; x64) AppleWebKit/537.36 (KHTML, like Gecko) Chrome/131.0.0.0 Safari/537.36"
61.61.146.146 - - [24/Nov/2024:09:56:35 +0800] "GET /wp-content/themes/twentytwelve/fonts/open-sans/open-sans-latin-400-normal.woff2?ver=34 HTTP/1.1" 200 17094 "https://www.car32.tw/wp-content/themes/twentytwelve/fonts/font-open-sans.css?ver=20230328" "Mozilla/5.0 (Windows NT 10.0; Win64; x64) AppleWebKit/537.36 (KHTML, like Gecko) Chrome/131.0.0.0 Safari/537.36"
61.61.146.146 - - [24/Nov/2024:09:56:35 +0800] "GET /wp-includes/js/wp-emoji-release.min.js?ver=6.7.1 HTTP/1.1" 200 5479 "https://www.car32.tw/tag/%E6%AD%A2%E6%BC%8F/" "Mozilla/5.0 (Windows NT 10.0; Win64; x64) AppleWebKit/537.36 (KHTML, like Gecko) Chrome/131.0.0.0 Safari/537.36"
61.61.146.146 - - [24/Nov/2024:09:56:35 +0800] "GET /download/IMG_1165.mp4 HTTP/1.1" 206 712043 "https://www.car32.tw/tag/%E6%AD%A2%E6%BC%8F/" "Mozilla/5.0 (Windows NT 10.0; Win64; x64) AppleWebKit/537.36 (KHTML, like Gecko) Chrome/131.0.0.0 Safari/537.36"
61.61.146.146 - - [24/Nov/2024:09:56:36 +0800] "GET /download/IMG_1165.mp4 HTTP/1.1" 206 58346 "https://www.car32.tw/tag/%E6%AD%A2%E6%BC%8F/" "Mozilla/5.0 (Windows NT 10.0; Win64; x64) AppleWebKit/537.36 (KHTML, like Gecko) Chrome/131.0.0.0 Safari/537.36"
61.61.146.146 - - [24/Nov/2024:09:56:36 +0800] "GET /download/IMG_1165.mp4 HTTP/1.1" 206 2836565 "https://www.car32.tw/tag/%E6%AD%A2%E6%BC%8F/" "Mozilla/5.0 (Windows NT 10.0; Win64; x64) AppleWebKit/537.36 (KHTML, like Gecko) Chrome/131.0.0.0 Safari/537.36"
61.61.146.146 - - [24/Nov/2024:09:57:40 +0800] "GET /download/IMG_1165.mp4 HTTP/1.1" 206 781739 "https://www.car32.tw/tag/%E6%AD%A2%E6%BC%8F/" "Mozilla/5.0 (Windows NT 10.0; Win64; x64) AppleWebKit/537.36 (KHTML, like Gecko) Chrome/131.0.0.0 Safari/537.36"
61.61.146.146 - - [24/Nov/2024:09:59:03 +0800] "GET /tag/%E6%AD%A2%E6%BC%8F/ HTTP/1.1" 200 20984 "https://www.google.com/" "Mozilla/5.0 (Windows NT 10.0; Win64; x64) AppleWebKit/537.36 (KHTML, like Gecko) Chrome/131.0.0.0 Safari/537.36"
61.61.146.146 - - [24/Nov/2024:09:59:02 +0800] "GET /tag/%E6%AD%A2%E6%BC%8F/ HTTP/1.1" 200 20984 "https://www.google.com/" "Mozilla/5.0 (Windows NT 10.0; Win64; x64) AppleWebKit/537.36 (KHTML, like Gecko) Chrome/131.0.0.0 Safari/537.36"
61.61.146.146 - - [24/Nov/2024:09:59:03 +0800] "GET /tag/%E6%AD%A2%E6%BC%8F/ HTTP/1.1" 200 20984 "https://www.google.com/" "Mozilla/5.0 (Windows NT 10.0; Win64; x64) AppleWebKit/537.36 (KHTML, like Gecko) Chrome/131.0.0.0 Safari/537.36"
61.61.146.146 - - [24/Nov/2024:09:59:04 +0800] "GET /tag/%E6%AD%A2%E6%BC%8F/ HTTP/1.1" 200 20984 "https://www.google.com/" "Mozilla/5.0 (Windows NT 10.0; Win64; x64) AppleWebKit/537.36 (KHTML, like Gecko) Chrome/131.0.0.0 Safari/537.36"
220.135.127.108 - - [24/Nov/2024:09:59:34 +0800] "POST /wp-cron.php?doing_wp_cron=1732413573.9015491008758544921875 HTTP/1.1" 200 4050 "-" "WordPress/6.7.1; https://www.car32.tw"
72.14.201.172 - - [24/Nov/2024:09:59:31 +0800] "GET /tag/%E6%AD%A2%E6%BC%8F/ HTTP/1.1" 200 24163 "https://www.google.com/" "Mozilla/5.0 (Linux; Android 10; K) AppleWebKit/537.36 (KHTML, like Gecko) Chrome/130.0.0.0 Mobile Safari/537.36"
220.135.127.108 - - [24/Nov/2024:10:00:50 +0800] "POST /wp-cron.php?doing_wp_cron=1732413649.3601539134979248046875 HTTP/1.1" 200 4050 "-" "WordPress/6.7.1; https://www.car32.tw"
192.0.82.55 - - [24/Nov/2024:10:00:54 +0800] "HEAD / HTTP/1.1" 200 4000 "-" "jetmon/1.0 (Jetpack Site Uptime Monitor by WordPress.com)"
140.238.59.22 - - [24/Nov/2024:10:00:41 +0800] "GET /feed/ HTTP/1.1" 200 6804 "https://www.car32.tw/feed/" "FreshRSS/1.24.3 (Linux; https://freshrss.org)"
72.14.201.169 - - [24/Nov/2024:10:01:08 +0800] "GET /tag/%E6%AD%A2%E6%BC%8F/ HTTP/1.1" 200 24163 "https://www.google.com/" "Mozilla/5.0 (Linux; Android 10; K) AppleWebKit/537.36 (KHTML, like Gecko) Chrome/130.0.0.0 Mobile Safari/537.36"
18.191.97.133 - - [24/Nov/2024:10:01:08 +0800] "GET /wp-json/wp/v2/tags/55 HTTP/1.1" 200 4912 "-" "Mozilla/5.0 AppleWebKit/537.36 (KHTML, like Gecko; compatible; ClaudeBot/1.0; +claudebot@anthropic.com)"
72.14.201.133 - - [24/Nov/2024:10:01:13 +0800] "GET /tag/%E6%AD%A2%E6%BC%8F/ HTTP/1.1" 200 24163 "https://www.google.com/" "Mozilla/5.0 (Linux; Android 10; K) AppleWebKit/537.36 (KHTML, like Gecko) Chrome/130.0.0.0 Mobile Safari/537.36"
17.241.227.206 - - [24/Nov/2024:10:01:31 +0800] "GET /%E6%84%9B%E8%BB%8A%E7%9C%81%E6%B2%B9%E6%94%BB%E7%95%A5%E8%80%81%E5%8F%B8%E6%A9%9F%E8%A7%A3%E5%AF%86/ HTTP/1.1" 200 18446 "-" "Mozilla/5.0 (Macintosh; Intel Mac OS X 10_15_7) AppleWebKit/605.1.15 (KHTML, like Gecko) Version/17.4 Safari/605.1.15 (Applebot/0.1; +http://www.apple.com/go/applebot)"
101.9.66.71 - - [24/Nov/2024:10:03:10 +0800] "GET /dpf-gpf-%E4%BD%A0%E9%9C%80%E8%A6%81%E7%95%A5%E7%9F%A5%E7%9A%84%E4%B8%89%E5%85%A9%E4%BA%8B/ HTTP/1.1" 200 34982 "https://www.google.com/" "Mozilla/5.0 (Linux; Android 10; K) AppleWebKit/537.36 (KHTML, like Gecko) Chrome/131.0.0.0 Mobile Safari/537.36"
101.9.66.71 - - [24/Nov/2024:10:03:14 +0800] "GET /wp-content/themes/twentytwelve/fonts/font-open-sans.css?ver=20230328 HTTP/1.1" 200 1288 "https://www.car32.tw/dpf-gpf-%E4%BD%A0%E9%9C%80%E8%A6%81%E7%95%A5%E7%9F%A5%E7%9A%84%E4%B8%89%E5%85%A9%E4%BA%8B/" "Mozilla/5.0 (Linux; Android 10; K) AppleWebKit/537.36 (KHTML, like Gecko) Chrome/131.0.0.0 Mobile Safari/537.36"
101.9.66.71 - - [24/Nov/2024:10:03:14 +0800] "GET /wp-content/themes/twentytwelve/style.css?ver=20240716 HTTP/1.1" 200 8680 "https://www.car32.tw/dpf-gpf-%E4%BD%A0%E9%9C%80%E8%A6%81%E7%95%A5%E7%9F%A5%E7%9A%84%E4%B8%89%E5%85%A9%E4%BA%8B/" "Mozilla/5.0 (Linux; Android 10; K) AppleWebKit/537.36 (KHTML, like Gecko) Chrome/131.0.0.0 Mobile Safari/537.36"
101.9.66.71 - - [24/Nov/2024:10:03:14 +0800] "GET /wp-content/themes/twentytwelve/css/blocks.css?ver=20240603 HTTP/1.1" 200 2856 "https://www.car32.tw/dpf-gpf-%E4%BD%A0%E9%9C%80%E8%A6%81%E7%95%A5%E7%9F%A5%E7%9A%84%E4%B8%89%E5%85%A9%E4%BA%8B/" "Mozilla/5.0 (Linux; Android 10; K) AppleWebKit/537.36 (KHTML, like Gecko) Chrome/131.0.0.0 Mobile Safari/537.36"
101.9.66.71 - - [24/Nov/2024:10:03:14 +0800] "GET /wp-content/themes/twentytwelve/js/navigation.js?ver=20141205 HTTP/1.1" 200 1027 "https://www.car32.tw/dpf-gpf-%E4%BD%A0%E9%9C%80%E8%A6%81%E7%95%A5%E7%9F%A5%E7%9A%84%E4%B8%89%E5%85%A9%E4%BA%8B/" "Mozilla/5.0 (Linux; Android 10; K) AppleWebKit/537.36 (KHTML, like Gecko) Chrome/131.0.0.0 Mobile Safari/537.36"
101.9.66.71 - - [24/Nov/2024:10:03:14 +0800] "GET /wp-content/themes/twentytwelve/fonts/open-sans/open-sans-latin-400-normal.woff2?ver=34 HTTP/1.1" 200 17094 "https://www.car32.tw/wp-content/themes/twentytwelve/fonts/font-open-sans.css?ver=20230328" "Mozilla/5.0 (Linux; Android 10; K) AppleWebKit/537.36 (KHTML, like Gecko) Chrome/131.0.0.0 Mobile Safari/537.36"
101.9.66.71 - - [24/Nov/2024:10:03:14 +0800] "GET /wp-content/themes/twentytwelve/fonts/open-sans/open-sans-latin-400-italic.woff2?ver=34 HTTP/1.1" 200 18738 "https://www.car32.tw/wp-content/themes/twentytwelve/fonts/font-open-sans.css?ver=20230328" "Mozilla/5.0 (Linux; Android 10; K) AppleWebKit/537.36 (KHTML, like Gecko) Chrome/131.0.0.0 Mobile Safari/537.36"
101.9.66.71 - - [24/Nov/2024:10:03:14 +0800] "GET /wp-content/themes/twentytwelve/fonts/open-sans/open-sans-latin-700-normal.woff2?ver=34 HTTP/1.1" 200 16704 "https://www.car32.tw/wp-content/themes/twentytwelve/fonts/font-open-sans.css?ver=20230328" "Mozilla/5.0 (Linux; Android 10; K) AppleWebKit/537.36 (KHTML, like Gecko) Chrome/131.0.0.0 Mobile Safari/537.36"
101.9.66.71 - - [24/Nov/2024:10:03:14 +0800] "GET /wp-content/themes/twentytwelve/fonts/open-sans/open-sans-latin-700-italic.woff2?ver=34 HTTP/1.1" 200 17738 "https://www.car32.tw/wp-content/themes/twentytwelve/fonts/font-open-sans.css?ver=20230328" "Mozilla/5.0 (Linux; Android 10; K) AppleWebKit/537.36 (KHTML, like Gecko) Chrome/131.0.0.0 Mobile Safari/537.36"
220.135.127.108 - - [24/Nov/2024:10:03:13 +0800] "GET /wp-json/jetpack/v4/sync/spawn-sync?time=1732413793&request_lock_id=1732413793.2794 HTTP/1.1" 200 4068 "-" "WordPress/6.7.1; https://www.car32.tw"
101.9.66.71 - - [24/Nov/2024:10:03:15 +0800] "GET /dpf-gpf-%E4%BD%A0%E9%9C%80%E8%A6%81%E7%95%A5%E7%9F%A5%E7%9A%84%E4%B8%89%E5%85%A9%E4%BA%8B/?relatedposts=1 HTTP/1.1" 200 6539 "https://www.car32.tw/dpf-gpf-%E4%BD%A0%E9%9C%80%E8%A6%81%E7%95%A5%E7%9F%A5%E7%9A%84%E4%B8%89%E5%85%A9%E4%BA%8B/" "Mozilla/5.0 (Linux; Android 10; K) AppleWebKit/537.36 (KHTML, like Gecko) Chrome/131.0.0.0 Mobile Safari/537.36"
101.9.66.71 - - [24/Nov/2024:10:03:15 +0800] "POST /?ob=open-bridge/events HTTP/1.1" 200 520 "https://www.car32.tw/dpf-gpf-%E4%BD%A0%E9%9C%80%E8%A6%81%E7%95%A5%E7%9F%A5%E7%9A%84%E4%B8%89%E5%85%A9%E4%BA%8B/" "Mozilla/5.0 (Linux; Android 10; K) AppleWebKit/537.36 (KHTML, like Gecko) Chrome/131.0.0.0 Mobile Safari/537.36"
220.135.127.108 - - [24/Nov/2024:10:03:11 +0800] "POST /wp-cron.php?doing_wp_cron=1732413791.8992030620574951171875 HTTP/1.1" 200 4050 "-" "WordPress/6.7.1; https://www.car32.tw"
220.135.127.108 - - [24/Nov/2024:10:03:24 +0800] "GET /wp-json/jetpack/v4/sync/spawn-sync?time=1732413804&request_lock_id=1732413804.5584 HTTP/1.1" 200 4068 "-" "WordPress/6.7.1; https://www.car32.tw"
17.246.23.247 - - [24/Nov/2024:10:03:38 +0800] "GET /wp-content/themes/twentytwelve/fonts/font-open-sans.css?ver=20230328 HTTP/1.1" 200 4984 "https://www.car32.tw/%E6%84%9B%E8%BB%8A%E7%9C%81%E6%B2%B9%E6%94%BB%E7%95%A5%E8%80%81%E5%8F%B8%E6%A9%9F%E8%A7%A3%E5%AF%86/" "Mozilla/5.0 (Macintosh; Intel Mac OS X 10_15_7) AppleWebKit/605.1.15 (KHTML, like Gecko) Version/17.4 Safari/605.1.15 (Applebot/0.1; +http://www.apple.com/go/applebot)"
17.246.23.111 - - [24/Nov/2024:10:03:39 +0800] "GET /wp-content/themes/twentytwelve/style.css?ver=20240716 HTTP/1.1" 200 12376 "https://www.car32.tw/%E6%84%9B%E8%BB%8A%E7%9C%81%E6%B2%B9%E6%94%BB%E7%95%A5%E8%80%81%E5%8F%B8%E6%A9%9F%E8%A7%A3%E5%AF%86/" "Mozilla/5.0 (Macintosh; Intel Mac OS X 10_15_7) AppleWebKit/605.1.15 (KHTML, like Gecko) Version/17.4 Safari/605.1.15 (Applebot/0.1; +http://www.apple.com/go/applebot)"
17.246.19.250 - - [24/Nov/2024:10:03:39 +0800] "GET /wp-content/themes/twentytwelve/js/navigation.js?ver=20141205 HTTP/1.1" 200 4723 "https://www.car32.tw/%E6%84%9B%E8%BB%8A%E7%9C%81%E6%B2%B9%E6%94%BB%E7%95%A5%E8%80%81%E5%8F%B8%E6%A9%9F%E8%A7%A3%E5%AF%86/" "Mozilla/5.0 (Macintosh; Intel Mac OS X 10_15_7) AppleWebKit/605.1.15 (KHTML, like Gecko) Version/17.4 Safari/605.1.15 (Applebot/0.1; +http://www.apple.com/go/applebot)"
17.246.15.79 - - [24/Nov/2024:10:03:40 +0800] "GET /wp-content/themes/twentytwelve/css/blocks.css?ver=20240603 HTTP/1.1" 200 5988 "https://www.car32.tw/%E6%84%9B%E8%BB%8A%E7%9C%81%E6%B2%B9%E6%94%BB%E7%95%A5%E8%80%81%E5%8F%B8%E6%A9%9F%E8%A7%A3%E5%AF%86/" "Mozilla/5.0 (Macintosh; Intel Mac OS X 10_15_7) AppleWebKit/605.1.15 (KHTML, like Gecko) Version/17.4 Safari/605.1.15 (Applebot/0.1; +http://www.apple.com/go/applebot)"
17.246.23.207 - - [24/Nov/2024:10:03:41 +0800] "GET /wp-includes/js/wp-emoji-release.min.js?ver=6.7.1 HTTP/1.1" 200 9175 "https://www.car32.tw/%E6%84%9B%E8%BB%8A%E7%9C%81%E6%B2%B9%E6%94%BB%E7%95%A5%E8%80%81%E5%8F%B8%E6%A9%9F%E8%A7%A3%E5%AF%86/" "Mozilla/5.0 (Macintosh; Intel Mac OS X 10_15_7) AppleWebKit/605.1.15 (KHTML, like Gecko) Version/17.4 Safari/605.1.15 (Applebot/0.1; +http://www.apple.com/go/applebot)"
17.246.23.18 - - [24/Nov/2024:10:03:42 +0800] "GET /%E6%84%9B%E8%BB%8A%E7%9C%81%E6%B2%B9%E6%94%BB%E7%95%A5%E8%80%81%E5%8F%B8%E6%A9%9F%E8%A7%A3%E5%AF%86/?relatedposts=1 HTTP/1.1" 200 7230 "https://www.car32.tw/%E6%84%9B%E8%BB%8A%E7%9C%81%E6%B2%B9%E6%94%BB%E7%95%A5%E8%80%81%E5%8F%B8%E6%A9%9F%E8%A7%A3%E5%AF%86/" "Mozilla/5.0 (Macintosh; Intel Mac OS X 10_15_7) AppleWebKit/605.1.15 (KHTML, like Gecko) Version/17.4 Safari/605.1.15 (Applebot/0.1; +http://www.apple.com/go/applebot)"
192.0.82.55 - - [24/Nov/2024:10:05:53 +0800] "HEAD / HTTP/1.1" 200 4000 "-" "jetmon/1.0 (Jetpack Site Uptime Monitor by WordPress.com)"
220.135.127.108 - - [24/Nov/2024:10:05:59 +0800] "POST /wp-cron.php?doing_wp_cron=1732413957.7280170917510986328125 HTTP/1.1" 200 4050 "-" "WordPress/6.7.1; https://www.car32.tw"
185.191.171.19 - - [24/Nov/2024:10:06:49 +0800] "GET /author/sysadmin/page/41/ HTTP/1.1" 200 36668 "-" "Mozilla/5.0 (compatible; SemrushBot/7~bl; +http://www.semrush.com/bot.html)"
85.208.96.210 - - [24/Nov/2024:10:06:59 +0800] "GET /tag/4x4/ HTTP/1.1" 200 26886 "-" "Mozilla/5.0 (compatible; SemrushBot/7~bl; +http://www.semrush.com/bot.html)"
192.0.82.55 - - [24/Nov/2024:10:07:19 +0800] "HEAD / HTTP/1.1" 200 4000 "-" "jetmon/1.0 (Jetpack Site Uptime Monitor by WordPress.com)"
104.207.51.92 - - [24/Nov/2024:10:08:41 +0800] "GET /wp-content/plugins/wp-required-network/index.php HTTP/1.1" 200 4104 "-" "Mozilla/5.0 (Windows NT 6.3; WOW64) AppleWebKit/537.36 (KHTML, like Gecko) Chrome/35.0.1877.0 Safari/537.36"
220.135.127.108 - - [24/Nov/2024:10:10:25 +0800] "POST /wp-cron.php?doing_wp_cron=1732414225.7437739372253417968750 HTTP/1.1" 200 4050 "-" "WordPress/6.7.1; https://www.car32.tw"
185.191.171.5 - - [24/Nov/2024:10:10:25 +0800] "GET /category/%E5%93%81%E7%89%8C%E7%9B%B8%E9%97%9C/page/10/ HTTP/1.1" 200 29360 "-" "Mozilla/5.0 (compatible; SemrushBot/7~bl; +http://www.semrush.com/bot.html)"
220.135.127.108 - - [24/Nov/2024:10:10:53 +0800] "POST /wp-cron.php?doing_wp_cron=1732414253.7162539958953857421875 HTTP/1.1" 200 4050 "-" "WordPress/6.7.1; https://www.car32.tw"
192.0.82.55 - - [24/Nov/2024:10:10:53 +0800] "HEAD / HTTP/1.1" 200 4000 "-" "jetmon/1.0 (Jetpack Site Uptime Monitor by WordPress.com)"
85.208.96.200 - - [24/Nov/2024:10:11:00 +0800] "GET /%E8%A8%88%E7%95%AB%E6%B0%B8%E9%81%A0%E8%B6%95%E4%B8%8D%E4%B8%8A%E8%AE%8A%E5%8C%96/ HTTP/1.1" 200 21834 "-" "Mozilla/5.0 (compatible; SemrushBot/7~bl; +http://www.semrush.com/bot.html)"
52.15.217.86 - - [24/Nov/2024:10:11:12 +0800] "GET /tag/%e6%b1%bd%e6%b2%b9%e7%b2%be/page/4 HTTP/1.1" 301 4051 "-" "Mozilla/5.0 AppleWebKit/537.36 (KHTML, like Gecko; compatible; ClaudeBot/1.0; +claudebot@anthropic.com)"
52.15.217.86 - - [24/Nov/2024:10:11:14 +0800] "GET /tag/%e6%b1%bd%e6%b2%b9%e7%b2%be/page/4/ HTTP/1.1" 200 24258 "https://car32.tw/tag/%e6%b1%bd%e6%b2%b9%e7%b2%be/page/4" "Mozilla/5.0 AppleWebKit/537.36 (KHTML, like Gecko; compatible; ClaudeBot/1.0; +claudebot@anthropic.com)"
17.241.75.25 - - [24/Nov/2024:10:13:57 +0800] "GET /tag/%E9%99%B8%E4%BC%AF%E5%98%89/ HTTP/1.1" 200 31529 "-" "Mozilla/5.0 (Macintosh; Intel Mac OS X 10_15_7) AppleWebKit/605.1.15 (KHTML, like Gecko) Version/17.4 Safari/605.1.15 (Applebot/0.1; +http://www.apple.com/go/applebot)"
220.135.127.108 - - [24/Nov/2024:10:15:52 +0800] "POST /wp-cron.php?doing_wp_cron=1732414552.4349560737609863281250 HTTP/1.1" 200 4050 "-" "WordPress/6.7.1; https://www.car32.tw"
192.0.82.55 - - [24/Nov/2024:10:15:52 +0800] "HEAD / HTTP/1.1" 200 4000 "-" "jetmon/1.0 (Jetpack Site Uptime Monitor by WordPress.com)"
220.135.127.108 - - [24/Nov/2024:10:20:53 +0800] "POST /wp-cron.php?doing_wp_cron=1732414853.2009229660034179687500 HTTP/1.1" 200 4050 "-" "WordPress/6.7.1; https://www.car32.tw"
192.0.82.55 - - [24/Nov/2024:10:20:52 +0800] "HEAD / HTTP/1.1" 200 4000 "-" "jetmon/1.0 (Jetpack Site Uptime Monitor by WordPress.com)"
66.249.71.136 - - [24/Nov/2024:10:23:49 +0800] "GET /robots.txt HTTP/1.1" 200 4173 "-" "Mozilla/5.0 (compatible; Googlebot/2.1; +http://www.google.com/bot.html)"
66.249.79.70 - - [24/Nov/2024:10:24:22 +0800] "GET /category/%E4%BF%9D%E9%A4%8A%E8%A7%80%E5%BF%B5/ HTTP/1.1" 200 24429 "-" "Mozilla/5.0 (Linux; Android 6.0.1; Nexus 5X Build/MMB29P) AppleWebKit/537.36 (KHTML, like Gecko) Chrome/131.0.6778.69 Mobile Safari/537.36 (compatible; Googlebot/2.1; +http://www.google.com/bot.html)"
220.135.127.108 - - [24/Nov/2024:10:25:44 +0800] "POST /wp-cron.php?doing_wp_cron=1732415144.0293900966644287109375 HTTP/1.1" 200 4050 "-" "WordPress/6.7.1; https://www.car32.tw"
140.238.59.22 - - [24/Nov/2024:10:25:42 +0800] "GET /feed/ HTTP/1.1" 200 6804 "https://www.car32.tw/feed/" "FreshRSS/1.24.3 (Linux; https://freshrss.org)"
192.0.82.55 - - [24/Nov/2024:10:25:52 +0800] "HEAD / HTTP/1.1" 200 4000 "-" "jetmon/1.0 (Jetpack Site Uptime Monitor by WordPress.com)"
220.135.127.108 - - [24/Nov/2024:10:26:53 +0800] "POST /wp-cron.php?doing_wp_cron=1732415213.1380610466003417968750 HTTP/1.1" 200 4050 "-" "WordPress/6.7.1; https://www.car32.tw"
3.133.109.251 - - [24/Nov/2024:10:26:51 +0800] "GET /wp-json/oembed/1.0/embed?url=https%3A%2F%2Fwww.car32.tw%2F%25e6%25a9%259f%25e6%25b2%25b9%25e6%25b7%25b7%25e5%258a%25a0%25e8%25a1%258c%25e4%25b8%258d%25e8%25a1%258c%25ef%25bc%259f%2F HTTP/1.1" 200 6706 "-" "Mozilla/5.0 AppleWebKit/537.36 (KHTML, like Gecko; compatible; ClaudeBot/1.0; +claudebot@anthropic.com)"
17.241.227.199 - - [24/Nov/2024:10:27:50 +0800] "GET /tag/%E7%B6%AD%E4%BF%AE%E5%B7%A5%E5%96%AE/ HTTP/1.1" 200 17563 "-" "Mozilla/5.0 (Macintosh; Intel Mac OS X 10_15_7) AppleWebKit/605.1.15 (KHTML, like Gecko) Version/17.4 Safari/605.1.15 (Applebot/0.1; +http://www.apple.com/go/applebot)"
85.208.96.205 - - [24/Nov/2024:10:29:10 +0800] "GET /category/%E4%BF%9D%E9%A4%8A%E8%A7%80%E5%BF%B5/page/16/ HTTP/1.1" 200 18115 "-" "Mozilla/5.0 (compatible; SemrushBot/7~bl; +http://www.semrush.com/bot.html)"
220.135.127.108 - - [24/Nov/2024:10:30:31 +0800] "POST /wp-cron.php?doing_wp_cron=1732415431.2160060405731201171875 HTTP/1.1" 200 4050 "-" "WordPress/6.7.1; https://www.car32.tw"
185.191.171.16 - - [24/Nov/2024:10:30:28 +0800] "GET /tag/%E6%B2%B9%E9%9B%BB%E8%BB%8A/ HTTP/1.1" 200 26097 "-" "Mozilla/5.0 (compatible; SemrushBot/7~bl; +http://www.semrush.com/bot.html)"
192.0.82.55 - - [24/Nov/2024:10:30:52 +0800] "HEAD / HTTP/1.1" 200 4000 "-" "jetmon/1.0 (Jetpack Site Uptime Monitor by WordPress.com)"
220.135.127.108 - - [24/Nov/2024:10:35:58 +0800] "POST /wp-cron.php?doing_wp_cron=1732415758.3887150287628173828125 HTTP/1.1" 200 4050 "-" "WordPress/6.7.1; https://www.car32.tw"
192.0.82.55 - - [24/Nov/2024:10:35:51 +0800] "HEAD / HTTP/1.1" 200 4000 "-" "jetmon/1.0 (Jetpack Site Uptime Monitor by WordPress.com)"
40.77.167.116 - - [24/Nov/2024:10:37:44 +0800] "GET /wp-json/wp/v2/posts/654 HTTP/1.1" 200 8703 "-" "Mozilla/5.0 AppleWebKit/537.36 (KHTML, like Gecko; compatible; bingbot/2.0; +http://www.bing.com/bingbot.htm) Chrome/116.0.1938.76 Safari/537.36"
185.191.171.15 - - [24/Nov/2024:10:38:11 +0800] "GET /robots.txt HTTP/1.1" 200 4136 "-" "Mozilla/5.0 (compatible; SemrushBot/7~bl; +http://www.semrush.com/bot.html)"
185.191.171.2 - - [24/Nov/2024:10:38:15 +0800] "GET /page/20/?page=2 HTTP/1.1" 200 29188 "-" "Mozilla/5.0 (compatible; SemrushBot/7~bl; +http://www.semrush.com/bot.html)"
192.0.82.55 - - [24/Nov/2024:10:40:52 +0800] "HEAD / HTTP/1.1" 200 4000 "-" "jetmon/1.0 (Jetpack Site Uptime Monitor by WordPress.com)"
220.135.127.108 - - [24/Nov/2024:10:40:55 +0800] "POST /wp-cron.php?doing_wp_cron=1732416055.4538810253143310546875 HTTP/1.1" 200 4050 "-" "WordPress/6.7.1; https://www.car32.tw"
220.135.127.108 - - [24/Nov/2024:10:44:50 +0800] "POST /wp-cron.php?doing_wp_cron=1732416290.2528479099273681640625 HTTP/1.1" 200 4050 "-" "WordPress/6.7.1; https://www.car32.tw"
185.191.171.8 - - [24/Nov/2024:10:44:47 +0800] "GET /tag/%E7%A9%8D%E7%A2%B3/page/4/ HTTP/1.1" 200 34274 "-" "Mozilla/5.0 (compatible; SemrushBot/7~bl; +http://www.semrush.com/bot.html)"
220.135.127.108 - - [24/Nov/2024:10:45:58 +0800] "POST /wp-cron.php?doing_wp_cron=1732416356.7788650989532470703125 HTTP/1.1" 200 4050 "-" "WordPress/6.7.1; https://www.car32.tw"
192.0.82.55 - - [24/Nov/2024:10:45:52 +0800] "HEAD / HTTP/1.1" 200 4000 "-" "jetmon/1.0 (Jetpack Site Uptime Monitor by WordPress.com)"
192.0.82.55 - - [24/Nov/2024:10:47:14 +0800] "HEAD / HTTP/1.1" 200 4000 "-" "jetmon/1.0 (Jetpack Site Uptime Monitor by WordPress.com)"
95.217.165.68 - - [24/Nov/2024:10:48:29 +0800] "POST /xmlrpc.php HTTP/1.1" 200 4460 "-" "Mozilla/5.0 (Windows NT 10.0; Win64; x64; rv:60.0) Gecko/20100101 Firefox/60.0"
95.217.165.68 - - [24/Nov/2024:10:48:32 +0800] "POST /xmlrpc.php HTTP/1.1" 200 4460 "-" "Mozilla/5.0 (Windows NT 10.0; Win64; x64; rv:60.0) Gecko/20100101 Firefox/60.0"
172.105.55.242 - - [24/Nov/2024:10:48:32 +0800] "POST /xmlrpc.php HTTP/1.1" 200 4461 "-" "Mozilla/5.0 (Windows NT 6.1; Win64; x64) AppleWebKit/537.36 (KHTML, like Gecko) Chrome/60.0.3112.90 Safari/537.36"
172.105.55.242 - - [24/Nov/2024:10:48:36 +0800] "POST /xmlrpc.php HTTP/1.1" 200 4461 "-" "Mozilla/5.0 (Windows NT 6.1; Win64; x64) AppleWebKit/537.36 (KHTML, like Gecko) Chrome/60.0.3112.90 Safari/537.36"
146.190.51.156 - - [24/Nov/2024:10:48:40 +0800] "POST /xmlrpc.php HTTP/1.1" 200 4461 "-" "Mozilla/5.0 (Windows NT 10.0; Win64; x64; rv:60.0) Gecko/20100101 Firefox/60.0"
146.190.51.156 - - [24/Nov/2024:10:48:41 +0800] "POST /xmlrpc.php HTTP/1.1" 200 4461 "-" "Mozilla/5.0 (Windows NT 10.0; Win64; x64; rv:60.0) Gecko/20100101 Firefox/60.0"
123.51.222.48 - - [24/Nov/2024:10:48:45 +0800] "POST /xmlrpc.php HTTP/1.1" 200 4021 "-" "Mozilla/5.0 (Windows NT 10.0; Win64; x64; rv:60.0) Gecko/20100101 Firefox/60.0"
123.51.222.48 - - [24/Nov/2024:10:48:47 +0800] "POST /xmlrpc.php HTTP/1.1" 200 4021 "-" "Mozilla/5.0 (Windows NT 10.0; Win64; x64; rv:60.0) Gecko/20100101 Firefox/60.0"
3.66.87.251 - - [24/Nov/2024:10:48:53 +0800] "POST /xmlrpc.php HTTP/1.1" 200 4458 "-" "Mozilla/5.0 (Windows NT 6.1; WOW64; rv:47.0) Gecko/20100101 Firefox/47.0"
3.66.87.251 - - [24/Nov/2024:10:48:55 +0800] "POST /xmlrpc.php HTTP/1.1" 200 4458 "-" "Mozilla/5.0 (Windows NT 6.1; WOW64; rv:47.0) Gecko/20100101 Firefox/47.0"
156.244.79.2 - - [24/Nov/2024:10:49:05 +0800] "POST /xmlrpc.php HTTP/1.1" 200 4020 "-" "Mozilla/5.0 (Windows NT 6.3; Win64; x64; rv:73.0) Gecko/20100101 Firefox/73.0"
156.244.79.2 - - [24/Nov/2024:10:49:07 +0800] "POST /xmlrpc.php HTTP/1.1" 200 4020 "-" "Mozilla/5.0 (Windows NT 6.3; Win64; x64; rv:73.0) Gecko/20100101 Firefox/73.0"
198.54.114.117 - - [24/Nov/2024:10:49:07 +0800] "POST /xmlrpc.php HTTP/1.1" 200 4461 "-" "Mozilla/5.0 (Windows NT 6.1; WOW64; rv:41.0) Gecko/20100101 Firefox/41.0"
198.54.114.117 - - [24/Nov/2024:10:49:09 +0800] "POST /xmlrpc.php HTTP/1.1" 200 4461 "-" "Mozilla/5.0 (Windows NT 6.1; WOW64; rv:41.0) Gecko/20100101 Firefox/41.0"
