4.227.36.14 - - [23/Nov/2024:12:52:34 +0800] "GET /%e9%bb%83%e9%87%91%e7%b7%9a%e6%8f%9b%e5%ad%a3%e4%bf%9d%e9%a4%8a%e5%b0%8f%e6%95%99%e5%ae%a4/embed/ HTTP/1.1" 200 10975 "-" "Mozilla/5.0 AppleWebKit/537.36 (KHTML, like Gecko; compatible; GPTBot/1.2; +https://openai.com/gptbot)"
74.225.146.210 - - [23/Nov/2024:12:52:34 +0800] "GET /wp-admin/css/colors/ectoplasm/ HTTP/1.1" 301 613 "binance.com" "Mozilla/5.0 (Windows NT 10.0; Win64; x64) AppleWebKit/537.36 (KHTML, like Gecko) Chrome/90.0.4430.85 Safari/537.36"
74.225.146.210 - - [23/Nov/2024:12:52:38 +0800] "GET /wp-admin/css/colors/ectoplasm/ HTTP/1.1" 200 3889 "binance.com" "Mozilla/5.0 (Windows NT 10.0; Win64; x64) AppleWebKit/537.36 (KHTML, like Gecko) Chrome/90.0.4430.85 Safari/537.36"
74.225.146.210 - - [23/Nov/2024:12:52:42 +0800] "GET /wp-admin/css/colors/light/ HTTP/1.1" 301 605 "binance.com" "Mozilla/5.0 (Windows NT 10.0; Win64; x64) AppleWebKit/537.36 (KHTML, like Gecko) Chrome/90.0.4430.85 Safari/537.36"
74.225.146.210 - - [23/Nov/2024:12:52:45 +0800] "GET /wp-admin/css/colors/light/ HTTP/1.1" 200 3887 "binance.com" "Mozilla/5.0 (Windows NT 10.0; Win64; x64) AppleWebKit/537.36 (KHTML, like Gecko) Chrome/90.0.4430.85 Safari/537.36"
74.225.146.210 - - [23/Nov/2024:12:52:49 +0800] "GET /wp-admin/css/colors/midnight/ HTTP/1.1" 301 611 "binance.com" "Mozilla/5.0 (Windows NT 10.0; Win64; x64) AppleWebKit/537.36 (KHTML, like Gecko) Chrome/90.0.4430.85 Safari/537.36"
74.225.146.210 - - [23/Nov/2024:12:52:54 +0800] "GET /wp-admin/css/colors/midnight/ HTTP/1.1" 200 3889 "binance.com" "Mozilla/5.0 (Windows NT 10.0; Win64; x64) AppleWebKit/537.36 (KHTML, like Gecko) Chrome/90.0.4430.85 Safari/537.36"
74.225.146.210 - - [23/Nov/2024:12:52:59 +0800] "GET /wp-admin/css/colors/modern/ HTTP/1.1" 301 607 "binance.com" "Mozilla/5.0 (Windows NT 10.0; Win64; x64) AppleWebKit/537.36 (KHTML, like Gecko) Chrome/90.0.4430.85 Safari/537.36"
74.225.146.210 - - [23/Nov/2024:12:53:04 +0800] "GET /wp-admin/css/colors/modern/ HTTP/1.1" 200 3888 "binance.com" "Mozilla/5.0 (Windows NT 10.0; Win64; x64) AppleWebKit/537.36 (KHTML, like Gecko) Chrome/90.0.4430.85 Safari/537.36"
74.225.146.210 - - [23/Nov/2024:12:53:06 +0800] "GET /wp-admin/css/colors/ocean/ HTTP/1.1" 301 605 "binance.com" "Mozilla/5.0 (Windows NT 10.0; Win64; x64) AppleWebKit/537.36 (KHTML, like Gecko) Chrome/90.0.4430.85 Safari/537.36"
74.225.146.210 - - [23/Nov/2024:12:53:10 +0800] "GET /wp-admin/css/colors/ocean/ HTTP/1.1" 200 3888 "binance.com" "Mozilla/5.0 (Windows NT 10.0; Win64; x64) AppleWebKit/537.36 (KHTML, like Gecko) Chrome/90.0.4430.85 Safari/537.36"
74.225.146.210 - - [23/Nov/2024:12:53:13 +0800] "GET /wp-admin/css/colors/sunrise/%20 HTTP/1.1" 301 611 "binance.com" "Mozilla/5.0 (Windows NT 10.0; Win64; x64) AppleWebKit/537.36 (KHTML, like Gecko) Chrome/90.0.4430.85 Safari/537.36"
74.225.146.210 - - [23/Nov/2024:12:53:17 +0800] "GET /wp-admin/css/colors/sunrise/ HTTP/1.1" 200 3888 "binance.com" "Mozilla/5.0 (Windows NT 10.0; Win64; x64) AppleWebKit/537.36 (KHTML, like Gecko) Chrome/90.0.4430.85 Safari/537.36"
74.225.146.210 - - [23/Nov/2024:12:53:21 +0800] "GET /wp-admin/images/ HTTP/1.1" 301 585 "binance.com" "Mozilla/5.0 (Windows NT 10.0; Win64; x64) AppleWebKit/537.36 (KHTML, like Gecko) Chrome/90.0.4430.85 Safari/537.36"
74.225.146.210 - - [23/Nov/2024:12:53:26 +0800] "GET /wp-admin/images/ HTTP/1.1" 200 4931 "binance.com" "Mozilla/5.0 (Windows NT 10.0; Win64; x64) AppleWebKit/537.36 (KHTML, like Gecko) Chrome/90.0.4430.85 Safari/537.36"
74.225.146.210 - - [23/Nov/2024:12:53:29 +0800] "GET /wp-admin/js/ HTTP/1.1" 301 577 "binance.com" "Mozilla/5.0 (Windows NT 10.0; Win64; x64) AppleWebKit/537.36 (KHTML, like Gecko) Chrome/90.0.4430.85 Safari/537.36"
74.225.146.210 - - [23/Nov/2024:12:53:33 +0800] "GET /wp-admin/js/ HTTP/1.1" 200 5364 "binance.com" "Mozilla/5.0 (Windows NT 10.0; Win64; x64) AppleWebKit/537.36 (KHTML, like Gecko) Chrome/90.0.4430.85 Safari/537.36"
74.225.146.210 - - [23/Nov/2024:12:53:36 +0800] "GET /wp-admin/js/widgets/ HTTP/1.1" 301 593 "binance.com" "Mozilla/5.0 (Windows NT 10.0; Win64; x64) AppleWebKit/537.36 (KHTML, like Gecko) Chrome/90.0.4430.85 Safari/537.36"
74.225.146.210 - - [23/Nov/2024:12:53:39 +0800] "GET /wp-admin/js/widgets/ HTTP/1.1" 200 4071 "binance.com" "Mozilla/5.0 (Windows NT 10.0; Win64; x64) AppleWebKit/537.36 (KHTML, like Gecko) Chrome/90.0.4430.85 Safari/537.36"
74.225.146.210 - - [23/Nov/2024:12:53:43 +0800] "GET /wp-includes/ HTTP/1.1" 301 577 "binance.com" "Mozilla/5.0 (Windows NT 10.0; Win64; x64) AppleWebKit/537.36 (KHTML, like Gecko) Chrome/90.0.4430.85 Safari/537.36"
74.225.146.210 - - [23/Nov/2024:12:53:48 +0800] "GET /wp-includes/ HTTP/1.1" 200 7990 "binance.com" "Mozilla/5.0 (Windows NT 10.0; Win64; x64) AppleWebKit/537.36 (KHTML, like Gecko) Chrome/90.0.4430.85 Safari/537.36"
74.225.146.210 - - [23/Nov/2024:12:53:52 +0800] "GET /wp-includes/ HTTP/1.1" 301 577 "binance.com" "Mozilla/5.0 (Windows NT 10.0; Win64; x64) AppleWebKit/537.36 (KHTML, like Gecko) Chrome/90.0.4430.85 Safari/537.36"
74.225.146.210 - - [23/Nov/2024:12:53:55 +0800] "GET /wp-includes/ HTTP/1.1" 200 7990 "binance.com" "Mozilla/5.0 (Windows NT 10.0; Win64; x64) AppleWebKit/537.36 (KHTML, like Gecko) Chrome/90.0.4430.85 Safari/537.36"
14.155.230.155 - - [23/Nov/2024:12:53:55 +0800] "GET /robots.txt HTTP/1.1" 200 4136 "-" "Mozilla/5.0 (Windows NT 10.0; Win64; x64) AppleWebKit/537.36 (KHTML, like Gecko) Chrome/54.0.2702.47 Safari/537.36"
74.225.146.210 - - [23/Nov/2024:12:54:00 +0800] "GET /wp-includes/block-bindings.php HTTP/1.1" 301 613 "binance.com" "Mozilla/5.0 (Windows NT 10.0; Win64; x64) AppleWebKit/537.36 (KHTML, like Gecko) Chrome/90.0.4430.85 Safari/537.36"
74.225.146.210 - - [23/Nov/2024:12:54:04 +0800] "GET /wp-includes/block-bindings.php HTTP/1.1" 200 3317 "binance.com" "Mozilla/5.0 (Windows NT 10.0; Win64; x64) AppleWebKit/537.36 (KHTML, like Gecko) Chrome/90.0.4430.85 Safari/537.36"
74.225.146.210 - - [23/Nov/2024:12:54:07 +0800] "GET /wp-includes/block-editor.php HTTP/1.1" 301 609 "binance.com" "Mozilla/5.0 (Windows NT 10.0; Win64; x64) AppleWebKit/537.36 (KHTML, like Gecko) Chrome/90.0.4430.85 Safari/537.36"
74.225.146.210 - - [23/Nov/2024:12:54:11 +0800] "GET /wp-includes/block-editor.php HTTP/1.1" 200 3317 "binance.com" "Mozilla/5.0 (Windows NT 10.0; Win64; x64) AppleWebKit/537.36 (KHTML, like Gecko) Chrome/90.0.4430.85 Safari/537.36"
74.225.146.210 - - [23/Nov/2024:12:54:15 +0800] "GET /wp-includes/block-template-utils.php HTTP/1.1" 301 625 "binance.com" "Mozilla/5.0 (Windows NT 10.0; Win64; x64) AppleWebKit/537.36 (KHTML, like Gecko) Chrome/90.0.4430.85 Safari/537.36"
74.225.146.210 - - [23/Nov/2024:12:54:19 +0800] "GET /wp-includes/block-template-utils.php HTTP/1.1" 200 3317 "binance.com" "Mozilla/5.0 (Windows NT 10.0; Win64; x64) AppleWebKit/537.36 (KHTML, like Gecko) Chrome/90.0.4430.85 Safari/537.36"
74.225.146.210 - - [23/Nov/2024:12:54:23 +0800] "GET /wp-includes/block-template.php HTTP/1.1" 301 613 "binance.com" "Mozilla/5.0 (Windows NT 10.0; Win64; x64) AppleWebKit/537.36 (KHTML, like Gecko) Chrome/90.0.4430.85 Safari/537.36"
74.225.146.210 - - [23/Nov/2024:12:54:28 +0800] "GET /wp-includes/block-template.php HTTP/1.1" 200 3317 "binance.com" "Mozilla/5.0 (Windows NT 10.0; Win64; x64) AppleWebKit/537.36 (KHTML, like Gecko) Chrome/90.0.4430.85 Safari/537.36"
74.225.146.210 - - [23/Nov/2024:12:54:43 +0800] "GET /wp-includes/class-avif-info.php HTTP/1.1" 301 615 "binance.com" "Mozilla/5.0 (Windows NT 10.0; Win64; x64) AppleWebKit/537.36 (KHTML, like Gecko) Chrome/90.0.4430.85 Safari/537.36"
220.135.127.108 - - [23/Nov/2024:12:54:45 +0800] "POST /wp-cron.php?doing_wp_cron=1732337685.4872839450836181640625 HTTP/1.1" 200 4050 "-" "WordPress/6.7.1; https://www.car32.tw"
4.227.36.14 - - [23/Nov/2024:12:54:45 +0800] "GET /%e9%bb%83%e9%87%91%e7%b7%9a%e6%8f%9b%e5%ad%a3%e4%bf%9d%e9%a4%8a%e5%b0%8f%e6%95%99%e5%ae%a4/embed/ HTTP/1.1" 200 10971 "-" "Mozilla/5.0 AppleWebKit/537.36 (KHTML, like Gecko; compatible; GPTBot/1.2; +https://openai.com/gptbot)"
74.225.146.210 - - [23/Nov/2024:12:54:48 +0800] "GET /wp-includes/class-avif-info.php HTTP/1.1" 200 3317 "binance.com" "Mozilla/5.0 (Windows NT 10.0; Win64; x64) AppleWebKit/537.36 (KHTML, like Gecko) Chrome/90.0.4430.85 Safari/537.36"
74.225.146.210 - - [23/Nov/2024:12:54:54 +0800] "GET /wp-includes/class-wp-block-bindings-registry.php HTTP/1.1" 301 649 "binance.com" "Mozilla/5.0 (Windows NT 10.0; Win64; x64) AppleWebKit/537.36 (KHTML, like Gecko) Chrome/90.0.4430.85 Safari/537.36"
74.225.146.210 - - [23/Nov/2024:12:54:59 +0800] "GET /wp-includes/class-wp-block-bindings-registry.php HTTP/1.1" 200 3317 "binance.com" "Mozilla/5.0 (Windows NT 10.0; Win64; x64) AppleWebKit/537.36 (KHTML, like Gecko) Chrome/90.0.4430.85 Safari/537.36"
74.225.146.210 - - [23/Nov/2024:12:55:02 +0800] "GET /wp-includes/class-wp-block-bindings-source.php HTTP/1.1" 301 645 "binance.com" "Mozilla/5.0 (Windows NT 10.0; Win64; x64) AppleWebKit/537.36 (KHTML, like Gecko) Chrome/90.0.4430.85 Safari/537.36"
74.225.146.210 - - [23/Nov/2024:12:55:05 +0800] "GET /wp-includes/class-wp-block-bindings-source.php HTTP/1.1" 200 3317 "binance.com" "Mozilla/5.0 (Windows NT 10.0; Win64; x64) AppleWebKit/537.36 (KHTML, like Gecko) Chrome/90.0.4430.85 Safari/537.36"
74.225.146.210 - - [23/Nov/2024:12:55:08 +0800] "GET /wp-includes/class-wp-block-editor-context.php HTTP/1.1" 301 643 "binance.com" "Mozilla/5.0 (Windows NT 10.0; Win64; x64) AppleWebKit/537.36 (KHTML, like Gecko) Chrome/90.0.4430.85 Safari/537.36"
74.225.146.210 - - [23/Nov/2024:12:55:12 +0800] "GET /wp-includes/class-wp-block-editor-context.php HTTP/1.1" 200 3317 "binance.com" "Mozilla/5.0 (Windows NT 10.0; Win64; x64) AppleWebKit/537.36 (KHTML, like Gecko) Chrome/90.0.4430.85 Safari/537.36"
74.225.146.210 - - [23/Nov/2024:12:55:27 +0800] "GET /wp-includes/class-wp-block-metadata-registry.php HTTP/1.1" 301 649 "binance.com" "Mozilla/5.0 (Windows NT 10.0; Win64; x64) AppleWebKit/537.36 (KHTML, like Gecko) Chrome/90.0.4430.85 Safari/537.36"
74.225.146.210 - - [23/Nov/2024:12:55:32 +0800] "GET /wp-includes/class-wp-block-metadata-registry.php HTTP/1.1" 200 3317 "binance.com" "Mozilla/5.0 (Windows NT 10.0; Win64; x64) AppleWebKit/537.36 (KHTML, like Gecko) Chrome/90.0.4430.85 Safari/537.36"
74.225.146.210 - - [23/Nov/2024:12:55:35 +0800] "GET /wp-includes/class-wp-block-parser-block.php HTTP/1.1" 301 639 "binance.com" "Mozilla/5.0 (Windows NT 10.0; Win64; x64) AppleWebKit/537.36 (KHTML, like Gecko) Chrome/90.0.4430.85 Safari/537.36"
74.225.146.210 - - [23/Nov/2024:12:55:39 +0800] "GET /wp-includes/class-wp-block-parser-block.php HTTP/1.1" 200 3317 "binance.com" "Mozilla/5.0 (Windows NT 10.0; Win64; x64) AppleWebKit/537.36 (KHTML, like Gecko) Chrome/90.0.4430.85 Safari/537.36"
74.225.146.210 - - [23/Nov/2024:12:55:42 +0800] "GET /wp-includes/class-wp-block-parser-frame.php HTTP/1.1" 301 639 "binance.com" "Mozilla/5.0 (Windows NT 10.0; Win64; x64) AppleWebKit/537.36 (KHTML, like Gecko) Chrome/90.0.4430.85 Safari/537.36"
74.225.146.210 - - [23/Nov/2024:12:55:46 +0800] "GET /wp-includes/class-wp-block-parser-frame.php HTTP/1.1" 200 3317 "binance.com" "Mozilla/5.0 (Windows NT 10.0; Win64; x64) AppleWebKit/537.36 (KHTML, like Gecko) Chrome/90.0.4430.85 Safari/537.36"
220.135.127.108 - - [23/Nov/2024:12:55:46 +0800] "POST /wp-cron.php?doing_wp_cron=1732337746.2459030151367187500000 HTTP/1.1" 200 4050 "-" "WordPress/6.7.1; https://www.car32.tw"
52.167.144.226 - - [23/Nov/2024:12:55:45 +0800] "GET /%E9%BB%83%E9%87%91%E7%B7%9A%E6%8F%9B%E5%AD%A3%E4%BF%9D%E9%A4%8A%E5%B0%8F%E6%95%99%E5%AE%A4/?share=jetpack-whatsapp HTTP/1.1" 302 4448 "-" "Mozilla/5.0 AppleWebKit/537.36 (KHTML, like Gecko; compatible; bingbot/2.0; +http://www.bing.com/bingbot.htm) Chrome/116.0.1938.76 Safari/537.36"
192.0.82.55 - - [23/Nov/2024:12:55:48 +0800] "HEAD / HTTP/1.1" 200 4000 "-" "jetmon/1.0 (Jetpack Site Uptime Monitor by WordPress.com)"
74.225.146.210 - - [23/Nov/2024:12:55:48 +0800] "GET /wp-includes/class-wp-block-template.php HTTP/1.1" 301 631 "binance.com" "Mozilla/5.0 (Windows NT 10.0; Win64; x64) AppleWebKit/537.36 (KHTML, like Gecko) Chrome/90.0.4430.85 Safari/537.36"
74.225.146.210 - - [23/Nov/2024:12:55:53 +0800] "GET /wp-includes/class-wp-block-template.php HTTP/1.1" 200 3317 "binance.com" "Mozilla/5.0 (Windows NT 10.0; Win64; x64) AppleWebKit/537.36 (KHTML, like Gecko) Chrome/90.0.4430.85 Safari/537.36"
74.225.146.210 - - [23/Nov/2024:12:55:59 +0800] "GET /wp-includes/class-wp-block-templates-registry.php HTTP/1.1" 301 651 "binance.com" "Mozilla/5.0 (Windows NT 10.0; Win64; x64) AppleWebKit/537.36 (KHTML, like Gecko) Chrome/90.0.4430.85 Safari/537.36"
74.225.146.210 - - [23/Nov/2024:12:56:04 +0800] "GET /wp-includes/class-wp-block-templates-registry.php HTTP/1.1" 200 3317 "binance.com" "Mozilla/5.0 (Windows NT 10.0; Win64; x64) AppleWebKit/537.36 (KHTML, like Gecko) Chrome/90.0.4430.85 Safari/537.36"
74.225.146.210 - - [23/Nov/2024:12:56:08 +0800] "GET /wp-includes/class-wp-classic-to-block-menu-converter.php HTTP/1.1" 301 665 "binance.com" "Mozilla/5.0 (Windows NT 10.0; Win64; x64) AppleWebKit/537.36 (KHTML, like Gecko) Chrome/90.0.4430.85 Safari/537.36"
74.225.146.210 - - [23/Nov/2024:12:56:12 +0800] "GET /wp-includes/class-wp-classic-to-block-menu-converter.php HTTP/1.1" 200 3317 "binance.com" "Mozilla/5.0 (Windows NT 10.0; Win64; x64) AppleWebKit/537.36 (KHTML, like Gecko) Chrome/90.0.4430.85 Safari/537.36"
74.225.146.210 - - [23/Nov/2024:12:56:16 +0800] "GET /wp-includes/class-wp-dependencies.php HTTP/1.1" 301 627 "binance.com" "Mozilla/5.0 (Windows NT 10.0; Win64; x64) AppleWebKit/537.36 (KHTML, like Gecko) Chrome/90.0.4430.85 Safari/537.36"
74.225.146.210 - - [23/Nov/2024:12:56:21 +0800] "GET /wp-includes/class-wp-dependencies.php HTTP/1.1" 200 3317 "binance.com" "Mozilla/5.0 (Windows NT 10.0; Win64; x64) AppleWebKit/537.36 (KHTML, like Gecko) Chrome/90.0.4430.85 Safari/537.36"
74.225.146.210 - - [23/Nov/2024:12:56:24 +0800] "GET /wp-includes/class-wp-duotone.php HTTP/1.1" 301 617 "binance.com" "Mozilla/5.0 (Windows NT 10.0; Win64; x64) AppleWebKit/537.36 (KHTML, like Gecko) Chrome/90.0.4430.85 Safari/537.36"
74.225.146.210 - - [23/Nov/2024:12:56:28 +0800] "GET /wp-includes/class-wp-duotone.php HTTP/1.1" 200 3317 "binance.com" "Mozilla/5.0 (Windows NT 10.0; Win64; x64) AppleWebKit/537.36 (KHTML, like Gecko) Chrome/90.0.4430.85 Safari/537.36"
74.225.146.210 - - [23/Nov/2024:12:56:32 +0800] "GET /wp-includes/class-wp-exception.php HTTP/1.1" 301 621 "binance.com" "Mozilla/5.0 (Windows NT 10.0; Win64; x64) AppleWebKit/537.36 (KHTML, like Gecko) Chrome/90.0.4430.85 Safari/537.36"
74.225.146.210 - - [23/Nov/2024:12:56:37 +0800] "GET /wp-includes/class-wp-exception.php HTTP/1.1" 200 3317 "binance.com" "Mozilla/5.0 (Windows NT 10.0; Win64; x64) AppleWebKit/537.36 (KHTML, like Gecko) Chrome/90.0.4430.85 Safari/537.36"
74.225.146.210 - - [23/Nov/2024:12:56:42 +0800] "GET /wp-includes/class-wp-http.php HTTP/1.1" 301 611 "binance.com" "Mozilla/5.0 (Windows NT 10.0; Win64; x64) AppleWebKit/537.36 (KHTML, like Gecko) Chrome/90.0.4430.85 Safari/537.36"
74.225.146.210 - - [23/Nov/2024:12:56:47 +0800] "GET /wp-includes/class-wp-http.php HTTP/1.1" 500 3299 "binance.com" "Mozilla/5.0 (Windows NT 10.0; Win64; x64) AppleWebKit/537.36 (KHTML, like Gecko) Chrome/90.0.4430.85 Safari/537.36"
74.225.146.210 - - [23/Nov/2024:12:56:53 +0800] "GET /wp-includes/class-wp-navigation-fallback.php HTTP/1.1" 301 641 "binance.com" "Mozilla/5.0 (Windows NT 10.0; Win64; x64) AppleWebKit/537.36 (KHTML, like Gecko) Chrome/90.0.4430.85 Safari/537.36"
74.225.146.210 - - [23/Nov/2024:12:56:57 +0800] "GET /wp-includes/class-wp-navigation-fallback.php HTTP/1.1" 200 3317 "binance.com" "Mozilla/5.0 (Windows NT 10.0; Win64; x64) AppleWebKit/537.36 (KHTML, like Gecko) Chrome/90.0.4430.85 Safari/537.36"
74.225.146.210 - - [23/Nov/2024:12:57:02 +0800] "GET /wp-includes/class-wp-plugin-dependencies.php HTTP/1.1" 301 641 "binance.com" "Mozilla/5.0 (Windows NT 10.0; Win64; x64) AppleWebKit/537.36 (KHTML, like Gecko) Chrome/90.0.4430.85 Safari/537.36"
74.225.146.210 - - [23/Nov/2024:12:57:07 +0800] "GET /wp-includes/class-wp-plugin-dependencies.php HTTP/1.1" 200 3317 "binance.com" "Mozilla/5.0 (Windows NT 10.0; Win64; x64) AppleWebKit/537.36 (KHTML, like Gecko) Chrome/90.0.4430.85 Safari/537.36"
74.225.146.210 - - [23/Nov/2024:12:57:10 +0800] "GET /wp-includes/class-wp-script-modules.php HTTP/1.1" 301 631 "binance.com" "Mozilla/5.0 (Windows NT 10.0; Win64; x64) AppleWebKit/537.36 (KHTML, like Gecko) Chrome/90.0.4430.85 Safari/537.36"
74.225.146.210 - - [23/Nov/2024:12:57:16 +0800] "GET /wp-includes/class-wp-script-modules.php HTTP/1.1" 200 3317 "binance.com" "Mozilla/5.0 (Windows NT 10.0; Win64; x64) AppleWebKit/537.36 (KHTML, like Gecko) Chrome/90.0.4430.85 Safari/537.36"
4.227.36.14 - - [23/Nov/2024:12:57:20 +0800] "GET /tag/%E6%BC%8F%E6%B2%B9/ HTTP/1.1" 200 25922 "-" "Mozilla/5.0 AppleWebKit/537.36 (KHTML, like Gecko; compatible; GPTBot/1.2; +https://openai.com/gptbot)"
4.227.36.14 - - [23/Nov/2024:12:57:21 +0800] "GET /%e9%bb%83%e9%87%91%e7%b7%9a%e6%8f%9b%e5%ad%a3%e4%bf%9d%e9%a4%8a%e5%b0%8f%e6%95%99%e5%ae%a4/embed/ HTTP/1.1" 200 7232 "-" "Mozilla/5.0 AppleWebKit/537.36 (KHTML, like Gecko; compatible; GPTBot/1.2; +https://openai.com/gptbot)"
74.225.146.210 - - [23/Nov/2024:12:57:21 +0800] "GET /wp-includes/class-wp-scripts.php HTTP/1.1" 301 617 "binance.com" "Mozilla/5.0 (Windows NT 10.0; Win64; x64) AppleWebKit/537.36 (KHTML, like Gecko) Chrome/90.0.4430.85 Safari/537.36"
74.225.146.210 - - [23/Nov/2024:12:57:27 +0800] "GET /wp-includes/class-wp-scripts.php HTTP/1.1" 500 3299 "binance.com" "Mozilla/5.0 (Windows NT 10.0; Win64; x64) AppleWebKit/537.36 (KHTML, like Gecko) Chrome/90.0.4430.85 Safari/537.36"
74.225.146.210 - - [23/Nov/2024:12:57:32 +0800] "GET /wp-includes/class-wp-styles.php HTTP/1.1" 301 615 "binance.com" "Mozilla/5.0 (Windows NT 10.0; Win64; x64) AppleWebKit/537.36 (KHTML, like Gecko) Chrome/90.0.4430.85 Safari/537.36"
74.225.146.210 - - [23/Nov/2024:12:57:38 +0800] "GET /wp-includes/class-wp-styles.php HTTP/1.1" 500 3299 "binance.com" "Mozilla/5.0 (Windows NT 10.0; Win64; x64) AppleWebKit/537.36 (KHTML, like Gecko) Chrome/90.0.4430.85 Safari/537.36"
74.225.146.210 - - [23/Nov/2024:12:57:43 +0800] "GET /wp-includes/class-wp-textdomain-registry.php HTTP/1.1" 301 641 "binance.com" "Mozilla/5.0 (Windows NT 10.0; Win64; x64) AppleWebKit/537.36 (KHTML, like Gecko) Chrome/90.0.4430.85 Safari/537.36"
74.225.146.210 - - [23/Nov/2024:12:57:47 +0800] "GET /wp-includes/class-wp-textdomain-registry.php HTTP/1.1" 200 3317 "binance.com" "Mozilla/5.0 (Windows NT 10.0; Win64; x64) AppleWebKit/537.36 (KHTML, like Gecko) Chrome/90.0.4430.85 Safari/537.36"
74.225.146.210 - - [23/Nov/2024:12:57:52 +0800] "GET /wp-includes/class-wp-theme-json-data.php HTTP/1.1" 301 633 "binance.com" "Mozilla/5.0 (Windows NT 10.0; Win64; x64) AppleWebKit/537.36 (KHTML, like Gecko) Chrome/90.0.4430.85 Safari/537.36"
74.225.146.210 - - [23/Nov/2024:12:57:55 +0800] "GET /wp-includes/class-wp-theme-json-data.php HTTP/1.1" 200 3317 "binance.com" "Mozilla/5.0 (Windows NT 10.0; Win64; x64) AppleWebKit/537.36 (KHTML, like Gecko) Chrome/90.0.4430.85 Safari/537.36"
74.225.146.210 - - [23/Nov/2024:12:58:00 +0800] "GET /wp-includes/class-wp-theme-json-resolver.php HTTP/1.1" 301 641 "binance.com" "Mozilla/5.0 (Windows NT 10.0; Win64; x64) AppleWebKit/537.36 (KHTML, like Gecko) Chrome/90.0.4430.85 Safari/537.36"
74.225.146.210 - - [23/Nov/2024:12:58:03 +0800] "GET /wp-includes/class-wp-theme-json-resolver.php HTTP/1.1" 200 3317 "binance.com" "Mozilla/5.0 (Windows NT 10.0; Win64; x64) AppleWebKit/537.36 (KHTML, like Gecko) Chrome/90.0.4430.85 Safari/537.36"
74.225.146.210 - - [23/Nov/2024:12:58:08 +0800] "GET /wp-includes/class-wp-theme-json-schema.php HTTP/1.1" 301 637 "binance.com" "Mozilla/5.0 (Windows NT 10.0; Win64; x64) AppleWebKit/537.36 (KHTML, like Gecko) Chrome/90.0.4430.85 Safari/537.36"
74.225.146.210 - - [23/Nov/2024:12:58:12 +0800] "GET /wp-includes/class-wp-theme-json-schema.php HTTP/1.1" 200 3317 "binance.com" "Mozilla/5.0 (Windows NT 10.0; Win64; x64) AppleWebKit/537.36 (KHTML, like Gecko) Chrome/90.0.4430.85 Safari/537.36"
74.225.146.210 - - [23/Nov/2024:12:58:15 +0800] "GET /wp-includes/class-wp-theme-json.php HTTP/1.1" 301 623 "binance.com" "Mozilla/5.0 (Windows NT 10.0; Win64; x64) AppleWebKit/537.36 (KHTML, like Gecko) Chrome/90.0.4430.85 Safari/537.36"
74.225.146.210 - - [23/Nov/2024:12:58:18 +0800] "GET /wp-includes/class-wp-theme-json.php HTTP/1.1" 200 3317 "binance.com" "Mozilla/5.0 (Windows NT 10.0; Win64; x64) AppleWebKit/537.36 (KHTML, like Gecko) Chrome/90.0.4430.85 Safari/537.36"
74.225.146.210 - - [23/Nov/2024:12:58:22 +0800] "GET /wp-includes/class-wp-token-map.php HTTP/1.1" 301 621 "binance.com" "Mozilla/5.0 (Windows NT 10.0; Win64; x64) AppleWebKit/537.36 (KHTML, like Gecko) Chrome/90.0.4430.85 Safari/537.36"
74.225.146.210 - - [23/Nov/2024:12:58:37 +0800] "GET /wp-includes/class-wp-token-map.php HTTP/1.1" 200 3317 "binance.com" "Mozilla/5.0 (Windows NT 10.0; Win64; x64) AppleWebKit/537.36 (KHTML, like Gecko) Chrome/90.0.4430.85 Safari/537.36"
74.225.146.210 - - [23/Nov/2024:12:58:42 +0800] "GET /wp-includes/class-wpdb.php HTTP/1.1" 301 605 "binance.com" "Mozilla/5.0 (Windows NT 10.0; Win64; x64) AppleWebKit/537.36 (KHTML, like Gecko) Chrome/90.0.4430.85 Safari/537.36"
74.225.146.210 - - [23/Nov/2024:12:58:46 +0800] "GET /wp-includes/class-wpdb.php HTTP/1.1" 200 3317 "binance.com" "Mozilla/5.0 (Windows NT 10.0; Win64; x64) AppleWebKit/537.36 (KHTML, like Gecko) Chrome/90.0.4430.85 Safari/537.36"
66.249.82.204 - - [23/Nov/2024:12:58:48 +0800] "GET /.well-known/traffic-advice HTTP/1.1" 404 31463 "-" "Chrome Privacy Preserving Prefetch Proxy"
193.186.4.172 - - [23/Nov/2024:12:58:48 +0800] "GET /tag/%E6%A9%9F%E6%B2%B9%E5%A3%93%E5%8A%9B/ HTTP/1.1" 200 26700 "https://www.google.com/" "Mozilla/5.0 (Linux; Android 10; K) AppleWebKit/537.36 (KHTML, like Gecko) Chrome/128.0.0.0 Mobile Safari/537.36"
74.225.146.210 - - [23/Nov/2024:12:58:49 +0800] "GET /wp-includes/fonts.php HTTP/1.1" 301 595 "binance.com" "Mozilla/5.0 (Windows NT 10.0; Win64; x64) AppleWebKit/537.36 (KHTML, like Gecko) Chrome/90.0.4430.85 Safari/537.36"
74.225.146.210 - - [23/Nov/2024:12:58:54 +0800] "GET /wp-includes/fonts.php HTTP/1.1" 200 3317 "binance.com" "Mozilla/5.0 (Windows NT 10.0; Win64; x64) AppleWebKit/537.36 (KHTML, like Gecko) Chrome/90.0.4430.85 Safari/537.36"
74.225.146.210 - - [23/Nov/2024:12:59:10 +0800] "GET /wp-includes/global-styles-and-settings.php HTTP/1.1" 301 637 "binance.com" "Mozilla/5.0 (Windows NT 10.0; Win64; x64) AppleWebKit/537.36 (KHTML, like Gecko) Chrome/90.0.4430.85 Safari/537.36"
74.225.146.210 - - [23/Nov/2024:12:59:16 +0800] "GET /wp-includes/global-styles-and-settings.php HTTP/1.1" 200 3317 "binance.com" "Mozilla/5.0 (Windows NT 10.0; Win64; x64) AppleWebKit/537.36 (KHTML, like Gecko) Chrome/90.0.4430.85 Safari/537.36"
74.225.146.210 - - [23/Nov/2024:12:59:19 +0800] "GET /wp-includes/https-detection.php HTTP/1.1" 301 615 "binance.com" "Mozilla/5.0 (Windows NT 10.0; Win64; x64) AppleWebKit/537.36 (KHTML, like Gecko) Chrome/90.0.4430.85 Safari/537.36"
74.225.146.210 - - [23/Nov/2024:12:59:21 +0800] "GET /wp-includes/https-detection.php HTTP/1.1" 200 3317 "binance.com" "Mozilla/5.0 (Windows NT 10.0; Win64; x64) AppleWebKit/537.36 (KHTML, like Gecko) Chrome/90.0.4430.85 Safari/537.36"
74.225.146.210 - - [23/Nov/2024:12:59:24 +0800] "GET /wp-includes/https-migration.php HTTP/1.1" 301 615 "binance.com" "Mozilla/5.0 (Windows NT 10.0; Win64; x64) AppleWebKit/537.36 (KHTML, like Gecko) Chrome/90.0.4430.85 Safari/537.36"
74.225.146.210 - - [23/Nov/2024:12:59:27 +0800] "GET /wp-includes/https-migration.php HTTP/1.1" 200 3317 "binance.com" "Mozilla/5.0 (Windows NT 10.0; Win64; x64) AppleWebKit/537.36 (KHTML, like Gecko) Chrome/90.0.4430.85 Safari/537.36"
74.225.146.210 - - [23/Nov/2024:12:59:29 +0800] "GET /wp-includes/robots-template.php HTTP/1.1" 301 615 "binance.com" "Mozilla/5.0 (Windows NT 10.0; Win64; x64) AppleWebKit/537.36 (KHTML, like Gecko) Chrome/90.0.4430.85 Safari/537.36"
74.225.146.210 - - [23/Nov/2024:12:59:33 +0800] "GET /wp-includes/robots-template.php HTTP/1.1" 200 3317 "binance.com" "Mozilla/5.0 (Windows NT 10.0; Win64; x64) AppleWebKit/537.36 (KHTML, like Gecko) Chrome/90.0.4430.85 Safari/537.36"
220.135.127.108 - - [23/Nov/2024:12:59:33 +0800] "POST /wp-cron.php?doing_wp_cron=1732337973.3171639442443847656250 HTTP/1.1" 200 4050 "-" "WordPress/6.7.1; https://www.car32.tw"
4.227.36.14 - - [23/Nov/2024:12:59:33 +0800] "GET /tag/%E6%BC%8F%E6%B2%B9/page/2/ HTTP/1.1" 200 20999 "-" "Mozilla/5.0 AppleWebKit/537.36 (KHTML, like Gecko; compatible; GPTBot/1.2; +https://openai.com/gptbot)"
74.225.146.210 - - [23/Nov/2024:12:59:36 +0800] "GET /wp-includes/script-modules.php HTTP/1.1" 301 613 "binance.com" "Mozilla/5.0 (Windows NT 10.0; Win64; x64) AppleWebKit/537.36 (KHTML, like Gecko) Chrome/90.0.4430.85 Safari/537.36"
4.227.36.14 - - [23/Nov/2024:12:59:35 +0800] "GET /tag/%e6%bc%8f%e6%b2%b9/feed/ HTTP/1.1" 200 2314 "-" "Mozilla/5.0 AppleWebKit/537.36 (KHTML, like Gecko; compatible; GPTBot/1.2; +https://openai.com/gptbot)"
4.227.36.14 - - [23/Nov/2024:12:59:36 +0800] "GET /wp-json/wp/v2/tags/37 HTTP/1.1" 200 1122 "-" "Mozilla/5.0 AppleWebKit/537.36 (KHTML, like Gecko; compatible; GPTBot/1.2; +https://openai.com/gptbot)"
74.225.146.210 - - [23/Nov/2024:12:59:41 +0800] "GET /wp-includes/script-modules.php HTTP/1.1" 200 3317 "binance.com" "Mozilla/5.0 (Windows NT 10.0; Win64; x64) AppleWebKit/537.36 (KHTML, like Gecko) Chrome/90.0.4430.85 Safari/537.36"
74.225.146.210 - - [23/Nov/2024:12:59:48 +0800] "GET /wp-includes/style-engine.php HTTP/1.1" 301 609 "binance.com" "Mozilla/5.0 (Windows NT 10.0; Win64; x64) AppleWebKit/537.36 (KHTML, like Gecko) Chrome/90.0.4430.85 Safari/537.36"
4.227.36.14 - - [23/Nov/2024:12:59:48 +0800] "GET /%e9%bb%83%e9%87%91%e7%b7%9a%e6%8f%9b%e5%ad%a3%e4%bf%9d%e9%a4%8a%e5%b0%8f%e6%95%99%e5%ae%a4/embed/ HTTP/1.1" 200 10972 "-" "Mozilla/5.0 AppleWebKit/537.36 (KHTML, like Gecko; compatible; GPTBot/1.2; +https://openai.com/gptbot)"
74.225.146.210 - - [23/Nov/2024:12:59:54 +0800] "GET /wp-includes/style-engine.php HTTP/1.1" 200 3317 "binance.com" "Mozilla/5.0 (Windows NT 10.0; Win64; x64) AppleWebKit/537.36 (KHTML, like Gecko) Chrome/90.0.4430.85 Safari/537.36"
74.225.146.210 - - [23/Nov/2024:12:59:58 +0800] "GET /wp-includes/template-canvas.php HTTP/1.1" 301 615 "binance.com" "Mozilla/5.0 (Windows NT 10.0; Win64; x64) AppleWebKit/537.36 (KHTML, like Gecko) Chrome/90.0.4430.85 Safari/537.36"
74.225.146.210 - - [23/Nov/2024:13:00:02 +0800] "GET /wp-includes/template-canvas.php HTTP/1.1" 500 3299 "binance.com" "Mozilla/5.0 (Windows NT 10.0; Win64; x64) AppleWebKit/537.36 (KHTML, like Gecko) Chrome/90.0.4430.85 Safari/537.36"
74.225.146.210 - - [23/Nov/2024:13:00:04 +0800] "GET /wp-includes/theme-previews.php HTTP/1.1" 301 613 "binance.com" "Mozilla/5.0 (Windows NT 10.0; Win64; x64) AppleWebKit/537.36 (KHTML, like Gecko) Chrome/90.0.4430.85 Safari/537.36"
74.225.146.210 - - [23/Nov/2024:13:00:07 +0800] "GET /wp-includes/theme-previews.php HTTP/1.1" 200 3317 "binance.com" "Mozilla/5.0 (Windows NT 10.0; Win64; x64) AppleWebKit/537.36 (KHTML, like Gecko) Chrome/90.0.4430.85 Safari/537.36"
74.225.146.210 - - [23/Nov/2024:13:00:11 +0800] "GET /wp-includes/theme-templates.php HTTP/1.1" 301 615 "binance.com" "Mozilla/5.0 (Windows NT 10.0; Win64; x64) AppleWebKit/537.36 (KHTML, like Gecko) Chrome/90.0.4430.85 Safari/537.36"
74.225.146.210 - - [23/Nov/2024:13:00:15 +0800] "GET /wp-includes/theme-templates.php HTTP/1.1" 200 3317 "binance.com" "Mozilla/5.0 (Windows NT 10.0; Win64; x64) AppleWebKit/537.36 (KHTML, like Gecko) Chrome/90.0.4430.85 Safari/537.36"
74.225.146.210 - - [23/Nov/2024:13:00:17 +0800] "GET /wp-includes/ID3/ HTTP/1.1" 301 585 "binance.com" "Mozilla/5.0 (Windows NT 10.0; Win64; x64) AppleWebKit/537.36 (KHTML, like Gecko) Chrome/90.0.4430.85 Safari/537.36"
74.225.146.210 - - [23/Nov/2024:13:00:21 +0800] "GET /wp-includes/ID3/ HTTP/1.1" 200 4167 "binance.com" "Mozilla/5.0 (Windows NT 10.0; Win64; x64) AppleWebKit/537.36 (KHTML, like Gecko) Chrome/90.0.4430.85 Safari/537.36"
74.225.146.210 - - [23/Nov/2024:13:00:26 +0800] "GET /wp-includes/ID3/ HTTP/1.1" 301 585 "binance.com" "Mozilla/5.0 (Windows NT 10.0; Win64; x64) AppleWebKit/537.36 (KHTML, like Gecko) Chrome/90.0.4430.85 Safari/537.36"
4.227.36.14 - - [23/Nov/2024:13:00:29 +0800] "GET /%e9%bb%83%e9%87%91%e7%b7%9a%e6%8f%9b%e5%ad%a3%e4%bf%9d%e9%a4%8a%e5%b0%8f%e6%95%99%e5%ae%a4/embed/ HTTP/1.1" 200 10970 "-" "Mozilla/5.0 AppleWebKit/537.36 (KHTML, like Gecko; compatible; GPTBot/1.2; +https://openai.com/gptbot)"
74.225.146.210 - - [23/Nov/2024:13:00:31 +0800] "GET /wp-includes/ID3/ HTTP/1.1" 200 4167 "binance.com" "Mozilla/5.0 (Windows NT 10.0; Win64; x64) AppleWebKit/537.36 (KHTML, like Gecko) Chrome/90.0.4430.85 Safari/537.36"
74.225.146.210 - - [23/Nov/2024:13:00:38 +0800] "GET /wp-includes/IXR/ HTTP/1.1" 301 585 "binance.com" "Mozilla/5.0 (Windows NT 10.0; Win64; x64) AppleWebKit/537.36 (KHTML, like Gecko) Chrome/90.0.4430.85 Safari/537.36"
74.225.146.210 - - [23/Nov/2024:13:00:43 +0800] "GET /wp-includes/IXR/ HTTP/1.1" 200 4034 "binance.com" "Mozilla/5.0 (Windows NT 10.0; Win64; x64) AppleWebKit/537.36 (KHTML, like Gecko) Chrome/90.0.4430.85 Safari/537.36"
220.135.127.108 - - [23/Nov/2024:13:00:48 +0800] "POST /wp-cron.php?doing_wp_cron=1732338048.9196760654449462890625 HTTP/1.1" 200 4050 "-" "WordPress/6.7.1; https://www.car32.tw"
192.0.82.55 - - [23/Nov/2024:13:00:48 +0800] "HEAD / HTTP/1.1" 200 4000 "-" "jetmon/1.0 (Jetpack Site Uptime Monitor by WordPress.com)"
74.225.146.210 - - [23/Nov/2024:13:01:00 +0800] "GET /wp-includes/IXR/ HTTP/1.1" 301 585 "binance.com" "Mozilla/5.0 (Windows NT 10.0; Win64; x64) AppleWebKit/537.36 (KHTML, like Gecko) Chrome/90.0.4430.85 Safari/537.36"
74.225.146.210 - - [23/Nov/2024:13:01:07 +0800] "GET /wp-includes/IXR/ HTTP/1.1" 200 4034 "binance.com" "Mozilla/5.0 (Windows NT 10.0; Win64; x64) AppleWebKit/537.36 (KHTML, like Gecko) Chrome/90.0.4430.85 Safari/537.36"
74.225.146.210 - - [23/Nov/2024:13:01:13 +0800] "GET /wp-includes/PHPMailer/ HTTP/1.1" 301 597 "binance.com" "Mozilla/5.0 (Windows NT 10.0; Win64; x64) AppleWebKit/537.36 (KHTML, like Gecko) Chrome/90.0.4430.85 Safari/537.36"
74.225.146.210 - - [23/Nov/2024:13:01:18 +0800] "GET /wp-includes/PHPMailer/ HTTP/1.1" 200 3867 "binance.com" "Mozilla/5.0 (Windows NT 10.0; Win64; x64) AppleWebKit/537.36 (KHTML, like Gecko) Chrome/90.0.4430.85 Safari/537.36"
74.225.146.210 - - [23/Nov/2024:13:01:23 +0800] "GET /wp-includes/PHPMailer/ HTTP/1.1" 301 597 "binance.com" "Mozilla/5.0 (Windows NT 10.0; Win64; x64) AppleWebKit/537.36 (KHTML, like Gecko) Chrome/90.0.4430.85 Safari/537.36"
74.225.146.210 - - [23/Nov/2024:13:01:27 +0800] "GET /wp-includes/PHPMailer/ HTTP/1.1" 200 3867 "binance.com" "Mozilla/5.0 (Windows NT 10.0; Win64; x64) AppleWebKit/537.36 (KHTML, like Gecko) Chrome/90.0.4430.85 Safari/537.36"
74.225.146.210 - - [23/Nov/2024:13:01:32 +0800] "GET /wp-includes/Text/ HTTP/1.1" 301 587 "binance.com" "Mozilla/5.0 (Windows NT 10.0; Win64; x64) AppleWebKit/537.36 (KHTML, like Gecko) Chrome/90.0.4430.85 Safari/537.36"
4.227.36.14 - - [23/Nov/2024:13:01:43 +0800] "GET /%e9%bb%83%e9%87%91%e7%b7%9a%e6%8f%9b%e5%ad%a3%e4%bf%9d%e9%a4%8a%e5%b0%8f%e6%95%99%e5%ae%a4/embed/ HTTP/1.1" 200 10973 "-" "Mozilla/5.0 AppleWebKit/537.36 (KHTML, like Gecko; compatible; GPTBot/1.2; +https://openai.com/gptbot)"
74.225.146.210 - - [23/Nov/2024:13:01:48 +0800] "GET /wp-includes/Text/ HTTP/1.1" 200 3881 "binance.com" "Mozilla/5.0 (Windows NT 10.0; Win64; x64) AppleWebKit/537.36 (KHTML, like Gecko) Chrome/90.0.4430.85 Safari/537.36"
74.225.146.210 - - [23/Nov/2024:13:01:50 +0800] "GET /wp-includes/Text/ HTTP/1.1" 301 587 "binance.com" "Mozilla/5.0 (Windows NT 10.0; Win64; x64) AppleWebKit/537.36 (KHTML, like Gecko) Chrome/90.0.4430.85 Safari/537.36"
74.225.146.210 - - [23/Nov/2024:13:01:52 +0800] "GET /wp-includes/Text/ HTTP/1.1" 200 3881 "binance.com" "Mozilla/5.0 (Windows NT 10.0; Win64; x64) AppleWebKit/537.36 (KHTML, like Gecko) Chrome/90.0.4430.85 Safari/537.36"
74.225.146.210 - - [23/Nov/2024:13:01:57 +0800] "GET /wp-includes/Text/Diff/ HTTP/1.1" 301 597 "binance.com" "Mozilla/5.0 (Windows NT 10.0; Win64; x64) AppleWebKit/537.36 (KHTML, like Gecko) Chrome/90.0.4430.85 Safari/537.36"
74.225.146.210 - - [23/Nov/2024:13:02:00 +0800] "GET /wp-includes/Text/Diff/ HTTP/1.1" 200 3880 "binance.com" "Mozilla/5.0 (Windows NT 10.0; Win64; x64) AppleWebKit/537.36 (KHTML, like Gecko) Chrome/90.0.4430.85 Safari/537.36"
74.225.146.210 - - [23/Nov/2024:13:02:04 +0800] "GET /wp-includes/Text/Diff/ HTTP/1.1" 301 597 "binance.com" "Mozilla/5.0 (Windows NT 10.0; Win64; x64) AppleWebKit/537.36 (KHTML, like Gecko) Chrome/90.0.4430.85 Safari/537.36"
74.225.146.210 - - [23/Nov/2024:13:02:07 +0800] "GET /wp-includes/Text/Diff/ HTTP/1.1" 200 3880 "binance.com" "Mozilla/5.0 (Windows NT 10.0; Win64; x64) AppleWebKit/537.36 (KHTML, like Gecko) Chrome/90.0.4430.85 Safari/537.36"
74.225.146.210 - - [23/Nov/2024:13:02:12 +0800] "GET /wp-includes/Text/Diff/Engine/ HTTP/1.1" 301 611 "binance.com" "Mozilla/5.0 (Windows NT 10.0; Win64; x64) AppleWebKit/537.36 (KHTML, like Gecko) Chrome/90.0.4430.85 Safari/537.36"
74.225.146.210 - - [23/Nov/2024:13:02:16 +0800] "GET /wp-includes/Text/Diff/Engine/ HTTP/1.1" 200 3885 "binance.com" "Mozilla/5.0 (Windows NT 10.0; Win64; x64) AppleWebKit/537.36 (KHTML, like Gecko) Chrome/90.0.4430.85 Safari/537.36"
74.225.146.210 - - [23/Nov/2024:13:02:20 +0800] "GET /wp-includes/Text/Diff/Engine/ HTTP/1.1" 301 611 "binance.com" "Mozilla/5.0 (Windows NT 10.0; Win64; x64) AppleWebKit/537.36 (KHTML, like Gecko) Chrome/90.0.4430.85 Safari/537.36"
74.225.146.210 - - [23/Nov/2024:13:02:24 +0800] "GET /wp-includes/Text/Diff/Engine/ HTTP/1.1" 200 3885 "binance.com" "Mozilla/5.0 (Windows NT 10.0; Win64; x64) AppleWebKit/537.36 (KHTML, like Gecko) Chrome/90.0.4430.85 Safari/537.36"
74.225.146.210 - - [23/Nov/2024:13:02:29 +0800] "GET /wp-includes/Text/Diff/Renderer/ HTTP/1.1" 301 615 "binance.com" "Mozilla/5.0 (Windows NT 10.0; Win64; x64) AppleWebKit/537.36 (KHTML, like Gecko) Chrome/90.0.4430.85 Safari/537.36"
74.225.146.210 - - [23/Nov/2024:13:02:31 +0800] "GET /wp-includes/Text/Diff/Renderer/ HTTP/1.1" 200 3839 "binance.com" "Mozilla/5.0 (Windows NT 10.0; Win64; x64) AppleWebKit/537.36 (KHTML, like Gecko) Chrome/90.0.4430.85 Safari/537.36"
74.225.146.210 - - [23/Nov/2024:13:02:35 +0800] "GET /wp-includes/Text/Diff/Renderer/ HTTP/1.1" 301 615 "binance.com" "Mozilla/5.0 (Windows NT 10.0; Win64; x64) AppleWebKit/537.36 (KHTML, like Gecko) Chrome/90.0.4430.85 Safari/537.36"
74.225.146.210 - - [23/Nov/2024:13:02:40 +0800] "GET /wp-includes/Text/Diff/Renderer/ HTTP/1.1" 200 3839 "binance.com" "Mozilla/5.0 (Windows NT 10.0; Win64; x64) AppleWebKit/537.36 (KHTML, like Gecko) Chrome/90.0.4430.85 Safari/537.36"
74.225.146.210 - - [23/Nov/2024:13:02:45 +0800] "GET /wp-includes/blocks/ HTTP/1.1" 301 591 "binance.com" "Mozilla/5.0 (Windows NT 10.0; Win64; x64) AppleWebKit/537.36 (KHTML, like Gecko) Chrome/90.0.4430.85 Safari/537.36"
74.225.146.210 - - [23/Nov/2024:13:02:51 +0800] "GET /wp-includes/blocks/ HTTP/1.1" 200 3319 "binance.com" "Mozilla/5.0 (Windows NT 10.0; Win64; x64) AppleWebKit/537.36 (KHTML, like Gecko) Chrome/90.0.4430.85 Safari/537.36"
74.225.146.210 - - [23/Nov/2024:13:02:55 +0800] "GET /wp-includes/pomo/ HTTP/1.1" 301 587 "binance.com" "Mozilla/5.0 (Windows NT 10.0; Win64; x64) AppleWebKit/537.36 (KHTML, like Gecko) Chrome/90.0.4430.85 Safari/537.36"
74.225.146.210 - - [23/Nov/2024:13:02:58 +0800] "GET /wp-includes/pomo/ HTTP/1.1" 200 3929 "binance.com" "Mozilla/5.0 (Windows NT 10.0; Win64; x64) AppleWebKit/537.36 (KHTML, like Gecko) Chrome/90.0.4430.85 Safari/537.36"
180.217.218.163 - - [23/Nov/2024:13:03:07 +0800] "GET /tag/%E6%AD%A2%E6%BC%8F/ HTTP/1.1" 200 24163 "https://www.google.com/" "Mozilla/5.0 (Linux; Android 10; K) AppleWebKit/537.36 (KHTML, like Gecko) Chrome/131.0.0.0 Mobile Safari/537.36"
180.217.218.163 - - [23/Nov/2024:13:03:07 +0800] "GET /wp-content/themes/twentytwelve/fonts/font-open-sans.css?ver=20230328 HTTP/1.1" 200 1288 "https://www.car32.tw/tag/%E6%AD%A2%E6%BC%8F/" "Mozilla/5.0 (Linux; Android 10; K) AppleWebKit/537.36 (KHTML, like Gecko) Chrome/131.0.0.0 Mobile Safari/537.36"
180.217.218.163 - - [23/Nov/2024:13:03:07 +0800] "GET /wp-content/themes/twentytwelve/style.css?ver=20240716 HTTP/1.1" 200 8680 "https://www.car32.tw/tag/%E6%AD%A2%E6%BC%8F/" "Mozilla/5.0 (Linux; Android 10; K) AppleWebKit/537.36 (KHTML, like Gecko) Chrome/131.0.0.0 Mobile Safari/537.36"
180.217.218.163 - - [23/Nov/2024:13:03:07 +0800] "GET /wp-content/themes/twentytwelve/css/blocks.css?ver=20240603 HTTP/1.1" 200 2856 "https://www.car32.tw/tag/%E6%AD%A2%E6%BC%8F/" "Mozilla/5.0 (Linux; Android 10; K) AppleWebKit/537.36 (KHTML, like Gecko) Chrome/131.0.0.0 Mobile Safari/537.36"
180.217.218.163 - - [23/Nov/2024:13:03:08 +0800] "GET /wp-content/themes/twentytwelve/js/navigation.js?ver=20141205 HTTP/1.1" 200 1027 "https://www.car32.tw/tag/%E6%AD%A2%E6%BC%8F/" "Mozilla/5.0 (Linux; Android 10; K) AppleWebKit/537.36 (KHTML, like Gecko) Chrome/131.0.0.0 Mobile Safari/537.36"
180.217.218.163 - - [23/Nov/2024:13:03:08 +0800] "GET /wp-content/themes/twentytwelve/fonts/open-sans/open-sans-latin-400-normal.woff2?ver=34 HTTP/1.1" 200 17094 "https://www.car32.tw/wp-content/themes/twentytwelve/fonts/font-open-sans.css?ver=20230328" "Mozilla/5.0 (Linux; Android 10; K) AppleWebKit/537.36 (KHTML, like Gecko) Chrome/131.0.0.0 Mobile Safari/537.36"
180.217.218.163 - - [23/Nov/2024:13:03:08 +0800] "GET /wp-content/themes/twentytwelve/fonts/open-sans/open-sans-latin-700-normal.woff2?ver=34 HTTP/1.1" 200 17268 "https://www.car32.tw/wp-content/themes/twentytwelve/fonts/font-open-sans.css?ver=20230328" "Mozilla/5.0 (Linux; Android 10; K) AppleWebKit/537.36 (KHTML, like Gecko) Chrome/131.0.0.0 Mobile Safari/537.36"
180.217.218.163 - - [23/Nov/2024:13:03:08 +0800] "GET /download/IMG_1165.mp4 HTTP/1.1" 206 58346 "https://www.car32.tw/tag/%E6%AD%A2%E6%BC%8F/" "Mozilla/5.0 (Linux; Android 10; K) AppleWebKit/537.36 (KHTML, like Gecko) Chrome/131.0.0.0 Mobile Safari/537.36"
180.217.218.163 - - [23/Nov/2024:13:03:08 +0800] "GET /download/IMG_1165.mp4 HTTP/1.1" 206 210494 "https://www.car32.tw/tag/%E6%AD%A2%E6%BC%8F/" "Mozilla/5.0 (Linux; Android 10; K) AppleWebKit/537.36 (KHTML, like Gecko) Chrome/131.0.0.0 Mobile Safari/537.36"
180.217.218.163 - - [23/Nov/2024:13:03:08 +0800] "GET /download/IMG_1165.mp4 HTTP/1.1" 206 928404 "https://www.car32.tw/tag/%E6%AD%A2%E6%BC%8F/" "Mozilla/5.0 (Linux; Android 10; K) AppleWebKit/537.36 (KHTML, like Gecko) Chrome/131.0.0.0 Mobile Safari/537.36"
180.217.218.163 - - [23/Nov/2024:13:03:08 +0800] "POST /?ob=open-bridge/events HTTP/1.1" 200 520 "https://www.car32.tw/tag/%E6%AD%A2%E6%BC%8F/" "Mozilla/5.0 (Linux; Android 10; K) AppleWebKit/537.36 (KHTML, like Gecko) Chrome/131.0.0.0 Mobile Safari/537.36"
74.225.146.210 - - [23/Nov/2024:13:03:13 +0800] "GET /wp-includes/pomo/ HTTP/1.1" 301 587 "binance.com" "Mozilla/5.0 (Windows NT 10.0; Win64; x64) AppleWebKit/537.36 (KHTML, like Gecko) Chrome/90.0.4430.85 Safari/537.36"
74.225.146.210 - - [23/Nov/2024:13:03:17 +0800] "GET /wp-includes/pomo/ HTTP/1.1" 200 3929 "binance.com" "Mozilla/5.0 (Windows NT 10.0; Win64; x64) AppleWebKit/537.36 (KHTML, like Gecko) Chrome/90.0.4430.85 Safari/537.36"
74.225.146.210 - - [23/Nov/2024:13:03:21 +0800] "GET /wp-includes/sitemaps/ HTTP/1.1" 301 595 "binance.com" "Mozilla/5.0 (Windows NT 10.0; Win64; x64) AppleWebKit/537.36 (KHTML, like Gecko) Chrome/90.0.4430.85 Safari/537.36"
4.227.36.14 - - [23/Nov/2024:13:03:24 +0800] "GET /%e9%bb%83%e9%87%91%e7%b7%9a%e6%8f%9b%e5%ad%a3%e4%bf%9d%e9%a4%8a%e5%b0%8f%e6%95%99%e5%ae%a4/embed/ HTTP/1.1" 200 10976 "-" "Mozilla/5.0 AppleWebKit/537.36 (KHTML, like Gecko; compatible; GPTBot/1.2; +https://openai.com/gptbot)"
74.225.146.210 - - [23/Nov/2024:13:03:28 +0800] "GET /wp-includes/sitemaps/ HTTP/1.1" 200 3984 "binance.com" "Mozilla/5.0 (Windows NT 10.0; Win64; x64) AppleWebKit/537.36 (KHTML, like Gecko) Chrome/90.0.4430.85 Safari/537.36"
74.225.146.210 - - [23/Nov/2024:13:03:31 +0800] "GET /wp-includes/sitemaps/ HTTP/1.1" 301 595 "binance.com" "Mozilla/5.0 (Windows NT 10.0; Win64; x64) AppleWebKit/537.36 (KHTML, like Gecko) Chrome/90.0.4430.85 Safari/537.36"
74.225.146.210 - - [23/Nov/2024:13:03:36 +0800] "GET /wp-includes/sitemaps/ HTTP/1.1" 200 3984 "binance.com" "Mozilla/5.0 (Windows NT 10.0; Win64; x64) AppleWebKit/537.36 (KHTML, like Gecko) Chrome/90.0.4430.85 Safari/537.36"
74.225.146.210 - - [23/Nov/2024:13:03:41 +0800] "GET /wp-includes/sitemaps/providers/ HTTP/1.1" 301 615 "binance.com" "Mozilla/5.0 (Windows NT 10.0; Win64; x64) AppleWebKit/537.36 (KHTML, like Gecko) Chrome/90.0.4430.85 Safari/537.36"
66.249.71.135 - - [23/Nov/2024:13:03:43 +0800] "GET /dpf-gpf- HTTP/1.1" 301 4204 "-" "Mozilla/5.0 (Linux; Android 6.0.1; Nexus 5X Build/MMB29P) AppleWebKit/537.36 (KHTML, like Gecko) Chrome/131.0.6778.69 Mobile Safari/537.36 (compatible; Googlebot/2.1; +http://www.google.com/bot.html)"
66.249.71.134 - - [23/Nov/2024:13:03:51 +0800] "GET /dpf-gpf-%E4%BD%A0%E9%9C%80%E8%A6%81%E7%95%A5%E7%9F%A5%E7%9A%84%E4%B8%89%E5%85%A9%E4%BA%8B/ HTTP/1.1" 200 34935 "-" "Mozilla/5.0 (Linux; Android 6.0.1; Nexus 5X Build/MMB29P) AppleWebKit/537.36 (KHTML, like Gecko) Chrome/131.0.6778.69 Mobile Safari/537.36 (compatible; Googlebot/2.1; +http://www.google.com/bot.html)"
74.225.146.210 - - [23/Nov/2024:13:03:57 +0800] "GET /wp-includes/sitemaps/providers/ HTTP/1.1" 200 3894 "binance.com" "Mozilla/5.0 (Windows NT 10.0; Win64; x64) AppleWebKit/537.36 (KHTML, like Gecko) Chrome/90.0.4430.85 Safari/537.36"
66.249.77.134 - - [23/Nov/2024:13:03:59 +0800] "POST /?ob=open-bridge/events HTTP/1.1" 200 4216 "https://www.car32.tw/dpf-gpf-%E4%BD%A0%E9%9C%80%E8%A6%81%E7%95%A5%E7%9F%A5%E7%9A%84%E4%B8%89%E5%85%A9%E4%BA%8B/" "Mozilla/5.0 (Linux; Android 6.0.1; Nexus 5X Build/MMB29P) AppleWebKit/537.36 (KHTML, like Gecko) Chrome/131.0.6778.69 Mobile Safari/537.36 (compatible; Googlebot/2.1; +http://www.google.com/bot.html)"
74.225.146.210 - - [23/Nov/2024:13:04:01 +0800] "GET /wp-includes/sitemaps/providers/ HTTP/1.1" 301 615 "binance.com" "Mozilla/5.0 (Windows NT 10.0; Win64; x64) AppleWebKit/537.36 (KHTML, like Gecko) Chrome/90.0.4430.85 Safari/537.36"
74.225.146.210 - - [23/Nov/2024:13:04:05 +0800] "GET /wp-includes/sitemaps/providers/ HTTP/1.1" 200 3894 "binance.com" "Mozilla/5.0 (Windows NT 10.0; Win64; x64) AppleWebKit/537.36 (KHTML, like Gecko) Chrome/90.0.4430.85 Safari/537.36"
74.225.146.210 - - [23/Nov/2024:13:04:08 +0800] "GET /wp-includes/widgets/ HTTP/1.1" 301 593 "binance.com" "Mozilla/5.0 (Windows NT 10.0; Win64; x64) AppleWebKit/537.36 (KHTML, like Gecko) Chrome/90.0.4430.85 Safari/537.36"
74.225.146.210 - - [23/Nov/2024:13:04:12 +0800] "GET /wp-includes/widgets/ HTTP/1.1" 200 4196 "binance.com" "Mozilla/5.0 (Windows NT 10.0; Win64; x64) AppleWebKit/537.36 (KHTML, like Gecko) Chrome/90.0.4430.85 Safari/537.36"
74.225.146.210 - - [23/Nov/2024:13:04:16 +0800] "GET /wp-includes/widgets/ HTTP/1.1" 301 593 "binance.com" "Mozilla/5.0 (Windows NT 10.0; Win64; x64) AppleWebKit/537.36 (KHTML, like Gecko) Chrome/90.0.4430.85 Safari/537.36"
74.225.146.210 - - [23/Nov/2024:13:04:30 +0800] "GET /wp-includes/widgets/ HTTP/1.1" 200 4196 "binance.com" "Mozilla/5.0 (Windows NT 10.0; Win64; x64) AppleWebKit/537.36 (KHTML, like Gecko) Chrome/90.0.4430.85 Safari/537.36"
74.225.146.210 - - [23/Nov/2024:13:04:36 +0800] "GET /wp-includes/widgets/class-wp-widget-block.php HTTP/1.1" 301 643 "binance.com" "Mozilla/5.0 (Windows NT 10.0; Win64; x64) AppleWebKit/537.36 (KHTML, like Gecko) Chrome/90.0.4430.85 Safari/537.36"
74.225.146.210 - - [23/Nov/2024:13:04:41 +0800] "GET /wp-includes/widgets/class-wp-widget-block.php HTTP/1.1" 500 3299 "binance.com" "Mozilla/5.0 (Windows NT 10.0; Win64; x64) AppleWebKit/537.36 (KHTML, like Gecko) Chrome/90.0.4430.85 Safari/537.36"
74.225.146.210 - - [23/Nov/2024:13:04:46 +0800] "GET /wp-includes/css/ HTTP/1.1" 301 585 "binance.com" "Mozilla/5.0 (Windows NT 10.0; Win64; x64) AppleWebKit/537.36 (KHTML, like Gecko) Chrome/90.0.4430.85 Safari/537.36"
74.225.146.210 - - [23/Nov/2024:13:04:52 +0800] "GET /wp-includes/css/ HTTP/1.1" 200 4393 "binance.com" "Mozilla/5.0 (Windows NT 10.0; Win64; x64) AppleWebKit/537.36 (KHTML, like Gecko) Chrome/90.0.4430.85 Safari/537.36"
74.225.146.210 - - [23/Nov/2024:13:04:57 +0800] "GET /wp-includes/css/dist/ HTTP/1.1" 301 595 "binance.com" "Mozilla/5.0 (Windows NT 10.0; Win64; x64) AppleWebKit/537.36 (KHTML, like Gecko) Chrome/90.0.4430.85 Safari/537.36"
74.225.146.210 - - [23/Nov/2024:13:05:01 +0800] "GET /wp-includes/css/dist/ HTTP/1.1" 200 4105 "binance.com" "Mozilla/5.0 (Windows NT 10.0; Win64; x64) AppleWebKit/537.36 (KHTML, like Gecko) Chrome/90.0.4430.85 Safari/537.36"
74.225.146.210 - - [23/Nov/2024:13:05:03 +0800] "GET /wp-includes/fonts/ HTTP/1.1" 301 589 "binance.com" "Mozilla/5.0 (Windows NT 10.0; Win64; x64) AppleWebKit/537.36 (KHTML, like Gecko) Chrome/90.0.4430.85 Safari/537.36"
220.135.127.108 - - [23/Nov/2024:13:05:04 +0800] "POST /wp-cron.php?doing_wp_cron=1732338304.3984310626983642578125 HTTP/1.1" 200 4050 "-" "WordPress/6.7.1; https://www.car32.tw"
4.227.36.14 - - [23/Nov/2024:13:05:04 +0800] "GET /%e9%bb%83%e9%87%91%e7%b7%9a%e6%8f%9b%e5%ad%a3%e4%bf%9d%e9%a4%8a%e5%b0%8f%e6%95%99%e5%ae%a4/embed/ HTTP/1.1" 200 10973 "-" "Mozilla/5.0 AppleWebKit/537.36 (KHTML, like Gecko; compatible; GPTBot/1.2; +https://openai.com/gptbot)"
74.225.146.210 - - [23/Nov/2024:13:05:08 +0800] "GET /wp-includes/fonts/ HTTP/1.1" 200 4024 "binance.com" "Mozilla/5.0 (Windows NT 10.0; Win64; x64) AppleWebKit/537.36 (KHTML, like Gecko) Chrome/90.0.4430.85 Safari/537.36"
74.225.146.210 - - [23/Nov/2024:13:05:11 +0800] "GET /wp-includes/fonts/ HTTP/1.1" 301 589 "binance.com" "Mozilla/5.0 (Windows NT 10.0; Win64; x64) AppleWebKit/537.36 (KHTML, like Gecko) Chrome/90.0.4430.85 Safari/537.36"
74.225.146.210 - - [23/Nov/2024:13:05:14 +0800] "GET /wp-includes/fonts/ HTTP/1.1" 200 4024 "binance.com" "Mozilla/5.0 (Windows NT 10.0; Win64; x64) AppleWebKit/537.36 (KHTML, like Gecko) Chrome/90.0.4430.85 Safari/537.36"
66.249.77.132 - - [23/Nov/2024:13:05:17 +0800] "GET /?p=209 HTTP/1.1" 301 577 "-" "Mozilla/5.0 (Linux; Android 6.0.1; Nexus 5X Build/MMB29P) AppleWebKit/537.36 (KHTML, like Gecko) Chrome/131.0.6778.69 Mobile Safari/537.36 (compatible; Googlebot/2.1; +http://www.google.com/bot.html)"
74.225.146.210 - - [23/Nov/2024:13:05:30 +0800] "GET /wp-includes/fonts/class-wp-font-collection.php HTTP/1.1" 301 645 "binance.com" "Mozilla/5.0 (Windows NT 10.0; Win64; x64) AppleWebKit/537.36 (KHTML, like Gecko) Chrome/90.0.4430.85 Safari/537.36"
74.225.146.210 - - [23/Nov/2024:13:05:35 +0800] "GET /wp-includes/fonts/class-wp-font-collection.php HTTP/1.1" 200 3317 "binance.com" "Mozilla/5.0 (Windows NT 10.0; Win64; x64) AppleWebKit/537.36 (KHTML, like Gecko) Chrome/90.0.4430.85 Safari/537.36"
220.135.127.108 - - [23/Nov/2024:13:05:36 +0800] "POST /wp-cron.php?doing_wp_cron=1732338336.4362599849700927734375 HTTP/1.1" 200 4050 "-" "WordPress/6.7.1; https://www.car32.tw"
66.249.77.135 - - [23/Nov/2024:13:05:36 +0800] "GET /?p=209 HTTP/1.1" 301 4156 "-" "Mozilla/5.0 (Linux; Android 6.0.1; Nexus 5X Build/MMB29P) AppleWebKit/537.36 (KHTML, like Gecko) Chrome/131.0.6778.69 Mobile Safari/537.36 (compatible; Googlebot/2.1; +http://www.google.com/bot.html)"
140.238.59.22 - - [23/Nov/2024:13:05:39 +0800] "GET /feed/ HTTP/1.1" 200 6804 "https://www.car32.tw/feed/" "FreshRSS/1.24.3 (Linux; https://freshrss.org)"
74.225.146.210 - - [23/Nov/2024:13:05:40 +0800] "GET /wp-includes/fonts/class-wp-font-face-resolver.php HTTP/1.1" 301 651 "binance.com" "Mozilla/5.0 (Windows NT 10.0; Win64; x64) AppleWebKit/537.36 (KHTML, like Gecko) Chrome/90.0.4430.85 Safari/537.36"
192.0.82.55 - - [23/Nov/2024:13:05:48 +0800] "HEAD / HTTP/1.1" 200 4000 "-" "jetmon/1.0 (Jetpack Site Uptime Monitor by WordPress.com)"
66.249.71.134 - - [23/Nov/2024:13:05:53 +0800] "GET /dpf-gpf-%E4%BD%A0%E9%9C%80%E8%A6%81%E7%95%A5%E7%9F%A5%E7%9A%84%E4%B8%89%E5%85%A9%E4%BA%8B/?relatedposts=1 HTTP/1.1" 200 10235 "https://www.car32.tw/dpf-gpf-%E4%BD%A0%E9%9C%80%E8%A6%81%E7%95%A5%E7%9F%A5%E7%9A%84%E4%B8%89%E5%85%A9%E4%BA%8B/" "Mozilla/5.0 (Linux; Android 6.0.1; Nexus 5X Build/MMB29P) AppleWebKit/537.36 (KHTML, like Gecko) Chrome/131.0.6778.69 Mobile Safari/537.36 (compatible; Googlebot/2.1; +http://www.google.com/bot.html)"
74.225.146.210 - - [23/Nov/2024:13:05:55 +0800] "GET /wp-includes/fonts/class-wp-font-face-resolver.php HTTP/1.1" 200 3317 "binance.com" "Mozilla/5.0 (Windows NT 10.0; Win64; x64) AppleWebKit/537.36 (KHTML, like Gecko) Chrome/90.0.4430.85 Safari/537.36"
74.225.146.210 - - [23/Nov/2024:13:06:00 +0800] "GET /wp-includes/fonts/class-wp-font-face.php HTTP/1.1" 301 633 "binance.com" "Mozilla/5.0 (Windows NT 10.0; Win64; x64) AppleWebKit/537.36 (KHTML, like Gecko) Chrome/90.0.4430.85 Safari/537.36"
74.225.146.210 - - [23/Nov/2024:13:06:03 +0800] "GET /wp-includes/fonts/class-wp-font-face.php HTTP/1.1" 200 3317 "binance.com" "Mozilla/5.0 (Windows NT 10.0; Win64; x64) AppleWebKit/537.36 (KHTML, like Gecko) Chrome/90.0.4430.85 Safari/537.36"
74.225.146.210 - - [23/Nov/2024:13:06:07 +0800] "GET /wp-includes/fonts/class-wp-font-library.php HTTP/1.1" 301 639 "binance.com" "Mozilla/5.0 (Windows NT 10.0; Win64; x64) AppleWebKit/537.36 (KHTML, like Gecko) Chrome/90.0.4430.85 Safari/537.36"
74.225.146.210 - - [23/Nov/2024:13:06:11 +0800] "GET /wp-includes/fonts/class-wp-font-library.php HTTP/1.1" 200 3317 "binance.com" "Mozilla/5.0 (Windows NT 10.0; Win64; x64) AppleWebKit/537.36 (KHTML, like Gecko) Chrome/90.0.4430.85 Safari/537.36"
