4.227.36.14 - - [23/Nov/2024:23:53:58 +0800] "GET /%e9%bb%83%e9%87%91%e7%b7%9a%e6%8f%9b%e5%ad%a3%e4%bf%9d%e9%a4%8a%e5%b0%8f%e6%95%99%e5%ae%a4/embed/ HTTP/1.1" 200 10971 "-" "Mozilla/5.0 AppleWebKit/537.36 (KHTML, like Gecko; compatible; GPTBot/1.2; +https://openai.com/gptbot)"
4.227.36.14 - - [23/Nov/2024:23:54:10 +0800] "GET /%e9%bb%83%e9%87%91%e7%b7%9a%e6%8f%9b%e5%ad%a3%e4%bf%9d%e9%a4%8a%e5%b0%8f%e6%95%99%e5%ae%a4/embed/ HTTP/1.1" 200 10973 "-" "Mozilla/5.0 AppleWebKit/537.36 (KHTML, like Gecko; compatible; GPTBot/1.2; +https://openai.com/gptbot)"
4.227.36.14 - - [23/Nov/2024:23:54:16 +0800] "GET /%e9%bb%83%e9%87%91%e7%b7%9a%e6%8f%9b%e5%ad%a3%e4%bf%9d%e9%a4%8a%e5%b0%8f%e6%95%99%e5%ae%a4/embed/ HTTP/1.1" 200 10974 "-" "Mozilla/5.0 AppleWebKit/537.36 (KHTML, like Gecko; compatible; GPTBot/1.2; +https://openai.com/gptbot)"
4.227.36.14 - - [23/Nov/2024:23:54:23 +0800] "GET /%e9%bb%83%e9%87%91%e7%b7%9a%e6%8f%9b%e5%ad%a3%e4%bf%9d%e9%a4%8a%e5%b0%8f%e6%95%99%e5%ae%a4/embed/ HTTP/1.1" 200 10973 "-" "Mozilla/5.0 AppleWebKit/537.36 (KHTML, like Gecko; compatible; GPTBot/1.2; +https://openai.com/gptbot)"
220.135.127.108 - - [23/Nov/2024:23:54:30 +0800] "POST /wp-cron.php?doing_wp_cron=1732377270.1050560474395751953125 HTTP/1.1" 200 4050 "-" "WordPress/6.7.1; https://www.car32.tw"
4.227.36.14 - - [23/Nov/2024:23:54:30 +0800] "GET /%e9%bb%83%e9%87%91%e7%b7%9a%e6%8f%9b%e5%ad%a3%e4%bf%9d%e9%a4%8a%e5%b0%8f%e6%95%99%e5%ae%a4/embed/ HTTP/1.1" 200 10972 "-" "Mozilla/5.0 AppleWebKit/537.36 (KHTML, like Gecko; compatible; GPTBot/1.2; +https://openai.com/gptbot)"
4.227.36.14 - - [23/Nov/2024:23:54:48 +0800] "GET /%e9%bb%83%e9%87%91%e7%b7%9a%e6%8f%9b%e5%ad%a3%e4%bf%9d%e9%a4%8a%e5%b0%8f%e6%95%99%e5%ae%a4/embed/ HTTP/1.1" 200 10973 "-" "Mozilla/5.0 AppleWebKit/537.36 (KHTML, like Gecko; compatible; GPTBot/1.2; +https://openai.com/gptbot)"
4.227.36.14 - - [23/Nov/2024:23:54:54 +0800] "GET /%e9%bb%83%e9%87%91%e7%b7%9a%e6%8f%9b%e5%ad%a3%e4%bf%9d%e9%a4%8a%e5%b0%8f%e6%95%99%e5%ae%a4/embed/ HTTP/1.1" 200 10973 "-" "Mozilla/5.0 AppleWebKit/537.36 (KHTML, like Gecko; compatible; GPTBot/1.2; +https://openai.com/gptbot)"
4.227.36.14 - - [23/Nov/2024:23:55:07 +0800] "GET /%e9%bb%83%e9%87%91%e7%b7%9a%e6%8f%9b%e5%ad%a3%e4%bf%9d%e9%a4%8a%e5%b0%8f%e6%95%99%e5%ae%a4/embed/ HTTP/1.1" 200 10971 "-" "Mozilla/5.0 AppleWebKit/537.36 (KHTML, like Gecko; compatible; GPTBot/1.2; +https://openai.com/gptbot)"
4.227.36.14 - - [23/Nov/2024:23:55:13 +0800] "GET /%e9%bb%83%e9%87%91%e7%b7%9a%e6%8f%9b%e5%ad%a3%e4%bf%9d%e9%a4%8a%e5%b0%8f%e6%95%99%e5%ae%a4/embed/ HTTP/1.1" 200 10971 "-" "Mozilla/5.0 AppleWebKit/537.36 (KHTML, like Gecko; compatible; GPTBot/1.2; +https://openai.com/gptbot)"
4.227.36.14 - - [23/Nov/2024:23:55:23 +0800] "GET /%e9%bb%83%e9%87%91%e7%b7%9a%e6%8f%9b%e5%ad%a3%e4%bf%9d%e9%a4%8a%e5%b0%8f%e6%95%99%e5%ae%a4/embed/ HTTP/1.1" 200 10973 "-" "Mozilla/5.0 AppleWebKit/537.36 (KHTML, like Gecko; compatible; GPTBot/1.2; +https://openai.com/gptbot)"
4.227.36.14 - - [23/Nov/2024:23:55:29 +0800] "GET /%e9%bb%83%e9%87%91%e7%b7%9a%e6%8f%9b%e5%ad%a3%e4%bf%9d%e9%a4%8a%e5%b0%8f%e6%95%99%e5%ae%a4/embed/ HTTP/1.1" 200 10973 "-" "Mozilla/5.0 AppleWebKit/537.36 (KHTML, like Gecko; compatible; GPTBot/1.2; +https://openai.com/gptbot)"
220.135.127.108 - - [23/Nov/2024:23:55:36 +0800] "POST /wp-cron.php?doing_wp_cron=1732377336.5124030113220214843750 HTTP/1.1" 200 4050 "-" "WordPress/6.7.1; https://www.car32.tw"
4.227.36.14 - - [23/Nov/2024:23:55:36 +0800] "GET /%e9%bb%83%e9%87%91%e7%b7%9a%e6%8f%9b%e5%ad%a3%e4%bf%9d%e9%a4%8a%e5%b0%8f%e6%95%99%e5%ae%a4/embed/ HTTP/1.1" 200 10971 "-" "Mozilla/5.0 AppleWebKit/537.36 (KHTML, like Gecko; compatible; GPTBot/1.2; +https://openai.com/gptbot)"
4.227.36.14 - - [23/Nov/2024:23:55:42 +0800] "GET /%e9%bb%83%e9%87%91%e7%b7%9a%e6%8f%9b%e5%ad%a3%e4%bf%9d%e9%a4%8a%e5%b0%8f%e6%95%99%e5%ae%a4/embed/ HTTP/1.1" 200 10972 "-" "Mozilla/5.0 AppleWebKit/537.36 (KHTML, like Gecko; compatible; GPTBot/1.2; +https://openai.com/gptbot)"
192.0.82.55 - - [23/Nov/2024:23:55:52 +0800] "HEAD / HTTP/1.1" 200 4000 "-" "jetmon/1.0 (Jetpack Site Uptime Monitor by WordPress.com)"
4.227.36.14 - - [23/Nov/2024:23:56:06 +0800] "GET /%e9%bb%83%e9%87%91%e7%b7%9a%e6%8f%9b%e5%ad%a3%e4%bf%9d%e9%a4%8a%e5%b0%8f%e6%95%99%e5%ae%a4/embed/ HTTP/1.1" 200 10973 "-" "Mozilla/5.0 AppleWebKit/537.36 (KHTML, like Gecko; compatible; GPTBot/1.2; +https://openai.com/gptbot)"
4.227.36.14 - - [23/Nov/2024:23:56:12 +0800] "GET /%e9%bb%83%e9%87%91%e7%b7%9a%e6%8f%9b%e5%ad%a3%e4%bf%9d%e9%a4%8a%e5%b0%8f%e6%95%99%e5%ae%a4/embed/ HTTP/1.1" 200 10973 "-" "Mozilla/5.0 AppleWebKit/537.36 (KHTML, like Gecko; compatible; GPTBot/1.2; +https://openai.com/gptbot)"
4.227.36.14 - - [23/Nov/2024:23:56:21 +0800] "GET /%e9%bb%83%e9%87%91%e7%b7%9a%e6%8f%9b%e5%ad%a3%e4%bf%9d%e9%a4%8a%e5%b0%8f%e6%95%99%e5%ae%a4/embed/ HTTP/1.1" 200 10973 "-" "Mozilla/5.0 AppleWebKit/537.36 (KHTML, like Gecko; compatible; GPTBot/1.2; +https://openai.com/gptbot)"
4.227.36.14 - - [23/Nov/2024:23:56:29 +0800] "GET /%e9%bb%83%e9%87%91%e7%b7%9a%e6%8f%9b%e5%ad%a3%e4%bf%9d%e9%a4%8a%e5%b0%8f%e6%95%99%e5%ae%a4/embed/ HTTP/1.1" 200 10973 "-" "Mozilla/5.0 AppleWebKit/537.36 (KHTML, like Gecko; compatible; GPTBot/1.2; +https://openai.com/gptbot)"
4.227.36.14 - - [23/Nov/2024:23:56:44 +0800] "GET /%e9%bb%83%e9%87%91%e7%b7%9a%e6%8f%9b%e5%ad%a3%e4%bf%9d%e9%a4%8a%e5%b0%8f%e6%95%99%e5%ae%a4/embed/ HTTP/1.1" 200 10973 "-" "Mozilla/5.0 AppleWebKit/537.36 (KHTML, like Gecko; compatible; GPTBot/1.2; +https://openai.com/gptbot)"
4.227.36.14 - - [23/Nov/2024:23:56:51 +0800] "GET /%e9%bb%83%e9%87%91%e7%b7%9a%e6%8f%9b%e5%ad%a3%e4%bf%9d%e9%a4%8a%e5%b0%8f%e6%95%99%e5%ae%a4/embed/ HTTP/1.1" 200 10972 "-" "Mozilla/5.0 AppleWebKit/537.36 (KHTML, like Gecko; compatible; GPTBot/1.2; +https://openai.com/gptbot)"
4.227.36.14 - - [23/Nov/2024:23:56:57 +0800] "GET /%e9%bb%83%e9%87%91%e7%b7%9a%e6%8f%9b%e5%ad%a3%e4%bf%9d%e9%a4%8a%e5%b0%8f%e6%95%99%e5%ae%a4/embed/ HTTP/1.1" 200 10973 "-" "Mozilla/5.0 AppleWebKit/537.36 (KHTML, like Gecko; compatible; GPTBot/1.2; +https://openai.com/gptbot)"
4.227.36.14 - - [23/Nov/2024:23:57:07 +0800] "GET /%e9%bb%83%e9%87%91%e7%b7%9a%e6%8f%9b%e5%ad%a3%e4%bf%9d%e9%a4%8a%e5%b0%8f%e6%95%99%e5%ae%a4/embed/ HTTP/1.1" 200 10972 "-" "Mozilla/5.0 AppleWebKit/537.36 (KHTML, like Gecko; compatible; GPTBot/1.2; +https://openai.com/gptbot)"
4.227.36.14 - - [23/Nov/2024:23:57:14 +0800] "GET /%e9%bb%83%e9%87%91%e7%b7%9a%e6%8f%9b%e5%ad%a3%e4%bf%9d%e9%a4%8a%e5%b0%8f%e6%95%99%e5%ae%a4/embed/ HTTP/1.1" 200 10973 "-" "Mozilla/5.0 AppleWebKit/537.36 (KHTML, like Gecko; compatible; GPTBot/1.2; +https://openai.com/gptbot)"
4.227.36.14 - - [23/Nov/2024:23:57:27 +0800] "GET /%e9%bb%83%e9%87%91%e7%b7%9a%e6%8f%9b%e5%ad%a3%e4%bf%9d%e9%a4%8a%e5%b0%8f%e6%95%99%e5%ae%a4/embed/ HTTP/1.1" 200 10972 "-" "Mozilla/5.0 AppleWebKit/537.36 (KHTML, like Gecko; compatible; GPTBot/1.2; +https://openai.com/gptbot)"
4.227.36.14 - - [23/Nov/2024:23:57:40 +0800] "GET /%e9%bb%83%e9%87%91%e7%b7%9a%e6%8f%9b%e5%ad%a3%e4%bf%9d%e9%a4%8a%e5%b0%8f%e6%95%99%e5%ae%a4/embed/ HTTP/1.1" 200 10972 "-" "Mozilla/5.0 AppleWebKit/537.36 (KHTML, like Gecko; compatible; GPTBot/1.2; +https://openai.com/gptbot)"
4.227.36.14 - - [23/Nov/2024:23:57:46 +0800] "GET /%e9%bb%83%e9%87%91%e7%b7%9a%e6%8f%9b%e5%ad%a3%e4%bf%9d%e9%a4%8a%e5%b0%8f%e6%95%99%e5%ae%a4/embed/ HTTP/1.1" 200 10971 "-" "Mozilla/5.0 AppleWebKit/537.36 (KHTML, like Gecko; compatible; GPTBot/1.2; +https://openai.com/gptbot)"
4.227.36.14 - - [23/Nov/2024:23:57:56 +0800] "GET /%e9%bb%83%e9%87%91%e7%b7%9a%e6%8f%9b%e5%ad%a3%e4%bf%9d%e9%a4%8a%e5%b0%8f%e6%95%99%e5%ae%a4/embed/ HTTP/1.1" 200 10972 "-" "Mozilla/5.0 AppleWebKit/537.36 (KHTML, like Gecko; compatible; GPTBot/1.2; +https://openai.com/gptbot)"
4.227.36.14 - - [23/Nov/2024:23:58:09 +0800] "GET /%e9%bb%83%e9%87%91%e7%b7%9a%e6%8f%9b%e5%ad%a3%e4%bf%9d%e9%a4%8a%e5%b0%8f%e6%95%99%e5%ae%a4/embed/ HTTP/1.1" 200 10972 "-" "Mozilla/5.0 AppleWebKit/537.36 (KHTML, like Gecko; compatible; GPTBot/1.2; +https://openai.com/gptbot)"
4.227.36.14 - - [23/Nov/2024:23:58:15 +0800] "GET /%e9%bb%83%e9%87%91%e7%b7%9a%e6%8f%9b%e5%ad%a3%e4%bf%9d%e9%a4%8a%e5%b0%8f%e6%95%99%e5%ae%a4/embed/ HTTP/1.1" 200 10974 "-" "Mozilla/5.0 AppleWebKit/537.36 (KHTML, like Gecko; compatible; GPTBot/1.2; +https://openai.com/gptbot)"
4.227.36.14 - - [23/Nov/2024:23:58:25 +0800] "GET /%e9%bb%83%e9%87%91%e7%b7%9a%e6%8f%9b%e5%ad%a3%e4%bf%9d%e9%a4%8a%e5%b0%8f%e6%95%99%e5%ae%a4/embed/ HTTP/1.1" 200 10973 "-" "Mozilla/5.0 AppleWebKit/537.36 (KHTML, like Gecko; compatible; GPTBot/1.2; +https://openai.com/gptbot)"
4.227.36.14 - - [23/Nov/2024:23:58:31 +0800] "GET /%e9%bb%83%e9%87%91%e7%b7%9a%e6%8f%9b%e5%ad%a3%e4%bf%9d%e9%a4%8a%e5%b0%8f%e6%95%99%e5%ae%a4/embed/ HTTP/1.1" 200 10973 "-" "Mozilla/5.0 AppleWebKit/537.36 (KHTML, like Gecko; compatible; GPTBot/1.2; +https://openai.com/gptbot)"
4.227.36.14 - - [23/Nov/2024:23:58:41 +0800] "GET /%e9%bb%83%e9%87%91%e7%b7%9a%e6%8f%9b%e5%ad%a3%e4%bf%9d%e9%a4%8a%e5%b0%8f%e6%95%99%e5%ae%a4/embed/ HTTP/1.1" 200 10974 "-" "Mozilla/5.0 AppleWebKit/537.36 (KHTML, like Gecko; compatible; GPTBot/1.2; +https://openai.com/gptbot)"
4.227.36.14 - - [23/Nov/2024:23:58:47 +0800] "GET /%e9%bb%83%e9%87%91%e7%b7%9a%e6%8f%9b%e5%ad%a3%e4%bf%9d%e9%a4%8a%e5%b0%8f%e6%95%99%e5%ae%a4/embed/ HTTP/1.1" 200 10972 "-" "Mozilla/5.0 AppleWebKit/537.36 (KHTML, like Gecko; compatible; GPTBot/1.2; +https://openai.com/gptbot)"
4.227.36.14 - - [23/Nov/2024:23:58:54 +0800] "GET /%e9%bb%83%e9%87%91%e7%b7%9a%e6%8f%9b%e5%ad%a3%e4%bf%9d%e9%a4%8a%e5%b0%8f%e6%95%99%e5%ae%a4/embed/ HTTP/1.1" 200 10974 "-" "Mozilla/5.0 AppleWebKit/537.36 (KHTML, like Gecko; compatible; GPTBot/1.2; +https://openai.com/gptbot)"
4.227.36.14 - - [23/Nov/2024:23:59:01 +0800] "GET /%e9%bb%83%e9%87%91%e7%b7%9a%e6%8f%9b%e5%ad%a3%e4%bf%9d%e9%a4%8a%e5%b0%8f%e6%95%99%e5%ae%a4/embed/ HTTP/1.1" 200 10973 "-" "Mozilla/5.0 AppleWebKit/537.36 (KHTML, like Gecko; compatible; GPTBot/1.2; +https://openai.com/gptbot)"
4.227.36.14 - - [23/Nov/2024:23:59:08 +0800] "GET /%e9%bb%83%e9%87%91%e7%b7%9a%e6%8f%9b%e5%ad%a3%e4%bf%9d%e9%a4%8a%e5%b0%8f%e6%95%99%e5%ae%a4/embed/ HTTP/1.1" 200 10973 "-" "Mozilla/5.0 AppleWebKit/537.36 (KHTML, like Gecko; compatible; GPTBot/1.2; +https://openai.com/gptbot)"
4.227.36.14 - - [23/Nov/2024:23:59:18 +0800] "GET /%e9%bb%83%e9%87%91%e7%b7%9a%e6%8f%9b%e5%ad%a3%e4%bf%9d%e9%a4%8a%e5%b0%8f%e6%95%99%e5%ae%a4/embed/ HTTP/1.1" 200 10971 "-" "Mozilla/5.0 AppleWebKit/537.36 (KHTML, like Gecko; compatible; GPTBot/1.2; +https://openai.com/gptbot)"
220.135.127.108 - - [23/Nov/2024:23:59:25 +0800] "POST /wp-cron.php?doing_wp_cron=1732377565.0447819232940673828125 HTTP/1.1" 200 4050 "-" "WordPress/6.7.1; https://www.car32.tw"
4.227.36.14 - - [23/Nov/2024:23:59:24 +0800] "GET /%e9%bb%83%e9%87%91%e7%b7%9a%e6%8f%9b%e5%ad%a3%e4%bf%9d%e9%a4%8a%e5%b0%8f%e6%95%99%e5%ae%a4/embed/ HTTP/1.1" 200 10973 "-" "Mozilla/5.0 AppleWebKit/537.36 (KHTML, like Gecko; compatible; GPTBot/1.2; +https://openai.com/gptbot)"
4.227.36.14 - - [23/Nov/2024:23:59:34 +0800] "GET /%e9%bb%83%e9%87%91%e7%b7%9a%e6%8f%9b%e5%ad%a3%e4%bf%9d%e9%a4%8a%e5%b0%8f%e6%95%99%e5%ae%a4/embed/ HTTP/1.1" 200 10972 "-" "Mozilla/5.0 AppleWebKit/537.36 (KHTML, like Gecko; compatible; GPTBot/1.2; +https://openai.com/gptbot)"
4.227.36.14 - - [23/Nov/2024:23:59:40 +0800] "GET /%e9%bb%83%e9%87%91%e7%b7%9a%e6%8f%9b%e5%ad%a3%e4%bf%9d%e9%a4%8a%e5%b0%8f%e6%95%99%e5%ae%a4/embed/ HTTP/1.1" 200 10972 "-" "Mozilla/5.0 AppleWebKit/537.36 (KHTML, like Gecko; compatible; GPTBot/1.2; +https://openai.com/gptbot)"
4.227.36.14 - - [23/Nov/2024:23:59:46 +0800] "GET /%e9%bb%83%e9%87%91%e7%b7%9a%e6%8f%9b%e5%ad%a3%e4%bf%9d%e9%a4%8a%e5%b0%8f%e6%95%99%e5%ae%a4/embed/ HTTP/1.1" 200 10972 "-" "Mozilla/5.0 AppleWebKit/537.36 (KHTML, like Gecko; compatible; GPTBot/1.2; +https://openai.com/gptbot)"
4.227.36.14 - - [23/Nov/2024:23:59:53 +0800] "GET /%e9%bb%83%e9%87%91%e7%b7%9a%e6%8f%9b%e5%ad%a3%e4%bf%9d%e9%a4%8a%e5%b0%8f%e6%95%99%e5%ae%a4/embed/ HTTP/1.1" 200 10971 "-" "Mozilla/5.0 AppleWebKit/537.36 (KHTML, like Gecko; compatible; GPTBot/1.2; +https://openai.com/gptbot)"
4.227.36.14 - - [23/Nov/2024:23:59:59 +0800] "GET /%e9%bb%83%e9%87%91%e7%b7%9a%e6%8f%9b%e5%ad%a3%e4%bf%9d%e9%a4%8a%e5%b0%8f%e6%95%99%e5%ae%a4/embed/ HTTP/1.1" 200 10973 "-" "Mozilla/5.0 AppleWebKit/537.36 (KHTML, like Gecko; compatible; GPTBot/1.2; +https://openai.com/gptbot)"
4.227.36.14 - - [24/Nov/2024:00:00:11 +0800] "GET /%e9%bb%83%e9%87%91%e7%b7%9a%e6%8f%9b%e5%ad%a3%e4%bf%9d%e9%a4%8a%e5%b0%8f%e6%95%99%e5%ae%a4/embed/ HTTP/1.1" 200 10972 "-" "Mozilla/5.0 AppleWebKit/537.36 (KHTML, like Gecko; compatible; GPTBot/1.2; +https://openai.com/gptbot)"
4.227.36.14 - - [24/Nov/2024:00:00:17 +0800] "GET /%e9%bb%83%e9%87%91%e7%b7%9a%e6%8f%9b%e5%ad%a3%e4%bf%9d%e9%a4%8a%e5%b0%8f%e6%95%99%e5%ae%a4/embed/ HTTP/1.1" 200 7248 "-" "Mozilla/5.0 AppleWebKit/537.36 (KHTML, like Gecko; compatible; GPTBot/1.2; +https://openai.com/gptbot)"
4.227.36.14 - - [24/Nov/2024:00:00:24 +0800] "GET /%e9%bb%83%e9%87%91%e7%b7%9a%e6%8f%9b%e5%ad%a3%e4%bf%9d%e9%a4%8a%e5%b0%8f%e6%95%99%e5%ae%a4/embed/ HTTP/1.1" 200 10972 "-" "Mozilla/5.0 AppleWebKit/537.36 (KHTML, like Gecko; compatible; GPTBot/1.2; +https://openai.com/gptbot)"
220.135.127.108 - - [24/Nov/2024:00:00:32 +0800] "POST /wp-cron.php?doing_wp_cron=1732377632.7338640689849853515625 HTTP/1.1" 200 4050 "-" "WordPress/6.7.1; https://www.car32.tw"
4.227.36.14 - - [24/Nov/2024:00:00:32 +0800] "GET /%e9%bb%83%e9%87%91%e7%b7%9a%e6%8f%9b%e5%ad%a3%e4%bf%9d%e9%a4%8a%e5%b0%8f%e6%95%99%e5%ae%a4/embed/ HTTP/1.1" 200 10974 "-" "Mozilla/5.0 AppleWebKit/537.36 (KHTML, like Gecko; compatible; GPTBot/1.2; +https://openai.com/gptbot)"
4.227.36.14 - - [24/Nov/2024:00:00:45 +0800] "GET /%e9%bb%83%e9%87%91%e7%b7%9a%e6%8f%9b%e5%ad%a3%e4%bf%9d%e9%a4%8a%e5%b0%8f%e6%95%99%e5%ae%a4/embed/ HTTP/1.1" 200 10975 "-" "Mozilla/5.0 AppleWebKit/537.36 (KHTML, like Gecko; compatible; GPTBot/1.2; +https://openai.com/gptbot)"
4.227.36.14 - - [24/Nov/2024:00:00:51 +0800] "GET /%e9%bb%83%e9%87%91%e7%b7%9a%e6%8f%9b%e5%ad%a3%e4%bf%9d%e9%a4%8a%e5%b0%8f%e6%95%99%e5%ae%a4/embed/ HTTP/1.1" 200 10974 "-" "Mozilla/5.0 AppleWebKit/537.36 (KHTML, like Gecko; compatible; GPTBot/1.2; +https://openai.com/gptbot)"
192.0.82.55 - - [24/Nov/2024:00:00:52 +0800] "HEAD / HTTP/1.1" 200 4000 "-" "jetmon/1.0 (Jetpack Site Uptime Monitor by WordPress.com)"
4.227.36.14 - - [24/Nov/2024:00:00:57 +0800] "GET /%e9%bb%83%e9%87%91%e7%b7%9a%e6%8f%9b%e5%ad%a3%e4%bf%9d%e9%a4%8a%e5%b0%8f%e6%95%99%e5%ae%a4/embed/ HTTP/1.1" 200 10974 "-" "Mozilla/5.0 AppleWebKit/537.36 (KHTML, like Gecko; compatible; GPTBot/1.2; +https://openai.com/gptbot)"
4.227.36.14 - - [24/Nov/2024:00:01:09 +0800] "GET /%e9%bb%83%e9%87%91%e7%b7%9a%e6%8f%9b%e5%ad%a3%e4%bf%9d%e9%a4%8a%e5%b0%8f%e6%95%99%e5%ae%a4/embed/ HTTP/1.1" 200 10972 "-" "Mozilla/5.0 AppleWebKit/537.36 (KHTML, like Gecko; compatible; GPTBot/1.2; +https://openai.com/gptbot)"
4.227.36.14 - - [24/Nov/2024:00:01:16 +0800] "GET /%e9%bb%83%e9%87%91%e7%b7%9a%e6%8f%9b%e5%ad%a3%e4%bf%9d%e9%a4%8a%e5%b0%8f%e6%95%99%e5%ae%a4/embed/ HTTP/1.1" 200 10972 "-" "Mozilla/5.0 AppleWebKit/537.36 (KHTML, like Gecko; compatible; GPTBot/1.2; +https://openai.com/gptbot)"
216.244.66.249 - - [24/Nov/2024:00:01:21 +0800] "GET /page/41/ HTTP/1.1" 200 126959 "-" "Mozilla/5.0 (compatible; DotBot/1.2; +https://opensiteexplorer.org/dotbot; help@moz.com)"
4.227.36.14 - - [24/Nov/2024:00:01:23 +0800] "GET /%e9%bb%83%e9%87%91%e7%b7%9a%e6%8f%9b%e5%ad%a3%e4%bf%9d%e9%a4%8a%e5%b0%8f%e6%95%99%e5%ae%a4/embed/ HTTP/1.1" 200 10972 "-" "Mozilla/5.0 AppleWebKit/537.36 (KHTML, like Gecko; compatible; GPTBot/1.2; +https://openai.com/gptbot)"
4.227.36.14 - - [24/Nov/2024:00:01:29 +0800] "GET /%e9%bb%83%e9%87%91%e7%b7%9a%e6%8f%9b%e5%ad%a3%e4%bf%9d%e9%a4%8a%e5%b0%8f%e6%95%99%e5%ae%a4/embed/ HTTP/1.1" 200 10971 "-" "Mozilla/5.0 AppleWebKit/537.36 (KHTML, like Gecko; compatible; GPTBot/1.2; +https://openai.com/gptbot)"
4.227.36.14 - - [24/Nov/2024:00:01:38 +0800] "GET /%e9%bb%83%e9%87%91%e7%b7%9a%e6%8f%9b%e5%ad%a3%e4%bf%9d%e9%a4%8a%e5%b0%8f%e6%95%99%e5%ae%a4/embed/ HTTP/1.1" 200 10975 "-" "Mozilla/5.0 AppleWebKit/537.36 (KHTML, like Gecko; compatible; GPTBot/1.2; +https://openai.com/gptbot)"
4.227.36.14 - - [24/Nov/2024:00:01:44 +0800] "GET /%e9%bb%83%e9%87%91%e7%b7%9a%e6%8f%9b%e5%ad%a3%e4%bf%9d%e9%a4%8a%e5%b0%8f%e6%95%99%e5%ae%a4/embed/ HTTP/1.1" 200 10974 "-" "Mozilla/5.0 AppleWebKit/537.36 (KHTML, like Gecko; compatible; GPTBot/1.2; +https://openai.com/gptbot)"
4.227.36.14 - - [24/Nov/2024:00:01:52 +0800] "GET /%e9%bb%83%e9%87%91%e7%b7%9a%e6%8f%9b%e5%ad%a3%e4%bf%9d%e9%a4%8a%e5%b0%8f%e6%95%99%e5%ae%a4/embed/ HTTP/1.1" 200 10972 "-" "Mozilla/5.0 AppleWebKit/537.36 (KHTML, like Gecko; compatible; GPTBot/1.2; +https://openai.com/gptbot)"
4.227.36.14 - - [24/Nov/2024:00:02:06 +0800] "GET /%e9%bb%83%e9%87%91%e7%b7%9a%e6%8f%9b%e5%ad%a3%e4%bf%9d%e9%a4%8a%e5%b0%8f%e6%95%99%e5%ae%a4/embed/ HTTP/1.1" 200 10973 "-" "Mozilla/5.0 AppleWebKit/537.36 (KHTML, like Gecko; compatible; GPTBot/1.2; +https://openai.com/gptbot)"
4.227.36.14 - - [24/Nov/2024:00:02:12 +0800] "GET /%e9%bb%83%e9%87%91%e7%b7%9a%e6%8f%9b%e5%ad%a3%e4%bf%9d%e9%a4%8a%e5%b0%8f%e6%95%99%e5%ae%a4/embed/ HTTP/1.1" 200 10973 "-" "Mozilla/5.0 AppleWebKit/537.36 (KHTML, like Gecko; compatible; GPTBot/1.2; +https://openai.com/gptbot)"
4.227.36.14 - - [24/Nov/2024:00:02:22 +0800] "GET /%e9%bb%83%e9%87%91%e7%b7%9a%e6%8f%9b%e5%ad%a3%e4%bf%9d%e9%a4%8a%e5%b0%8f%e6%95%99%e5%ae%a4/embed/ HTTP/1.1" 200 10972 "-" "Mozilla/5.0 AppleWebKit/537.36 (KHTML, like Gecko; compatible; GPTBot/1.2; +https://openai.com/gptbot)"
4.227.36.14 - - [24/Nov/2024:00:02:28 +0800] "GET /%e9%bb%83%e9%87%91%e7%b7%9a%e6%8f%9b%e5%ad%a3%e4%bf%9d%e9%a4%8a%e5%b0%8f%e6%95%99%e5%ae%a4/embed/ HTTP/1.1" 200 10973 "-" "Mozilla/5.0 AppleWebKit/537.36 (KHTML, like Gecko; compatible; GPTBot/1.2; +https://openai.com/gptbot)"
4.227.36.14 - - [24/Nov/2024:00:02:38 +0800] "GET /%e9%bb%83%e9%87%91%e7%b7%9a%e6%8f%9b%e5%ad%a3%e4%bf%9d%e9%a4%8a%e5%b0%8f%e6%95%99%e5%ae%a4/embed/ HTTP/1.1" 200 10973 "-" "Mozilla/5.0 AppleWebKit/537.36 (KHTML, like Gecko; compatible; GPTBot/1.2; +https://openai.com/gptbot)"
4.227.36.14 - - [24/Nov/2024:00:02:44 +0800] "GET /%e9%bb%83%e9%87%91%e7%b7%9a%e6%8f%9b%e5%ad%a3%e4%bf%9d%e9%a4%8a%e5%b0%8f%e6%95%99%e5%ae%a4/embed/ HTTP/1.1" 200 10973 "-" "Mozilla/5.0 AppleWebKit/537.36 (KHTML, like Gecko; compatible; GPTBot/1.2; +https://openai.com/gptbot)"
4.227.36.14 - - [24/Nov/2024:00:02:53 +0800] "GET /%e9%bb%83%e9%87%91%e7%b7%9a%e6%8f%9b%e5%ad%a3%e4%bf%9d%e9%a4%8a%e5%b0%8f%e6%95%99%e5%ae%a4/embed/ HTTP/1.1" 200 10973 "-" "Mozilla/5.0 AppleWebKit/537.36 (KHTML, like Gecko; compatible; GPTBot/1.2; +https://openai.com/gptbot)"
4.227.36.14 - - [24/Nov/2024:00:02:59 +0800] "GET /%e9%bb%83%e9%87%91%e7%b7%9a%e6%8f%9b%e5%ad%a3%e4%bf%9d%e9%a4%8a%e5%b0%8f%e6%95%99%e5%ae%a4/embed/ HTTP/1.1" 200 10974 "-" "Mozilla/5.0 AppleWebKit/537.36 (KHTML, like Gecko; compatible; GPTBot/1.2; +https://openai.com/gptbot)"
4.227.36.14 - - [24/Nov/2024:00:03:15 +0800] "GET /%e9%bb%83%e9%87%91%e7%b7%9a%e6%8f%9b%e5%ad%a3%e4%bf%9d%e9%a4%8a%e5%b0%8f%e6%95%99%e5%ae%a4/embed/ HTTP/1.1" 200 10974 "-" "Mozilla/5.0 AppleWebKit/537.36 (KHTML, like Gecko; compatible; GPTBot/1.2; +https://openai.com/gptbot)"
4.227.36.14 - - [24/Nov/2024:00:03:21 +0800] "GET /%e9%bb%83%e9%87%91%e7%b7%9a%e6%8f%9b%e5%ad%a3%e4%bf%9d%e9%a4%8a%e5%b0%8f%e6%95%99%e5%ae%a4/embed/ HTTP/1.1" 200 10973 "-" "Mozilla/5.0 AppleWebKit/537.36 (KHTML, like Gecko; compatible; GPTBot/1.2; +https://openai.com/gptbot)"
4.227.36.14 - - [24/Nov/2024:00:03:33 +0800] "GET /%e9%bb%83%e9%87%91%e7%b7%9a%e6%8f%9b%e5%ad%a3%e4%bf%9d%e9%a4%8a%e5%b0%8f%e6%95%99%e5%ae%a4/embed/ HTTP/1.1" 200 10971 "-" "Mozilla/5.0 AppleWebKit/537.36 (KHTML, like Gecko; compatible; GPTBot/1.2; +https://openai.com/gptbot)"
4.227.36.14 - - [24/Nov/2024:00:03:40 +0800] "GET /%e9%bb%83%e9%87%91%e7%b7%9a%e6%8f%9b%e5%ad%a3%e4%bf%9d%e9%a4%8a%e5%b0%8f%e6%95%99%e5%ae%a4/embed/ HTTP/1.1" 200 10972 "-" "Mozilla/5.0 AppleWebKit/537.36 (KHTML, like Gecko; compatible; GPTBot/1.2; +https://openai.com/gptbot)"
36.234.177.242 - - [24/Nov/2024:00:03:41 +0800] "GET /tag/%E6%A9%9F%E6%B2%B9%E5%A3%93%E5%8A%9B/ HTTP/1.1" 200 26698 "-" "Mozilla/5.0 (Android 14; Mobile; rv:132.0) Gecko/132.0 Firefox/132.0"
3.145.196.150 - - [24/Nov/2024:00:03:43 +0800] "GET /robots.txt HTTP/1.1" 301 4022 "-" "Mozilla/5.0 AppleWebKit/537.36 (KHTML, like Gecko; compatible; ClaudeBot/1.0; +claudebot@anthropic.com)"
3.145.196.150 - - [24/Nov/2024:00:03:44 +0800] "GET /robots.txt HTTP/1.1" 200 4164 "https://car32.tw/robots.txt" "Mozilla/5.0 AppleWebKit/537.36 (KHTML, like Gecko; compatible; ClaudeBot/1.0; +claudebot@anthropic.com)"
3.145.196.150 - - [24/Nov/2024:00:03:44 +0800] "GET /tag/alpina/page/5 HTTP/1.1" 301 288 "-" "Mozilla/5.0 AppleWebKit/537.36 (KHTML, like Gecko; compatible; ClaudeBot/1.0; +claudebot@anthropic.com)"
3.145.196.150 - - [24/Nov/2024:00:03:44 +0800] "GET /tag/alpina/page/5/ HTTP/1.1" 200 26389 "https://car32.tw/tag/alpina/page/5" "Mozilla/5.0 AppleWebKit/537.36 (KHTML, like Gecko; compatible; ClaudeBot/1.0; +claudebot@anthropic.com)"
4.227.36.14 - - [24/Nov/2024:00:03:55 +0800] "GET /%e9%bb%83%e9%87%91%e7%b7%9a%e6%8f%9b%e5%ad%a3%e4%bf%9d%e9%a4%8a%e5%b0%8f%e6%95%99%e5%ae%a4/embed/ HTTP/1.1" 200 10972 "-" "Mozilla/5.0 AppleWebKit/537.36 (KHTML, like Gecko; compatible; GPTBot/1.2; +https://openai.com/gptbot)"
4.227.36.14 - - [24/Nov/2024:00:04:01 +0800] "GET /%e9%bb%83%e9%87%91%e7%b7%9a%e6%8f%9b%e5%ad%a3%e4%bf%9d%e9%a4%8a%e5%b0%8f%e6%95%99%e5%ae%a4/embed/ HTTP/1.1" 200 10973 "-" "Mozilla/5.0 AppleWebKit/537.36 (KHTML, like Gecko; compatible; GPTBot/1.2; +https://openai.com/gptbot)"
4.227.36.14 - - [24/Nov/2024:00:04:08 +0800] "GET /%e9%bb%83%e9%87%91%e7%b7%9a%e6%8f%9b%e5%ad%a3%e4%bf%9d%e9%a4%8a%e5%b0%8f%e6%95%99%e5%ae%a4/embed/ HTTP/1.1" 200 10973 "-" "Mozilla/5.0 AppleWebKit/537.36 (KHTML, like Gecko; compatible; GPTBot/1.2; +https://openai.com/gptbot)"
4.227.36.14 - - [24/Nov/2024:00:04:14 +0800] "GET /%e9%bb%83%e9%87%91%e7%b7%9a%e6%8f%9b%e5%ad%a3%e4%bf%9d%e9%a4%8a%e5%b0%8f%e6%95%99%e5%ae%a4/embed/ HTTP/1.1" 200 10969 "-" "Mozilla/5.0 AppleWebKit/537.36 (KHTML, like Gecko; compatible; GPTBot/1.2; +https://openai.com/gptbot)"
220.135.127.108 - - [24/Nov/2024:00:04:24 +0800] "POST /wp-cron.php?doing_wp_cron=1732377864.5275158882141113281250 HTTP/1.1" 200 4050 "-" "WordPress/6.7.1; https://www.car32.tw"
4.227.36.14 - - [24/Nov/2024:00:04:24 +0800] "GET /%e9%bb%83%e9%87%91%e7%b7%9a%e6%8f%9b%e5%ad%a3%e4%bf%9d%e9%a4%8a%e5%b0%8f%e6%95%99%e5%ae%a4/embed/ HTTP/1.1" 200 10974 "-" "Mozilla/5.0 AppleWebKit/537.36 (KHTML, like Gecko; compatible; GPTBot/1.2; +https://openai.com/gptbot)"
4.227.36.14 - - [24/Nov/2024:00:04:30 +0800] "GET /%e9%bb%83%e9%87%91%e7%b7%9a%e6%8f%9b%e5%ad%a3%e4%bf%9d%e9%a4%8a%e5%b0%8f%e6%95%99%e5%ae%a4/embed/ HTTP/1.1" 200 10974 "-" "Mozilla/5.0 AppleWebKit/537.36 (KHTML, like Gecko; compatible; GPTBot/1.2; +https://openai.com/gptbot)"
4.227.36.14 - - [24/Nov/2024:00:04:42 +0800] "GET /%e9%bb%83%e9%87%91%e7%b7%9a%e6%8f%9b%e5%ad%a3%e4%bf%9d%e9%a4%8a%e5%b0%8f%e6%95%99%e5%ae%a4/embed/ HTTP/1.1" 200 10973 "-" "Mozilla/5.0 AppleWebKit/537.36 (KHTML, like Gecko; compatible; GPTBot/1.2; +https://openai.com/gptbot)"
4.227.36.14 - - [24/Nov/2024:00:04:48 +0800] "GET /%e9%bb%83%e9%87%91%e7%b7%9a%e6%8f%9b%e5%ad%a3%e4%bf%9d%e9%a4%8a%e5%b0%8f%e6%95%99%e5%ae%a4/embed/ HTTP/1.1" 200 10972 "-" "Mozilla/5.0 AppleWebKit/537.36 (KHTML, like Gecko; compatible; GPTBot/1.2; +https://openai.com/gptbot)"
4.227.36.14 - - [24/Nov/2024:00:04:58 +0800] "GET /%e9%bb%83%e9%87%91%e7%b7%9a%e6%8f%9b%e5%ad%a3%e4%bf%9d%e9%a4%8a%e5%b0%8f%e6%95%99%e5%ae%a4/embed/ HTTP/1.1" 200 10974 "-" "Mozilla/5.0 AppleWebKit/537.36 (KHTML, like Gecko; compatible; GPTBot/1.2; +https://openai.com/gptbot)"
4.227.36.14 - - [24/Nov/2024:00:05:04 +0800] "GET /%e9%bb%83%e9%87%91%e7%b7%9a%e6%8f%9b%e5%ad%a3%e4%bf%9d%e9%a4%8a%e5%b0%8f%e6%95%99%e5%ae%a4/embed/ HTTP/1.1" 200 10972 "-" "Mozilla/5.0 AppleWebKit/537.36 (KHTML, like Gecko; compatible; GPTBot/1.2; +https://openai.com/gptbot)"
4.227.36.14 - - [24/Nov/2024:00:05:10 +0800] "GET /%e9%bb%83%e9%87%91%e7%b7%9a%e6%8f%9b%e5%ad%a3%e4%bf%9d%e9%a4%8a%e5%b0%8f%e6%95%99%e5%ae%a4/embed/ HTTP/1.1" 200 10971 "-" "Mozilla/5.0 AppleWebKit/537.36 (KHTML, like Gecko; compatible; GPTBot/1.2; +https://openai.com/gptbot)"
4.227.36.14 - - [24/Nov/2024:00:05:27 +0800] "GET /%e9%bb%83%e9%87%91%e7%b7%9a%e6%8f%9b%e5%ad%a3%e4%bf%9d%e9%a4%8a%e5%b0%8f%e6%95%99%e5%ae%a4/embed/ HTTP/1.1" 200 10971 "-" "Mozilla/5.0 AppleWebKit/537.36 (KHTML, like Gecko; compatible; GPTBot/1.2; +https://openai.com/gptbot)"
220.135.127.108 - - [24/Nov/2024:00:05:34 +0800] "POST /wp-cron.php?doing_wp_cron=1732377934.4470539093017578125000 HTTP/1.1" 200 4050 "-" "WordPress/6.7.1; https://www.car32.tw"
4.227.36.14 - - [24/Nov/2024:00:05:34 +0800] "GET /%e9%bb%83%e9%87%91%e7%b7%9a%e6%8f%9b%e5%ad%a3%e4%bf%9d%e9%a4%8a%e5%b0%8f%e6%95%99%e5%ae%a4/embed/ HTTP/1.1" 200 10974 "-" "Mozilla/5.0 AppleWebKit/537.36 (KHTML, like Gecko; compatible; GPTBot/1.2; +https://openai.com/gptbot)"
4.227.36.14 - - [24/Nov/2024:00:05:44 +0800] "GET /%e9%bb%83%e9%87%91%e7%b7%9a%e6%8f%9b%e5%ad%a3%e4%bf%9d%e9%a4%8a%e5%b0%8f%e6%95%99%e5%ae%a4/embed/ HTTP/1.1" 200 10974 "-" "Mozilla/5.0 AppleWebKit/537.36 (KHTML, like Gecko; compatible; GPTBot/1.2; +https://openai.com/gptbot)"
4.227.36.14 - - [24/Nov/2024:00:05:49 +0800] "GET /%e9%bb%83%e9%87%91%e7%b7%9a%e6%8f%9b%e5%ad%a3%e4%bf%9d%e9%a4%8a%e5%b0%8f%e6%95%99%e5%ae%a4/embed/ HTTP/1.1" 200 10972 "-" "Mozilla/5.0 AppleWebKit/537.36 (KHTML, like Gecko; compatible; GPTBot/1.2; +https://openai.com/gptbot)"
192.0.82.55 - - [24/Nov/2024:00:05:51 +0800] "HEAD / HTTP/1.1" 200 4000 "-" "jetmon/1.0 (Jetpack Site Uptime Monitor by WordPress.com)"
4.227.36.14 - - [24/Nov/2024:00:05:55 +0800] "GET /%e9%bb%83%e9%87%91%e7%b7%9a%e6%8f%9b%e5%ad%a3%e4%bf%9d%e9%a4%8a%e5%b0%8f%e6%95%99%e5%ae%a4/embed/ HTTP/1.1" 200 10974 "-" "Mozilla/5.0 AppleWebKit/537.36 (KHTML, like Gecko; compatible; GPTBot/1.2; +https://openai.com/gptbot)"
4.227.36.14 - - [24/Nov/2024:00:06:07 +0800] "GET /%e9%bb%83%e9%87%91%e7%b7%9a%e6%8f%9b%e5%ad%a3%e4%bf%9d%e9%a4%8a%e5%b0%8f%e6%95%99%e5%ae%a4/embed/ HTTP/1.1" 200 10974 "-" "Mozilla/5.0 AppleWebKit/537.36 (KHTML, like Gecko; compatible; GPTBot/1.2; +https://openai.com/gptbot)"
4.227.36.14 - - [24/Nov/2024:00:06:13 +0800] "GET /%e9%bb%83%e9%87%91%e7%b7%9a%e6%8f%9b%e5%ad%a3%e4%bf%9d%e9%a4%8a%e5%b0%8f%e6%95%99%e5%ae%a4/embed/ HTTP/1.1" 200 10974 "-" "Mozilla/5.0 AppleWebKit/537.36 (KHTML, like Gecko; compatible; GPTBot/1.2; +https://openai.com/gptbot)"
4.227.36.14 - - [24/Nov/2024:00:06:26 +0800] "GET /%e9%bb%83%e9%87%91%e7%b7%9a%e6%8f%9b%e5%ad%a3%e4%bf%9d%e9%a4%8a%e5%b0%8f%e6%95%99%e5%ae%a4/embed/ HTTP/1.1" 200 10972 "-" "Mozilla/5.0 AppleWebKit/537.36 (KHTML, like Gecko; compatible; GPTBot/1.2; +https://openai.com/gptbot)"
4.227.36.14 - - [24/Nov/2024:00:06:32 +0800] "GET /%e9%bb%83%e9%87%91%e7%b7%9a%e6%8f%9b%e5%ad%a3%e4%bf%9d%e9%a4%8a%e5%b0%8f%e6%95%99%e5%ae%a4/embed/ HTTP/1.1" 200 10973 "-" "Mozilla/5.0 AppleWebKit/537.36 (KHTML, like Gecko; compatible; GPTBot/1.2; +https://openai.com/gptbot)"
4.227.36.14 - - [24/Nov/2024:00:06:41 +0800] "GET /%e9%bb%83%e9%87%91%e7%b7%9a%e6%8f%9b%e5%ad%a3%e4%bf%9d%e9%a4%8a%e5%b0%8f%e6%95%99%e5%ae%a4/embed/ HTTP/1.1" 200 10974 "-" "Mozilla/5.0 AppleWebKit/537.36 (KHTML, like Gecko; compatible; GPTBot/1.2; +https://openai.com/gptbot)"
4.227.36.14 - - [24/Nov/2024:00:06:47 +0800] "GET /%e9%bb%83%e9%87%91%e7%b7%9a%e6%8f%9b%e5%ad%a3%e4%bf%9d%e9%a4%8a%e5%b0%8f%e6%95%99%e5%ae%a4/embed/ HTTP/1.1" 200 10973 "-" "Mozilla/5.0 AppleWebKit/537.36 (KHTML, like Gecko; compatible; GPTBot/1.2; +https://openai.com/gptbot)"
4.227.36.14 - - [24/Nov/2024:00:07:00 +0800] "GET /%e9%bb%83%e9%87%91%e7%b7%9a%e6%8f%9b%e5%ad%a3%e4%bf%9d%e9%a4%8a%e5%b0%8f%e6%95%99%e5%ae%a4/embed/ HTTP/1.1" 200 10973 "-" "Mozilla/5.0 AppleWebKit/537.36 (KHTML, like Gecko; compatible; GPTBot/1.2; +https://openai.com/gptbot)"
85.208.96.193 - - [24/Nov/2024:00:07:02 +0800] "GET /%E6%89%8B%E6%8E%92-%E8%87%AA%E6%8E%92-%E8%87%AA%E6%89%8B%E6%8E%92-ctv-%E4%B8%BB%E6%B5%81%E8%AE%8A%E9%80%9F%E7%AE%B1%E7%A7%91%E6%8A%80%E6%AF%94%E4%B8%80%E6%AF%94/ HTTP/1.1" 200 18084 "-" "Mozilla/5.0 (compatible; SemrushBot/7~bl; +http://www.semrush.com/bot.html)"
4.227.36.14 - - [24/Nov/2024:00:07:15 +0800] "GET /%e9%bb%83%e9%87%91%e7%b7%9a%e6%8f%9b%e5%ad%a3%e4%bf%9d%e9%a4%8a%e5%b0%8f%e6%95%99%e5%ae%a4/embed/ HTTP/1.1" 200 10972 "-" "Mozilla/5.0 AppleWebKit/537.36 (KHTML, like Gecko; compatible; GPTBot/1.2; +https://openai.com/gptbot)"
199.45.154.154 - - [24/Nov/2024:00:07:20 +0800] "GET / HTTP/1.1" 301 3965 "-" "Mozilla/5.0 (compatible; CensysInspect/1.1; +https://about.censys.io/)"
4.227.36.14 - - [24/Nov/2024:00:07:21 +0800] "GET /%e9%bb%83%e9%87%91%e7%b7%9a%e6%8f%9b%e5%ad%a3%e4%bf%9d%e9%a4%8a%e5%b0%8f%e6%95%99%e5%ae%a4/embed/ HTTP/1.1" 200 10973 "-" "Mozilla/5.0 AppleWebKit/537.36 (KHTML, like Gecko; compatible; GPTBot/1.2; +https://openai.com/gptbot)"
199.45.154.154 - - [24/Nov/2024:00:07:32 +0800] "GET / HTTP/1.1" 200 24164 "-" "Mozilla/5.0 (compatible; CensysInspect/1.1; +https://about.censys.io/)"
4.227.36.14 - - [24/Nov/2024:00:07:33 +0800] "GET /%e9%bb%83%e9%87%91%e7%b7%9a%e6%8f%9b%e5%ad%a3%e4%bf%9d%e9%a4%8a%e5%b0%8f%e6%95%99%e5%ae%a4/embed/ HTTP/1.1" 200 10974 "-" "Mozilla/5.0 AppleWebKit/537.36 (KHTML, like Gecko; compatible; GPTBot/1.2; +https://openai.com/gptbot)"
199.45.154.154 - - [24/Nov/2024:00:07:33 +0800] "GET /favicon.ico HTTP/1.1" 302 4114 "-" "Mozilla/5.0 (compatible; CensysInspect/1.1; +https://about.censys.io/)"
4.227.36.14 - - [24/Nov/2024:00:07:39 +0800] "GET /%e9%bb%83%e9%87%91%e7%b7%9a%e6%8f%9b%e5%ad%a3%e4%bf%9d%e9%a4%8a%e5%b0%8f%e6%95%99%e5%ae%a4/embed/ HTTP/1.1" 200 10970 "-" "Mozilla/5.0 AppleWebKit/537.36 (KHTML, like Gecko; compatible; GPTBot/1.2; +https://openai.com/gptbot)"
178.156.144.232 - - [24/Nov/2024:00:07:50 +0800] "GET /tag/%E6%A9%9F%E6%B2%B9%E5%A3%93%E5%8A%9B/ HTTP/1.1" 200 26651 "-" "Mozilla/5.0 (Windows NT 10.0; Win64; x64) AppleWebKit/537.36 (KHTML, like Gecko) Chrome/84.0.4147.105 Safari/537.36"
4.227.36.14 - - [24/Nov/2024:00:07:51 +0800] "GET /%e9%bb%83%e9%87%91%e7%b7%9a%e6%8f%9b%e5%ad%a3%e4%bf%9d%e9%a4%8a%e5%b0%8f%e6%95%99%e5%ae%a4/embed/ HTTP/1.1" 200 10972 "-" "Mozilla/5.0 AppleWebKit/537.36 (KHTML, like Gecko; compatible; GPTBot/1.2; +https://openai.com/gptbot)"
95.216.206.56 - - [24/Nov/2024:00:07:52 +0800] "GET /robots.txt HTTP/1.1" 200 4173 "-" "Mozilla/5.0 AppleWebKit/537.36 (KHTML, like Gecko; compatible; Bravebot/1.0; +https://search.brave.com/help/brave-search-crawler) Chrome/W.X.Y.Z Safari/537.36"
4.227.36.14 - - [24/Nov/2024:00:07:56 +0800] "GET /%e9%bb%83%e9%87%91%e7%b7%9a%e6%8f%9b%e5%ad%a3%e4%bf%9d%e9%a4%8a%e5%b0%8f%e6%95%99%e5%ae%a4/embed/ HTTP/1.1" 200 10972 "-" "Mozilla/5.0 AppleWebKit/537.36 (KHTML, like Gecko; compatible; GPTBot/1.2; +https://openai.com/gptbot)"
4.227.36.14 - - [24/Nov/2024:00:08:07 +0800] "GET /%e9%bb%83%e9%87%91%e7%b7%9a%e6%8f%9b%e5%ad%a3%e4%bf%9d%e9%a4%8a%e5%b0%8f%e6%95%99%e5%ae%a4/embed/ HTTP/1.1" 200 10973 "-" "Mozilla/5.0 AppleWebKit/537.36 (KHTML, like Gecko; compatible; GPTBot/1.2; +https://openai.com/gptbot)"
4.227.36.14 - - [24/Nov/2024:00:08:13 +0800] "GET /%e9%bb%83%e9%87%91%e7%b7%9a%e6%8f%9b%e5%ad%a3%e4%bf%9d%e9%a4%8a%e5%b0%8f%e6%95%99%e5%ae%a4/embed/ HTTP/1.1" 200 10973 "-" "Mozilla/5.0 AppleWebKit/537.36 (KHTML, like Gecko; compatible; GPTBot/1.2; +https://openai.com/gptbot)"
4.227.36.14 - - [24/Nov/2024:00:08:20 +0800] "GET /%e9%bb%83%e9%87%91%e7%b7%9a%e6%8f%9b%e5%ad%a3%e4%bf%9d%e9%a4%8a%e5%b0%8f%e6%95%99%e5%ae%a4/embed/ HTTP/1.1" 200 10974 "-" "Mozilla/5.0 AppleWebKit/537.36 (KHTML, like Gecko; compatible; GPTBot/1.2; +https://openai.com/gptbot)"
4.227.36.14 - - [24/Nov/2024:00:08:32 +0800] "GET /%e9%bb%83%e9%87%91%e7%b7%9a%e6%8f%9b%e5%ad%a3%e4%bf%9d%e9%a4%8a%e5%b0%8f%e6%95%99%e5%ae%a4/embed/ HTTP/1.1" 200 10973 "-" "Mozilla/5.0 AppleWebKit/537.36 (KHTML, like Gecko; compatible; GPTBot/1.2; +https://openai.com/gptbot)"
4.227.36.14 - - [24/Nov/2024:00:08:50 +0800] "GET /%e9%bb%83%e9%87%91%e7%b7%9a%e6%8f%9b%e5%ad%a3%e4%bf%9d%e9%a4%8a%e5%b0%8f%e6%95%99%e5%ae%a4/embed/ HTTP/1.1" 200 10973 "-" "Mozilla/5.0 AppleWebKit/537.36 (KHTML, like Gecko; compatible; GPTBot/1.2; +https://openai.com/gptbot)"
4.227.36.14 - - [24/Nov/2024:00:08:56 +0800] "GET /%e9%bb%83%e9%87%91%e7%b7%9a%e6%8f%9b%e5%ad%a3%e4%bf%9d%e9%a4%8a%e5%b0%8f%e6%95%99%e5%ae%a4/embed/ HTTP/1.1" 200 10973 "-" "Mozilla/5.0 AppleWebKit/537.36 (KHTML, like Gecko; compatible; GPTBot/1.2; +https://openai.com/gptbot)"
4.227.36.14 - - [24/Nov/2024:00:09:03 +0800] "GET /%e9%bb%83%e9%87%91%e7%b7%9a%e6%8f%9b%e5%ad%a3%e4%bf%9d%e9%a4%8a%e5%b0%8f%e6%95%99%e5%ae%a4/embed/ HTTP/1.1" 200 10972 "-" "Mozilla/5.0 AppleWebKit/537.36 (KHTML, like Gecko; compatible; GPTBot/1.2; +https://openai.com/gptbot)"
4.227.36.14 - - [24/Nov/2024:00:09:09 +0800] "GET /%e9%bb%83%e9%87%91%e7%b7%9a%e6%8f%9b%e5%ad%a3%e4%bf%9d%e9%a4%8a%e5%b0%8f%e6%95%99%e5%ae%a4/embed/ HTTP/1.1" 200 10973 "-" "Mozilla/5.0 AppleWebKit/537.36 (KHTML, like Gecko; compatible; GPTBot/1.2; +https://openai.com/gptbot)"
4.227.36.14 - - [24/Nov/2024:00:09:20 +0800] "GET /%e9%bb%83%e9%87%91%e7%b7%9a%e6%8f%9b%e5%ad%a3%e4%bf%9d%e9%a4%8a%e5%b0%8f%e6%95%99%e5%ae%a4/embed/ HTTP/1.1" 200 10972 "-" "Mozilla/5.0 AppleWebKit/537.36 (KHTML, like Gecko; compatible; GPTBot/1.2; +https://openai.com/gptbot)"
220.135.127.108 - - [24/Nov/2024:00:09:26 +0800] "POST /wp-cron.php?doing_wp_cron=1732378166.3301870822906494140625 HTTP/1.1" 200 4050 "-" "WordPress/6.7.1; https://www.car32.tw"
4.227.36.14 - - [24/Nov/2024:00:09:26 +0800] "GET /%e9%bb%83%e9%87%91%e7%b7%9a%e6%8f%9b%e5%ad%a3%e4%bf%9d%e9%a4%8a%e5%b0%8f%e6%95%99%e5%ae%a4/embed/ HTTP/1.1" 200 10971 "-" "Mozilla/5.0 AppleWebKit/537.36 (KHTML, like Gecko; compatible; GPTBot/1.2; +https://openai.com/gptbot)"
4.227.36.14 - - [24/Nov/2024:00:09:34 +0800] "GET /%e9%bb%83%e9%87%91%e7%b7%9a%e6%8f%9b%e5%ad%a3%e4%bf%9d%e9%a4%8a%e5%b0%8f%e6%95%99%e5%ae%a4/embed/ HTTP/1.1" 200 10974 "-" "Mozilla/5.0 AppleWebKit/537.36 (KHTML, like Gecko; compatible; GPTBot/1.2; +https://openai.com/gptbot)"
4.227.36.14 - - [24/Nov/2024:00:09:40 +0800] "GET /%e9%bb%83%e9%87%91%e7%b7%9a%e6%8f%9b%e5%ad%a3%e4%bf%9d%e9%a4%8a%e5%b0%8f%e6%95%99%e5%ae%a4/embed/ HTTP/1.1" 200 10974 "-" "Mozilla/5.0 AppleWebKit/537.36 (KHTML, like Gecko; compatible; GPTBot/1.2; +https://openai.com/gptbot)"
4.227.36.14 - - [24/Nov/2024:00:09:54 +0800] "GET /%e9%bb%83%e9%87%91%e7%b7%9a%e6%8f%9b%e5%ad%a3%e4%bf%9d%e9%a4%8a%e5%b0%8f%e6%95%99%e5%ae%a4/embed/ HTTP/1.1" 200 10974 "-" "Mozilla/5.0 AppleWebKit/537.36 (KHTML, like Gecko; compatible; GPTBot/1.2; +https://openai.com/gptbot)"
4.227.36.14 - - [24/Nov/2024:00:10:06 +0800] "GET /%e9%bb%83%e9%87%91%e7%b7%9a%e6%8f%9b%e5%ad%a3%e4%bf%9d%e9%a4%8a%e5%b0%8f%e6%95%99%e5%ae%a4/embed/ HTTP/1.1" 200 10972 "-" "Mozilla/5.0 AppleWebKit/537.36 (KHTML, like Gecko; compatible; GPTBot/1.2; +https://openai.com/gptbot)"
4.227.36.14 - - [24/Nov/2024:00:10:12 +0800] "GET /%e9%bb%83%e9%87%91%e7%b7%9a%e6%8f%9b%e5%ad%a3%e4%bf%9d%e9%a4%8a%e5%b0%8f%e6%95%99%e5%ae%a4/embed/ HTTP/1.1" 200 10973 "-" "Mozilla/5.0 AppleWebKit/537.36 (KHTML, like Gecko; compatible; GPTBot/1.2; +https://openai.com/gptbot)"
4.227.36.14 - - [24/Nov/2024:00:10:19 +0800] "GET /%e9%bb%83%e9%87%91%e7%b7%9a%e6%8f%9b%e5%ad%a3%e4%bf%9d%e9%a4%8a%e5%b0%8f%e6%95%99%e5%ae%a4/embed/ HTTP/1.1" 200 10974 "-" "Mozilla/5.0 AppleWebKit/537.36 (KHTML, like Gecko; compatible; GPTBot/1.2; +https://openai.com/gptbot)"
220.135.127.108 - - [24/Nov/2024:00:10:32 +0800] "POST /wp-cron.php?doing_wp_cron=1732378232.5831499099731445312500 HTTP/1.1" 200 4050 "-" "WordPress/6.7.1; https://www.car32.tw"
4.227.36.14 - - [24/Nov/2024:00:10:32 +0800] "GET /%e9%bb%83%e9%87%91%e7%b7%9a%e6%8f%9b%e5%ad%a3%e4%bf%9d%e9%a4%8a%e5%b0%8f%e6%95%99%e5%ae%a4/embed/ HTTP/1.1" 200 10974 "-" "Mozilla/5.0 AppleWebKit/537.36 (KHTML, like Gecko; compatible; GPTBot/1.2; +https://openai.com/gptbot)"
4.227.36.14 - - [24/Nov/2024:00:10:46 +0800] "GET /%e9%bb%83%e9%87%91%e7%b7%9a%e6%8f%9b%e5%ad%a3%e4%bf%9d%e9%a4%8a%e5%b0%8f%e6%95%99%e5%ae%a4/embed/ HTTP/1.1" 200 10972 "-" "Mozilla/5.0 AppleWebKit/537.36 (KHTML, like Gecko; compatible; GPTBot/1.2; +https://openai.com/gptbot)"
4.227.36.14 - - [24/Nov/2024:00:10:52 +0800] "GET /%e9%bb%83%e9%87%91%e7%b7%9a%e6%8f%9b%e5%ad%a3%e4%bf%9d%e9%a4%8a%e5%b0%8f%e6%95%99%e5%ae%a4/embed/ HTTP/1.1" 200 10973 "-" "Mozilla/5.0 AppleWebKit/537.36 (KHTML, like Gecko; compatible; GPTBot/1.2; +https://openai.com/gptbot)"
192.0.82.55 - - [24/Nov/2024:00:10:53 +0800] "HEAD / HTTP/1.1" 200 4000 "-" "jetmon/1.0 (Jetpack Site Uptime Monitor by WordPress.com)"
4.227.36.14 - - [24/Nov/2024:00:10:59 +0800] "GET /%e9%bb%83%e9%87%91%e7%b7%9a%e6%8f%9b%e5%ad%a3%e4%bf%9d%e9%a4%8a%e5%b0%8f%e6%95%99%e5%ae%a4/embed/ HTTP/1.1" 200 10971 "-" "Mozilla/5.0 AppleWebKit/537.36 (KHTML, like Gecko; compatible; GPTBot/1.2; +https://openai.com/gptbot)"
4.227.36.14 - - [24/Nov/2024:00:11:06 +0800] "GET /%e9%bb%83%e9%87%91%e7%b7%9a%e6%8f%9b%e5%ad%a3%e4%bf%9d%e9%a4%8a%e5%b0%8f%e6%95%99%e5%ae%a4/embed/ HTTP/1.1" 200 10972 "-" "Mozilla/5.0 AppleWebKit/537.36 (KHTML, like Gecko; compatible; GPTBot/1.2; +https://openai.com/gptbot)"
4.227.36.14 - - [24/Nov/2024:00:11:13 +0800] "GET /%e9%bb%83%e9%87%91%e7%b7%9a%e6%8f%9b%e5%ad%a3%e4%bf%9d%e9%a4%8a%e5%b0%8f%e6%95%99%e5%ae%a4/embed/ HTTP/1.1" 200 10971 "-" "Mozilla/5.0 AppleWebKit/537.36 (KHTML, like Gecko; compatible; GPTBot/1.2; +https://openai.com/gptbot)"
4.227.36.14 - - [24/Nov/2024:00:11:19 +0800] "GET /%e9%bb%83%e9%87%91%e7%b7%9a%e6%8f%9b%e5%ad%a3%e4%bf%9d%e9%a4%8a%e5%b0%8f%e6%95%99%e5%ae%a4/embed/ HTTP/1.1" 200 10972 "-" "Mozilla/5.0 AppleWebKit/537.36 (KHTML, like Gecko; compatible; GPTBot/1.2; +https://openai.com/gptbot)"
4.227.36.14 - - [24/Nov/2024:00:11:26 +0800] "GET /%e9%bb%83%e9%87%91%e7%b7%9a%e6%8f%9b%e5%ad%a3%e4%bf%9d%e9%a4%8a%e5%b0%8f%e6%95%99%e5%ae%a4/embed/ HTTP/1.1" 200 10971 "-" "Mozilla/5.0 AppleWebKit/537.36 (KHTML, like Gecko; compatible; GPTBot/1.2; +https://openai.com/gptbot)"
4.227.36.14 - - [24/Nov/2024:00:11:32 +0800] "GET /%e9%bb%83%e9%87%91%e7%b7%9a%e6%8f%9b%e5%ad%a3%e4%bf%9d%e9%a4%8a%e5%b0%8f%e6%95%99%e5%ae%a4/embed/ HTTP/1.1" 200 10973 "-" "Mozilla/5.0 AppleWebKit/537.36 (KHTML, like Gecko; compatible; GPTBot/1.2; +https://openai.com/gptbot)"
52.167.144.186 - - [24/Nov/2024:00:11:34 +0800] "GET /tag/%E9%9A%94%E7%86%B1%E7%B4%99/ HTTP/1.1" 200 18630 "-" "Mozilla/5.0 AppleWebKit/537.36 (KHTML, like Gecko; compatible; bingbot/2.0; +http://www.bing.com/bingbot.htm) Chrome/116.0.1938.76 Safari/537.36"
4.227.36.14 - - [24/Nov/2024:00:11:38 +0800] "GET /%e9%bb%83%e9%87%91%e7%b7%9a%e6%8f%9b%e5%ad%a3%e4%bf%9d%e9%a4%8a%e5%b0%8f%e6%95%99%e5%ae%a4/embed/ HTTP/1.1" 200 10974 "-" "Mozilla/5.0 AppleWebKit/537.36 (KHTML, like Gecko; compatible; GPTBot/1.2; +https://openai.com/gptbot)"
4.227.36.14 - - [24/Nov/2024:00:11:44 +0800] "GET /%e9%bb%83%e9%87%91%e7%b7%9a%e6%8f%9b%e5%ad%a3%e4%bf%9d%e9%a4%8a%e5%b0%8f%e6%95%99%e5%ae%a4/embed/ HTTP/1.1" 200 10973 "-" "Mozilla/5.0 AppleWebKit/537.36 (KHTML, like Gecko; compatible; GPTBot/1.2; +https://openai.com/gptbot)"
4.227.36.14 - - [24/Nov/2024:00:11:52 +0800] "GET /%e9%bb%83%e9%87%91%e7%b7%9a%e6%8f%9b%e5%ad%a3%e4%bf%9d%e9%a4%8a%e5%b0%8f%e6%95%99%e5%ae%a4/embed/ HTTP/1.1" 200 10973 "-" "Mozilla/5.0 AppleWebKit/537.36 (KHTML, like Gecko; compatible; GPTBot/1.2; +https://openai.com/gptbot)"
4.227.36.14 - - [24/Nov/2024:00:12:01 +0800] "GET /%e9%bb%83%e9%87%91%e7%b7%9a%e6%8f%9b%e5%ad%a3%e4%bf%9d%e9%a4%8a%e5%b0%8f%e6%95%99%e5%ae%a4/embed/ HTTP/1.1" 200 10973 "-" "Mozilla/5.0 AppleWebKit/537.36 (KHTML, like Gecko; compatible; GPTBot/1.2; +https://openai.com/gptbot)"
4.227.36.14 - - [24/Nov/2024:00:12:08 +0800] "GET /%e9%bb%83%e9%87%91%e7%b7%9a%e6%8f%9b%e5%ad%a3%e4%bf%9d%e9%a4%8a%e5%b0%8f%e6%95%99%e5%ae%a4/embed/ HTTP/1.1" 200 10973 "-" "Mozilla/5.0 AppleWebKit/537.36 (KHTML, like Gecko; compatible; GPTBot/1.2; +https://openai.com/gptbot)"
4.227.36.14 - - [24/Nov/2024:00:12:14 +0800] "GET /%e9%bb%83%e9%87%91%e7%b7%9a%e6%8f%9b%e5%ad%a3%e4%bf%9d%e9%a4%8a%e5%b0%8f%e6%95%99%e5%ae%a4/embed/ HTTP/1.1" 200 10972 "-" "Mozilla/5.0 AppleWebKit/537.36 (KHTML, like Gecko; compatible; GPTBot/1.2; +https://openai.com/gptbot)"
4.227.36.14 - - [24/Nov/2024:00:12:21 +0800] "GET /%e9%bb%83%e9%87%91%e7%b7%9a%e6%8f%9b%e5%ad%a3%e4%bf%9d%e9%a4%8a%e5%b0%8f%e6%95%99%e5%ae%a4/embed/ HTTP/1.1" 200 10972 "-" "Mozilla/5.0 AppleWebKit/537.36 (KHTML, like Gecko; compatible; GPTBot/1.2; +https://openai.com/gptbot)"
4.227.36.14 - - [24/Nov/2024:00:12:36 +0800] "GET /%e9%bb%83%e9%87%91%e7%b7%9a%e6%8f%9b%e5%ad%a3%e4%bf%9d%e9%a4%8a%e5%b0%8f%e6%95%99%e5%ae%a4/embed/ HTTP/1.1" 200 10971 "-" "Mozilla/5.0 AppleWebKit/537.36 (KHTML, like Gecko; compatible; GPTBot/1.2; +https://openai.com/gptbot)"
4.227.36.14 - - [24/Nov/2024:00:12:54 +0800] "GET /%e9%bb%83%e9%87%91%e7%b7%9a%e6%8f%9b%e5%ad%a3%e4%bf%9d%e9%a4%8a%e5%b0%8f%e6%95%99%e5%ae%a4/embed/ HTTP/1.1" 200 10972 "-" "Mozilla/5.0 AppleWebKit/537.36 (KHTML, like Gecko; compatible; GPTBot/1.2; +https://openai.com/gptbot)"
4.227.36.14 - - [24/Nov/2024:00:13:00 +0800] "GET /%e9%bb%83%e9%87%91%e7%b7%9a%e6%8f%9b%e5%ad%a3%e4%bf%9d%e9%a4%8a%e5%b0%8f%e6%95%99%e5%ae%a4/embed/ HTTP/1.1" 200 10974 "-" "Mozilla/5.0 AppleWebKit/537.36 (KHTML, like Gecko; compatible; GPTBot/1.2; +https://openai.com/gptbot)"
4.227.36.14 - - [24/Nov/2024:00:13:11 +0800] "GET /%e9%bb%83%e9%87%91%e7%b7%9a%e6%8f%9b%e5%ad%a3%e4%bf%9d%e9%a4%8a%e5%b0%8f%e6%95%99%e5%ae%a4/embed/ HTTP/1.1" 200 10970 "-" "Mozilla/5.0 AppleWebKit/537.36 (KHTML, like Gecko; compatible; GPTBot/1.2; +https://openai.com/gptbot)"
4.227.36.14 - - [24/Nov/2024:00:13:17 +0800] "GET /%e9%bb%83%e9%87%91%e7%b7%9a%e6%8f%9b%e5%ad%a3%e4%bf%9d%e9%a4%8a%e5%b0%8f%e6%95%99%e5%ae%a4/embed/ HTTP/1.1" 200 10971 "-" "Mozilla/5.0 AppleWebKit/537.36 (KHTML, like Gecko; compatible; GPTBot/1.2; +https://openai.com/gptbot)"
4.227.36.14 - - [24/Nov/2024:00:13:25 +0800] "GET /%e9%bb%83%e9%87%91%e7%b7%9a%e6%8f%9b%e5%ad%a3%e4%bf%9d%e9%a4%8a%e5%b0%8f%e6%95%99%e5%ae%a4/embed/ HTTP/1.1" 200 10973 "-" "Mozilla/5.0 AppleWebKit/537.36 (KHTML, like Gecko; compatible; GPTBot/1.2; +https://openai.com/gptbot)"
4.227.36.14 - - [24/Nov/2024:00:13:40 +0800] "GET /%e9%bb%83%e9%87%91%e7%b7%9a%e6%8f%9b%e5%ad%a3%e4%bf%9d%e9%a4%8a%e5%b0%8f%e6%95%99%e5%ae%a4/embed/ HTTP/1.1" 200 10974 "-" "Mozilla/5.0 AppleWebKit/537.36 (KHTML, like Gecko; compatible; GPTBot/1.2; +https://openai.com/gptbot)"
4.227.36.14 - - [24/Nov/2024:00:13:46 +0800] "GET /%e9%bb%83%e9%87%91%e7%b7%9a%e6%8f%9b%e5%ad%a3%e4%bf%9d%e9%a4%8a%e5%b0%8f%e6%95%99%e5%ae%a4/embed/ HTTP/1.1" 200 10970 "-" "Mozilla/5.0 AppleWebKit/537.36 (KHTML, like Gecko; compatible; GPTBot/1.2; +https://openai.com/gptbot)"
4.227.36.14 - - [24/Nov/2024:00:13:54 +0800] "GET /%e9%bb%83%e9%87%91%e7%b7%9a%e6%8f%9b%e5%ad%a3%e4%bf%9d%e9%a4%8a%e5%b0%8f%e6%95%99%e5%ae%a4/embed/ HTTP/1.1" 200 10973 "-" "Mozilla/5.0 AppleWebKit/537.36 (KHTML, like Gecko; compatible; GPTBot/1.2; +https://openai.com/gptbot)"
4.227.36.14 - - [24/Nov/2024:00:14:00 +0800] "GET /%e9%bb%83%e9%87%91%e7%b7%9a%e6%8f%9b%e5%ad%a3%e4%bf%9d%e9%a4%8a%e5%b0%8f%e6%95%99%e5%ae%a4/embed/ HTTP/1.1" 200 10971 "-" "Mozilla/5.0 AppleWebKit/537.36 (KHTML, like Gecko; compatible; GPTBot/1.2; +https://openai.com/gptbot)"
20.191.45.212 - - [24/Nov/2024:00:14:02 +0800] "GET / HTTP/1.1" 301 565 "http://www.car32.tw/" "DuckDuckBot/1.1; (+http://duckduckgo.com/duckduckbot.html)"
20.191.45.212 - - [24/Nov/2024:00:14:03 +0800] "GET / HTTP/1.1" 200 24220 "https://www.car32.tw/" "DuckDuckBot/1.1; (+http://duckduckgo.com/duckduckbot.html)"
4.227.36.14 - - [24/Nov/2024:00:14:10 +0800] "GET /%e9%bb%83%e9%87%91%e7%b7%9a%e6%8f%9b%e5%ad%a3%e4%bf%9d%e9%a4%8a%e5%b0%8f%e6%95%99%e5%ae%a4/embed/ HTTP/1.1" 200 10973 "-" "Mozilla/5.0 AppleWebKit/537.36 (KHTML, like Gecko; compatible; GPTBot/1.2; +https://openai.com/gptbot)"
4.227.36.14 - - [24/Nov/2024:00:14:16 +0800] "GET /%e9%bb%83%e9%87%91%e7%b7%9a%e6%8f%9b%e5%ad%a3%e4%bf%9d%e9%a4%8a%e5%b0%8f%e6%95%99%e5%ae%a4/embed/ HTTP/1.1" 200 10972 "-" "Mozilla/5.0 AppleWebKit/537.36 (KHTML, like Gecko; compatible; GPTBot/1.2; +https://openai.com/gptbot)"
220.135.127.108 - - [24/Nov/2024:00:14:26 +0800] "POST /wp-cron.php?doing_wp_cron=1732378466.6367919445037841796875 HTTP/1.1" 200 4050 "-" "WordPress/6.7.1; https://www.car32.tw"
4.227.36.14 - - [24/Nov/2024:00:14:26 +0800] "GET /%e9%bb%83%e9%87%91%e7%b7%9a%e6%8f%9b%e5%ad%a3%e4%bf%9d%e9%a4%8a%e5%b0%8f%e6%95%99%e5%ae%a4/embed/ HTTP/1.1" 200 10973 "-" "Mozilla/5.0 AppleWebKit/537.36 (KHTML, like Gecko; compatible; GPTBot/1.2; +https://openai.com/gptbot)"
4.227.36.14 - - [24/Nov/2024:00:14:33 +0800] "GET /%e9%bb%83%e9%87%91%e7%b7%9a%e6%8f%9b%e5%ad%a3%e4%bf%9d%e9%a4%8a%e5%b0%8f%e6%95%99%e5%ae%a4/embed/ HTTP/1.1" 200 10973 "-" "Mozilla/5.0 AppleWebKit/537.36 (KHTML, like Gecko; compatible; GPTBot/1.2; +https://openai.com/gptbot)"
4.227.36.14 - - [24/Nov/2024:00:14:39 +0800] "GET /%e9%bb%83%e9%87%91%e7%b7%9a%e6%8f%9b%e5%ad%a3%e4%bf%9d%e9%a4%8a%e5%b0%8f%e6%95%99%e5%ae%a4/embed/ HTTP/1.1" 200 10973 "-" "Mozilla/5.0 AppleWebKit/537.36 (KHTML, like Gecko; compatible; GPTBot/1.2; +https://openai.com/gptbot)"
147.92.179.116 - - [24/Nov/2024:00:14:40 +0800] "GET /tag/%E6%A9%9F%E6%B2%B9%E6%BA%AB%E5%BA%A6/ HTTP/1.1" 200 26619 "-" "facebookexternalhit/1.1;line-poker/1.0"
4.227.36.14 - - [24/Nov/2024:00:14:46 +0800] "GET /%e9%bb%83%e9%87%91%e7%b7%9a%e6%8f%9b%e5%ad%a3%e4%bf%9d%e9%a4%8a%e5%b0%8f%e6%95%99%e5%ae%a4/embed/ HTTP/1.1" 200 10972 "-" "Mozilla/5.0 AppleWebKit/537.36 (KHTML, like Gecko; compatible; GPTBot/1.2; +https://openai.com/gptbot)"
4.227.36.14 - - [24/Nov/2024:00:14:53 +0800] "GET /%e9%bb%83%e9%87%91%e7%b7%9a%e6%8f%9b%e5%ad%a3%e4%bf%9d%e9%a4%8a%e5%b0%8f%e6%95%99%e5%ae%a4/embed/ HTTP/1.1" 200 10973 "-" "Mozilla/5.0 AppleWebKit/537.36 (KHTML, like Gecko; compatible; GPTBot/1.2; +https://openai.com/gptbot)"
4.227.36.14 - - [24/Nov/2024:00:14:58 +0800] "GET /%e9%bb%83%e9%87%91%e7%b7%9a%e6%8f%9b%e5%ad%a3%e4%bf%9d%e9%a4%8a%e5%b0%8f%e6%95%99%e5%ae%a4/embed/ HTTP/1.1" 200 10973 "-" "Mozilla/5.0 AppleWebKit/537.36 (KHTML, like Gecko; compatible; GPTBot/1.2; +https://openai.com/gptbot)"
4.227.36.14 - - [24/Nov/2024:00:15:13 +0800] "GET /%e9%bb%83%e9%87%91%e7%b7%9a%e6%8f%9b%e5%ad%a3%e4%bf%9d%e9%a4%8a%e5%b0%8f%e6%95%99%e5%ae%a4/embed/ HTTP/1.1" 200 10974 "-" "Mozilla/5.0 AppleWebKit/537.36 (KHTML, like Gecko; compatible; GPTBot/1.2; +https://openai.com/gptbot)"
4.227.36.14 - - [24/Nov/2024:00:15:22 +0800] "GET /%e9%bb%83%e9%87%91%e7%b7%9a%e6%8f%9b%e5%ad%a3%e4%bf%9d%e9%a4%8a%e5%b0%8f%e6%95%99%e5%ae%a4/embed/ HTTP/1.1" 200 10971 "-" "Mozilla/5.0 AppleWebKit/537.36 (KHTML, like Gecko; compatible; GPTBot/1.2; +https://openai.com/gptbot)"
4.227.36.14 - - [24/Nov/2024:00:15:28 +0800] "GET /%e9%bb%83%e9%87%91%e7%b7%9a%e6%8f%9b%e5%ad%a3%e4%bf%9d%e9%a4%8a%e5%b0%8f%e6%95%99%e5%ae%a4/embed/ HTTP/1.1" 200 10973 "-" "Mozilla/5.0 AppleWebKit/537.36 (KHTML, like Gecko; compatible; GPTBot/1.2; +https://openai.com/gptbot)"
220.135.127.108 - - [24/Nov/2024:00:15:34 +0800] "POST /wp-cron.php?doing_wp_cron=1732378534.9113709926605224609375 HTTP/1.1" 200 4050 "-" "WordPress/6.7.1; https://www.car32.tw"
4.227.36.14 - - [24/Nov/2024:00:15:34 +0800] "GET /%e9%bb%83%e9%87%91%e7%b7%9a%e6%8f%9b%e5%ad%a3%e4%bf%9d%e9%a4%8a%e5%b0%8f%e6%95%99%e5%ae%a4/embed/ HTTP/1.1" 200 10971 "-" "Mozilla/5.0 AppleWebKit/537.36 (KHTML, like Gecko; compatible; GPTBot/1.2; +https://openai.com/gptbot)"
140.238.59.22 - - [24/Nov/2024:00:15:39 +0800] "GET /feed/ HTTP/1.1" 200 6804 "https://www.car32.tw/feed/" "FreshRSS/1.24.3 (Linux; https://freshrss.org)"
4.227.36.14 - - [24/Nov/2024:00:15:46 +0800] "GET /%e9%bb%83%e9%87%91%e7%b7%9a%e6%8f%9b%e5%ad%a3%e4%bf%9d%e9%a4%8a%e5%b0%8f%e6%95%99%e5%ae%a4/embed/ HTTP/1.1" 200 10973 "-" "Mozilla/5.0 AppleWebKit/537.36 (KHTML, like Gecko; compatible; GPTBot/1.2; +https://openai.com/gptbot)"
192.0.82.55 - - [24/Nov/2024:00:15:51 +0800] "HEAD / HTTP/1.1" 200 4000 "-" "jetmon/1.0 (Jetpack Site Uptime Monitor by WordPress.com)"
4.227.36.14 - - [24/Nov/2024:00:15:52 +0800] "GET /%e9%bb%83%e9%87%91%e7%b7%9a%e6%8f%9b%e5%ad%a3%e4%bf%9d%e9%a4%8a%e5%b0%8f%e6%95%99%e5%ae%a4/embed/ HTTP/1.1" 200 10972 "-" "Mozilla/5.0 AppleWebKit/537.36 (KHTML, like Gecko; compatible; GPTBot/1.2; +https://openai.com/gptbot)"
4.227.36.14 - - [24/Nov/2024:00:15:59 +0800] "GET /%e9%bb%83%e9%87%91%e7%b7%9a%e6%8f%9b%e5%ad%a3%e4%bf%9d%e9%a4%8a%e5%b0%8f%e6%95%99%e5%ae%a4/embed/ HTTP/1.1" 200 10973 "-" "Mozilla/5.0 AppleWebKit/537.36 (KHTML, like Gecko; compatible; GPTBot/1.2; +https://openai.com/gptbot)"
4.227.36.14 - - [24/Nov/2024:00:16:05 +0800] "GET /%e9%bb%83%e9%87%91%e7%b7%9a%e6%8f%9b%e5%ad%a3%e4%bf%9d%e9%a4%8a%e5%b0%8f%e6%95%99%e5%ae%a4/embed/ HTTP/1.1" 200 10973 "-" "Mozilla/5.0 AppleWebKit/537.36 (KHTML, like Gecko; compatible; GPTBot/1.2; +https://openai.com/gptbot)"
4.227.36.14 - - [24/Nov/2024:00:16:13 +0800] "GET /%e9%bb%83%e9%87%91%e7%b7%9a%e6%8f%9b%e5%ad%a3%e4%bf%9d%e9%a4%8a%e5%b0%8f%e6%95%99%e5%ae%a4/embed/ HTTP/1.1" 200 10972 "-" "Mozilla/5.0 AppleWebKit/537.36 (KHTML, like Gecko; compatible; GPTBot/1.2; +https://openai.com/gptbot)"
4.227.36.14 - - [24/Nov/2024:00:16:20 +0800] "GET /%e9%bb%83%e9%87%91%e7%b7%9a%e6%8f%9b%e5%ad%a3%e4%bf%9d%e9%a4%8a%e5%b0%8f%e6%95%99%e5%ae%a4/embed/ HTTP/1.1" 200 10973 "-" "Mozilla/5.0 AppleWebKit/537.36 (KHTML, like Gecko; compatible; GPTBot/1.2; +https://openai.com/gptbot)"
4.227.36.14 - - [24/Nov/2024:00:16:28 +0800] "GET /%e9%bb%83%e9%87%91%e7%b7%9a%e6%8f%9b%e5%ad%a3%e4%bf%9d%e9%a4%8a%e5%b0%8f%e6%95%99%e5%ae%a4/embed/ HTTP/1.1" 200 10971 "-" "Mozilla/5.0 AppleWebKit/537.36 (KHTML, like Gecko; compatible; GPTBot/1.2; +https://openai.com/gptbot)"
