17.241.227.54 - - [24/Nov/2024:05:06:01 +0800] "GET /%E7%B6%AD%E4%BF%AE%E5%A4%A9%E5%83%B9%E7%84%A1%E5%A5%87%E4%B8%8D%E6%9C%89/ HTTP/1.1" 200 18117 "-" "Mozilla/5.0 (Macintosh; Intel Mac OS X 10_15_7) AppleWebKit/605.1.15 (KHTML, like Gecko) Version/17.4 Safari/605.1.15 (Applebot/0.1; +http://www.apple.com/go/applebot)"
17.22.245.27 - - [24/Nov/2024:05:06:58 +0800] "GET /wp-content/themes/twentytwelve/fonts/font-open-sans.css?ver=20230328 HTTP/1.1" 200 4984 "https://www.car32.tw/%E7%B6%AD%E4%BF%AE%E5%A4%A9%E5%83%B9%E7%84%A1%E5%A5%87%E4%B8%8D%E6%9C%89/" "Mozilla/5.0 (Macintosh; Intel Mac OS X 10_15_7) AppleWebKit/605.1.15 (KHTML, like Gecko) Version/17.4 Safari/605.1.15 (Applebot/0.1; +http://www.apple.com/go/applebot)"
17.22.245.204 - - [24/Nov/2024:05:06:59 +0800] "GET /wp-content/themes/twentytwelve/style.css?ver=20240716 HTTP/1.1" 200 12376 "https://www.car32.tw/%E7%B6%AD%E4%BF%AE%E5%A4%A9%E5%83%B9%E7%84%A1%E5%A5%87%E4%B8%8D%E6%9C%89/" "Mozilla/5.0 (Macintosh; Intel Mac OS X 10_15_7) AppleWebKit/605.1.15 (KHTML, like Gecko) Version/17.4 Safari/605.1.15 (Applebot/0.1; +http://www.apple.com/go/applebot)"
17.22.237.23 - - [24/Nov/2024:05:06:59 +0800] "GET /wp-content/themes/twentytwelve/css/blocks.css?ver=20240603 HTTP/1.1" 200 5988 "https://www.car32.tw/%E7%B6%AD%E4%BF%AE%E5%A4%A9%E5%83%B9%E7%84%A1%E5%A5%87%E4%B8%8D%E6%9C%89/" "Mozilla/5.0 (Macintosh; Intel Mac OS X 10_15_7) AppleWebKit/605.1.15 (KHTML, like Gecko) Version/17.4 Safari/605.1.15 (Applebot/0.1; +http://www.apple.com/go/applebot)"
17.22.253.92 - - [24/Nov/2024:05:07:00 +0800] "GET /wp-content/themes/twentytwelve/js/navigation.js?ver=20141205 HTTP/1.1" 200 4723 "https://www.car32.tw/%E7%B6%AD%E4%BF%AE%E5%A4%A9%E5%83%B9%E7%84%A1%E5%A5%87%E4%B8%8D%E6%9C%89/" "Mozilla/5.0 (Macintosh; Intel Mac OS X 10_15_7) AppleWebKit/605.1.15 (KHTML, like Gecko) Version/17.4 Safari/605.1.15 (Applebot/0.1; +http://www.apple.com/go/applebot)"
17.22.237.23 - - [24/Nov/2024:05:07:00 +0800] "GET /%E7%B6%AD%E4%BF%AE%E5%A4%A9%E5%83%B9%E7%84%A1%E5%A5%87%E4%B8%8D%E6%9C%89/?relatedposts=1 HTTP/1.1" 200 3360 "https://www.car32.tw/%E7%B6%AD%E4%BF%AE%E5%A4%A9%E5%83%B9%E7%84%A1%E5%A5%87%E4%B8%8D%E6%9C%89/" "Mozilla/5.0 (Macintosh; Intel Mac OS X 10_15_7) AppleWebKit/605.1.15 (KHTML, like Gecko) Version/17.4 Safari/605.1.15 (Applebot/0.1; +http://www.apple.com/go/applebot)"
17.22.253.89 - - [24/Nov/2024:05:07:02 +0800] "GET /wp-includes/js/wp-emoji-release.min.js?ver=6.7.1 HTTP/1.1" 200 9175 "https://www.car32.tw/%E7%B6%AD%E4%BF%AE%E5%A4%A9%E5%83%B9%E7%84%A1%E5%A5%87%E4%B8%8D%E6%9C%89/" "Mozilla/5.0 (Macintosh; Intel Mac OS X 10_15_7) AppleWebKit/605.1.15 (KHTML, like Gecko) Version/17.4 Safari/605.1.15 (Applebot/0.1; +http://www.apple.com/go/applebot)"
66.249.79.71 - - [24/Nov/2024:05:08:39 +0800] "GET /tag/%E5%B9%B4%E5%BA%A6%E4%BF%9D%E9%A4%8A/ HTTP/1.1" 200 17581 "-" "Mozilla/5.0 (Linux; Android 6.0.1; Nexus 5X Build/MMB29P) AppleWebKit/537.36 (KHTML, like Gecko) Chrome/131.0.6778.69 Mobile Safari/537.36 (compatible; Googlebot/2.1; +http://www.google.com/bot.html)"
220.135.127.108 - - [24/Nov/2024:05:10:39 +0800] "POST /wp-cron.php?doing_wp_cron=1732396239.8736050128936767578125 HTTP/1.1" 200 4050 "-" "WordPress/6.7.1; https://www.car32.tw"
140.238.59.22 - - [24/Nov/2024:05:10:39 +0800] "GET /feed/ HTTP/1.1" 200 6804 "https://www.car32.tw/feed/" "FreshRSS/1.24.3 (Linux; https://freshrss.org)"
192.0.82.55 - - [24/Nov/2024:05:10:52 +0800] "HEAD / HTTP/1.1" 200 4000 "-" "jetmon/1.0 (Jetpack Site Uptime Monitor by WordPress.com)"
85.208.96.196 - - [24/Nov/2024:05:11:06 +0800] "GET /author/sysadmin/page/37/ HTTP/1.1" 200 21545 "-" "Mozilla/5.0 (compatible; SemrushBot/7~bl; +http://www.semrush.com/bot.html)"
49.217.123.212 - - [24/Nov/2024:05:12:10 +0800] "GET /tag/%E6%AD%A2%E6%BC%8F/ HTTP/1.1" 200 24162 "https://www.google.com/" "Mozilla/5.0 (Linux; Android 10; K) AppleWebKit/537.36 (KHTML, like Gecko) Chrome/126.0.0.0 Mobile Safari/537.36"
49.217.123.212 - - [24/Nov/2024:05:12:11 +0800] "GET /download/IMG_1165.mp4 HTTP/1.1" 206 1044000 "https://www.car32.tw/tag/%E6%AD%A2%E6%BC%8F/" "Mozilla/5.0 (Linux; Android 10; K) AppleWebKit/537.36 (KHTML, like Gecko) Chrome/126.0.0.0 Mobile Safari/537.36"
49.217.123.212 - - [24/Nov/2024:05:12:11 +0800] "GET /download/IMG_1165.mp4 HTTP/1.1" 206 58910 "https://www.car32.tw/tag/%E6%AD%A2%E6%BC%8F/" "Mozilla/5.0 (Linux; Android 10; K) AppleWebKit/537.36 (KHTML, like Gecko) Chrome/126.0.0.0 Mobile Safari/537.36"
49.217.123.212 - - [24/Nov/2024:05:12:12 +0800] "GET /download/IMG_1165.mp4 HTTP/1.1" 206 918720 "https://www.car32.tw/tag/%E6%AD%A2%E6%BC%8F/" "Mozilla/5.0 (Linux; Android 10; K) AppleWebKit/537.36 (KHTML, like Gecko) Chrome/126.0.0.0 Mobile Safari/537.36"
49.217.123.212 - - [24/Nov/2024:05:12:16 +0800] "POST /?ob=open-bridge/events HTTP/1.1" 200 925 "https://www.car32.tw/tag/%E6%AD%A2%E6%BC%8F/" "Mozilla/5.0 (Linux; Android 10; K) AppleWebKit/537.36 (KHTML, like Gecko) Chrome/126.0.0.0 Mobile Safari/537.36"
66.249.79.71 - - [24/Nov/2024:05:12:21 +0800] "GET /tag/%E5%BF%AB%E6%A8%82%E8%B7%91/ HTTP/1.1" 200 29494 "-" "Mozilla/5.0 (Linux; Android 6.0.1; Nexus 5X Build/MMB29P) AppleWebKit/537.36 (KHTML, like Gecko) Chrome/131.0.6778.69 Mobile Safari/537.36 (compatible; Googlebot/2.1; +http://www.google.com/bot.html)"
3.144.8.79 - - [24/Nov/2024:05:12:49 +0800] "GET /robots.txt HTTP/1.1" 301 4022 "-" "Mozilla/5.0 AppleWebKit/537.36 (KHTML, like Gecko; compatible; ClaudeBot/1.0; +claudebot@anthropic.com)"
3.144.8.79 - - [24/Nov/2024:05:12:50 +0800] "GET /robots.txt HTTP/1.1" 200 4164 "https://car32.tw/robots.txt" "Mozilla/5.0 AppleWebKit/537.36 (KHTML, like Gecko; compatible; ClaudeBot/1.0; +claudebot@anthropic.com)"
3.144.8.79 - - [24/Nov/2024:05:12:50 +0800] "GET /%e5%a4%8f%e5%ad%a3%e6%b1%bd%e8%bb%8a%e4%bf%9d%e9%a4%8a%e5%85%a8%e6%94%bb%e7%95%a5 HTTP/1.1" 301 397 "-" "Mozilla/5.0 AppleWebKit/537.36 (KHTML, like Gecko; compatible; ClaudeBot/1.0; +claudebot@anthropic.com)"
3.144.8.79 - - [24/Nov/2024:05:12:50 +0800] "GET /%e5%a4%8f%e5%ad%a3%e6%b1%bd%e8%bb%8a%e4%bf%9d%e9%a4%8a%e5%85%a8%e6%94%bb%e7%95%a5/ HTTP/1.1" 200 14451 "https://car32.tw/%e5%a4%8f%e5%ad%a3%e6%b1%bd%e8%bb%8a%e4%bf%9d%e9%a4%8a%e5%85%a8%e6%94%bb%e7%95%a5" "Mozilla/5.0 AppleWebKit/537.36 (KHTML, like Gecko; compatible; ClaudeBot/1.0; +claudebot@anthropic.com)"
18.118.193.223 - - [24/Nov/2024:05:12:51 +0800] "GET /%e6%b2%b9%e9%9b%bb%e8%bb%8a%e4%bf%9d%e9%a4%8a/feed HTTP/1.1" 301 4206 "-" "Mozilla/5.0 AppleWebKit/537.36 (KHTML, like Gecko; compatible; ClaudeBot/1.0; +claudebot@anthropic.com)"
18.118.193.223 - - [24/Nov/2024:05:12:52 +0800] "GET /%e6%b2%b9%e9%9b%bb%e8%bb%8a%e4%bf%9d%e9%a4%8a/feed/ HTTP/1.1" 200 4853 "https://car32.tw/%e6%b2%b9%e9%9b%bb%e8%bb%8a%e4%bf%9d%e9%a4%8a/feed" "Mozilla/5.0 AppleWebKit/537.36 (KHTML, like Gecko; compatible; ClaudeBot/1.0; +claudebot@anthropic.com)"
85.208.96.200 - - [24/Nov/2024:05:13:38 +0800] "GET /page/3/?page=2 HTTP/1.1" 200 22258 "-" "Mozilla/5.0 (compatible; SemrushBot/7~bl; +http://www.semrush.com/bot.html)"
66.249.79.71 - - [24/Nov/2024:05:14:07 +0800] "GET /category/%E4%BF%9D%E9%A4%8A%E8%A7%80%E5%BF%B5/page/3/ HTTP/1.1" 200 18064 "-" "Mozilla/5.0 (Linux; Android 6.0.1; Nexus 5X Build/MMB29P) AppleWebKit/537.36 (KHTML, like Gecko) Chrome/131.0.6778.69 Mobile Safari/537.36 (compatible; Googlebot/2.1; +http://www.google.com/bot.html)"
220.135.127.108 - - [24/Nov/2024:05:14:32 +0800] "POST /wp-cron.php?doing_wp_cron=1732396472.4333570003509521484375 HTTP/1.1" 200 4050 "-" "WordPress/6.7.1; https://www.car32.tw"
185.191.171.14 - - [24/Nov/2024:05:14:32 +0800] "GET /tag/bmwlonglife12fe/ HTTP/1.1" 200 34104 "-" "Mozilla/5.0 (compatible; SemrushBot/7~bl; +http://www.semrush.com/bot.html)"
49.217.123.212 - - [24/Nov/2024:05:14:39 +0800] "GET /download/IMG_1165.mp4 HTTP/1.1" 206 1683923 "https://www.car32.tw/tag/%E6%AD%A2%E6%BC%8F/" "Mozilla/5.0 (Linux; Android 10; K) AppleWebKit/537.36 (KHTML, like Gecko) Chrome/126.0.0.0 Mobile Safari/537.36"
220.135.127.108 - - [24/Nov/2024:05:15:44 +0800] "POST /wp-cron.php?doing_wp_cron=1732396544.0419409275054931640625 HTTP/1.1" 200 4050 "-" "WordPress/6.7.1; https://www.car32.tw"
40.77.167.70 - - [24/Nov/2024:05:15:43 +0800] "GET /wp-json/wp/v2/posts/858 HTTP/1.1" 200 9988 "-" "Mozilla/5.0 AppleWebKit/537.36 (KHTML, like Gecko; compatible; bingbot/2.0; +http://www.bing.com/bingbot.htm) Chrome/116.0.1938.76 Safari/537.36"
192.0.82.55 - - [24/Nov/2024:05:15:53 +0800] "HEAD / HTTP/1.1" 200 4000 "-" "jetmon/1.0 (Jetpack Site Uptime Monitor by WordPress.com)"
49.217.123.212 - - [24/Nov/2024:05:16:22 +0800] "GET /tag/%E8%AE%8A%E9%80%9F%E7%AE%B1/ HTTP/1.1" 200 29902 "https://www.google.com/" "Mozilla/5.0 (Linux; Android 10; K) AppleWebKit/537.36 (KHTML, like Gecko) Chrome/126.0.0.0 Mobile Safari/537.36"
49.217.123.212 - - [24/Nov/2024:05:16:22 +0800] "GET /wp-content/themes/twentytwelve/fonts/open-sans/open-sans-latin-700-italic.woff2?ver=34 HTTP/1.1" 200 17738 "https://www.car32.tw/wp-content/themes/twentytwelve/fonts/font-open-sans.css?ver=20230328" "Mozilla/5.0 (Linux; Android 10; K) AppleWebKit/537.36 (KHTML, like Gecko) Chrome/126.0.0.0 Mobile Safari/537.36"
49.217.123.212 - - [24/Nov/2024:05:16:22 +0800] "GET /download/IMG_1165.mp4 HTTP/1.1" 206 789120 "https://www.car32.tw/tag/%E8%AE%8A%E9%80%9F%E7%AE%B1/" "Mozilla/5.0 (Linux; Android 10; K) AppleWebKit/537.36 (KHTML, like Gecko) Chrome/126.0.0.0 Mobile Safari/537.36"
49.217.123.212 - - [24/Nov/2024:05:16:23 +0800] "GET /download/IMG_1165.mp4 HTTP/1.1" 206 559283 "https://www.car32.tw/tag/%E8%AE%8A%E9%80%9F%E7%AE%B1/" "Mozilla/5.0 (Linux; Android 10; K) AppleWebKit/537.36 (KHTML, like Gecko) Chrome/126.0.0.0 Mobile Safari/537.36"
85.208.96.208 - - [24/Nov/2024:05:17:45 +0800] "GET /%E9%97%9C%E6%96%BC-pioneer-%E7%9A%84-sph-10bt-%E9%80%99%E5%8F%B0%E6%B1%BD%E8%BB%8A%E9%9F%B3%E9%9F%BF/ HTTP/1.1" 200 25910 "-" "Mozilla/5.0 (compatible; SemrushBot/7~bl; +http://www.semrush.com/bot.html)"
220.135.127.108 - - [24/Nov/2024:05:20:54 +0800] "POST /wp-cron.php?doing_wp_cron=1732396854.5571510791778564453125 HTTP/1.1" 200 4050 "-" "WordPress/6.7.1; https://www.car32.tw"
192.0.82.55 - - [24/Nov/2024:05:20:53 +0800] "HEAD / HTTP/1.1" 200 4000 "-" "jetmon/1.0 (Jetpack Site Uptime Monitor by WordPress.com)"
220.135.127.108 - - [24/Nov/2024:05:25:53 +0800] "POST /wp-cron.php?doing_wp_cron=1732397153.1493740081787109375000 HTTP/1.1" 200 4050 "-" "WordPress/6.7.1; https://www.car32.tw"
192.0.82.55 - - [24/Nov/2024:05:25:52 +0800] "HEAD / HTTP/1.1" 200 4000 "-" "jetmon/1.0 (Jetpack Site Uptime Monitor by WordPress.com)"
185.191.171.14 - - [24/Nov/2024:05:26:12 +0800] "GET /%E5%A4%8F%E5%AD%A3%E6%B1%BD%E8%BB%8A%E4%BF%9D%E9%A4%8A%E5%85%A8%E6%94%BB%E7%95%A5/ HTTP/1.1" 200 18165 "-" "Mozilla/5.0 (compatible; SemrushBot/7~bl; +http://www.semrush.com/bot.html)"
220.135.127.108 - - [24/Nov/2024:05:26:51 +0800] "POST /wp-cron.php?doing_wp_cron=1732397211.8447780609130859375000 HTTP/1.1" 200 4050 "-" "WordPress/6.7.1; https://www.car32.tw"
66.249.79.71 - - [24/Nov/2024:05:26:51 +0800] "GET /author/sysadmin/ HTTP/1.1" 200 24404 "-" "Mozilla/5.0 (Linux; Android 6.0.1; Nexus 5X Build/MMB29P) AppleWebKit/537.36 (KHTML, like Gecko) Chrome/131.0.6778.69 Mobile Safari/537.36 (compatible; Googlebot/2.1; +http://www.google.com/bot.html)"
220.135.127.108 - - [24/Nov/2024:05:30:15 +0800] "POST /wp-cron.php?doing_wp_cron=1732397415.7580730915069580078125 HTTP/1.1" 200 4050 "-" "WordPress/6.7.1; https://www.car32.tw"
185.191.171.10 - - [24/Nov/2024:05:30:15 +0800] "GET /robots.txt HTTP/1.1" 200 4136 "-" "Mozilla/5.0 (compatible; SemrushBot/7~bl; +http://www.semrush.com/bot.html)"
185.191.171.12 - - [24/Nov/2024:05:30:16 +0800] "GET /%E8%B5%B0%E5%90%91-%E7%B6%A0%E8%89%B2%E5%9C%B0%E7%8D%84%EF%BC%9A%E6%96%B0%E6%AC%BE-bmw-128ti-%E8%BD%8E%E8%B7%91%E8%BB%8A%E5%9C%A8%E7%B4%90%E4%BC%AF%E6%9E%97%EF%BC%88nurburgring/ HTTP/1.1" 200 22883 "-" "Mozilla/5.0 (compatible; SemrushBot/7~bl; +http://www.semrush.com/bot.html)"
220.135.127.108 - - [24/Nov/2024:05:30:53 +0800] "POST /wp-cron.php?doing_wp_cron=1732397453.0435709953308105468750 HTTP/1.1" 200 4050 "-" "WordPress/6.7.1; https://www.car32.tw"
192.0.82.55 - - [24/Nov/2024:05:30:52 +0800] "HEAD / HTTP/1.1" 200 4000 "-" "jetmon/1.0 (Jetpack Site Uptime Monitor by WordPress.com)"
66.249.79.70 - - [24/Nov/2024:05:32:02 +0800] "GET /%E6%B2%B9%E9%9B%BB%E8%BB%8A%E4%BF%9D%E9%A4%8A/ HTTP/1.1" 200 18084 "-" "Mozilla/5.0 (Linux; Android 6.0.1; Nexus 5X Build/MMB29P) AppleWebKit/537.36 (KHTML, like Gecko) Chrome/131.0.6778.69 Mobile Safari/537.36 (compatible; Googlebot/2.1; +http://www.google.com/bot.html)"
66.249.79.69 - - [24/Nov/2024:05:32:23 +0800] "POST /?ob=open-bridge/events HTTP/1.1" 200 4216 "https://www.car32.tw/%E6%B2%B9%E9%9B%BB%E8%BB%8A%E4%BF%9D%E9%A4%8A/" "Mozilla/5.0 (Linux; Android 6.0.1; Nexus 5X Build/MMB29P) AppleWebKit/537.36 (KHTML, like Gecko) Chrome/131.0.6778.69 Mobile Safari/537.36 (compatible; Googlebot/2.1; +http://www.google.com/bot.html)"
220.135.127.108 - - [24/Nov/2024:05:34:36 +0800] "POST /wp-cron.php?doing_wp_cron=1732397676.0624470710754394531250 HTTP/1.1" 200 4050 "-" "WordPress/6.7.1; https://www.car32.tw"
66.249.79.70 - - [24/Nov/2024:05:34:34 +0800] "GET /%E6%83%B3%E8%AE%93%E6%84%9B%E8%BB%8A%E5%8B%95%E5%8A%9B%E5%8D%87%E7%B4%9A-%E6%94%B9%E6%B1%BD%E8%BB%8A%E9%9B%BB%E8%85%A6%E8%A6%81%E6%B3%A8%E6%84%8F%E4%BB%80%E9%BA%BC%EF%BC%9F/feed/ HTTP/1.1" 200 5068 "-" "Mozilla/5.0 (Linux; Android 6.0.1; Nexus 5X Build/MMB29P) AppleWebKit/537.36 (KHTML, like Gecko) Chrome/131.0.6778.69 Mobile Safari/537.36 (compatible; Googlebot/2.1; +http://www.google.com/bot.html)"
220.135.127.108 - - [24/Nov/2024:05:35:44 +0800] "POST /wp-cron.php?doing_wp_cron=1732397744.1153450012207031250000 HTTP/1.1" 200 4050 "-" "WordPress/6.7.1; https://www.car32.tw"
140.238.59.22 - - [24/Nov/2024:05:35:42 +0800] "GET /feed/ HTTP/1.1" 200 6804 "https://www.car32.tw/feed/" "FreshRSS/1.24.3 (Linux; https://freshrss.org)"
192.0.82.55 - - [24/Nov/2024:05:35:53 +0800] "HEAD / HTTP/1.1" 200 4000 "-" "jetmon/1.0 (Jetpack Site Uptime Monitor by WordPress.com)"
195.201.199.99 - - [24/Nov/2024:05:38:35 +0800] "GET /robots.txt HTTP/1.1" 200 3719 "-" "Mozilla/5.0 (compatible; MJ12bot/v1.4.8; http://mj12bot.com/)"
195.201.199.99 - - [24/Nov/2024:05:38:38 +0800] "GET /%E5%A4%A9%E5%95%8A-%E6%88%91%E7%88%BD%E5%91%86%E4%BA%86%EF%BC%81/?share=facebook HTTP/1.1" 302 562 "-" "Mozilla/5.0 (compatible; MJ12bot/v1.4.8; http://mj12bot.com/)"
195.201.199.99 - - [24/Nov/2024:05:38:43 +0800] "GET /%E5%A4%A9%E5%95%8A-%E6%88%91%E7%88%BD%E5%91%86%E4%BA%86%EF%BC%81/?share=jetpack-whatsapp HTTP/1.1" 302 3787 "-" "Mozilla/5.0 (compatible; MJ12bot/v1.4.8; http://mj12bot.com/)"
195.201.199.99 - - [24/Nov/2024:05:38:47 +0800] "GET /%E5%A4%A9%E5%95%8A-%E6%88%91%E7%88%BD%E5%91%86%E4%BA%86%EF%BC%81/?share=linkedin HTTP/1.1" 302 3740 "-" "Mozilla/5.0 (compatible; MJ12bot/v1.4.8; http://mj12bot.com/)"
195.201.199.99 - - [24/Nov/2024:05:38:55 +0800] "GET /%E5%A4%A9%E5%95%8A-%E6%88%91%E7%88%BD%E5%91%86%E4%BA%86%EF%BC%81/?share=twitter HTTP/1.1" 302 3792 "-" "Mozilla/5.0 (compatible; MJ12bot/v1.4.8; http://mj12bot.com/)"
195.201.199.99 - - [24/Nov/2024:05:38:59 +0800] "GET /%E5%A4%A9%E5%95%8A-%E6%88%91%E7%88%BD%E5%91%86%E4%BA%86%EF%BC%81/feed/ HTTP/1.1" 200 4392 "-" "Mozilla/5.0 (compatible; MJ12bot/v1.4.8; http://mj12bot.com/)"
195.201.199.99 - - [24/Nov/2024:05:39:02 +0800] "GET /%E6%80%A7%E8%83%BD%E7%9A%84%E7%94%9F%E6%84%8F%EF%BC%9Aalpina-%E5%BE%9E%E6%89%93%E5%AD%97%E6%A9%9F%E5%88%B0%E6%B1%BD%E8%BB%8A%E9%9C%B8%E4%B8%BB%E7%9A%84%E5%B4%9B%E8%B5%B7/?share=facebook HTTP/1.1" 302 835 "-" "Mozilla/5.0 (compatible; MJ12bot/v1.4.8; http://mj12bot.com/)"
195.201.199.99 - - [24/Nov/2024:05:39:06 +0800] "GET /%E6%80%A7%E8%83%BD%E7%9A%84%E7%94%9F%E6%84%8F%EF%BC%9Aalpina-%E5%BE%9E%E6%89%93%E5%AD%97%E6%A9%9F%E5%88%B0%E6%B1%BD%E8%BB%8A%E9%9C%B8%E4%B8%BB%E7%9A%84%E5%B4%9B%E8%B5%B7/?share=jetpack-whatsapp HTTP/1.1" 302 832 "-" "Mozilla/5.0 (compatible; MJ12bot/v1.4.8; http://mj12bot.com/)"
220.135.127.108 - - [24/Nov/2024:05:39:46 +0800] "POST /wp-cron.php?doing_wp_cron=1732397986.2450430393218994140625 HTTP/1.1" 200 4050 "-" "WordPress/6.7.1; https://www.car32.tw"
195.201.199.99 - - [24/Nov/2024:05:39:44 +0800] "GET /%E6%80%A7%E8%83%BD%E7%9A%84%E7%94%9F%E6%84%8F%EF%BC%9Aalpina-%E5%BE%9E%E6%89%93%E5%AD%97%E6%A9%9F%E5%88%B0%E6%B1%BD%E8%BB%8A%E9%9C%B8%E4%B8%BB%E7%9A%84%E5%B4%9B%E8%B5%B7/?share=linkedin HTTP/1.1" 302 3911 "-" "Mozilla/5.0 (compatible; MJ12bot/v1.4.8; http://mj12bot.com/)"
195.201.199.99 - - [24/Nov/2024:05:39:52 +0800] "GET /%E6%80%A7%E8%83%BD%E7%9A%84%E7%94%9F%E6%84%8F%EF%BC%9Aalpina-%E5%BE%9E%E6%89%93%E5%AD%97%E6%A9%9F%E5%88%B0%E6%B1%BD%E8%BB%8A%E9%9C%B8%E4%B8%BB%E7%9A%84%E5%B4%9B%E8%B5%B7/?share=twitter HTTP/1.1" 302 4065 "-" "Mozilla/5.0 (compatible; MJ12bot/v1.4.8; http://mj12bot.com/)"
195.201.199.99 - - [24/Nov/2024:05:39:58 +0800] "GET /%E6%80%A7%E8%83%BD%E7%9A%84%E7%94%9F%E6%84%8F%EF%BC%9Aalpina-%E5%BE%9E%E6%89%93%E5%AD%97%E6%A9%9F%E5%88%B0%E6%B1%BD%E8%BB%8A%E9%9C%B8%E4%B8%BB%E7%9A%84%E5%B4%9B%E8%B5%B7/feed/ HTTP/1.1" 200 4545 "-" "Mozilla/5.0 (compatible; MJ12bot/v1.4.8; http://mj12bot.com/)"
195.201.199.99 - - [24/Nov/2024:05:40:00 +0800] "GET /%E6%AD%B2%E6%9C%AB%E5%B9%B4%E7%B5%82%E6%95%B4%E5%82%99-%E6%9A%96%E6%B0%A3%E6%B2%92%E6%9C%89%E6%80%8E%E9%BA%BC%E8%BE%A6/ HTTP/1.1" 200 14373 "-" "Mozilla/5.0 (compatible; MJ12bot/v1.4.8; http://mj12bot.com/)"
195.201.199.99 - - [24/Nov/2024:05:40:03 +0800] "GET /%E8%BB%8A%E7%94%A8%E6%99%B6%E7%89%87%E3%80%81%E7%B6%AD%E4%BF%AE%E5%B7%A5%E6%99%82/ HTTP/1.1" 200 14372 "-" "Mozilla/5.0 (compatible; MJ12bot/v1.4.8; http://mj12bot.com/)"
195.201.199.99 - - [24/Nov/2024:05:40:07 +0800] "GET /%E9%96%8B%E5%B7%A5%E4%BF%9D%E9%A4%8A/ HTTP/1.1" 200 14405 "-" "Mozilla/5.0 (compatible; MJ12bot/v1.4.8; http://mj12bot.com/)"
195.201.199.99 - - [24/Nov/2024:05:40:11 +0800] "GET /%E9%96%8B%E5%B7%A5%E4%BF%9D%E9%A4%8A/?share=facebook HTTP/1.1" 302 483 "-" "Mozilla/5.0 (compatible; MJ12bot/v1.4.8; http://mj12bot.com/)"
195.201.199.99 - - [24/Nov/2024:05:40:17 +0800] "GET /%E9%96%8B%E5%B7%A5%E4%BF%9D%E9%A4%8A/?share=jetpack-whatsapp HTTP/1.1" 302 3708 "-" "Mozilla/5.0 (compatible; MJ12bot/v1.4.8; http://mj12bot.com/)"
195.201.199.99 - - [24/Nov/2024:05:40:24 +0800] "GET /%E9%96%8B%E5%B7%A5%E4%BF%9D%E9%A4%8A/?share=linkedin HTTP/1.1" 302 3694 "-" "Mozilla/5.0 (compatible; MJ12bot/v1.4.8; http://mj12bot.com/)"
195.201.199.99 - - [24/Nov/2024:05:40:32 +0800] "GET /%E9%96%8B%E5%B7%A5%E4%BF%9D%E9%A4%8A/?share=twitter HTTP/1.1" 302 3713 "-" "Mozilla/5.0 (compatible; MJ12bot/v1.4.8; http://mj12bot.com/)"
220.135.127.108 - - [24/Nov/2024:05:40:36 +0800] "POST /wp-cron.php?doing_wp_cron=1732398035.5262470245361328125000 HTTP/1.1" 200 4050 "-" "WordPress/6.7.1; https://www.car32.tw"
195.201.199.99 - - [24/Nov/2024:05:40:41 +0800] "GET /%E9%96%8B%E5%B7%A5%E4%BF%9D%E9%A4%8A/feed/ HTTP/1.1" 200 4352 "-" "Mozilla/5.0 (compatible; MJ12bot/v1.4.8; http://mj12bot.com/)"
195.201.199.99 - - [24/Nov/2024:05:40:44 +0800] "GET /robots.txt HTTP/1.1" 301 585 "-" "Mozilla/5.0 (compatible; MJ12bot/v1.4.8; http://mj12bot.com/)"
195.201.199.99 - - [24/Nov/2024:05:40:45 +0800] "GET /robots.txt HTTP/1.1" 200 435 "-" "Mozilla/5.0 (compatible; MJ12bot/v1.4.8; http://mj12bot.com/)"
195.201.199.99 - - [24/Nov/2024:05:40:48 +0800] "GET /?feed=rss2&tag=%E9%80%B2%E6%B0%A3%E5%B2%90%E7%AE%A1 HTTP/1.1" 301 615 "-" "Mozilla/5.0 (compatible; MJ12bot/v1.4.8; http://mj12bot.com/)"
192.0.82.55 - - [24/Nov/2024:05:40:52 +0800] "HEAD / HTTP/1.1" 200 4000 "-" "jetmon/1.0 (Jetpack Site Uptime Monitor by WordPress.com)"
195.201.199.99 - - [24/Nov/2024:05:40:50 +0800] "GET /?feed=rss2&tag=%E9%80%B2%E6%B0%A3%E5%B2%90%E7%AE%A1 HTTP/1.1" 301 413 "-" "Mozilla/5.0 (compatible; MJ12bot/v1.4.8; http://mj12bot.com/)"
195.201.199.99 - - [24/Nov/2024:05:41:00 +0800] "GET /tag/%E9%80%B2%E6%B0%A3%E5%B2%90%E7%AE%A1/feed/ HTTP/1.1" 200 4945 "-" "Mozilla/5.0 (compatible; MJ12bot/v1.4.8; http://mj12bot.com/)"
18.191.215.30 - - [24/Nov/2024:05:41:11 +0800] "GET /wp-json/wp/v2/posts/336 HTTP/1.1" 200 7932 "-" "Mozilla/5.0 AppleWebKit/537.36 (KHTML, like Gecko; compatible; ClaudeBot/1.0; +claudebot@anthropic.com)"
195.201.199.99 - - [24/Nov/2024:05:41:14 +0800] "GET /?tag=%E9%80%B2%E6%B0%A3%E5%B2%90%E7%AE%A1 HTTP/1.1" 301 591 "-" "Mozilla/5.0 (compatible; MJ12bot/v1.4.8; http://mj12bot.com/)"
195.201.199.99 - - [24/Nov/2024:05:41:17 +0800] "GET /?tag=%E9%80%B2%E6%B0%A3%E5%B2%90%E7%AE%A1 HTTP/1.1" 301 310 "-" "Mozilla/5.0 (compatible; MJ12bot/v1.4.8; http://mj12bot.com/)"
195.201.199.99 - - [24/Nov/2024:05:41:20 +0800] "GET /tag/%E9%80%B2%E6%B0%A3%E5%B2%90%E7%AE%A1/ HTTP/1.1" 200 17166 "-" "Mozilla/5.0 (compatible; MJ12bot/v1.4.8; http://mj12bot.com/)"
195.201.199.99 - - [24/Nov/2024:05:41:22 +0800] "GET /category/%E4%BF%9D%E9%A4%8A%E8%A7%80%E5%BF%B5/page/6/ HTTP/1.1" 200 14312 "-" "Mozilla/5.0 (compatible; MJ12bot/v1.4.8; http://mj12bot.com/)"
195.201.199.99 - - [24/Nov/2024:05:41:24 +0800] "GET /category/%E5%93%81%E7%89%8C%E7%9B%B8%E9%97%9C/page/3/ HTTP/1.1" 200 18424 "-" "Mozilla/5.0 (compatible; MJ12bot/v1.4.8; http://mj12bot.com/)"
195.201.199.99 - - [24/Nov/2024:05:41:26 +0800] "GET /tag/%E5%BC%95%E6%93%8E/ HTTP/1.1" 200 20361 "-" "Mozilla/5.0 (compatible; MJ12bot/v1.4.8; http://mj12bot.com/)"
195.201.199.99 - - [24/Nov/2024:05:41:29 +0800] "GET /tag/%E6%AD%A2%E6%BC%8F/ HTTP/1.1" 200 20359 "-" "Mozilla/5.0 (compatible; MJ12bot/v1.4.8; http://mj12bot.com/)"
195.201.199.99 - - [24/Nov/2024:05:41:31 +0800] "GET /tag/%E5%9C%B0%E7%90%83%E9%BB%83%E9%87%91%E7%B7%9A/page/3/ HTTP/1.1" 200 14783 "-" "Mozilla/5.0 (compatible; MJ12bot/v1.4.8; http://mj12bot.com/)"
195.201.199.99 - - [24/Nov/2024:05:41:34 +0800] "GET /%E5%A4%A9%E5%95%8A-%E6%88%91%E7%88%BD%E5%91%86%E4%BA%86%EF%BC%81/ HTTP/1.1" 200 21028 "-" "Mozilla/5.0 (compatible; MJ12bot/v1.4.8; http://mj12bot.com/)"
195.201.199.99 - - [24/Nov/2024:05:41:37 +0800] "GET /%E6%80%A7%E8%83%BD%E7%9A%84%E7%94%9F%E6%84%8F%EF%BC%9Aalpina-%E5%BE%9E%E6%89%93%E5%AD%97%E6%A9%9F%E5%88%B0%E6%B1%BD%E8%BB%8A%E9%9C%B8%E4%B8%BB%E7%9A%84%E5%B4%9B%E8%B5%B7/ HTTP/1.1" 200 28592 "-" "Mozilla/5.0 (compatible; MJ12bot/v1.4.8; http://mj12bot.com/)"
220.135.127.108 - - [24/Nov/2024:05:45:54 +0800] "POST /wp-cron.php?doing_wp_cron=1732398354.1942629814147949218750 HTTP/1.1" 200 4050 "-" "WordPress/6.7.1; https://www.car32.tw"
192.0.82.55 - - [24/Nov/2024:05:45:53 +0800] "HEAD / HTTP/1.1" 200 4000 "-" "jetmon/1.0 (Jetpack Site Uptime Monitor by WordPress.com)"
185.191.171.17 - - [24/Nov/2024:05:46:54 +0800] "GET /category/%E7%B6%AD%E4%BF%AE%E8%A7%80%E5%BF%B5/page/2/ HTTP/1.1" 200 18655 "-" "Mozilla/5.0 (compatible; SemrushBot/7~bl; +http://www.semrush.com/bot.html)"
17.241.219.75 - - [24/Nov/2024:05:47:33 +0800] "GET /%E7%B4%94%E9%9B%BB%E5%8B%95-bmw-ix3-%E9%96%8B%E5%A7%8B%E7%94%9F%E7%94%A2/ HTTP/1.1" 200 22594 "-" "Mozilla/5.0 (Macintosh; Intel Mac OS X 10_15_7) AppleWebKit/605.1.15 (KHTML, like Gecko) Version/17.4 Safari/605.1.15 (Applebot/0.1; +http://www.apple.com/go/applebot)"
17.22.245.208 - - [24/Nov/2024:05:48:32 +0800] "GET /%E7%B4%94%E9%9B%BB%E5%8B%95-bmw-ix3-%E9%96%8B%E5%A7%8B%E7%94%9F%E7%94%A2/?relatedposts=1 HTTP/1.1" 200 8680 "https://www.car32.tw/%E7%B4%94%E9%9B%BB%E5%8B%95-bmw-ix3-%E9%96%8B%E5%A7%8B%E7%94%9F%E7%94%A2/" "Mozilla/5.0 (Macintosh; Intel Mac OS X 10_15_7) AppleWebKit/605.1.15 (KHTML, like Gecko) Version/17.4 Safari/605.1.15 (Applebot/0.1; +http://www.apple.com/go/applebot)"
85.208.96.208 - - [24/Nov/2024:05:48:53 +0800] "GET /category/%E4%BF%9D%E9%A4%8A%E8%A7%80%E5%BF%B5/page/2/ HTTP/1.1" 200 19429 "-" "Mozilla/5.0 (compatible; SemrushBot/7~bl; +http://www.semrush.com/bot.html)"
18.226.104.30 - - [24/Nov/2024:05:49:32 +0800] "GET /wp-json/wp/v2/tags/32 HTTP/1.1" 200 4888 "-" "Mozilla/5.0 AppleWebKit/537.36 (KHTML, like Gecko; compatible; ClaudeBot/1.0; +claudebot@anthropic.com)"
220.135.127.108 - - [24/Nov/2024:05:49:32 +0800] "POST /wp-cron.php?doing_wp_cron=1732398572.3224511146545410156250 HTTP/1.1" 200 4050 "-" "WordPress/6.7.1; https://www.car32.tw"
3.15.228.162 - - [24/Nov/2024:05:49:47 +0800] "GET /wp-json/wp/v2/posts/304 HTTP/1.1" 200 8513 "-" "Mozilla/5.0 AppleWebKit/537.36 (KHTML, like Gecko; compatible; ClaudeBot/1.0; +claudebot@anthropic.com)"
18.188.96.17 - - [24/Nov/2024:05:50:10 +0800] "GET /wp-json/wp/v2/posts/33 HTTP/1.1" 200 30767 "-" "Mozilla/5.0 AppleWebKit/537.36 (KHTML, like Gecko; compatible; ClaudeBot/1.0; +claudebot@anthropic.com)"
220.135.127.108 - - [24/Nov/2024:05:50:55 +0800] "POST /wp-cron.php?doing_wp_cron=1732398655.1698040962219238281250 HTTP/1.1" 200 4050 "-" "WordPress/6.7.1; https://www.car32.tw"
192.0.82.55 - - [24/Nov/2024:05:50:51 +0800] "HEAD / HTTP/1.1" 200 4000 "-" "jetmon/1.0 (Jetpack Site Uptime Monitor by WordPress.com)"
185.191.171.13 - - [24/Nov/2024:05:52:29 +0800] "GET /%E6%8F%9B%E6%A9%9F%E6%B2%B9-%E4%BD%A0%E6%9C%83%E9%81%B8%E6%93%87-5000-%E9%82%84%E6%98%AF-10000-%E5%85%AC%E9%87%8C%EF%BC%9F/ HTTP/1.1" 200 18284 "-" "Mozilla/5.0 (compatible; SemrushBot/7~bl; +http://www.semrush.com/bot.html)"
3.139.87.113 - - [24/Nov/2024:05:53:17 +0800] "GET /%e6%8f%9b%e5%ad%a3%e9%a4%8a%e8%bb%8a/feed HTTP/1.1" 301 4197 "-" "Mozilla/5.0 AppleWebKit/537.36 (KHTML, like Gecko; compatible; ClaudeBot/1.0; +claudebot@anthropic.com)"
3.139.87.113 - - [24/Nov/2024:05:53:18 +0800] "GET /%e6%8f%9b%e5%ad%a3%e9%a4%8a%e8%bb%8a/feed/ HTTP/1.1" 200 4842 "https://car32.tw/%e6%8f%9b%e5%ad%a3%e9%a4%8a%e8%bb%8a/feed" "Mozilla/5.0 AppleWebKit/537.36 (KHTML, like Gecko; compatible; ClaudeBot/1.0; +claudebot@anthropic.com)"
3.21.248.105 - - [24/Nov/2024:05:54:11 +0800] "GET /alpina-%e5%9c%a8%e7%ac%ac-89-%e5%b1%86%e6%97%a5%e5%85%a7%e7%93%a6%e5%9c%8b%e9%9a%9b%e8%bb%8a%e5%b1%95/feed HTTP/1.1" 301 4262 "-" "Mozilla/5.0 AppleWebKit/537.36 (KHTML, like Gecko; compatible; ClaudeBot/1.0; +claudebot@anthropic.com)"
3.21.248.105 - - [24/Nov/2024:05:54:12 +0800] "GET /alpina-%e5%9c%a8%e7%ac%ac-89-%e5%b1%86%e6%97%a5%e5%85%a7%e7%93%a6%e5%9c%8b%e9%9a%9b%e8%bb%8a%e5%b1%95/feed/ HTTP/1.1" 200 4912 "https://car32.tw/alpina-%e5%9c%a8%e7%ac%ac-89-%e5%b1%86%e6%97%a5%e5%85%a7%e7%93%a6%e5%9c%8b%e9%9a%9b%e8%bb%8a%e5%b1%95/feed" "Mozilla/5.0 AppleWebKit/537.36 (KHTML, like Gecko; compatible; ClaudeBot/1.0; +claudebot@anthropic.com)"
220.135.127.108 - - [24/Nov/2024:05:54:57 +0800] "POST /wp-cron.php?doing_wp_cron=1732398897.8885591030120849609375 HTTP/1.1" 200 4050 "-" "WordPress/6.7.1; https://www.car32.tw"
18.226.226.151 - - [24/Nov/2024:05:54:57 +0800] "GET /tag/%e7%af%80%e6%ba%ab%e5%99%a8/feed HTTP/1.1" 301 4147 "-" "Mozilla/5.0 AppleWebKit/537.36 (KHTML, like Gecko; compatible; ClaudeBot/1.0; +claudebot@anthropic.com)"
18.226.226.151 - - [24/Nov/2024:05:54:59 +0800] "GET /tag/%e7%af%80%e6%ba%ab%e5%99%a8/feed/ HTTP/1.1" 200 5432 "https://car32.tw/tag/%e7%af%80%e6%ba%ab%e5%99%a8/feed" "Mozilla/5.0 AppleWebKit/537.36 (KHTML, like Gecko; compatible; ClaudeBot/1.0; +claudebot@anthropic.com)"
220.135.127.108 - - [24/Nov/2024:05:55:48 +0800] "POST /wp-cron.php?doing_wp_cron=1732398948.1729168891906738281250 HTTP/1.1" 200 4050 "-" "WordPress/6.7.1; https://www.car32.tw"
3.137.175.80 - - [24/Nov/2024:05:55:47 +0800] "GET /wp-json/oembed/1.0/embed?url=https%3A%2F%2Fwww.car32.tw%2F%25e6%258f%259b%25e5%25ad%25a3%25e9%25a4%258a%25e8%25bb%258a%2F HTTP/1.1" 200 6562 "-" "Mozilla/5.0 AppleWebKit/537.36 (KHTML, like Gecko; compatible; ClaudeBot/1.0; +claudebot@anthropic.com)"
192.0.82.55 - - [24/Nov/2024:05:55:51 +0800] "HEAD / HTTP/1.1" 200 4000 "-" "jetmon/1.0 (Jetpack Site Uptime Monitor by WordPress.com)"
85.208.96.202 - - [24/Nov/2024:05:58:38 +0800] "GET /tag/%E7%A9%8D%E7%A2%B3/page/3/ HTTP/1.1" 200 32488 "-" "Mozilla/5.0 (compatible; SemrushBot/7~bl; +http://www.semrush.com/bot.html)"
185.191.171.18 - - [24/Nov/2024:05:58:41 +0800] "GET /bmw-o2-series/ HTTP/1.1" 200 18081 "-" "Mozilla/5.0 (compatible; SemrushBot/7~bl; +http://www.semrush.com/bot.html)"
220.135.127.108 - - [24/Nov/2024:06:00:40 +0800] "POST /wp-cron.php?doing_wp_cron=1732399240.1828339099884033203125 HTTP/1.1" 200 4050 "-" "WordPress/6.7.1; https://www.car32.tw"
140.238.59.22 - - [24/Nov/2024:06:00:39 +0800] "GET /feed/ HTTP/1.1" 200 6804 "https://www.car32.tw/feed/" "FreshRSS/1.24.3 (Linux; https://freshrss.org)"
192.0.82.55 - - [24/Nov/2024:06:00:52 +0800] "HEAD / HTTP/1.1" 200 4000 "-" "jetmon/1.0 (Jetpack Site Uptime Monitor by WordPress.com)"
18.227.49.73 - - [24/Nov/2024:06:02:45 +0800] "GET /%e5%bc%95%e6%93%8e%e5%90%83%e6%a9%9f%e6%b2%b9-%e6%80%8e%e6%a8%a3%e7%ae%97%e5%9a%b4%e9%87%8d-%e8%a9%b2%e5%a6%82%e4%bd%95%e8%99%95%e7%90%86/feed HTTP/1.1" 301 4298 "-" "Mozilla/5.0 AppleWebKit/537.36 (KHTML, like Gecko; compatible; ClaudeBot/1.0; +claudebot@anthropic.com)"
220.135.127.108 - - [24/Nov/2024:06:05:26 +0800] "POST /wp-cron.php?doing_wp_cron=1732399526.7052431106567382812500 HTTP/1.1" 200 4050 "-" "WordPress/6.7.1; https://www.car32.tw"
3.145.110.99 - - [24/Nov/2024:06:05:25 +0800] "GET /tag/%e5%90%83%e6%a9%9f%e6%b2%b9 HTTP/1.1" 301 4044 "-" "Mozilla/5.0 AppleWebKit/537.36 (KHTML, like Gecko; compatible; ClaudeBot/1.0; +claudebot@anthropic.com)"
3.145.110.99 - - [24/Nov/2024:06:05:27 +0800] "GET /tag/%e5%90%83%e6%a9%9f%e6%b2%b9/ HTTP/1.1" 200 17463 "https://car32.tw/tag/%e5%90%83%e6%a9%9f%e6%b2%b9" "Mozilla/5.0 AppleWebKit/537.36 (KHTML, like Gecko; compatible; ClaudeBot/1.0; +claudebot@anthropic.com)"
220.135.127.108 - - [24/Nov/2024:06:05:52 +0800] "POST /wp-cron.php?doing_wp_cron=1732399552.8897409439086914062500 HTTP/1.1" 200 4050 "-" "WordPress/6.7.1; https://www.car32.tw"
192.0.82.55 - - [24/Nov/2024:06:05:52 +0800] "HEAD / HTTP/1.1" 200 4000 "-" "jetmon/1.0 (Jetpack Site Uptime Monitor by WordPress.com)"
3.15.31.27 - - [24/Nov/2024:06:07:50 +0800] "GET /wp-json/oembed/1.0/embed?format=xml&url=https%3A%2F%2Fwww.car32.tw%2F%25e6%258f%259b%25e5%25ad%25a3%25e9%25a4%258a%25e8%25bb%258a%2F HTTP/1.1" 200 5475 "-" "Mozilla/5.0 AppleWebKit/537.36 (KHTML, like Gecko; compatible; ClaudeBot/1.0; +claudebot@anthropic.com)"
85.208.96.206 - - [24/Nov/2024:06:08:46 +0800] "GET /tag/e34/ HTTP/1.1" 200 25178 "-" "Mozilla/5.0 (compatible; SemrushBot/7~bl; +http://www.semrush.com/bot.html)"
18.118.37.85 - - [24/Nov/2024:06:08:52 +0800] "GET /%e9%81%b8%e7%94%a8%e9%9d%9e%e5%8e%9f%e5%bb%a0%e6%8c%87%e5%ae%9a%e5%93%81%e7%89%8c%e6%a9%9f%e6%b2%b9%e8%a1%8c%e4%b8%8d%e8%a1%8c%ef%bc%9f HTTP/1.1" 301 4193 "-" "Mozilla/5.0 AppleWebKit/537.36 (KHTML, like Gecko; compatible; ClaudeBot/1.0; +claudebot@anthropic.com)"
18.118.37.85 - - [24/Nov/2024:06:08:52 +0800] "GET /%e9%81%b8%e7%94%a8%e9%9d%9e%e5%8e%9f%e5%bb%a0%e6%8c%87%e5%ae%9a%e5%93%81%e7%89%8c%e6%a9%9f%e6%b2%b9%e8%a1%8c%e4%b8%8d%e8%a1%8c%ef%bc%9f/ HTTP/1.1" 200 21449 "https://car32.tw/%e9%81%b8%e7%94%a8%e9%9d%9e%e5%8e%9f%e5%bb%a0%e6%8c%87%e5%ae%9a%e5%93%81%e7%89%8c%e6%a9%9f%e6%b2%b9%e8%a1%8c%e4%b8%8d%e8%a1%8c%ef%bc%9f" "Mozilla/5.0 AppleWebKit/537.36 (KHTML, like Gecko; compatible; ClaudeBot/1.0; +claudebot@anthropic.com)"
220.135.127.108 - - [24/Nov/2024:06:10:49 +0800] "POST /wp-cron.php?doing_wp_cron=1732399849.7335650920867919921875 HTTP/1.1" 200 4050 "-" "WordPress/6.7.1; https://www.car32.tw"
85.208.96.195 - - [24/Nov/2024:06:10:49 +0800] "GET /tag/%E8%AE%8A%E9%80%9F%E7%AE%B1/page/2/ HTTP/1.1" 200 17561 "-" "Mozilla/5.0 (compatible; SemrushBot/7~bl; +http://www.semrush.com/bot.html)"
192.0.82.55 - - [24/Nov/2024:06:10:53 +0800] "HEAD / HTTP/1.1" 200 4000 "-" "jetmon/1.0 (Jetpack Site Uptime Monitor by WordPress.com)"
85.208.96.208 - - [24/Nov/2024:06:12:23 +0800] "GET /tag/%E5%BC%95%E6%93%8E%E6%A9%9F%E6%B2%B9/page/4/ HTTP/1.1" 200 35257 "-" "Mozilla/5.0 (compatible; SemrushBot/7~bl; +http://www.semrush.com/bot.html)"
185.191.171.8 - - [24/Nov/2024:06:12:56 +0800] "GET /tag/%E5%A4%8F%E5%AD%A3%E4%BF%9D%E9%A4%8A/ HTTP/1.1" 200 17479 "-" "Mozilla/5.0 (compatible; SemrushBot/7~bl; +http://www.semrush.com/bot.html)"
220.135.127.108 - - [24/Nov/2024:06:15:51 +0800] "POST /wp-cron.php?doing_wp_cron=1732400151.9578139781951904296875 HTTP/1.1" 200 4050 "-" "WordPress/6.7.1; https://www.car32.tw"
192.0.82.55 - - [24/Nov/2024:06:15:51 +0800] "HEAD / HTTP/1.1" 200 4000 "-" "jetmon/1.0 (Jetpack Site Uptime Monitor by WordPress.com)"
85.208.96.210 - - [24/Nov/2024:06:16:28 +0800] "GET /author/sysadmin/page/43/ HTTP/1.1" 200 27858 "-" "Mozilla/5.0 (compatible; SemrushBot/7~bl; +http://www.semrush.com/bot.html)"
18.188.175.66 - - [24/Nov/2024:06:16:37 +0800] "GET /robots.txt HTTP/1.1" 301 4022 "-" "Mozilla/5.0 AppleWebKit/537.36 (KHTML, like Gecko; compatible; ClaudeBot/1.0; +claudebot@anthropic.com)"
18.188.175.66 - - [24/Nov/2024:06:16:38 +0800] "GET /robots.txt HTTP/1.1" 200 4164 "https://car32.tw/robots.txt" "Mozilla/5.0 AppleWebKit/537.36 (KHTML, like Gecko; compatible; ClaudeBot/1.0; +claudebot@anthropic.com)"
18.188.175.66 - - [24/Nov/2024:06:16:39 +0800] "GET /wp-json/oembed/1.0/embed?format=xml&url=https%3A%2F%2Fwww.car32.tw%2F%25e9%25ab%2598%25e9%2587%258c%25e7%25a8%258b%25e6%25b1%25bd%25e8%25bb%258a%25e4%25bf%259d%25e9%25a4%258a%25e8%25a1%2593%2F HTTP/1.1" 200 1773 "-" "Mozilla/5.0 AppleWebKit/537.36 (KHTML, like Gecko; compatible; ClaudeBot/1.0; +claudebot@anthropic.com)"
18.224.63.123 - - [24/Nov/2024:06:16:58 +0800] "GET /tag/b4/feed HTTP/1.1" 301 4122 "-" "Mozilla/5.0 AppleWebKit/537.36 (KHTML, like Gecko; compatible; ClaudeBot/1.0; +claudebot@anthropic.com)"
18.224.63.123 - - [24/Nov/2024:06:16:59 +0800] "GET /tag/b4/feed/ HTTP/1.1" 200 5415 "https://car32.tw/tag/b4/feed" "Mozilla/5.0 AppleWebKit/537.36 (KHTML, like Gecko; compatible; ClaudeBot/1.0; +claudebot@anthropic.com)"
220.135.127.108 - - [24/Nov/2024:06:20:17 +0800] "POST /wp-cron.php?doing_wp_cron=1732400416.8650240898132324218750 HTTP/1.1" 200 4050 "-" "WordPress/6.7.1; https://www.car32.tw"
220.181.108.82 - - [24/Nov/2024:06:20:16 +0800] "GET /?p=350 HTTP/1.1" 301 3557 "-" "Mozilla/5.0 (compatible; Baiduspider/2.0; +http://www.baidu.com/search/spider.html)"
220.181.108.103 - - [24/Nov/2024:06:20:17 +0800] "GET /%E6%B1%BD%E8%BB%8A%E6%A9%9F%E6%B2%B9%E7%94%A8%E4%B8%8D%E5%AE%8C-%E5%8F%AF%E4%BB%A5%E7%94%A8%E5%9C%A8%E6%A9%9F%E8%BB%8A%E4%B8%8A%E5%97%8E%EF%BC%9F/ HTTP/1.1" 200 14556 "-" "Mozilla/5.0 (compatible; Baiduspider/2.0; +http://www.baidu.com/search/spider.html)"
116.179.37.3 - - [24/Nov/2024:06:20:18 +0800] "GET /wp-includes/js/wp-emoji-release.min.js?ver=6.7.1 HTTP/1.1" 200 9138 "https://www.car32.tw/%E6%B1%BD%E8%BB%8A%E6%A9%9F%E6%B2%B9%E7%94%A8%E4%B8%8D%E5%AE%8C-%E5%8F%AF%E4%BB%A5%E7%94%A8%E5%9C%A8%E6%A9%9F%E8%BB%8A%E4%B8%8A%E5%97%8E%EF%BC%9F/" "Mozilla/5.0 (compatible; Baiduspider-render/2.0; +http://www.baidu.com/search/spider.html)"
116.179.37.113 - - [24/Nov/2024:06:20:18 +0800] "GET /%E6%B1%BD%E8%BB%8A%E6%A9%9F%E6%B2%B9%E7%94%A8%E4%B8%8D%E5%AE%8C-%E5%8F%AF%E4%BB%A5%E7%94%A8%E5%9C%A8%E6%A9%9F%E8%BB%8A%E4%B8%8A%E5%97%8E%EF%BC%9F/?relatedposts=1 HTTP/1.1" 200 8011 "https://www.car32.tw/%E6%B1%BD%E8%BB%8A%E6%A9%9F%E6%B2%B9%E7%94%A8%E4%B8%8D%E5%AE%8C-%E5%8F%AF%E4%BB%A5%E7%94%A8%E5%9C%A8%E6%A9%9F%E8%BB%8A%E4%B8%8A%E5%97%8E%EF%BC%9F/" "Mozilla/5.0 (compatible; Baiduspider-render/2.0; +http://www.baidu.com/search/spider.html)"
185.191.171.16 - - [24/Nov/2024:06:20:26 +0800] "GET /page/31/?page=2 HTTP/1.1" 200 18215 "-" "Mozilla/5.0 (compatible; SemrushBot/7~bl; +http://www.semrush.com/bot.html)"
220.135.127.108 - - [24/Nov/2024:06:20:30 +0800] "POST /wp-cron.php?doing_wp_cron=1732400430.5765550136566162109375 HTTP/1.1" 200 4050 "-" "WordPress/6.7.1; https://www.car32.tw"
85.208.96.195 - - [24/Nov/2024:06:20:30 +0800] "GET /tag/128ti/ HTTP/1.1" 200 22144 "-" "Mozilla/5.0 (compatible; SemrushBot/7~bl; +http://www.semrush.com/bot.html)"
192.0.82.55 - - [24/Nov/2024:06:20:52 +0800] "HEAD / HTTP/1.1" 200 4000 "-" "jetmon/1.0 (Jetpack Site Uptime Monitor by WordPress.com)"
3.14.134.18 - - [24/Nov/2024:06:21:43 +0800] "GET /%e4%b8%8d%e7%94%a8%e7%99%be%e8%90%ac%e5%b0%b1%e8%83%bd%e5%85%a5%e6%89%8b%e5%b8%a5%e6%b0%a3%e9%9b%99b HTTP/1.1" 301 4158 "-" "Mozilla/5.0 AppleWebKit/537.36 (KHTML, like Gecko; compatible; ClaudeBot/1.0; +claudebot@anthropic.com)"
3.14.134.18 - - [24/Nov/2024:06:21:44 +0800] "GET /%e4%b8%8d%e7%94%a8%e7%99%be%e8%90%ac%e5%b0%b1%e8%83%bd%e5%85%a5%e6%89%8b%e5%b8%a5%e6%b0%a3%e9%9b%99b/ HTTP/1.1" 200 18255 "https://car32.tw/%e4%b8%8d%e7%94%a8%e7%99%be%e8%90%ac%e5%b0%b1%e8%83%bd%e5%85%a5%e6%89%8b%e5%b8%a5%e6%b0%a3%e9%9b%99b" "Mozilla/5.0 AppleWebKit/537.36 (KHTML, like Gecko; compatible; ClaudeBot/1.0; +claudebot@anthropic.com)"
3.15.225.177 - - [24/Nov/2024:06:23:32 +0800] "GET /wp-json/wp/v2/tags/33 HTTP/1.1" 200 4912 "-" "Mozilla/5.0 AppleWebKit/537.36 (KHTML, like Gecko; compatible; ClaudeBot/1.0; +claudebot@anthropic.com)"
220.135.127.108 - - [24/Nov/2024:06:24:29 +0800] "POST /wp-cron.php?doing_wp_cron=1732400669.3738839626312255859375 HTTP/1.1" 200 4050 "-" "WordPress/6.7.1; https://www.car32.tw"
185.191.171.8 - - [24/Nov/2024:06:24:29 +0800] "GET /category/%E4%BF%9D%E9%A4%8A%E8%A7%80%E5%BF%B5/page/5/ HTTP/1.1" 200 19111 "-" "Mozilla/5.0 (compatible; SemrushBot/7~bl; +http://www.semrush.com/bot.html)"
220.135.127.108 - - [24/Nov/2024:06:24:53 +0800] "POST /wp-cron.php?doing_wp_cron=1732400693.2881729602813720703125 HTTP/1.1" 200 4050 "-" "WordPress/6.7.1; https://www.car32.tw"
185.191.171.12 - - [24/Nov/2024:06:24:53 +0800] "GET /author/sysadmin/page/35/ HTTP/1.1" 200 17993 "-" "Mozilla/5.0 (compatible; SemrushBot/7~bl; +http://www.semrush.com/bot.html)"
18.217.10.200 - - [24/Nov/2024:06:25:03 +0800] "GET /wp-json/oembed/1.0/embed?url=https%3A%2F%2Fwww.car32.tw%2Fbio-power-%25e7%2594%259f%25e5%258c%2596%25e9%2585%25b6%25e8%25a9%25a6%25e7%2594%25a8%2F HTTP/1.1" 200 6648 "-" "Mozilla/5.0 AppleWebKit/537.36 (KHTML, like Gecko; compatible; ClaudeBot/1.0; +claudebot@anthropic.com)"
185.191.171.14 - - [24/Nov/2024:06:25:27 +0800] "GET /%E6%9F%B4%E6%B2%B9%E9%96%80-dieselgate/ HTTP/1.1" 200 27634 "-" "Mozilla/5.0 (compatible; SemrushBot/7~bl; +http://www.semrush.com/bot.html)"
220.135.127.108 - - [24/Nov/2024:06:25:40 +0800] "POST /wp-cron.php?doing_wp_cron=1732400740.1991529464721679687500 HTTP/1.1" 200 4050 "-" "WordPress/6.7.1; https://www.car32.tw"
140.238.59.22 - - [24/Nov/2024:06:25:40 +0800] "GET /feed/ HTTP/1.1" 200 6804 "https://www.car32.tw/feed/" "FreshRSS/1.24.3 (Linux; https://freshrss.org)"
192.0.82.55 - - [24/Nov/2024:06:25:53 +0800] "HEAD / HTTP/1.1" 200 4000 "-" "jetmon/1.0 (Jetpack Site Uptime Monitor by WordPress.com)"
220.135.127.108 - - [24/Nov/2024:06:28:07 +0800] "POST /wp-cron.php?doing_wp_cron=1732400887.5812211036682128906250 HTTP/1.1" 200 4050 "-" "WordPress/6.7.1; https://www.car32.tw"
18.191.215.30 - - [24/Nov/2024:06:28:07 +0800] "GET /wp-json/wp/v2/tags/49 HTTP/1.1" 200 4822 "-" "Mozilla/5.0 AppleWebKit/537.36 (KHTML, like Gecko; compatible; ClaudeBot/1.0; +claudebot@anthropic.com)"
220.135.127.108 - - [24/Nov/2024:06:29:33 +0800] "POST /wp-cron.php?doing_wp_cron=1732400973.0353538990020751953125 HTTP/1.1" 200 4050 "-" "WordPress/6.7.1; https://www.car32.tw"
66.249.79.70 - - [24/Nov/2024:06:29:31 +0800] "GET /%E7%B4%94%E9%9B%BB%E5%8B%95-bmw-ix3-%E9%96%8B%E5%A7%8B%E7%94%9F%E7%94%A2/ HTTP/1.1" 200 22650 "-" "Mozilla/5.0 (compatible; Googlebot/2.1; +http://www.google.com/bot.html)"
85.208.96.194 - - [24/Nov/2024:06:29:57 +0800] "GET /tag/e21/ HTTP/1.1" 200 25180 "-" "Mozilla/5.0 (compatible; SemrushBot/7~bl; +http://www.semrush.com/bot.html)"
220.135.127.108 - - [24/Nov/2024:06:30:52 +0800] "POST /wp-cron.php?doing_wp_cron=1732401052.1356909275054931640625 HTTP/1.1" 200 4050 "-" "WordPress/6.7.1; https://www.car32.tw"
192.0.82.55 - - [24/Nov/2024:06:30:51 +0800] "HEAD / HTTP/1.1" 200 4000 "-" "jetmon/1.0 (Jetpack Site Uptime Monitor by WordPress.com)"
18.218.76.193 - - [24/Nov/2024:06:30:57 +0800] "GET /wp-json/wp/v2/posts/96 HTTP/1.1" 200 19772 "-" "Mozilla/5.0 AppleWebKit/537.36 (KHTML, like Gecko; compatible; ClaudeBot/1.0; +claudebot@anthropic.com)"
85.208.96.197 - - [24/Nov/2024:06:32:07 +0800] "GET /robots.txt HTTP/1.1" 200 4136 "-" "Mozilla/5.0 (compatible; SemrushBot/7~bl; +http://www.semrush.com/bot.html)"
185.191.171.18 - - [24/Nov/2024:06:32:08 +0800] "GET /tag/%E6%9F%B4%E6%B2%B9%E8%BB%8A/page/2/ HTTP/1.1" 200 27147 "-" "Mozilla/5.0 (compatible; SemrushBot/7~bl; +http://www.semrush.com/bot.html)"
3.15.149.24 - - [24/Nov/2024:06:32:56 +0800] "GET /wp-json/oembed/1.0/embed?url=https%3A%2F%2Fwww.car32.tw%2F%25e9%25ab%2598%25e9%2587%258c%25e7%25a8%258b%25e6%25b1%25bd%25e8%25bb%258a%25e4%25bf%259d%25e9%25a4%258a%25e8%25a1%2593%2F HTTP/1.1" 200 6706 "-" "Mozilla/5.0 AppleWebKit/537.36 (KHTML, like Gecko; compatible; ClaudeBot/1.0; +claudebot@anthropic.com)"
85.208.96.198 - - [24/Nov/2024:06:33:38 +0800] "GET /category/%E7%B6%AD%E4%BF%AE%E8%A7%80%E5%BF%B5/ HTTP/1.1" 200 24404 "-" "Mozilla/5.0 (compatible; SemrushBot/7~bl; +http://www.semrush.com/bot.html)"
85.208.96.199 - - [24/Nov/2024:06:33:46 +0800] "GET /tag/%E5%9C%B0%E7%90%83%E9%BB%83%E9%87%91%E7%B7%9A/page/7/ HTTP/1.1" 200 18196 "-" "Mozilla/5.0 (compatible; SemrushBot/7~bl; +http://www.semrush.com/bot.html)"
3.137.164.229 - - [24/Nov/2024:06:34:07 +0800] "GET /%E7%9C%81%E6%B2%B9-%E8%80%90%E7%94%A8-%E6%89%AD%E5%8A%9B%E5%A4%A7-%E6%B1%BD%E6%B2%B9%E8%BB%8A-%E6%9F%B4%E6%B2%B9%E8%BB%8A%E8%A9%B2%E6%80%8E%E9%BA%BC%E9%81%B8 HTTP/1.1" 301 4215 "-" "Mozilla/5.0 AppleWebKit/537.36 (KHTML, like Gecko; compatible; ClaudeBot/1.0; +claudebot@anthropic.com)"
3.137.164.229 - - [24/Nov/2024:06:34:08 +0800] "GET /%E7%9C%81%E6%B2%B9-%E8%80%90%E7%94%A8-%E6%89%AD%E5%8A%9B%E5%A4%A7-%E6%B1%BD%E6%B2%B9%E8%BB%8A-%E6%9F%B4%E6%B2%B9%E8%BB%8A%E8%A9%B2%E6%80%8E%E9%BA%BC%E9%81%B8/ HTTP/1.1" 200 18418 "https://car32.tw/%E7%9C%81%E6%B2%B9-%E8%80%90%E7%94%A8-%E6%89%AD%E5%8A%9B%E5%A4%A7-%E6%B1%BD%E6%B2%B9%E8%BB%8A-%E6%9F%B4%E6%B2%B9%E8%BB%8A%E8%A9%B2%E6%80%8E%E9%BA%BC%E9%81%B8" "Mozilla/5.0 AppleWebKit/537.36 (KHTML, like Gecko; compatible; ClaudeBot/1.0; +claudebot@anthropic.com)"
220.135.127.108 - - [24/Nov/2024:06:34:56 +0800] "POST /wp-cron.php?doing_wp_cron=1732401296.6797790527343750000000 HTTP/1.1" 200 4050 "-" "WordPress/6.7.1; https://www.car32.tw"
66.249.79.70 - - [24/Nov/2024:06:34:56 +0800] "GET /%E6%B0%B4%E7%AE%B1%E6%B0%B4%E6%BC%8F%E5%85%89%E5%85%89-%E7%9C%8B%E6%87%82%E7%AF%80%E6%BA%AB%E5%99%A8%E6%B0%B4%E9%BE%9C%E5%93%AA%E8%A3%A1%E5%87%BA%E5%95%8F%E9%A1%8C%EF%BC%9F/ HTTP/1.1" 200 18310 "-" "Mozilla/5.0 (Linux; Android 6.0.1; Nexus 5X Build/MMB29P) AppleWebKit/537.36 (KHTML, like Gecko) Chrome/131.0.6778.69 Mobile Safari/537.36 (compatible; Googlebot/2.1; +http://www.google.com/bot.html)"
66.249.79.70 - - [24/Nov/2024:06:35:14 +0800] "GET /%E6%B0%B4%E7%AE%B1%E6%B0%B4%E6%BC%8F%E5%85%89%E5%85%89-%E7%9C%8B%E6%87%82%E7%AF%80%E6%BA%AB%E5%99%A8%E6%B0%B4%E9%BE%9C%E5%93%AA%E8%A3%A1%E5%87%BA%E5%95%8F%E9%A1%8C%EF%BC%9F/?relatedposts=1 HTTP/1.1" 200 8120 "https://www.car32.tw/%E6%B0%B4%E7%AE%B1%E6%B0%B4%E6%BC%8F%E5%85%89%E5%85%89-%E7%9C%8B%E6%87%82%E7%AF%80%E6%BA%AB%E5%99%A8%E6%B0%B4%E9%BE%9C%E5%93%AA%E8%A3%A1%E5%87%BA%E5%95%8F%E9%A1%8C%EF%BC%9F/" "Mozilla/5.0 (Linux; Android 6.0.1; Nexus 5X Build/MMB29P) AppleWebKit/537.36 (KHTML, like Gecko) Chrome/131.0.6778.69 Mobile Safari/537.36 (compatible; Googlebot/2.1; +http://www.google.com/bot.html)"
220.135.127.108 - - [24/Nov/2024:06:35:53 +0800] "POST /wp-cron.php?doing_wp_cron=1732401353.1756908893585205078125 HTTP/1.1" 200 4050 "-" "WordPress/6.7.1; https://www.car32.tw"
192.0.82.55 - - [24/Nov/2024:06:35:52 +0800] "HEAD / HTTP/1.1" 200 4000 "-" "jetmon/1.0 (Jetpack Site Uptime Monitor by WordPress.com)"
18.119.192.2 - - [24/Nov/2024:06:36:25 +0800] "GET /bio-power-%e7%94%9f%e5%8c%96%e9%85%b6%e8%a9%a6%e7%94%a8/feed HTTP/1.1" 301 4216 "-" "Mozilla/5.0 AppleWebKit/537.36 (KHTML, like Gecko; compatible; ClaudeBot/1.0; +claudebot@anthropic.com)"
18.119.192.2 - - [24/Nov/2024:06:36:25 +0800] "GET /bio-power-%e7%94%9f%e5%8c%96%e9%85%b6%e8%a9%a6%e7%94%a8/feed/ HTTP/1.1" 200 4871 "https://car32.tw/bio-power-%e7%94%9f%e5%8c%96%e9%85%b6%e8%a9%a6%e7%94%a8/feed" "Mozilla/5.0 AppleWebKit/537.36 (KHTML, like Gecko; compatible; ClaudeBot/1.0; +claudebot@anthropic.com)"
85.208.96.210 - - [24/Nov/2024:06:36:43 +0800] "GET /page/27/ HTTP/1.1" 200 18022 "-" "Mozilla/5.0 (compatible; SemrushBot/7~bl; +http://www.semrush.com/bot.html)"
178.162.194.17 - - [24/Nov/2024:06:37:38 +0800] "GET /wp-content/uploads/2019/02/options.php?check=1 HTTP/1.1" 200 3425 "-" "Mozilla/5.0 (Windows NT 6.1; rv:17.0) Gecko/17.0 Firefox/17.0"
220.135.127.108 - - [24/Nov/2024:06:40:28 +0800] "POST /wp-cron.php?doing_wp_cron=1732401628.7169549465179443359375 HTTP/1.1" 200 4050 "-" "WordPress/6.7.1; https://www.car32.tw"
85.208.96.209 - - [24/Nov/2024:06:40:28 +0800] "GET /category/%E6%87%89%E7%94%A8%E8%A7%80%E5%BF%B5/page/13/ HTTP/1.1" 200 28626 "-" "Mozilla/5.0 (compatible; SemrushBot/7~bl; +http://www.semrush.com/bot.html)"
220.135.127.108 - - [24/Nov/2024:06:40:53 +0800] "POST /wp-cron.php?doing_wp_cron=1732401653.2374920845031738281250 HTTP/1.1" 200 4050 "-" "WordPress/6.7.1; https://www.car32.tw"
192.0.82.55 - - [24/Nov/2024:06:40:53 +0800] "HEAD / HTTP/1.1" 200 4000 "-" "jetmon/1.0 (Jetpack Site Uptime Monitor by WordPress.com)"
66.249.71.133 - - [24/Nov/2024:06:41:06 +0800] "GET /?tag=%E5%B9%B4%E5%BA%A6%E4%BF%9D%E9%A4%8A HTTP/1.1" 301 647 "-" "Mozilla/5.0 (Linux; Android 6.0.1; Nexus 5X Build/MMB29P) AppleWebKit/537.36 (KHTML, like Gecko) Chrome/131.0.6778.69 Mobile Safari/537.36 (compatible; Googlebot/2.1; +http://www.google.com/bot.html)"
66.249.79.69 - - [24/Nov/2024:06:41:24 +0800] "GET /?tag=%E5%B9%B4%E5%BA%A6%E4%BF%9D%E9%A4%8A HTTP/1.1" 301 4062 "-" "Mozilla/5.0 (Linux; Android 6.0.1; Nexus 5X Build/MMB29P) AppleWebKit/537.36 (KHTML, like Gecko) Chrome/131.0.6778.69 Mobile Safari/537.36 (compatible; Googlebot/2.1; +http://www.google.com/bot.html)"
3.144.42.233 - - [24/Nov/2024:06:43:52 +0800] "GET /wp-json/oembed/1.0/embed?format=xml&url=https%3A%2F%2Fwww.car32.tw%2Fbio-power-%25e7%2594%259f%25e5%258c%2596%25e9%2585%25b6%25e8%25a9%25a6%25e7%2594%25a8%2F HTTP/1.1" 200 5506 "-" "Mozilla/5.0 AppleWebKit/537.36 (KHTML, like Gecko; compatible; ClaudeBot/1.0; +claudebot@anthropic.com)"
3.135.206.166 - - [24/Nov/2024:06:44:12 +0800] "GET /tag/alpina/page/8 HTTP/1.1" 301 4030 "-" "Mozilla/5.0 AppleWebKit/537.36 (KHTML, like Gecko; compatible; ClaudeBot/1.0; +claudebot@anthropic.com)"
3.135.206.166 - - [24/Nov/2024:06:44:12 +0800] "GET /tag/alpina/page/8/ HTTP/1.1" 200 28263 "https://car32.tw/tag/alpina/page/8" "Mozilla/5.0 AppleWebKit/537.36 (KHTML, like Gecko; compatible; ClaudeBot/1.0; +claudebot@anthropic.com)"
220.135.127.108 - - [24/Nov/2024:06:45:53 +0800] "POST /wp-cron.php?doing_wp_cron=1732401953.1618061065673828125000 HTTP/1.1" 200 4050 "-" "WordPress/6.7.1; https://www.car32.tw"
192.0.82.55 - - [24/Nov/2024:06:45:52 +0800] "HEAD / HTTP/1.1" 200 4000 "-" "jetmon/1.0 (Jetpack Site Uptime Monitor by WordPress.com)"
85.208.96.193 - - [24/Nov/2024:06:46:32 +0800] "GET /category/%E6%87%89%E7%94%A8%E8%A7%80%E5%BF%B5/page/6/ HTTP/1.1" 200 18309 "-" "Mozilla/5.0 (compatible; SemrushBot/7~bl; +http://www.semrush.com/bot.html)"
220.135.127.108 - - [24/Nov/2024:06:49:45 +0800] "POST /wp-cron.php?doing_wp_cron=1732402185.3920149803161621093750 HTTP/1.1" 200 4050 "-" "WordPress/6.7.1; https://www.car32.tw"
185.191.171.4 - - [24/Nov/2024:06:49:45 +0800] "GET /tag/%E8%AE%8A%E9%80%9F%E7%AE%B1/ HTTP/1.1" 200 32997 "-" "Mozilla/5.0 (compatible; SemrushBot/7~bl; +http://www.semrush.com/bot.html)"
140.238.59.22 - - [24/Nov/2024:06:50:16 +0800] "GET /feed/ HTTP/1.1" 200 6804 "https://www.car32.tw/feed/" "FreshRSS/1.24.3 (Linux; https://freshrss.org)"
220.135.127.108 - - [24/Nov/2024:06:50:53 +0800] "POST /wp-cron.php?doing_wp_cron=1732402253.4587070941925048828125 HTTP/1.1" 200 4050 "-" "WordPress/6.7.1; https://www.car32.tw"
192.0.82.55 - - [24/Nov/2024:06:50:53 +0800] "HEAD / HTTP/1.1" 200 4000 "-" "jetmon/1.0 (Jetpack Site Uptime Monitor by WordPress.com)"
183.171.171.192 - - [24/Nov/2024:06:55:14 +0800] "GET /wp-content/themes/twentytwelve/fonts/font-open-sans.css?ver=20230328 HTTP/1.1" 200 5031 "-" "Mozilla/5.0 (Linux; Android 10; K) AppleWebKit/537.36 (KHTML, like Gecko) Chrome/126.0.0.0 Mobile Safari/537.36"
183.171.171.192 - - [24/Nov/2024:06:55:14 +0800] "GET /wp-content/themes/twentytwelve/style.css?ver=20240716 HTTP/1.1" 200 12423 "-" "Mozilla/5.0 (Linux; Android 10; K) AppleWebKit/537.36 (KHTML, like Gecko) Chrome/126.0.0.0 Mobile Safari/537.36"
183.171.171.192 - - [24/Nov/2024:06:55:14 +0800] "GET /wp-content/themes/twentytwelve/css/blocks.css?ver=20240603 HTTP/1.1" 200 6035 "-" "Mozilla/5.0 (Linux; Android 10; K) AppleWebKit/537.36 (KHTML, like Gecko) Chrome/126.0.0.0 Mobile Safari/537.36"
220.135.127.108 - - [24/Nov/2024:06:55:14 +0800] "POST /wp-cron.php?doing_wp_cron=1732402514.6442461013793945312500 HTTP/1.1" 200 4050 "-" "WordPress/6.7.1; https://www.car32.tw"
183.171.171.192 - - [24/Nov/2024:06:55:14 +0800] "GET /tag/%E8%AE%8A%E9%80%9F%E7%AE%B1%E6%B2%B9%E7%B2%BE/ HTTP/1.1" 200 25473 "https://www.google.com/" "Mozilla/5.0 (Linux; Android 10; K) AppleWebKit/537.36 (KHTML, like Gecko) Chrome/126.0.0.0 Mobile Safari/537.36"
183.171.171.192 - - [24/Nov/2024:06:55:15 +0800] "GET /wp-content/themes/twentytwelve/js/navigation.js?ver=20141205 HTTP/1.1" 200 1027 "https://www.car32.tw/tag/%E8%AE%8A%E9%80%9F%E7%AE%B1%E6%B2%B9%E7%B2%BE/" "Mozilla/5.0 (Linux; Android 10; K) AppleWebKit/537.36 (KHTML, like Gecko) Chrome/126.0.0.0 Mobile Safari/537.36"
183.171.171.192 - - [24/Nov/2024:06:55:15 +0800] "GET /wp-content/themes/twentytwelve/fonts/open-sans/open-sans-latin-400-normal.woff2?ver=34 HTTP/1.1" 200 17094 "https://www.car32.tw/wp-content/themes/twentytwelve/fonts/font-open-sans.css?ver=20230328" "Mozilla/5.0 (Linux; Android 10; K) AppleWebKit/537.36 (KHTML, like Gecko) Chrome/126.0.0.0 Mobile Safari/537.36"
