220.135.127.108 - - [23/Nov/2024:22:30:52 +0800] "POST /wp-cron.php?doing_wp_cron=1732372252.9500510692596435546875 HTTP/1.1" 200 4050 "-" "WordPress/6.7.1; https://www.car32.tw"
192.0.82.55 - - [23/Nov/2024:22:30:52 +0800] "HEAD / HTTP/1.1" 200 4000 "-" "jetmon/1.0 (Jetpack Site Uptime Monitor by WordPress.com)"
18.224.73.157 - - [23/Nov/2024:22:30:53 +0800] "GET /wp-json/wp/v2/posts/179 HTTP/1.1" 200 38769 "-" "Mozilla/5.0 AppleWebKit/537.36 (KHTML, like Gecko; compatible; ClaudeBot/1.0; +claudebot@anthropic.com)"
3.144.93.14 - - [23/Nov/2024:22:31:22 +0800] "GET /tag/b3 HTTP/1.1" 301 4019 "-" "Mozilla/5.0 AppleWebKit/537.36 (KHTML, like Gecko; compatible; ClaudeBot/1.0; +claudebot@anthropic.com)"
3.144.93.14 - - [23/Nov/2024:22:31:22 +0800] "GET /tag/b3/ HTTP/1.1" 200 20845 "https://car32.tw/tag/b3" "Mozilla/5.0 AppleWebKit/537.36 (KHTML, like Gecko; compatible; ClaudeBot/1.0; +claudebot@anthropic.com)"
4.227.36.14 - - [23/Nov/2024:22:32:50 +0800] "GET /%e9%bb%83%e9%87%91%e7%b7%9a%e6%8f%9b%e5%ad%a3%e4%bf%9d%e9%a4%8a%e5%b0%8f%e6%95%99%e5%ae%a4/embed/ HTTP/1.1" 200 10974 "-" "Mozilla/5.0 AppleWebKit/537.36 (KHTML, like Gecko; compatible; GPTBot/1.2; +https://openai.com/gptbot)"
4.227.36.14 - - [23/Nov/2024:22:32:58 +0800] "GET /%e9%bb%83%e9%87%91%e7%b7%9a%e6%8f%9b%e5%ad%a3%e4%bf%9d%e9%a4%8a%e5%b0%8f%e6%95%99%e5%ae%a4/embed/ HTTP/1.1" 200 10973 "-" "Mozilla/5.0 AppleWebKit/537.36 (KHTML, like Gecko; compatible; GPTBot/1.2; +https://openai.com/gptbot)"
4.227.36.14 - - [23/Nov/2024:22:33:13 +0800] "GET /%e9%bb%83%e9%87%91%e7%b7%9a%e6%8f%9b%e5%ad%a3%e4%bf%9d%e9%a4%8a%e5%b0%8f%e6%95%99%e5%ae%a4/embed/ HTTP/1.1" 200 10974 "-" "Mozilla/5.0 AppleWebKit/537.36 (KHTML, like Gecko; compatible; GPTBot/1.2; +https://openai.com/gptbot)"
4.227.36.14 - - [23/Nov/2024:22:33:20 +0800] "GET /%e9%bb%83%e9%87%91%e7%b7%9a%e6%8f%9b%e5%ad%a3%e4%bf%9d%e9%a4%8a%e5%b0%8f%e6%95%99%e5%ae%a4/embed/ HTTP/1.1" 200 10970 "-" "Mozilla/5.0 AppleWebKit/537.36 (KHTML, like Gecko; compatible; GPTBot/1.2; +https://openai.com/gptbot)"
4.227.36.14 - - [23/Nov/2024:22:33:36 +0800] "GET /%e9%bb%83%e9%87%91%e7%b7%9a%e6%8f%9b%e5%ad%a3%e4%bf%9d%e9%a4%8a%e5%b0%8f%e6%95%99%e5%ae%a4/embed/ HTTP/1.1" 200 10971 "-" "Mozilla/5.0 AppleWebKit/537.36 (KHTML, like Gecko; compatible; GPTBot/1.2; +https://openai.com/gptbot)"
4.227.36.14 - - [23/Nov/2024:22:33:43 +0800] "GET /%e9%bb%83%e9%87%91%e7%b7%9a%e6%8f%9b%e5%ad%a3%e4%bf%9d%e9%a4%8a%e5%b0%8f%e6%95%99%e5%ae%a4/embed/ HTTP/1.1" 200 10973 "-" "Mozilla/5.0 AppleWebKit/537.36 (KHTML, like Gecko; compatible; GPTBot/1.2; +https://openai.com/gptbot)"
4.227.36.14 - - [23/Nov/2024:22:33:57 +0800] "GET /%e9%bb%83%e9%87%91%e7%b7%9a%e6%8f%9b%e5%ad%a3%e4%bf%9d%e9%a4%8a%e5%b0%8f%e6%95%99%e5%ae%a4/embed/ HTTP/1.1" 200 10973 "-" "Mozilla/5.0 AppleWebKit/537.36 (KHTML, like Gecko; compatible; GPTBot/1.2; +https://openai.com/gptbot)"
4.227.36.14 - - [23/Nov/2024:22:34:04 +0800] "GET /%e9%bb%83%e9%87%91%e7%b7%9a%e6%8f%9b%e5%ad%a3%e4%bf%9d%e9%a4%8a%e5%b0%8f%e6%95%99%e5%ae%a4/embed/ HTTP/1.1" 200 10973 "-" "Mozilla/5.0 AppleWebKit/537.36 (KHTML, like Gecko; compatible; GPTBot/1.2; +https://openai.com/gptbot)"
4.227.36.14 - - [23/Nov/2024:22:34:19 +0800] "GET /%e9%bb%83%e9%87%91%e7%b7%9a%e6%8f%9b%e5%ad%a3%e4%bf%9d%e9%a4%8a%e5%b0%8f%e6%95%99%e5%ae%a4/embed/ HTTP/1.1" 200 10973 "-" "Mozilla/5.0 AppleWebKit/537.36 (KHTML, like Gecko; compatible; GPTBot/1.2; +https://openai.com/gptbot)"
220.135.127.108 - - [23/Nov/2024:22:34:25 +0800] "POST /wp-cron.php?doing_wp_cron=1732372465.6817688941955566406250 HTTP/1.1" 200 4050 "-" "WordPress/6.7.1; https://www.car32.tw"
4.227.36.14 - - [23/Nov/2024:22:34:25 +0800] "GET /%e9%bb%83%e9%87%91%e7%b7%9a%e6%8f%9b%e5%ad%a3%e4%bf%9d%e9%a4%8a%e5%b0%8f%e6%95%99%e5%ae%a4/embed/ HTTP/1.1" 200 10972 "-" "Mozilla/5.0 AppleWebKit/537.36 (KHTML, like Gecko; compatible; GPTBot/1.2; +https://openai.com/gptbot)"
4.227.36.14 - - [23/Nov/2024:22:34:41 +0800] "GET /%e9%bb%83%e9%87%91%e7%b7%9a%e6%8f%9b%e5%ad%a3%e4%bf%9d%e9%a4%8a%e5%b0%8f%e6%95%99%e5%ae%a4/embed/ HTTP/1.1" 200 10972 "-" "Mozilla/5.0 AppleWebKit/537.36 (KHTML, like Gecko; compatible; GPTBot/1.2; +https://openai.com/gptbot)"
4.227.36.14 - - [23/Nov/2024:22:34:51 +0800] "GET /%e9%bb%83%e9%87%91%e7%b7%9a%e6%8f%9b%e5%ad%a3%e4%bf%9d%e9%a4%8a%e5%b0%8f%e6%95%99%e5%ae%a4/embed/ HTTP/1.1" 200 10973 "-" "Mozilla/5.0 AppleWebKit/537.36 (KHTML, like Gecko; compatible; GPTBot/1.2; +https://openai.com/gptbot)"
4.227.36.14 - - [23/Nov/2024:22:35:01 +0800] "GET /%e9%bb%83%e9%87%91%e7%b7%9a%e6%8f%9b%e5%ad%a3%e4%bf%9d%e9%a4%8a%e5%b0%8f%e6%95%99%e5%ae%a4/embed/ HTTP/1.1" 200 10974 "-" "Mozilla/5.0 AppleWebKit/537.36 (KHTML, like Gecko; compatible; GPTBot/1.2; +https://openai.com/gptbot)"
118.232.60.227 - - [23/Nov/2024:22:35:02 +0800] "GET /dpf-gpf-%E4%BD%A0%E9%9C%80%E8%A6%81%E7%95%A5%E7%9F%A5%E7%9A%84%E4%B8%89%E5%85%A9%E4%BA%8B/ HTTP/1.1" 200 34981 "https://www.google.com.tw/" "Mozilla/5.0 (iPhone; CPU iPhone OS 16_1_1 like Mac OS X) AppleWebKit/605.1.15 (KHTML, like Gecko) Version/16.1 Mobile/15E148 Safari/604.1"
165.22.209.249 - - [23/Nov/2024:22:35:02 +0800] "GET /wp-admin/css/ HTTP/1.1" 301 579 "binance.com" "Mozilla/5.0 (Windows NT 10.0; Win64; x64) AppleWebKit/537.36 (KHTML, like Gecko) Chrome/90.0.4430.85 Safari/537.36"
118.232.60.227 - - [23/Nov/2024:22:35:03 +0800] "GET /wp-content/themes/twentytwelve/fonts/font-open-sans.css?ver=20230328 HTTP/1.1" 200 1288 "https://www.car32.tw/dpf-gpf-%E4%BD%A0%E9%9C%80%E8%A6%81%E7%95%A5%E7%9F%A5%E7%9A%84%E4%B8%89%E5%85%A9%E4%BA%8B/" "Mozilla/5.0 (iPhone; CPU iPhone OS 16_1_1 like Mac OS X) AppleWebKit/605.1.15 (KHTML, like Gecko) Version/16.1 Mobile/15E148 Safari/604.1"
118.232.60.227 - - [23/Nov/2024:22:35:03 +0800] "GET /wp-content/themes/twentytwelve/js/navigation.js?ver=20141205 HTTP/1.1" 200 4770 "https://www.car32.tw/dpf-gpf-%E4%BD%A0%E9%9C%80%E8%A6%81%E7%95%A5%E7%9F%A5%E7%9A%84%E4%B8%89%E5%85%A9%E4%BA%8B/" "Mozilla/5.0 (iPhone; CPU iPhone OS 16_1_1 like Mac OS X) AppleWebKit/605.1.15 (KHTML, like Gecko) Version/16.1 Mobile/15E148 Safari/604.1"
118.232.60.227 - - [23/Nov/2024:22:35:03 +0800] "GET /wp-content/themes/twentytwelve/css/blocks.css?ver=20240603 HTTP/1.1" 200 6035 "https://www.car32.tw/dpf-gpf-%E4%BD%A0%E9%9C%80%E8%A6%81%E7%95%A5%E7%9F%A5%E7%9A%84%E4%B8%89%E5%85%A9%E4%BA%8B/" "Mozilla/5.0 (iPhone; CPU iPhone OS 16_1_1 like Mac OS X) AppleWebKit/605.1.15 (KHTML, like Gecko) Version/16.1 Mobile/15E148 Safari/604.1"
118.232.60.227 - - [23/Nov/2024:22:35:03 +0800] "GET /wp-content/themes/twentytwelve/style.css?ver=20240716 HTTP/1.1" 200 12423 "https://www.car32.tw/dpf-gpf-%E4%BD%A0%E9%9C%80%E8%A6%81%E7%95%A5%E7%9F%A5%E7%9A%84%E4%B8%89%E5%85%A9%E4%BA%8B/" "Mozilla/5.0 (iPhone; CPU iPhone OS 16_1_1 like Mac OS X) AppleWebKit/605.1.15 (KHTML, like Gecko) Version/16.1 Mobile/15E148 Safari/604.1"
118.232.60.227 - - [23/Nov/2024:22:35:03 +0800] "GET /wp-content/themes/twentytwelve/fonts/open-sans/open-sans-latin-400-normal.woff2?ver=34 HTTP/1.1" 200 17094 "https://www.car32.tw/dpf-gpf-%E4%BD%A0%E9%9C%80%E8%A6%81%E7%95%A5%E7%9F%A5%E7%9A%84%E4%B8%89%E5%85%A9%E4%BA%8B/" "Mozilla/5.0 (iPhone; CPU iPhone OS 16_1_1 like Mac OS X) AppleWebKit/605.1.15 (KHTML, like Gecko) Version/16.1 Mobile/15E148 Safari/604.1"
118.232.60.227 - - [23/Nov/2024:22:35:03 +0800] "GET /wp-content/themes/twentytwelve/fonts/open-sans/open-sans-latin-700-normal.woff2?ver=34 HTTP/1.1" 200 16704 "https://www.car32.tw/dpf-gpf-%E4%BD%A0%E9%9C%80%E8%A6%81%E7%95%A5%E7%9F%A5%E7%9A%84%E4%B8%89%E5%85%A9%E4%BA%8B/" "Mozilla/5.0 (iPhone; CPU iPhone OS 16_1_1 like Mac OS X) AppleWebKit/605.1.15 (KHTML, like Gecko) Version/16.1 Mobile/15E148 Safari/604.1"
118.232.60.227 - - [23/Nov/2024:22:35:03 +0800] "GET /wp-content/themes/twentytwelve/fonts/open-sans/open-sans-latin-700-italic.woff2?ver=34 HTTP/1.1" 200 17738 "https://www.car32.tw/dpf-gpf-%E4%BD%A0%E9%9C%80%E8%A6%81%E7%95%A5%E7%9F%A5%E7%9A%84%E4%B8%89%E5%85%A9%E4%BA%8B/" "Mozilla/5.0 (iPhone; CPU iPhone OS 16_1_1 like Mac OS X) AppleWebKit/605.1.15 (KHTML, like Gecko) Version/16.1 Mobile/15E148 Safari/604.1"
118.232.60.227 - - [23/Nov/2024:22:35:03 +0800] "GET /wp-content/themes/twentytwelve/fonts/open-sans/open-sans-latin-400-italic.woff2?ver=34 HTTP/1.1" 200 18174 "https://www.car32.tw/dpf-gpf-%E4%BD%A0%E9%9C%80%E8%A6%81%E7%95%A5%E7%9F%A5%E7%9A%84%E4%B8%89%E5%85%A9%E4%BA%8B/" "Mozilla/5.0 (iPhone; CPU iPhone OS 16_1_1 like Mac OS X) AppleWebKit/605.1.15 (KHTML, like Gecko) Version/16.1 Mobile/15E148 Safari/604.1"
118.232.60.227 - - [23/Nov/2024:22:35:03 +0800] "GET /wp-includes/js/wp-emoji-release.min.js?ver=6.7.1 HTTP/1.1" 200 9222 "https://www.car32.tw/dpf-gpf-%E4%BD%A0%E9%9C%80%E8%A6%81%E7%95%A5%E7%9F%A5%E7%9A%84%E4%B8%89%E5%85%A9%E4%BA%8B/" "Mozilla/5.0 (iPhone; CPU iPhone OS 16_1_1 like Mac OS X) AppleWebKit/605.1.15 (KHTML, like Gecko) Version/16.1 Mobile/15E148 Safari/604.1"
118.232.60.227 - - [23/Nov/2024:22:35:03 +0800] "GET /dpf-gpf-%E4%BD%A0%E9%9C%80%E8%A6%81%E7%95%A5%E7%9F%A5%E7%9A%84%E4%B8%89%E5%85%A9%E4%BA%8B/?relatedposts=1 HTTP/1.1" 200 10282 "https://www.car32.tw/dpf-gpf-%E4%BD%A0%E9%9C%80%E8%A6%81%E7%95%A5%E7%9F%A5%E7%9A%84%E4%B8%89%E5%85%A9%E4%BA%8B/" "Mozilla/5.0 (iPhone; CPU iPhone OS 16_1_1 like Mac OS X) AppleWebKit/605.1.15 (KHTML, like Gecko) Version/16.1 Mobile/15E148 Safari/604.1"
118.232.60.227 - - [23/Nov/2024:22:35:03 +0800] "POST /?ob=open-bridge/events HTTP/1.1" 200 361 "https://www.car32.tw/dpf-gpf-%E4%BD%A0%E9%9C%80%E8%A6%81%E7%95%A5%E7%9F%A5%E7%9A%84%E4%B8%89%E5%85%A9%E4%BA%8B/" "Mozilla/5.0 (iPhone; CPU iPhone OS 16_1_1 like Mac OS X) AppleWebKit/605.1.15 (KHTML, like Gecko) Version/16.1 Mobile/15E148 Safari/604.1"
165.22.209.249 - - [23/Nov/2024:22:35:09 +0800] "GET /wp-admin/css/ HTTP/1.1" 200 4945 "binance.com" "Mozilla/5.0 (Windows NT 10.0; Win64; x64) AppleWebKit/537.36 (KHTML, like Gecko) Chrome/90.0.4430.85 Safari/537.36"
4.227.36.14 - - [23/Nov/2024:22:35:10 +0800] "GET /%e9%bb%83%e9%87%91%e7%b7%9a%e6%8f%9b%e5%ad%a3%e4%bf%9d%e9%a4%8a%e5%b0%8f%e6%95%99%e5%ae%a4/embed/ HTTP/1.1" 200 10972 "-" "Mozilla/5.0 AppleWebKit/537.36 (KHTML, like Gecko; compatible; GPTBot/1.2; +https://openai.com/gptbot)"
165.22.209.249 - - [23/Nov/2024:22:35:13 +0800] "GET /wp-content/uploads/2024/11/ HTTP/1.1" 301 607 "binance.com" "Mozilla/5.0 (Windows NT 10.0; Win64; x64) AppleWebKit/537.36 (KHTML, like Gecko) Chrome/90.0.4430.85 Safari/537.36"
165.22.209.249 - - [23/Nov/2024:22:35:17 +0800] "GET /wp-content/uploads/2024/11/ HTTP/1.1" 301 3538 "binance.com" "Mozilla/5.0 (Windows NT 10.0; Win64; x64) AppleWebKit/537.36 (KHTML, like Gecko) Chrome/90.0.4430.85 Safari/537.36"
4.227.36.14 - - [23/Nov/2024:22:35:24 +0800] "GET /%e9%bb%83%e9%87%91%e7%b7%9a%e6%8f%9b%e5%ad%a3%e4%bf%9d%e9%a4%8a%e5%b0%8f%e6%95%99%e5%ae%a4/embed/ HTTP/1.1" 200 10973 "-" "Mozilla/5.0 AppleWebKit/537.36 (KHTML, like Gecko; compatible; GPTBot/1.2; +https://openai.com/gptbot)"
165.22.209.249 - - [23/Nov/2024:22:35:24 +0800] "GET /wp-content/uploads/2024/11/ HTTP/1.1" 404 31259 "binance.com" "Mozilla/5.0 (Windows NT 10.0; Win64; x64) AppleWebKit/537.36 (KHTML, like Gecko) Chrome/90.0.4430.85 Safari/537.36"
165.22.209.249 - - [23/Nov/2024:22:35:30 +0800] "GET /wp-content/uploads/2024/10/ HTTP/1.1" 301 607 "binance.com" "Mozilla/5.0 (Windows NT 10.0; Win64; x64) AppleWebKit/537.36 (KHTML, like Gecko) Chrome/90.0.4430.85 Safari/537.36"
220.135.127.108 - - [23/Nov/2024:22:35:31 +0800] "POST /wp-cron.php?doing_wp_cron=1732372531.9000439643859863281250 HTTP/1.1" 200 4050 "-" "WordPress/6.7.1; https://www.car32.tw"
4.227.36.14 - - [23/Nov/2024:22:35:31 +0800] "GET /%e9%bb%83%e9%87%91%e7%b7%9a%e6%8f%9b%e5%ad%a3%e4%bf%9d%e9%a4%8a%e5%b0%8f%e6%95%99%e5%ae%a4/embed/ HTTP/1.1" 200 10973 "-" "Mozilla/5.0 AppleWebKit/537.36 (KHTML, like Gecko; compatible; GPTBot/1.2; +https://openai.com/gptbot)"
165.22.209.249 - - [23/Nov/2024:22:35:35 +0800] "GET /wp-content/uploads/2024/10/ HTTP/1.1" 301 3538 "binance.com" "Mozilla/5.0 (Windows NT 10.0; Win64; x64) AppleWebKit/537.36 (KHTML, like Gecko) Chrome/90.0.4430.85 Safari/537.36"
140.238.59.22 - - [23/Nov/2024:22:35:36 +0800] "GET /feed/ HTTP/1.1" 200 6804 "https://www.car32.tw/feed/" "FreshRSS/1.24.3 (Linux; https://freshrss.org)"
4.227.36.14 - - [23/Nov/2024:22:35:41 +0800] "GET /%e9%bb%83%e9%87%91%e7%b7%9a%e6%8f%9b%e5%ad%a3%e4%bf%9d%e9%a4%8a%e5%b0%8f%e6%95%99%e5%ae%a4/embed/ HTTP/1.1" 200 10972 "-" "Mozilla/5.0 AppleWebKit/537.36 (KHTML, like Gecko; compatible; GPTBot/1.2; +https://openai.com/gptbot)"
4.227.36.14 - - [23/Nov/2024:22:35:47 +0800] "GET /%e9%bb%83%e9%87%91%e7%b7%9a%e6%8f%9b%e5%ad%a3%e4%bf%9d%e9%a4%8a%e5%b0%8f%e6%95%99%e5%ae%a4/embed/ HTTP/1.1" 200 10974 "-" "Mozilla/5.0 AppleWebKit/537.36 (KHTML, like Gecko; compatible; GPTBot/1.2; +https://openai.com/gptbot)"
192.0.82.55 - - [23/Nov/2024:22:35:52 +0800] "HEAD / HTTP/1.1" 200 4000 "-" "jetmon/1.0 (Jetpack Site Uptime Monitor by WordPress.com)"
165.22.209.249 - - [23/Nov/2024:22:35:53 +0800] "GET /wp-content/uploads/2024/10/ HTTP/1.1" 404 31259 "binance.com" "Mozilla/5.0 (Windows NT 10.0; Win64; x64) AppleWebKit/537.36 (KHTML, like Gecko) Chrome/90.0.4430.85 Safari/537.36"
4.227.36.14 - - [23/Nov/2024:22:35:56 +0800] "GET /%e9%bb%83%e9%87%91%e7%b7%9a%e6%8f%9b%e5%ad%a3%e4%bf%9d%e9%a4%8a%e5%b0%8f%e6%95%99%e5%ae%a4/embed/ HTTP/1.1" 200 10970 "-" "Mozilla/5.0 AppleWebKit/537.36 (KHTML, like Gecko; compatible; GPTBot/1.2; +https://openai.com/gptbot)"
165.22.209.249 - - [23/Nov/2024:22:36:01 +0800] "GET /wp-content/uploads/ HTTP/1.1" 301 591 "binance.com" "Mozilla/5.0 (Windows NT 10.0; Win64; x64) AppleWebKit/537.36 (KHTML, like Gecko) Chrome/90.0.4430.85 Safari/537.36"
4.227.36.14 - - [23/Nov/2024:22:36:03 +0800] "GET /%e9%bb%83%e9%87%91%e7%b7%9a%e6%8f%9b%e5%ad%a3%e4%bf%9d%e9%a4%8a%e5%b0%8f%e6%95%99%e5%ae%a4/embed/ HTTP/1.1" 200 10974 "-" "Mozilla/5.0 AppleWebKit/537.36 (KHTML, like Gecko; compatible; GPTBot/1.2; +https://openai.com/gptbot)"
165.22.209.249 - - [23/Nov/2024:22:36:10 +0800] "GET /wp-content/uploads/ HTTP/1.1" 200 8584 "binance.com" "Mozilla/5.0 (Windows NT 10.0; Win64; x64) AppleWebKit/537.36 (KHTML, like Gecko) Chrome/90.0.4430.85 Safari/537.36"
4.227.36.14 - - [23/Nov/2024:22:36:13 +0800] "GET /%e9%bb%83%e9%87%91%e7%b7%9a%e6%8f%9b%e5%ad%a3%e4%bf%9d%e9%a4%8a%e5%b0%8f%e6%95%99%e5%ae%a4/embed/ HTTP/1.1" 200 10974 "-" "Mozilla/5.0 AppleWebKit/537.36 (KHTML, like Gecko; compatible; GPTBot/1.2; +https://openai.com/gptbot)"
165.22.209.249 - - [23/Nov/2024:22:36:13 +0800] "GET /wp-content/uploads/ HTTP/1.1" 301 591 "binance.com" "Mozilla/5.0 (Windows NT 10.0; Win64; x64) AppleWebKit/537.36 (KHTML, like Gecko) Chrome/90.0.4430.85 Safari/537.36"
165.22.209.249 - - [23/Nov/2024:22:36:18 +0800] "GET /wp-content/uploads/ HTTP/1.1" 200 8584 "binance.com" "Mozilla/5.0 (Windows NT 10.0; Win64; x64) AppleWebKit/537.36 (KHTML, like Gecko) Chrome/90.0.4430.85 Safari/537.36"
4.227.36.14 - - [23/Nov/2024:22:36:20 +0800] "GET /%e9%bb%83%e9%87%91%e7%b7%9a%e6%8f%9b%e5%ad%a3%e4%bf%9d%e9%a4%8a%e5%b0%8f%e6%95%99%e5%ae%a4/embed/ HTTP/1.1" 200 10972 "-" "Mozilla/5.0 AppleWebKit/537.36 (KHTML, like Gecko; compatible; GPTBot/1.2; +https://openai.com/gptbot)"
165.22.209.249 - - [23/Nov/2024:22:36:23 +0800] "GET /wp-content/uploads/base3124.php HTTP/1.1" 301 615 "binance.com" "Mozilla/5.0 (Windows NT 10.0; Win64; x64) AppleWebKit/537.36 (KHTML, like Gecko) Chrome/90.0.4430.85 Safari/537.36"
165.22.209.249 - - [23/Nov/2024:22:36:30 +0800] "GET /wp-content/uploads/base3124.php HTTP/1.1" 200 3569 "binance.com" "Mozilla/5.0 (Windows NT 10.0; Win64; x64) AppleWebKit/537.36 (KHTML, like Gecko) Chrome/90.0.4430.85 Safari/537.36"
4.227.36.14 - - [23/Nov/2024:22:36:31 +0800] "GET /%e9%bb%83%e9%87%91%e7%b7%9a%e6%8f%9b%e5%ad%a3%e4%bf%9d%e9%a4%8a%e5%b0%8f%e6%95%99%e5%ae%a4/embed/ HTTP/1.1" 200 10973 "-" "Mozilla/5.0 AppleWebKit/537.36 (KHTML, like Gecko; compatible; GPTBot/1.2; +https://openai.com/gptbot)"
165.22.209.249 - - [23/Nov/2024:22:36:36 +0800] "GET /wp-content/uploads/login.php HTTP/1.1" 301 609 "binance.com" "Mozilla/5.0 (Windows NT 10.0; Win64; x64) AppleWebKit/537.36 (KHTML, like Gecko) Chrome/90.0.4430.85 Safari/537.36"
4.227.36.14 - - [23/Nov/2024:22:36:38 +0800] "GET /%e9%bb%83%e9%87%91%e7%b7%9a%e6%8f%9b%e5%ad%a3%e4%bf%9d%e9%a4%8a%e5%b0%8f%e6%95%99%e5%ae%a4/embed/ HTTP/1.1" 200 10973 "-" "Mozilla/5.0 AppleWebKit/537.36 (KHTML, like Gecko; compatible; GPTBot/1.2; +https://openai.com/gptbot)"
165.22.209.249 - - [23/Nov/2024:22:36:42 +0800] "GET /wp-content/uploads/login.php HTTP/1.1" 200 3464 "binance.com" "Mozilla/5.0 (Windows NT 10.0; Win64; x64) AppleWebKit/537.36 (KHTML, like Gecko) Chrome/90.0.4430.85 Safari/537.36"
4.227.36.14 - - [23/Nov/2024:22:36:45 +0800] "GET /%e9%bb%83%e9%87%91%e7%b7%9a%e6%8f%9b%e5%ad%a3%e4%bf%9d%e9%a4%8a%e5%b0%8f%e6%95%99%e5%ae%a4/embed/ HTTP/1.1" 200 10972 "-" "Mozilla/5.0 AppleWebKit/537.36 (KHTML, like Gecko; compatible; GPTBot/1.2; +https://openai.com/gptbot)"
165.22.209.249 - - [23/Nov/2024:22:36:47 +0800] "GET /wp-content/uploads/mcptm1.php HTTP/1.1" 301 611 "binance.com" "Mozilla/5.0 (Windows NT 10.0; Win64; x64) AppleWebKit/537.36 (KHTML, like Gecko) Chrome/90.0.4430.85 Safari/537.36"
4.227.36.14 - - [23/Nov/2024:22:36:52 +0800] "GET /%e9%bb%83%e9%87%91%e7%b7%9a%e6%8f%9b%e5%ad%a3%e4%bf%9d%e9%a4%8a%e5%b0%8f%e6%95%99%e5%ae%a4/embed/ HTTP/1.1" 200 10970 "-" "Mozilla/5.0 AppleWebKit/537.36 (KHTML, like Gecko; compatible; GPTBot/1.2; +https://openai.com/gptbot)"
165.22.209.249 - - [23/Nov/2024:22:36:53 +0800] "GET /wp-content/uploads/mcptm1.php HTTP/1.1" 200 32866 "binance.com" "Mozilla/5.0 (Windows NT 10.0; Win64; x64) AppleWebKit/537.36 (KHTML, like Gecko) Chrome/90.0.4430.85 Safari/537.36"
165.22.209.249 - - [23/Nov/2024:22:36:56 +0800] "GET /wp-content/upgrade/ HTTP/1.1" 301 591 "binance.com" "Mozilla/5.0 (Windows NT 10.0; Win64; x64) AppleWebKit/537.36 (KHTML, like Gecko) Chrome/90.0.4430.85 Safari/537.36"
4.227.36.14 - - [23/Nov/2024:22:36:59 +0800] "GET /%e9%bb%83%e9%87%91%e7%b7%9a%e6%8f%9b%e5%ad%a3%e4%bf%9d%e9%a4%8a%e5%b0%8f%e6%95%99%e5%ae%a4/embed/ HTTP/1.1" 200 10972 "-" "Mozilla/5.0 AppleWebKit/537.36 (KHTML, like Gecko; compatible; GPTBot/1.2; +https://openai.com/gptbot)"
165.22.209.249 - - [23/Nov/2024:22:37:03 +0800] "GET /wp-content/upgrade/ HTTP/1.1" 200 3775 "binance.com" "Mozilla/5.0 (Windows NT 10.0; Win64; x64) AppleWebKit/537.36 (KHTML, like Gecko) Chrome/90.0.4430.85 Safari/537.36"
4.227.36.14 - - [23/Nov/2024:22:37:06 +0800] "GET /%e9%bb%83%e9%87%91%e7%b7%9a%e6%8f%9b%e5%ad%a3%e4%bf%9d%e9%a4%8a%e5%b0%8f%e6%95%99%e5%ae%a4/embed/ HTTP/1.1" 200 10973 "-" "Mozilla/5.0 AppleWebKit/537.36 (KHTML, like Gecko; compatible; GPTBot/1.2; +https://openai.com/gptbot)"
165.22.209.249 - - [23/Nov/2024:22:37:08 +0800] "GET /wp-content/languages/ HTTP/1.1" 301 595 "binance.com" "Mozilla/5.0 (Windows NT 10.0; Win64; x64) AppleWebKit/537.36 (KHTML, like Gecko) Chrome/90.0.4430.85 Safari/537.36"
18.220.206.141 - - [23/Nov/2024:22:37:10 +0800] "GET /wp-json/oembed/1.0/embed?format=xml&url=https%3A%2F%2Fwww.car32.tw%2F%25e8%25a2%25ab%25e6%2592%259e%25e4%25b9%258b%25e5%25be%258c%2F HTTP/1.1" 200 5479 "-" "Mozilla/5.0 AppleWebKit/537.36 (KHTML, like Gecko; compatible; ClaudeBot/1.0; +claudebot@anthropic.com)"
165.22.209.249 - - [23/Nov/2024:22:37:19 +0800] "GET /wp-content/languages/ HTTP/1.1" 200 6009 "binance.com" "Mozilla/5.0 (Windows NT 10.0; Win64; x64) AppleWebKit/537.36 (KHTML, like Gecko) Chrome/90.0.4430.85 Safari/537.36"
4.227.36.14 - - [23/Nov/2024:22:37:22 +0800] "GET /%e9%bb%83%e9%87%91%e7%b7%9a%e6%8f%9b%e5%ad%a3%e4%bf%9d%e9%a4%8a%e5%b0%8f%e6%95%99%e5%ae%a4/embed/ HTTP/1.1" 200 10973 "-" "Mozilla/5.0 AppleWebKit/537.36 (KHTML, like Gecko; compatible; GPTBot/1.2; +https://openai.com/gptbot)"
165.22.209.249 - - [23/Nov/2024:22:37:28 +0800] "GET /wp-content/languages/ HTTP/1.1" 301 595 "binance.com" "Mozilla/5.0 (Windows NT 10.0; Win64; x64) AppleWebKit/537.36 (KHTML, like Gecko) Chrome/90.0.4430.85 Safari/537.36"
4.227.36.14 - - [23/Nov/2024:22:37:29 +0800] "GET /%e9%bb%83%e9%87%91%e7%b7%9a%e6%8f%9b%e5%ad%a3%e4%bf%9d%e9%a4%8a%e5%b0%8f%e6%95%99%e5%ae%a4/embed/ HTTP/1.1" 200 10975 "-" "Mozilla/5.0 AppleWebKit/537.36 (KHTML, like Gecko; compatible; GPTBot/1.2; +https://openai.com/gptbot)"
165.22.209.249 - - [23/Nov/2024:22:37:32 +0800] "GET /wp-content/languages/ HTTP/1.1" 200 6009 "binance.com" "Mozilla/5.0 (Windows NT 10.0; Win64; x64) AppleWebKit/537.36 (KHTML, like Gecko) Chrome/90.0.4430.85 Safari/537.36"
165.22.209.249 - - [23/Nov/2024:22:37:34 +0800] "GET /wp-content/languages/admin-network-zh_TW.l10n.php HTTP/1.1" 301 651 "binance.com" "Mozilla/5.0 (Windows NT 10.0; Win64; x64) AppleWebKit/537.36 (KHTML, like Gecko) Chrome/90.0.4430.85 Safari/537.36"
4.227.36.14 - - [23/Nov/2024:22:37:35 +0800] "GET /%e9%bb%83%e9%87%91%e7%b7%9a%e6%8f%9b%e5%ad%a3%e4%bf%9d%e9%a4%8a%e5%b0%8f%e6%95%99%e5%ae%a4/embed/ HTTP/1.1" 200 10973 "-" "Mozilla/5.0 AppleWebKit/537.36 (KHTML, like Gecko; compatible; GPTBot/1.2; +https://openai.com/gptbot)"
165.22.209.249 - - [23/Nov/2024:22:37:38 +0800] "GET /wp-content/languages/admin-network-zh_TW.l10n.php HTTP/1.1" 200 3317 "binance.com" "Mozilla/5.0 (Windows NT 10.0; Win64; x64) AppleWebKit/537.36 (KHTML, like Gecko) Chrome/90.0.4430.85 Safari/537.36"
165.22.209.249 - - [23/Nov/2024:22:37:42 +0800] "GET /wp-content/languages/admin-zh_TW.l10n.php HTTP/1.1" 301 635 "binance.com" "Mozilla/5.0 (Windows NT 10.0; Win64; x64) AppleWebKit/537.36 (KHTML, like Gecko) Chrome/90.0.4430.85 Safari/537.36"
4.227.36.14 - - [23/Nov/2024:22:37:44 +0800] "GET /%e9%bb%83%e9%87%91%e7%b7%9a%e6%8f%9b%e5%ad%a3%e4%bf%9d%e9%a4%8a%e5%b0%8f%e6%95%99%e5%ae%a4/embed/ HTTP/1.1" 200 10974 "-" "Mozilla/5.0 AppleWebKit/537.36 (KHTML, like Gecko; compatible; GPTBot/1.2; +https://openai.com/gptbot)"
165.22.209.249 - - [23/Nov/2024:22:37:47 +0800] "GET /wp-content/languages/admin-zh_TW.l10n.php HTTP/1.1" 200 3317 "binance.com" "Mozilla/5.0 (Windows NT 10.0; Win64; x64) AppleWebKit/537.36 (KHTML, like Gecko) Chrome/90.0.4430.85 Safari/537.36"
4.227.36.14 - - [23/Nov/2024:22:37:52 +0800] "GET /%e9%bb%83%e9%87%91%e7%b7%9a%e6%8f%9b%e5%ad%a3%e4%bf%9d%e9%a4%8a%e5%b0%8f%e6%95%99%e5%ae%a4/embed/ HTTP/1.1" 200 10971 "-" "Mozilla/5.0 AppleWebKit/537.36 (KHTML, like Gecko; compatible; GPTBot/1.2; +https://openai.com/gptbot)"
165.22.209.249 - - [23/Nov/2024:22:37:54 +0800] "GET /wp-content/languages/continents-cities-zh_TW.l10n.php HTTP/1.1" 301 659 "binance.com" "Mozilla/5.0 (Windows NT 10.0; Win64; x64) AppleWebKit/537.36 (KHTML, like Gecko) Chrome/90.0.4430.85 Safari/537.36"
165.22.209.249 - - [23/Nov/2024:22:37:59 +0800] "GET /wp-content/languages/continents-cities-zh_TW.l10n.php HTTP/1.1" 200 3317 "binance.com" "Mozilla/5.0 (Windows NT 10.0; Win64; x64) AppleWebKit/537.36 (KHTML, like Gecko) Chrome/90.0.4430.85 Safari/537.36"
4.227.36.14 - - [23/Nov/2024:22:37:59 +0800] "GET /%e9%bb%83%e9%87%91%e7%b7%9a%e6%8f%9b%e5%ad%a3%e4%bf%9d%e9%a4%8a%e5%b0%8f%e6%95%99%e5%ae%a4/embed/ HTTP/1.1" 200 10972 "-" "Mozilla/5.0 AppleWebKit/537.36 (KHTML, like Gecko; compatible; GPTBot/1.2; +https://openai.com/gptbot)"
165.22.209.249 - - [23/Nov/2024:22:38:04 +0800] "GET /wp-content/languages/zh_TW.l10n.php HTTP/1.1" 301 623 "binance.com" "Mozilla/5.0 (Windows NT 10.0; Win64; x64) AppleWebKit/537.36 (KHTML, like Gecko) Chrome/90.0.4430.85 Safari/537.36"
165.22.209.249 - - [23/Nov/2024:22:38:10 +0800] "GET /wp-content/languages/zh_TW.l10n.php HTTP/1.1" 200 3317 "binance.com" "Mozilla/5.0 (Windows NT 10.0; Win64; x64) AppleWebKit/537.36 (KHTML, like Gecko) Chrome/90.0.4430.85 Safari/537.36"
4.227.36.14 - - [23/Nov/2024:22:38:12 +0800] "GET /%e9%bb%83%e9%87%91%e7%b7%9a%e6%8f%9b%e5%ad%a3%e4%bf%9d%e9%a4%8a%e5%b0%8f%e6%95%99%e5%ae%a4/embed/ HTTP/1.1" 200 10975 "-" "Mozilla/5.0 AppleWebKit/537.36 (KHTML, like Gecko; compatible; GPTBot/1.2; +https://openai.com/gptbot)"
165.22.209.249 - - [23/Nov/2024:22:38:15 +0800] "GET /wp-admin/includes/ HTTP/1.1" 301 589 "binance.com" "Mozilla/5.0 (Windows NT 10.0; Win64; x64) AppleWebKit/537.36 (KHTML, like Gecko) Chrome/90.0.4430.85 Safari/537.36"
4.227.36.14 - - [23/Nov/2024:22:38:19 +0800] "GET /%e9%bb%83%e9%87%91%e7%b7%9a%e6%8f%9b%e5%ad%a3%e4%bf%9d%e9%a4%8a%e5%b0%8f%e6%95%99%e5%ae%a4/embed/ HTTP/1.1" 200 10971 "-" "Mozilla/5.0 AppleWebKit/537.36 (KHTML, like Gecko; compatible; GPTBot/1.2; +https://openai.com/gptbot)"
165.22.209.249 - - [23/Nov/2024:22:38:21 +0800] "GET /wp-admin/includes/ HTTP/1.1" 200 5548 "binance.com" "Mozilla/5.0 (Windows NT 10.0; Win64; x64) AppleWebKit/537.36 (KHTML, like Gecko) Chrome/90.0.4430.85 Safari/537.36"
4.227.36.14 - - [23/Nov/2024:22:38:25 +0800] "GET /%e9%bb%83%e9%87%91%e7%b7%9a%e6%8f%9b%e5%ad%a3%e4%bf%9d%e9%a4%8a%e5%b0%8f%e6%95%99%e5%ae%a4/embed/ HTTP/1.1" 200 10971 "-" "Mozilla/5.0 AppleWebKit/537.36 (KHTML, like Gecko; compatible; GPTBot/1.2; +https://openai.com/gptbot)"
165.22.209.249 - - [23/Nov/2024:22:38:26 +0800] "GET /wp-admin/includes/ HTTP/1.1" 301 589 "binance.com" "Mozilla/5.0 (Windows NT 10.0; Win64; x64) AppleWebKit/537.36 (KHTML, like Gecko) Chrome/90.0.4430.85 Safari/537.36"
165.22.209.249 - - [23/Nov/2024:22:38:32 +0800] "GET /wp-admin/includes/ HTTP/1.1" 200 5548 "binance.com" "Mozilla/5.0 (Windows NT 10.0; Win64; x64) AppleWebKit/537.36 (KHTML, like Gecko) Chrome/90.0.4430.85 Safari/537.36"
165.22.209.249 - - [23/Nov/2024:22:38:36 +0800] "GET /wp-admin/maint/ HTTP/1.1" 301 583 "binance.com" "Mozilla/5.0 (Windows NT 10.0; Win64; x64) AppleWebKit/537.36 (KHTML, like Gecko) Chrome/90.0.4430.85 Safari/537.36"
165.22.209.249 - - [23/Nov/2024:22:38:41 +0800] "GET /wp-admin/maint/ HTTP/1.1" 200 3827 "binance.com" "Mozilla/5.0 (Windows NT 10.0; Win64; x64) AppleWebKit/537.36 (KHTML, like Gecko) Chrome/90.0.4430.85 Safari/537.36"
4.227.36.14 - - [23/Nov/2024:22:38:44 +0800] "GET /%e9%bb%83%e9%87%91%e7%b7%9a%e6%8f%9b%e5%ad%a3%e4%bf%9d%e9%a4%8a%e5%b0%8f%e6%95%99%e5%ae%a4/embed/ HTTP/1.1" 200 10973 "-" "Mozilla/5.0 AppleWebKit/537.36 (KHTML, like Gecko; compatible; GPTBot/1.2; +https://openai.com/gptbot)"
165.22.209.249 - - [23/Nov/2024:22:38:47 +0800] "GET /wp-admin/maint/ HTTP/1.1" 301 583 "binance.com" "Mozilla/5.0 (Windows NT 10.0; Win64; x64) AppleWebKit/537.36 (KHTML, like Gecko) Chrome/90.0.4430.85 Safari/537.36"
165.22.209.249 - - [23/Nov/2024:22:38:54 +0800] "GET /wp-admin/maint/ HTTP/1.1" 200 3827 "binance.com" "Mozilla/5.0 (Windows NT 10.0; Win64; x64) AppleWebKit/537.36 (KHTML, like Gecko) Chrome/90.0.4430.85 Safari/537.36"
4.227.36.14 - - [23/Nov/2024:22:38:58 +0800] "GET /%e9%bb%83%e9%87%91%e7%b7%9a%e6%8f%9b%e5%ad%a3%e4%bf%9d%e9%a4%8a%e5%b0%8f%e6%95%99%e5%ae%a4/embed/ HTTP/1.1" 200 10973 "-" "Mozilla/5.0 AppleWebKit/537.36 (KHTML, like Gecko; compatible; GPTBot/1.2; +https://openai.com/gptbot)"
165.22.209.249 - - [23/Nov/2024:22:39:01 +0800] "GET /wp-admin/network/ HTTP/1.1" 301 587 "binance.com" "Mozilla/5.0 (Windows NT 10.0; Win64; x64) AppleWebKit/537.36 (KHTML, like Gecko) Chrome/90.0.4430.85 Safari/537.36"
165.22.209.249 - - [23/Nov/2024:22:39:07 +0800] "GET /wp-admin/network/ HTTP/1.1" 302 3552 "binance.com" "Mozilla/5.0 (Windows NT 10.0; Win64; x64) AppleWebKit/537.36 (KHTML, like Gecko) Chrome/90.0.4430.85 Safari/537.36"
165.22.209.249 - - [23/Nov/2024:22:39:13 +0800] "GET /wp-login.php?redirect_to=https%3A%2F%2Fcar32.tw%2Fwp-admin%2Fnetwork%2F&reauth=1 HTTP/1.1" 200 8530 "binance.com" "Mozilla/5.0 (Windows NT 10.0; Win64; x64) AppleWebKit/537.36 (KHTML, like Gecko) Chrome/90.0.4430.85 Safari/537.36"
165.22.209.249 - - [23/Nov/2024:22:39:17 +0800] "GET /wp-admin/user/ HTTP/1.1" 301 581 "binance.com" "Mozilla/5.0 (Windows NT 10.0; Win64; x64) AppleWebKit/537.36 (KHTML, like Gecko) Chrome/90.0.4430.85 Safari/537.36"
4.227.36.14 - - [23/Nov/2024:22:39:17 +0800] "GET /%e9%bb%83%e9%87%91%e7%b7%9a%e6%8f%9b%e5%ad%a3%e4%bf%9d%e9%a4%8a%e5%b0%8f%e6%95%99%e5%ae%a4/embed/ HTTP/1.1" 200 10972 "-" "Mozilla/5.0 AppleWebKit/537.36 (KHTML, like Gecko; compatible; GPTBot/1.2; +https://openai.com/gptbot)"
165.22.209.249 - - [23/Nov/2024:22:39:21 +0800] "GET /wp-admin/user/ HTTP/1.1" 302 3549 "binance.com" "Mozilla/5.0 (Windows NT 10.0; Win64; x64) AppleWebKit/537.36 (KHTML, like Gecko) Chrome/90.0.4430.85 Safari/537.36"
220.135.127.108 - - [23/Nov/2024:22:39:27 +0800] "POST /wp-cron.php?doing_wp_cron=1732372767.3473138809204101562500 HTTP/1.1" 200 4050 "-" "WordPress/6.7.1; https://www.car32.tw"
165.22.209.249 - - [23/Nov/2024:22:39:27 +0800] "GET /wp-login.php?redirect_to=https%3A%2F%2Fcar32.tw%2Fwp-admin%2Fuser%2F&reauth=1 HTTP/1.1" 200 8527 "binance.com" "Mozilla/5.0 (Windows NT 10.0; Win64; x64) AppleWebKit/537.36 (KHTML, like Gecko) Chrome/90.0.4430.85 Safari/537.36"
165.22.209.249 - - [23/Nov/2024:22:39:32 +0800] "GET /wp-admin/css/ HTTP/1.1" 301 579 "binance.com" "Mozilla/5.0 (Windows NT 10.0; Win64; x64) AppleWebKit/537.36 (KHTML, like Gecko) Chrome/90.0.4430.85 Safari/537.36"
4.227.36.14 - - [23/Nov/2024:22:39:35 +0800] "GET /%e9%bb%83%e9%87%91%e7%b7%9a%e6%8f%9b%e5%ad%a3%e4%bf%9d%e9%a4%8a%e5%b0%8f%e6%95%99%e5%ae%a4/embed/ HTTP/1.1" 200 10975 "-" "Mozilla/5.0 AppleWebKit/537.36 (KHTML, like Gecko; compatible; GPTBot/1.2; +https://openai.com/gptbot)"
165.22.209.249 - - [23/Nov/2024:22:39:36 +0800] "GET /wp-admin/css/ HTTP/1.1" 200 4945 "binance.com" "Mozilla/5.0 (Windows NT 10.0; Win64; x64) AppleWebKit/537.36 (KHTML, like Gecko) Chrome/90.0.4430.85 Safari/537.36"
165.22.209.249 - - [23/Nov/2024:22:39:39 +0800] "GET /wp-admin/css/colors/ HTTP/1.1" 301 593 "binance.com" "Mozilla/5.0 (Windows NT 10.0; Win64; x64) AppleWebKit/537.36 (KHTML, like Gecko) Chrome/90.0.4430.85 Safari/537.36"
165.22.209.249 - - [23/Nov/2024:22:39:47 +0800] "GET /wp-admin/css/colors/ HTTP/1.1" 200 3993 "binance.com" "Mozilla/5.0 (Windows NT 10.0; Win64; x64) AppleWebKit/537.36 (KHTML, like Gecko) Chrome/90.0.4430.85 Safari/537.36"
165.22.209.249 - - [23/Nov/2024:22:39:51 +0800] "GET /wp-admin/css/colors/blue/ HTTP/1.1" 301 603 "binance.com" "Mozilla/5.0 (Windows NT 10.0; Win64; x64) AppleWebKit/537.36 (KHTML, like Gecko) Chrome/90.0.4430.85 Safari/537.36"
220.135.127.108 - - [23/Nov/2024:22:39:52 +0800] "POST /wp-cron.php?doing_wp_cron=1732372792.6334409713745117187500 HTTP/1.1" 200 4050 "-" "WordPress/6.7.1; https://www.car32.tw"
4.227.36.14 - - [23/Nov/2024:22:39:52 +0800] "GET /%e9%bb%83%e9%87%91%e7%b7%9a%e6%8f%9b%e5%ad%a3%e4%bf%9d%e9%a4%8a%e5%b0%8f%e6%95%99%e5%ae%a4/embed/ HTTP/1.1" 200 10974 "-" "Mozilla/5.0 AppleWebKit/537.36 (KHTML, like Gecko; compatible; GPTBot/1.2; +https://openai.com/gptbot)"
165.22.209.249 - - [23/Nov/2024:22:39:54 +0800] "GET /wp-admin/css/colors/blue/ HTTP/1.1" 200 3886 "binance.com" "Mozilla/5.0 (Windows NT 10.0; Win64; x64) AppleWebKit/537.36 (KHTML, like Gecko) Chrome/90.0.4430.85 Safari/537.36"
165.22.209.249 - - [23/Nov/2024:22:39:57 +0800] "GET /wp-admin/css/colors/coffee/ HTTP/1.1" 301 607 "binance.com" "Mozilla/5.0 (Windows NT 10.0; Win64; x64) AppleWebKit/537.36 (KHTML, like Gecko) Chrome/90.0.4430.85 Safari/537.36"
4.227.36.14 - - [23/Nov/2024:22:40:00 +0800] "GET /%e9%bb%83%e9%87%91%e7%b7%9a%e6%8f%9b%e5%ad%a3%e4%bf%9d%e9%a4%8a%e5%b0%8f%e6%95%99%e5%ae%a4/embed/ HTTP/1.1" 200 10972 "-" "Mozilla/5.0 AppleWebKit/537.36 (KHTML, like Gecko; compatible; GPTBot/1.2; +https://openai.com/gptbot)"
165.22.209.249 - - [23/Nov/2024:22:40:02 +0800] "GET /wp-admin/css/colors/coffee/ HTTP/1.1" 200 3887 "binance.com" "Mozilla/5.0 (Windows NT 10.0; Win64; x64) AppleWebKit/537.36 (KHTML, like Gecko) Chrome/90.0.4430.85 Safari/537.36"
165.22.209.249 - - [23/Nov/2024:22:40:06 +0800] "GET /wp-admin/css/colors/ectoplasm/ HTTP/1.1" 301 613 "binance.com" "Mozilla/5.0 (Windows NT 10.0; Win64; x64) AppleWebKit/537.36 (KHTML, like Gecko) Chrome/90.0.4430.85 Safari/537.36"
165.22.209.249 - - [23/Nov/2024:22:40:12 +0800] "GET /wp-admin/css/colors/ectoplasm/ HTTP/1.1" 200 3889 "binance.com" "Mozilla/5.0 (Windows NT 10.0; Win64; x64) AppleWebKit/537.36 (KHTML, like Gecko) Chrome/90.0.4430.85 Safari/537.36"
165.22.209.249 - - [23/Nov/2024:22:40:15 +0800] "GET /wp-admin/css/colors/light/ HTTP/1.1" 301 605 "binance.com" "Mozilla/5.0 (Windows NT 10.0; Win64; x64) AppleWebKit/537.36 (KHTML, like Gecko) Chrome/90.0.4430.85 Safari/537.36"
165.22.209.249 - - [23/Nov/2024:22:40:20 +0800] "GET /wp-admin/css/colors/light/ HTTP/1.1" 200 3887 "binance.com" "Mozilla/5.0 (Windows NT 10.0; Win64; x64) AppleWebKit/537.36 (KHTML, like Gecko) Chrome/90.0.4430.85 Safari/537.36"
165.22.209.249 - - [23/Nov/2024:22:40:23 +0800] "GET /wp-admin/css/colors/midnight/ HTTP/1.1" 301 611 "binance.com" "Mozilla/5.0 (Windows NT 10.0; Win64; x64) AppleWebKit/537.36 (KHTML, like Gecko) Chrome/90.0.4430.85 Safari/537.36"
165.22.209.249 - - [23/Nov/2024:22:40:26 +0800] "GET /wp-admin/css/colors/midnight/ HTTP/1.1" 200 3889 "binance.com" "Mozilla/5.0 (Windows NT 10.0; Win64; x64) AppleWebKit/537.36 (KHTML, like Gecko) Chrome/90.0.4430.85 Safari/537.36"
4.227.36.14 - - [23/Nov/2024:22:40:29 +0800] "GET /%e9%bb%83%e9%87%91%e7%b7%9a%e6%8f%9b%e5%ad%a3%e4%bf%9d%e9%a4%8a%e5%b0%8f%e6%95%99%e5%ae%a4/embed/ HTTP/1.1" 200 10974 "-" "Mozilla/5.0 AppleWebKit/537.36 (KHTML, like Gecko; compatible; GPTBot/1.2; +https://openai.com/gptbot)"
165.22.209.249 - - [23/Nov/2024:22:40:29 +0800] "GET /wp-admin/css/colors/modern/ HTTP/1.1" 301 607 "binance.com" "Mozilla/5.0 (Windows NT 10.0; Win64; x64) AppleWebKit/537.36 (KHTML, like Gecko) Chrome/90.0.4430.85 Safari/537.36"
165.22.209.249 - - [23/Nov/2024:22:40:33 +0800] "GET /wp-admin/css/colors/modern/ HTTP/1.1" 200 3888 "binance.com" "Mozilla/5.0 (Windows NT 10.0; Win64; x64) AppleWebKit/537.36 (KHTML, like Gecko) Chrome/90.0.4430.85 Safari/537.36"
220.135.127.108 - - [23/Nov/2024:22:40:35 +0800] "POST /wp-cron.php?doing_wp_cron=1732372835.5361111164093017578125 HTTP/1.1" 200 4050 "-" "WordPress/6.7.1; https://www.car32.tw"
4.227.36.14 - - [23/Nov/2024:22:40:35 +0800] "GET /%e9%bb%83%e9%87%91%e7%b7%9a%e6%8f%9b%e5%ad%a3%e4%bf%9d%e9%a4%8a%e5%b0%8f%e6%95%99%e5%ae%a4/embed/ HTTP/1.1" 200 10974 "-" "Mozilla/5.0 AppleWebKit/537.36 (KHTML, like Gecko; compatible; GPTBot/1.2; +https://openai.com/gptbot)"
165.22.209.249 - - [23/Nov/2024:22:40:36 +0800] "GET /wp-admin/css/colors/ocean/ HTTP/1.1" 301 605 "binance.com" "Mozilla/5.0 (Windows NT 10.0; Win64; x64) AppleWebKit/537.36 (KHTML, like Gecko) Chrome/90.0.4430.85 Safari/537.36"
165.22.209.249 - - [23/Nov/2024:22:40:42 +0800] "GET /wp-admin/css/colors/ocean/ HTTP/1.1" 200 3888 "binance.com" "Mozilla/5.0 (Windows NT 10.0; Win64; x64) AppleWebKit/537.36 (KHTML, like Gecko) Chrome/90.0.4430.85 Safari/537.36"
165.22.209.249 - - [23/Nov/2024:22:40:46 +0800] "GET /wp-admin/css/colors/sunrise/%20 HTTP/1.1" 301 611 "binance.com" "Mozilla/5.0 (Windows NT 10.0; Win64; x64) AppleWebKit/537.36 (KHTML, like Gecko) Chrome/90.0.4430.85 Safari/537.36"
4.227.36.14 - - [23/Nov/2024:22:40:47 +0800] "GET /%e9%bb%83%e9%87%91%e7%b7%9a%e6%8f%9b%e5%ad%a3%e4%bf%9d%e9%a4%8a%e5%b0%8f%e6%95%99%e5%ae%a4/embed/ HTTP/1.1" 200 10973 "-" "Mozilla/5.0 AppleWebKit/537.36 (KHTML, like Gecko; compatible; GPTBot/1.2; +https://openai.com/gptbot)"
165.22.209.249 - - [23/Nov/2024:22:40:50 +0800] "GET /wp-admin/css/colors/sunrise/ HTTP/1.1" 200 3888 "binance.com" "Mozilla/5.0 (Windows NT 10.0; Win64; x64) AppleWebKit/537.36 (KHTML, like Gecko) Chrome/90.0.4430.85 Safari/537.36"
192.0.82.55 - - [23/Nov/2024:22:40:52 +0800] "HEAD / HTTP/1.1" 200 4000 "-" "jetmon/1.0 (Jetpack Site Uptime Monitor by WordPress.com)"
165.22.209.249 - - [23/Nov/2024:22:40:55 +0800] "GET /wp-admin/images/ HTTP/1.1" 301 585 "binance.com" "Mozilla/5.0 (Windows NT 10.0; Win64; x64) AppleWebKit/537.36 (KHTML, like Gecko) Chrome/90.0.4430.85 Safari/537.36"
165.22.209.249 - - [23/Nov/2024:22:41:00 +0800] "GET /wp-admin/images/ HTTP/1.1" 200 4931 "binance.com" "Mozilla/5.0 (Windows NT 10.0; Win64; x64) AppleWebKit/537.36 (KHTML, like Gecko) Chrome/90.0.4430.85 Safari/537.36"
165.22.209.249 - - [23/Nov/2024:22:41:03 +0800] "GET /wp-admin/js/ HTTP/1.1" 301 577 "binance.com" "Mozilla/5.0 (Windows NT 10.0; Win64; x64) AppleWebKit/537.36 (KHTML, like Gecko) Chrome/90.0.4430.85 Safari/537.36"
165.22.209.249 - - [23/Nov/2024:22:41:07 +0800] "GET /wp-admin/js/ HTTP/1.1" 200 5364 "binance.com" "Mozilla/5.0 (Windows NT 10.0; Win64; x64) AppleWebKit/537.36 (KHTML, like Gecko) Chrome/90.0.4430.85 Safari/537.36"
4.227.36.14 - - [23/Nov/2024:22:41:08 +0800] "GET /%e9%bb%83%e9%87%91%e7%b7%9a%e6%8f%9b%e5%ad%a3%e4%bf%9d%e9%a4%8a%e5%b0%8f%e6%95%99%e5%ae%a4/embed/ HTTP/1.1" 200 10972 "-" "Mozilla/5.0 AppleWebKit/537.36 (KHTML, like Gecko; compatible; GPTBot/1.2; +https://openai.com/gptbot)"
165.22.209.249 - - [23/Nov/2024:22:41:12 +0800] "GET /wp-admin/js/widgets/ HTTP/1.1" 301 593 "binance.com" "Mozilla/5.0 (Windows NT 10.0; Win64; x64) AppleWebKit/537.36 (KHTML, like Gecko) Chrome/90.0.4430.85 Safari/537.36"
165.22.209.249 - - [23/Nov/2024:22:41:14 +0800] "GET /wp-admin/js/widgets/ HTTP/1.1" 200 4071 "binance.com" "Mozilla/5.0 (Windows NT 10.0; Win64; x64) AppleWebKit/537.36 (KHTML, like Gecko) Chrome/90.0.4430.85 Safari/537.36"
4.227.36.14 - - [23/Nov/2024:22:41:15 +0800] "GET /%e9%bb%83%e9%87%91%e7%b7%9a%e6%8f%9b%e5%ad%a3%e4%bf%9d%e9%a4%8a%e5%b0%8f%e6%95%99%e5%ae%a4/embed/ HTTP/1.1" 200 10971 "-" "Mozilla/5.0 AppleWebKit/537.36 (KHTML, like Gecko; compatible; GPTBot/1.2; +https://openai.com/gptbot)"
165.22.209.249 - - [23/Nov/2024:22:41:17 +0800] "GET /wp-includes/ HTTP/1.1" 301 577 "binance.com" "Mozilla/5.0 (Windows NT 10.0; Win64; x64) AppleWebKit/537.36 (KHTML, like Gecko) Chrome/90.0.4430.85 Safari/537.36"
165.22.209.249 - - [23/Nov/2024:22:41:22 +0800] "GET /wp-includes/ HTTP/1.1" 200 7990 "binance.com" "Mozilla/5.0 (Windows NT 10.0; Win64; x64) AppleWebKit/537.36 (KHTML, like Gecko) Chrome/90.0.4430.85 Safari/537.36"
165.22.209.249 - - [23/Nov/2024:22:41:26 +0800] "GET /wp-includes/ HTTP/1.1" 301 577 "binance.com" "Mozilla/5.0 (Windows NT 10.0; Win64; x64) AppleWebKit/537.36 (KHTML, like Gecko) Chrome/90.0.4430.85 Safari/537.36"
4.227.36.14 - - [23/Nov/2024:22:41:28 +0800] "GET /%e9%bb%83%e9%87%91%e7%b7%9a%e6%8f%9b%e5%ad%a3%e4%bf%9d%e9%a4%8a%e5%b0%8f%e6%95%99%e5%ae%a4/embed/ HTTP/1.1" 200 10971 "-" "Mozilla/5.0 AppleWebKit/537.36 (KHTML, like Gecko; compatible; GPTBot/1.2; +https://openai.com/gptbot)"
165.22.209.249 - - [23/Nov/2024:22:41:30 +0800] "GET /wp-includes/ HTTP/1.1" 200 7990 "binance.com" "Mozilla/5.0 (Windows NT 10.0; Win64; x64) AppleWebKit/537.36 (KHTML, like Gecko) Chrome/90.0.4430.85 Safari/537.36"
165.22.209.249 - - [23/Nov/2024:22:41:34 +0800] "GET /wp-includes/block-bindings.php HTTP/1.1" 301 613 "binance.com" "Mozilla/5.0 (Windows NT 10.0; Win64; x64) AppleWebKit/537.36 (KHTML, like Gecko) Chrome/90.0.4430.85 Safari/537.36"
4.227.36.14 - - [23/Nov/2024:22:41:35 +0800] "GET /%e9%bb%83%e9%87%91%e7%b7%9a%e6%8f%9b%e5%ad%a3%e4%bf%9d%e9%a4%8a%e5%b0%8f%e6%95%99%e5%ae%a4/embed/ HTTP/1.1" 200 10972 "-" "Mozilla/5.0 AppleWebKit/537.36 (KHTML, like Gecko; compatible; GPTBot/1.2; +https://openai.com/gptbot)"
165.22.209.249 - - [23/Nov/2024:22:41:38 +0800] "GET /wp-includes/block-bindings.php HTTP/1.1" 200 3317 "binance.com" "Mozilla/5.0 (Windows NT 10.0; Win64; x64) AppleWebKit/537.36 (KHTML, like Gecko) Chrome/90.0.4430.85 Safari/537.36"
165.22.209.249 - - [23/Nov/2024:22:41:43 +0800] "GET /wp-includes/block-editor.php HTTP/1.1" 301 609 "binance.com" "Mozilla/5.0 (Windows NT 10.0; Win64; x64) AppleWebKit/537.36 (KHTML, like Gecko) Chrome/90.0.4430.85 Safari/537.36"
4.227.36.14 - - [23/Nov/2024:22:41:45 +0800] "GET /%e9%bb%83%e9%87%91%e7%b7%9a%e6%8f%9b%e5%ad%a3%e4%bf%9d%e9%a4%8a%e5%b0%8f%e6%95%99%e5%ae%a4/embed/ HTTP/1.1" 200 10974 "-" "Mozilla/5.0 AppleWebKit/537.36 (KHTML, like Gecko; compatible; GPTBot/1.2; +https://openai.com/gptbot)"
165.22.209.249 - - [23/Nov/2024:22:41:46 +0800] "GET /wp-includes/block-editor.php HTTP/1.1" 200 3317 "binance.com" "Mozilla/5.0 (Windows NT 10.0; Win64; x64) AppleWebKit/537.36 (KHTML, like Gecko) Chrome/90.0.4430.85 Safari/537.36"
165.22.209.249 - - [23/Nov/2024:22:41:49 +0800] "GET /wp-includes/block-template-utils.php HTTP/1.1" 301 625 "binance.com" "Mozilla/5.0 (Windows NT 10.0; Win64; x64) AppleWebKit/537.36 (KHTML, like Gecko) Chrome/90.0.4430.85 Safari/537.36"
165.22.209.249 - - [23/Nov/2024:22:41:54 +0800] "GET /wp-includes/block-template-utils.php HTTP/1.1" 200 3317 "binance.com" "Mozilla/5.0 (Windows NT 10.0; Win64; x64) AppleWebKit/537.36 (KHTML, like Gecko) Chrome/90.0.4430.85 Safari/537.36"
165.22.209.249 - - [23/Nov/2024:22:41:59 +0800] "GET /wp-includes/block-template.php HTTP/1.1" 301 613 "binance.com" "Mozilla/5.0 (Windows NT 10.0; Win64; x64) AppleWebKit/537.36 (KHTML, like Gecko) Chrome/90.0.4430.85 Safari/537.36"
165.22.209.249 - - [23/Nov/2024:22:42:03 +0800] "GET /wp-includes/block-template.php HTTP/1.1" 200 3317 "binance.com" "Mozilla/5.0 (Windows NT 10.0; Win64; x64) AppleWebKit/537.36 (KHTML, like Gecko) Chrome/90.0.4430.85 Safari/537.36"
165.22.209.249 - - [23/Nov/2024:22:42:06 +0800] "GET /wp-includes/class-avif-info.php HTTP/1.1" 301 615 "binance.com" "Mozilla/5.0 (Windows NT 10.0; Win64; x64) AppleWebKit/537.36 (KHTML, like Gecko) Chrome/90.0.4430.85 Safari/537.36"
4.227.36.14 - - [23/Nov/2024:22:42:06 +0800] "GET /%e9%bb%83%e9%87%91%e7%b7%9a%e6%8f%9b%e5%ad%a3%e4%bf%9d%e9%a4%8a%e5%b0%8f%e6%95%99%e5%ae%a4/embed/ HTTP/1.1" 200 10974 "-" "Mozilla/5.0 AppleWebKit/537.36 (KHTML, like Gecko; compatible; GPTBot/1.2; +https://openai.com/gptbot)"
165.22.209.249 - - [23/Nov/2024:22:42:10 +0800] "GET /wp-includes/class-avif-info.php HTTP/1.1" 200 3317 "binance.com" "Mozilla/5.0 (Windows NT 10.0; Win64; x64) AppleWebKit/537.36 (KHTML, like Gecko) Chrome/90.0.4430.85 Safari/537.36"
4.227.36.14 - - [23/Nov/2024:22:42:13 +0800] "GET /%e9%bb%83%e9%87%91%e7%b7%9a%e6%8f%9b%e5%ad%a3%e4%bf%9d%e9%a4%8a%e5%b0%8f%e6%95%99%e5%ae%a4/embed/ HTTP/1.1" 200 10974 "-" "Mozilla/5.0 AppleWebKit/537.36 (KHTML, like Gecko; compatible; GPTBot/1.2; +https://openai.com/gptbot)"
165.22.209.249 - - [23/Nov/2024:22:42:17 +0800] "GET /wp-includes/class-wp-block-bindings-registry.php HTTP/1.1" 301 649 "binance.com" "Mozilla/5.0 (Windows NT 10.0; Win64; x64) AppleWebKit/537.36 (KHTML, like Gecko) Chrome/90.0.4430.85 Safari/537.36"
1.200.144.48 - - [23/Nov/2024:22:42:21 +0800] "GET /tag/%E6%A9%9F%E6%B2%B9%E5%A3%93%E5%8A%9B/ HTTP/1.1" 200 26699 "https://www.google.com/" "Mozilla/5.0 (Windows NT 10.0; Win64; x64) AppleWebKit/537.36 (KHTML, like Gecko) Chrome/131.0.0.0 Safari/537.36"
1.200.144.48 - - [23/Nov/2024:22:42:21 +0800] "GET /wp-content/themes/twentytwelve/fonts/font-open-sans.css?ver=20230328 HTTP/1.1" 200 1288 "https://www.car32.tw/tag/%E6%A9%9F%E6%B2%B9%E5%A3%93%E5%8A%9B/" "Mozilla/5.0 (Windows NT 10.0; Win64; x64) AppleWebKit/537.36 (KHTML, like Gecko) Chrome/131.0.0.0 Safari/537.36"
1.200.144.48 - - [23/Nov/2024:22:42:21 +0800] "GET /wp-content/themes/twentytwelve/style.css?ver=20240716 HTTP/1.1" 200 8680 "https://www.car32.tw/tag/%E6%A9%9F%E6%B2%B9%E5%A3%93%E5%8A%9B/" "Mozilla/5.0 (Windows NT 10.0; Win64; x64) AppleWebKit/537.36 (KHTML, like Gecko) Chrome/131.0.0.0 Safari/537.36"
1.200.144.48 - - [23/Nov/2024:22:42:21 +0800] "GET /wp-content/themes/twentytwelve/css/blocks.css?ver=20240603 HTTP/1.1" 200 2856 "https://www.car32.tw/tag/%E6%A9%9F%E6%B2%B9%E5%A3%93%E5%8A%9B/" "Mozilla/5.0 (Windows NT 10.0; Win64; x64) AppleWebKit/537.36 (KHTML, like Gecko) Chrome/131.0.0.0 Safari/537.36"
1.200.144.48 - - [23/Nov/2024:22:42:22 +0800] "GET /wp-content/themes/twentytwelve/js/navigation.js?ver=20141205 HTTP/1.1" 200 1027 "https://www.car32.tw/tag/%E6%A9%9F%E6%B2%B9%E5%A3%93%E5%8A%9B/" "Mozilla/5.0 (Windows NT 10.0; Win64; x64) AppleWebKit/537.36 (KHTML, like Gecko) Chrome/131.0.0.0 Safari/537.36"
1.200.144.48 - - [23/Nov/2024:22:42:22 +0800] "GET /wp-content/themes/twentytwelve/fonts/open-sans/open-sans-latin-400-normal.woff2?ver=34 HTTP/1.1" 200 17094 "https://www.car32.tw/wp-content/themes/twentytwelve/fonts/font-open-sans.css?ver=20230328" "Mozilla/5.0 (Windows NT 10.0; Win64; x64) AppleWebKit/537.36 (KHTML, like Gecko) Chrome/131.0.0.0 Safari/537.36"
1.200.144.48 - - [23/Nov/2024:22:42:22 +0800] "GET /wp-content/themes/twentytwelve/fonts/open-sans/open-sans-latin-700-normal.woff2?ver=34 HTTP/1.1" 200 16704 "https://www.car32.tw/wp-content/themes/twentytwelve/fonts/font-open-sans.css?ver=20230328" "Mozilla/5.0 (Windows NT 10.0; Win64; x64) AppleWebKit/537.36 (KHTML, like Gecko) Chrome/131.0.0.0 Safari/537.36"
1.200.144.48 - - [23/Nov/2024:22:42:22 +0800] "GET /wp-content/themes/twentytwelve/fonts/open-sans/open-sans-latin-400-italic.woff2?ver=34 HTTP/1.1" 200 18738 "https://www.car32.tw/wp-content/themes/twentytwelve/fonts/font-open-sans.css?ver=20230328" "Mozilla/5.0 (Windows NT 10.0; Win64; x64) AppleWebKit/537.36 (KHTML, like Gecko) Chrome/131.0.0.0 Safari/537.36"
1.200.144.48 - - [23/Nov/2024:22:42:22 +0800] "GET /wp-includes/js/wp-emoji-release.min.js?ver=6.7.1 HTTP/1.1" 200 5479 "https://www.car32.tw/tag/%E6%A9%9F%E6%B2%B9%E5%A3%93%E5%8A%9B/" "Mozilla/5.0 (Windows NT 10.0; Win64; x64) AppleWebKit/537.36 (KHTML, like Gecko) Chrome/131.0.0.0 Safari/537.36"
165.22.209.249 - - [23/Nov/2024:22:42:22 +0800] "GET /wp-includes/class-wp-block-bindings-registry.php HTTP/1.1" 200 3317 "binance.com" "Mozilla/5.0 (Windows NT 10.0; Win64; x64) AppleWebKit/537.36 (KHTML, like Gecko) Chrome/90.0.4430.85 Safari/537.36"
1.200.144.48 - - [23/Nov/2024:22:42:22 +0800] "POST /?ob=open-bridge/events HTTP/1.1" 200 520 "https://www.car32.tw/tag/%E6%A9%9F%E6%B2%B9%E5%A3%93%E5%8A%9B/" "Mozilla/5.0 (Windows NT 10.0; Win64; x64) AppleWebKit/537.36 (KHTML, like Gecko) Chrome/131.0.0.0 Safari/537.36"
4.227.36.14 - - [23/Nov/2024:22:42:26 +0800] "GET /%e9%bb%83%e9%87%91%e7%b7%9a%e6%8f%9b%e5%ad%a3%e4%bf%9d%e9%a4%8a%e5%b0%8f%e6%95%99%e5%ae%a4/embed/ HTTP/1.1" 200 10973 "-" "Mozilla/5.0 AppleWebKit/537.36 (KHTML, like Gecko; compatible; GPTBot/1.2; +https://openai.com/gptbot)"
165.22.209.249 - - [23/Nov/2024:22:42:28 +0800] "GET /wp-includes/class-wp-block-bindings-source.php HTTP/1.1" 301 645 "binance.com" "Mozilla/5.0 (Windows NT 10.0; Win64; x64) AppleWebKit/537.36 (KHTML, like Gecko) Chrome/90.0.4430.85 Safari/537.36"
4.227.36.14 - - [23/Nov/2024:22:42:33 +0800] "GET /%e9%bb%83%e9%87%91%e7%b7%9a%e6%8f%9b%e5%ad%a3%e4%bf%9d%e9%a4%8a%e5%b0%8f%e6%95%99%e5%ae%a4/embed/ HTTP/1.1" 200 10974 "-" "Mozilla/5.0 AppleWebKit/537.36 (KHTML, like Gecko; compatible; GPTBot/1.2; +https://openai.com/gptbot)"
165.22.209.249 - - [23/Nov/2024:22:42:36 +0800] "GET /wp-includes/class-wp-block-bindings-source.php HTTP/1.1" 200 3317 "binance.com" "Mozilla/5.0 (Windows NT 10.0; Win64; x64) AppleWebKit/537.36 (KHTML, like Gecko) Chrome/90.0.4430.85 Safari/537.36"
4.227.36.14 - - [23/Nov/2024:22:42:44 +0800] "GET /%e9%bb%83%e9%87%91%e7%b7%9a%e6%8f%9b%e5%ad%a3%e4%bf%9d%e9%a4%8a%e5%b0%8f%e6%95%99%e5%ae%a4/embed/ HTTP/1.1" 200 10974 "-" "Mozilla/5.0 AppleWebKit/537.36 (KHTML, like Gecko; compatible; GPTBot/1.2; +https://openai.com/gptbot)"
165.22.209.249 - - [23/Nov/2024:22:42:46 +0800] "GET /wp-includes/class-wp-block-editor-context.php HTTP/1.1" 301 643 "binance.com" "Mozilla/5.0 (Windows NT 10.0; Win64; x64) AppleWebKit/537.36 (KHTML, like Gecko) Chrome/90.0.4430.85 Safari/537.36"
165.22.209.249 - - [23/Nov/2024:22:42:52 +0800] "GET /wp-includes/class-wp-block-editor-context.php HTTP/1.1" 200 3317 "binance.com" "Mozilla/5.0 (Windows NT 10.0; Win64; x64) AppleWebKit/537.36 (KHTML, like Gecko) Chrome/90.0.4430.85 Safari/537.36"
165.22.209.249 - - [23/Nov/2024:22:42:58 +0800] "GET /wp-includes/class-wp-block-metadata-registry.php HTTP/1.1" 301 649 "binance.com" "Mozilla/5.0 (Windows NT 10.0; Win64; x64) AppleWebKit/537.36 (KHTML, like Gecko) Chrome/90.0.4430.85 Safari/537.36"
4.227.36.14 - - [23/Nov/2024:22:43:00 +0800] "GET /%e9%bb%83%e9%87%91%e7%b7%9a%e6%8f%9b%e5%ad%a3%e4%bf%9d%e9%a4%8a%e5%b0%8f%e6%95%99%e5%ae%a4/embed/ HTTP/1.1" 200 10972 "-" "Mozilla/5.0 AppleWebKit/537.36 (KHTML, like Gecko; compatible; GPTBot/1.2; +https://openai.com/gptbot)"
165.22.209.249 - - [23/Nov/2024:22:43:03 +0800] "GET /wp-includes/class-wp-block-metadata-registry.php HTTP/1.1" 200 3317 "binance.com" "Mozilla/5.0 (Windows NT 10.0; Win64; x64) AppleWebKit/537.36 (KHTML, like Gecko) Chrome/90.0.4430.85 Safari/537.36"
4.227.36.14 - - [23/Nov/2024:22:43:08 +0800] "GET /%e9%bb%83%e9%87%91%e7%b7%9a%e6%8f%9b%e5%ad%a3%e4%bf%9d%e9%a4%8a%e5%b0%8f%e6%95%99%e5%ae%a4/embed/ HTTP/1.1" 200 10972 "-" "Mozilla/5.0 AppleWebKit/537.36 (KHTML, like Gecko; compatible; GPTBot/1.2; +https://openai.com/gptbot)"
165.22.209.249 - - [23/Nov/2024:22:43:09 +0800] "GET /wp-includes/class-wp-block-parser-block.php HTTP/1.1" 301 639 "binance.com" "Mozilla/5.0 (Windows NT 10.0; Win64; x64) AppleWebKit/537.36 (KHTML, like Gecko) Chrome/90.0.4430.85 Safari/537.36"
165.22.209.249 - - [23/Nov/2024:22:43:17 +0800] "GET /wp-includes/class-wp-block-parser-block.php HTTP/1.1" 200 3317 "binance.com" "Mozilla/5.0 (Windows NT 10.0; Win64; x64) AppleWebKit/537.36 (KHTML, like Gecko) Chrome/90.0.4430.85 Safari/537.36"
4.227.36.14 - - [23/Nov/2024:22:43:19 +0800] "GET /%e9%bb%83%e9%87%91%e7%b7%9a%e6%8f%9b%e5%ad%a3%e4%bf%9d%e9%a4%8a%e5%b0%8f%e6%95%99%e5%ae%a4/embed/ HTTP/1.1" 200 10972 "-" "Mozilla/5.0 AppleWebKit/537.36 (KHTML, like Gecko; compatible; GPTBot/1.2; +https://openai.com/gptbot)"
165.22.209.249 - - [23/Nov/2024:22:43:24 +0800] "GET /wp-includes/class-wp-block-parser-frame.php HTTP/1.1" 301 639 "binance.com" "Mozilla/5.0 (Windows NT 10.0; Win64; x64) AppleWebKit/537.36 (KHTML, like Gecko) Chrome/90.0.4430.85 Safari/537.36"
4.227.36.14 - - [23/Nov/2024:22:43:29 +0800] "GET /%e9%bb%83%e9%87%91%e7%b7%9a%e6%8f%9b%e5%ad%a3%e4%bf%9d%e9%a4%8a%e5%b0%8f%e6%95%99%e5%ae%a4/embed/ HTTP/1.1" 200 10973 "-" "Mozilla/5.0 AppleWebKit/537.36 (KHTML, like Gecko; compatible; GPTBot/1.2; +https://openai.com/gptbot)"
165.22.209.249 - - [23/Nov/2024:22:43:31 +0800] "GET /wp-includes/class-wp-block-parser-frame.php HTTP/1.1" 200 3317 "binance.com" "Mozilla/5.0 (Windows NT 10.0; Win64; x64) AppleWebKit/537.36 (KHTML, like Gecko) Chrome/90.0.4430.85 Safari/537.36"
