163.23.86.124 - - [24/Nov/2024:11:36:13 +0800] "GET /products/ HTTP/1.1" 200 31726 "https://www.lubegard.com.tw/" "Mozilla/5.0 (iPhone; CPU iPhone OS 17_6_1 like Mac OS X) AppleWebKit/605.1.15 (KHTML, like Gecko) Version/17.6 Mobile/15E148 Safari/604.1"
220.135.127.108 - - [24/Nov/2024:11:36:58 +0800] "POST /wp-cron.php?doing_wp_cron=1732419401.0738890171051025390625 HTTP/1.1" 200 4075 "-" "WordPress/6.7.1; https://www.lubegard.com.tw"
192.0.91.177 - - [24/Nov/2024:11:36:36 +0800] "HEAD / HTTP/1.1" 200 4156 "-" "jetmon/1.0 (Jetpack Site Uptime Monitor by WordPress.com)"
163.23.86.124 - - [24/Nov/2024:11:36:32 +0800] "POST /?ob=open-bridge/events HTTP/1.1" 200 4113 "https://www.lubegard.com.tw/products/" "Mozilla/5.0 (iPhone; CPU iPhone OS 17_6_1 like Mac OS X) AppleWebKit/605.1.15 (KHTML, like Gecko) Version/17.6 Mobile/15E148 Safari/604.1"
220.135.127.108 - - [24/Nov/2024:11:36:51 +0800] "POST /wp-admin/admin-ajax.php?action=wordfence_testAjax HTTP/1.1" 200 4207 "-" "WordPress/6.7.1; https://www.lubegard.com.tw"
163.23.86.124 - - [24/Nov/2024:11:36:59 +0800] "GET /bio-engine-oil-protectant/ HTTP/1.1" 200 34940 "https://www.lubegard.com.tw/products/" "Mozilla/5.0 (iPhone; CPU iPhone OS 17_6_1 like Mac OS X) AppleWebKit/605.1.15 (KHTML, like Gecko) Version/17.6 Mobile/15E148 Safari/604.1"
220.135.127.108 - - [24/Nov/2024:11:35:32 +0800] "POST /wp-cron.php?doing_wp_cron=1732419327.0167169570922851562500 HTTP/1.1" 200 4059 "-" "WordPress/6.7.1; https://www.lubegard.com.tw"
54.217.201.243 - - [24/Nov/2024:11:37:03 +0800] "HEAD / HTTP/1.1" 200 4156 "-" "jetmon/1.0 (Jetpack Site Uptime Monitor by WordPress.com)"
54.232.116.4 - - [24/Nov/2024:11:37:03 +0800] "HEAD / HTTP/1.1" 200 4156 "-" "jetmon/1.0 (Jetpack Site Uptime Monitor by WordPress.com)"
220.135.127.108 - - [24/Nov/2024:11:37:41 +0800] "POST /wp-admin/admin-ajax.php?action=wordfence_testAjax HTTP/1.1" 200 4207 "-" "WordPress/6.7.1; https://www.lubegard.com.tw"
220.135.127.108 - - [24/Nov/2024:11:36:58 +0800] "POST /wp-cron.php?doing_wp_cron=1732419401.0749030113220214843750 HTTP/1.1" 200 4059 "-" "WordPress/6.7.1; https://www.lubegard.com.tw"
220.135.127.108 - - [24/Nov/2024:11:38:24 +0800] "POST /wp-cron.php?doing_wp_cron=1732419495.0981121063232421875000 HTTP/1.1" 200 4059 "-" "WordPress/6.7.1; https://www.lubegard.com.tw"
163.23.86.124 - - [24/Nov/2024:11:37:40 +0800] "GET /bio-engine-oil-protectant/ HTTP/1.1" 200 34956 "https://www.lubegard.com.tw/products/" "Mozilla/5.0 (iPhone; CPU iPhone OS 17_6_1 like Mac OS X) AppleWebKit/605.1.15 (KHTML, like Gecko) Version/17.6 Mobile/15E148 Safari/604.1"
54.71.203.174 - - [24/Nov/2024:11:38:40 +0800] "GET /wp-admin/admin-ajax.php?action=wordfence_doScan&isFork=0&scanMode=quick&cronKey=12a5ef69955d9919ba79ffda84940255&signature=92330b6c0721b8dd2d255ca60ba903c100ef83d52ad4dfa41bd78088980a569f&remote=1 HTTP/1.1" 200 4115 "-" "Mozilla/5.0 (Macintosh; Intel Mac OS X 10_9_2) AppleWebKit/537.36 (KHTML, like Gecko) Chrome/33.0.1750.152 Safari/537.36"
220.135.127.108 - - [24/Nov/2024:11:38:23 +0800] "POST /wp-cron.php?doing_wp_cron=1732419495.1186320781707763671875 HTTP/1.1" 200 4075 "-" "WordPress/6.7.1; https://www.lubegard.com.tw"
220.135.127.108 - - [24/Nov/2024:11:37:12 +0800] "GET /wp-admin/admin-ajax.php?action=wordfence_doScan&isFork=0&scanMode=quick&cronKey=7e1b35d5af4356a0788fd5b926a96c49&signature=fcb228fd9d75029f61c16d37b1c0b7c5923f3e9ce52c80dcee7cba1107d42c54 HTTP/1.1" 200 4194 "-" "WordPress/6.7.1; https://www.lubegard.com.tw"
192.0.91.177 - - [24/Nov/2024:11:40:07 +0800] "HEAD / HTTP/1.1" 200 4156 "-" "jetmon/1.0 (Jetpack Site Uptime Monitor by WordPress.com)"
220.135.127.108 - - [24/Nov/2024:11:40:13 +0800] "POST /wp-cron.php?doing_wp_cron=1732419605.1252160072326660156250 HTTP/1.1" 200 4059 "-" "WordPress/6.7.1; https://www.lubegard.com.tw"
220.135.127.108 - - [24/Nov/2024:11:39:54 +0800] "GET /wp-admin/admin-ajax.php?action=wordfence_doScan&isFork=1&scanMode=quick&cronKey=688ae16d0f7dddad6900fecc93f1ca66&signature=c0f74336ff88224ff69f11f4bb4b5c5e5bdef97acd9daeb7495a0142a254c131 HTTP/1.1" 200 4194 "-" "WordPress/6.7.1; https://www.lubegard.com.tw"
192.0.91.177 - - [24/Nov/2024:11:45:09 +0800] "HEAD / HTTP/1.1" 200 4156 "-" "jetmon/1.0 (Jetpack Site Uptime Monitor by WordPress.com)"
220.135.127.108 - - [24/Nov/2024:11:45:20 +0800] "POST /wp-cron.php?doing_wp_cron=1732419918.5882790088653564453125 HTTP/1.1" 200 4059 "-" "WordPress/6.7.1; https://www.lubegard.com.tw"
192.0.91.177 - - [24/Nov/2024:11:50:06 +0800] "HEAD / HTTP/1.1" 200 4156 "-" "jetmon/1.0 (Jetpack Site Uptime Monitor by WordPress.com)"
220.135.127.108 - - [24/Nov/2024:11:50:12 +0800] "POST /wp-cron.php?doing_wp_cron=1732420211.9322180747985839843750 HTTP/1.1" 200 4043 "-" "WordPress/6.7.1; https://www.lubegard.com.tw"
195.191.219.130 - - [24/Nov/2024:11:52:04 +0800] "GET /robots.txt HTTP/1.1" 301 606 "-" "Mozilla/5.0 (compatible; MJ12bot/v1.4.8; http://mj12bot.com/)"
220.135.127.108 - - [24/Nov/2024:11:52:10 +0800] "POST /wp-cron.php?doing_wp_cron=1732420330.1205210685729980468750 HTTP/1.1" 200 4043 "-" "WordPress/6.7.1; https://www.lubegard.com.tw"
195.191.219.130 - - [24/Nov/2024:11:52:06 +0800] "GET /robots.txt HTTP/1.1" 200 3794 "-" "Mozilla/5.0 (compatible; MJ12bot/v1.4.8; http://mj12bot.com/)"
195.191.219.130 - - [24/Nov/2024:11:52:13 +0800] "GET / HTTP/1.1" 301 530 "-" "Mozilla/5.0 (compatible; MJ12bot/v1.4.8; http://mj12bot.com/)"
192.0.91.177 - - [24/Nov/2024:11:55:11 +0800] "HEAD / HTTP/1.1" 200 4156 "-" "jetmon/1.0 (Jetpack Site Uptime Monitor by WordPress.com)"
220.135.127.108 - - [24/Nov/2024:11:55:22 +0800] "POST /wp-cron.php?doing_wp_cron=1732420520.0717849731445312500000 HTTP/1.1" 200 4059 "-" "WordPress/6.7.1; https://www.lubegard.com.tw"
192.0.91.177 - - [24/Nov/2024:11:56:36 +0800] "HEAD / HTTP/1.1" 200 4156 "-" "jetmon/1.0 (Jetpack Site Uptime Monitor by WordPress.com)"
220.135.127.108 - - [24/Nov/2024:11:56:46 +0800] "POST /wp-cron.php?doing_wp_cron=1732420605.4111158847808837890625 HTTP/1.1" 200 4043 "-" "WordPress/6.7.1; https://www.lubegard.com.tw"
192.0.91.177 - - [24/Nov/2024:12:00:07 +0800] "HEAD / HTTP/1.1" 200 4156 "-" "jetmon/1.0 (Jetpack Site Uptime Monitor by WordPress.com)"
220.135.127.108 - - [24/Nov/2024:12:00:23 +0800] "POST /wp-cron.php?doing_wp_cron=1732420822.9153919219970703125000 HTTP/1.1" 200 4075 "-" "WordPress/6.7.1; https://www.lubegard.com.tw"
192.0.91.177 - - [24/Nov/2024:12:05:09 +0800] "HEAD / HTTP/1.1" 200 4156 "-" "jetmon/1.0 (Jetpack Site Uptime Monitor by WordPress.com)"
66.249.79.4 - - [24/Nov/2024:12:05:03 +0800] "GET /hfm-atf-supplement/ HTTP/1.1" 200 32918 "-" "Mozilla/5.0 (Linux; Android 6.0.1; Nexus 5X Build/MMB29P) AppleWebKit/537.36 (KHTML, like Gecko) Chrome/131.0.6778.69 Mobile Safari/537.36 (compatible; Googlebot/2.1; +http://www.google.com/bot.html)"
220.135.127.108 - - [24/Nov/2024:12:05:10 +0800] "POST /wp-cron.php?doing_wp_cron=1732421109.4707779884338378906250 HTTP/1.1" 200 4059 "-" "WordPress/6.7.1; https://www.lubegard.com.tw"
220.135.127.108 - - [24/Nov/2024:12:10:09 +0800] "POST /wp-cron.php?doing_wp_cron=1732421409.1428880691528320312500 HTTP/1.1" 200 4059 "-" "WordPress/6.7.1; https://www.lubegard.com.tw"
192.0.91.177 - - [24/Nov/2024:12:10:08 +0800] "HEAD / HTTP/1.1" 200 4156 "-" "jetmon/1.0 (J
| ver. 1.4 |
Github
|
.
| PHP 7.4.3-4ubuntu2.24 | Генерация страницы: 0.01 |
proxy
|
phpinfo
|
Настройка