Файловый менеджер - Редактировать - /var/www/lubegard/log/access.log
Назад
220.135.127.108 - - [23/Nov/2024:10:28:56 +0800] "POST /wp-cron.php?doing_wp_cron=1732328936.6428539752960205078125 HTTP/1.1" 200 4075 "-" "WordPress/6.7.1; https://www.lubegard.com.tw"
106.1.93.128 - - [23/Nov/2024:10:28:55 +0800] "GET /products/ HTTP/1.1" 200 31726 "https://www.lubegard.com.tw/" "Mozilla/5.0 (iPhone; CPU iPhone OS 17_4_1 like Mac OS X) AppleWebKit/605.1.15 (KHTML, like Gecko) Version/17.4.1 Mobile/15E148 Safari/604.1"
106.1.93.128 - - [23/Nov/2024:10:28:57 +0800] "POST /?ob=open-bridge/events HTTP/1.1" 200 4113 "https://www.lubegard.com.tw/products/" "Mozilla/5.0 (iPhone; CPU iPhone OS 17_4_1 like Mac OS X) AppleWebKit/605.1.15 (KHTML, like Gecko) Version/17.4.1 Mobile/15E148 Safari/604.1"
220.135.127.108 - - [23/Nov/2024:10:29:20 +0800] "POST /wp-cron.php?doing_wp_cron=1732328960.8662679195404052734375 HTTP/1.1" 200 4075 "-" "WordPress/6.7.1; https://www.lubegard.com.tw"
106.1.93.128 - - [23/Nov/2024:10:29:19 +0800] "GET /complete-synthetic-cvt/ HTTP/1.1" 200 32791 "https://www.lubegard.com.tw/products/" "Mozilla/5.0 (iPhone; CPU iPhone OS 17_4_1 like Mac OS X) AppleWebKit/605.1.15 (KHTML, like Gecko) Version/17.4.1 Mobile/15E148 Safari/604.1"
106.1.93.128 - - [23/Nov/2024:10:29:21 +0800] "POST /?ob=open-bridge/events HTTP/1.1" 200 4097 "https://www.lubegard.com.tw/complete-synthetic-cvt/" "Mozilla/5.0 (iPhone; CPU iPhone OS 17_4_1 like Mac OS X) AppleWebKit/605.1.15 (KHTML, like Gecko) Version/17.4.1 Mobile/15E148 Safari/604.1"
192.0.113.82 - - [23/Nov/2024:10:29:21 +0800] "GET /wp-content/uploads/2021/03/68112_300.jpg HTTP/1.1" 200 95377 "-" "Photon/1.0"
193.32.162.75 - - [23/Nov/2024:10:29:30 +0800] "GET /.env HTTP/1.1" 301 582 "-" "Mozilla/5.0 (Macintosh; Intel Mac OS X 10.15; rv:77.0) Gecko/20100101 Firefox/77.0"
220.135.127.108 - - [23/Nov/2024:10:29:31 +0800] "POST /wp-cron.php?doing_wp_cron=1732328971.5688550472259521484375 HTTP/1.1" 200 4059 "-" "WordPress/6.7.1; https://www.lubegard.com.tw"
193.32.162.75 - - [23/Nov/2024:10:29:31 +0800] "GET /.env HTTP/1.1" 301 4165 "-" "Mozilla/5.0 (Macintosh; Intel Mac OS X 10.15; rv:77.0) Gecko/20100101 Firefox/77.0"
193.32.162.75 - - [23/Nov/2024:10:29:32 +0800] "GET /.env HTTP/1.1" 404 79754 "-" "Mozilla/5.0 (Macintosh; Intel Mac OS X 10.15; rv:77.0) Gecko/20100101 Firefox/77.0"
193.32.162.75 - - [23/Nov/2024:10:29:33 +0800] "GET /wp-content/ HTTP/1.1" 301 596 "-" "Mozilla/5.0 (Macintosh; Intel Mac OS X 10.15; rv:77.0) Gecko/20100101 Firefox/77.0"
193.32.162.75 - - [23/Nov/2024:10:29:34 +0800] "GET /wp-content/ HTTP/1.1" 200 3987 "-" "Mozilla/5.0 (Macintosh; Intel Mac OS X 10.15; rv:77.0) Gecko/20100101 Firefox/77.0"
192.0.118.180 - - [23/Nov/2024:10:29:47 +0800] "GET /wp-content/uploads/2021/03/CVT-Belt-damage-page-001-scaled.jpeg HTTP/1.1" 200 440280 "-" "Photon/1.0"
220.135.127.108 - - [23/Nov/2024:10:29:51 +0800] "POST /wp-cron.php?doing_wp_cron=1732328991.0021779537200927734375 HTTP/1.1" 200 4059 "-" "WordPress/6.7.1; https://www.lubegard.com.tw"
51.222.253.10 - - [23/Nov/2024:10:29:50 +0800] "GET /bio-engine-oil-protectant/ HTTP/1.1" 200 34897 "-" "Mozilla/5.0 (compatible; AhrefsBot/7.0; +http://ahrefs.com/robot/)"
220.135.127.108 - - [23/Nov/2024:10:30:01 +0800] "POST /wp-cron.php?doing_wp_cron=1732329001.4479680061340332031250 HTTP/1.1" 200 4059 "-" "WordPress/6.7.1; https://www.lubegard.com.tw"
192.0.91.177 - - [23/Nov/2024:10:30:01 +0800] "HEAD / HTTP/1.1" 200 4156 "-" "jetmon/1.0 (Jetpack Site Uptime Monitor by WordPress.com)"
192.0.114.82 - - [23/Nov/2024:10:30:02 +0800] "GET /wp-content/uploads/2021/03/CVT-Diagram-page-001-scaled.jpeg HTTP/1.1" 200 269607 "-" "Photon/1.0"
192.0.112.50 - - [23/Nov/2024:10:30:03 +0800] "GET /wp-content/uploads/2021/03/CVT-Applications.jpeg HTTP/1.1" 200 267863 "-" "Photon/1.0"
220.135.127.108 - - [23/Nov/2024:10:30:29 +0800] "POST /wp-cron.php?doing_wp_cron=1732329029.6611111164093017578125 HTTP/1.1" 200 4043 "-" "WordPress/6.7.1; https://www.lubegard.com.tw"
106.1.93.128 - - [23/Nov/2024:10:30:29 +0800] "POST /?ob=open-bridge/events HTTP/1.1" 200 4097 "https://www.lubegard.com.tw/products/" "Mozilla/5.0 (iPhone; CPU iPhone OS 17_4_1 like Mac OS X) AppleWebKit/605.1.15 (KHTML, like Gecko) Version/17.4.1 Mobile/15E148 Safari/604.1"
106.1.93.128 - - [23/Nov/2024:10:30:30 +0800] "POST /?ob=open-bridge/events HTTP/1.1" 200 334 "https://www.lubegard.com.tw/" "Mozilla/5.0 (iPhone; CPU iPhone OS 17_4_1 like Mac OS X) AppleWebKit/605.1.15 (KHTML, like Gecko) Version/17.4.1 Mobile/15E148 Safari/604.1"
220.135.127.108 - - [23/Nov/2024:10:30:51 +0800] "POST /wp-cron.php?doing_wp_cron=1732329051.3890609741210937500000 HTTP/1.1" 200 4059 "-" "WordPress/6.7.1; https://www.lubegard.com.tw"
17.241.227.137 - - [23/Nov/2024:10:30:51 +0800] "GET /evaporator-heater-foam-cleaner/ HTTP/1.1" 200 32279 "-" "Mozilla/5.0 (Macintosh; Intel Mac OS X 10_15_7) AppleWebKit/605.1.15 (KHTML, like Gecko) Version/17.4 Safari/605.1.15 (Applebot/0.1; +http://www.apple.com/go/applebot)"
17.246.15.128 - - [23/Nov/2024:10:32:49 +0800] "GET /wp-content/themes/twentyseventeen/style.css?ver=20240402 HTTP/1.1" 200 20117 "https://www.lubegard.com.tw/evaporator-heater-foam-cleaner/" "Mozilla/5.0 (Macintosh; Intel Mac OS X 10_15_7) AppleWebKit/605.1.15 (KHTML, like Gecko) Version/17.4 Safari/605.1.15 (Applebot/0.1; +http://www.apple.com/go/applebot)"
17.246.19.170 - - [23/Nov/2024:10:32:49 +0800] "GET /wp-content/themes/twentyseventeen/assets/css/blocks.css?ver=20220912 HTTP/1.1" 200 6100 "https://www.lubegard.com.tw/evaporator-heater-foam-cleaner/" "Mozilla/5.0 (Macintosh; Intel Mac OS X 10_15_7) AppleWebKit/605.1.15 (KHTML, like Gecko) Version/17.4 Safari/605.1.15 (Applebot/0.1; +http://www.apple.com/go/applebot)"
17.246.15.111 - - [23/Nov/2024:10:32:50 +0800] "GET /wp-content/themes/twentyseventeen/assets/fonts/font-libre-franklin.css?ver=20230328 HTTP/1.1" 200 4861 "https://www.lubegard.com.tw/evaporator-heater-foam-cleaner/" "Mozilla/5.0 (Macintosh; Intel Mac OS X 10_15_7) AppleWebKit/605.1.15 (KHTML, like Gecko) Version/17.4 Safari/605.1.15 (Applebot/0.1; +http://www.apple.com/go/applebot)"
17.246.15.6 - - [23/Nov/2024:10:32:50 +0800] "GET /wp-content/themes/twentyseventeen/assets/js/navigation.js?ver=20210122 HTTP/1.1" 200 5283 "https://www.lubegard.com.tw/evaporator-heater-foam-cleaner/" "Mozilla/5.0 (Macintosh; Intel Mac OS X 10_15_7) AppleWebKit/605.1.15 (KHTML, like Gecko) Version/17.4 Safari/605.1.15 (Applebot/0.1; +http://www.apple.com/go/applebot)"
17.246.23.151 - - [23/Nov/2024:10:32:51 +0800] "GET /wp-content/themes/twentyseventeen/assets/js/jquery.scrollTo.js?ver=2.1.3 HTTP/1.1" 200 6581 "https://www.lubegard.com.tw/evaporator-heater-foam-cleaner/" "Mozilla/5.0 (Macintosh; Intel Mac OS X 10_15_7) AppleWebKit/605.1.15 (KHTML, like Gecko) Version/17.4 Safari/605.1.15 (Applebot/0.1; +http://www.apple.com/go/applebot)"
17.246.19.93 - - [23/Nov/2024:10:32:51 +0800] "GET /wp-content/themes/twentyseventeen/assets/js/global.js?ver=20211130 HTTP/1.1" 200 6805 "https://www.lubegard.com.tw/evaporator-heater-foam-cleaner/" "Mozilla/5.0 (Macintosh; Intel Mac OS X 10_15_7) AppleWebKit/605.1.15 (KHTML, like Gecko) Version/17.4 Safari/605.1.15 (Applebot/0.1; +http://www.apple.com/go/applebot)"
17.246.23.36 - - [23/Nov/2024:10:32:52 +0800] "GET /wp-content/plugins/w3-total-cache/pub/js/lazyload.min.js HTTP/1.1" 200 6523 "https://www.lubegard.com.tw/evaporator-heater-foam-cleaner/" "Mozilla/5.0 (Macintosh; Intel Mac OS X 10_15_7) AppleWebKit/605.1.15 (KHTML, like Gecko) Version/17.4 Safari/605.1.15 (Applebot/0.1; +http://www.apple.com/go/applebot)"
17.246.15.199 - - [23/Nov/2024:10:32:53 +0800] "GET /wp-includes/js/wp-emoji-release.min.js?ver=6.7.1 HTTP/1.1" 200 9229 "https://www.lubegard.com.tw/evaporator-heater-foam-cleaner/" "Mozilla/5.0 (Macintosh; Intel Mac OS X 10_15_7) AppleWebKit/605.1.15 (KHTML, like Gecko) Version/17.4 Safari/605.1.15 (Applebot/0.1; +http://www.apple.com/go/applebot)"
220.135.127.108 - - [23/Nov/2024:10:35:00 +0800] "POST /wp-cron.php?doing_wp_cron=1732329300.8889770507812500000000 HTTP/1.1" 200 4043 "-" "WordPress/6.7.1; https://www.lubegard.com.tw"
192.0.91.177 - - [23/Nov/2024:10:35:00 +0800] "HEAD / HTTP/1.1" 200 4156 "-" "jetmon/1.0 (Jetpack Site Uptime Monitor by WordPress.com)"
220.135.127.108 - - [23/Nov/2024:10:40:01 +0800] "POST /wp-cron.php?doing_wp_cron=1732329601.9301640987396240234375 HTTP/1.1" 200 4059 "-" "WordPress/6.7.1; https://www.lubegard.com.tw"
192.0.91.177 - - [23/Nov/2024:10:40:01 +0800] "HEAD / HTTP/1.1" 200 4156 "-" "jetmon/1.0 (Jetpack Site Uptime Monitor by WordPress.com)"
220.135.127.108 - - [23/Nov/2024:10:45:00 +0800] "POST /wp-cron.php?doing_wp_cron=1732329900.4985098838806152343750 HTTP/1.1" 200 4059 "-" "WordPress/6.7.1; https://www.lubegard.com.tw"
192.0.91.177 - - [23/Nov/2024:10:45:00 +0800] "HEAD / HTTP/1.1" 200 4156 "-" "jetmon/1.0 (Jetpack Site Uptime Monitor by WordPress.com)"
220.135.127.108 - - [23/Nov/2024:10:50:02 +0800] "POST /wp-cron.php?doing_wp_cron=1732330202.3249180316925048828125 HTTP/1.1" 200 4059 "-" "WordPress/6.7.1; https://www.lubegard.com.tw"
192.0.91.177 - - [23/Nov/2024:10:50:02 +0800] "HEAD / HTTP/1.1" 200 4156 "-" "jetmon/1.0 (Jetpack Site Uptime Monitor by WordPress.com)"
192.0.91.177 - - [23/Nov/2024:10:55:00 +0800] "HEAD / HTTP/1.1" 200 4156 "-" "jetmon/1.0 (Jetpack Site Uptime Monitor by WordPress.com)"
220.135.127.108 - - [23/Nov/2024:10:55:00 +0800] "POST /wp-cron.php?doing_wp_cron=1732330500.7723569869995117187500 HTTP/1.1" 200 4059 "-" "WordPress/6.7.1; https://www.lubegard.com.tw"
220.135.127.108 - - [23/Nov/2024:11:00:01 +0800] "POST /wp-cron.php?doing_wp_cron=1732330801.9572660923004150390625 HTTP/1.1" 200 4075 "-" "WordPress/6.7.1; https://www.lubegard.com.tw"
192.0.91.177 - - [23/Nov/2024:11:00:01 +0800] "HEAD / HTTP/1.1" 200 4156 "-" "jetmon/1.0 (Jetpack Site Uptime Monitor by WordPress.com)"
195.191.219.133 - - [23/Nov/2024:11:00:43 +0800] "GET /robots.txt HTTP/1.1" 301 606 "-" "Mozilla/5.0 (compatible; MJ12bot/v1.4.8; http://mj12bot.com/)"
220.135.127.108 - - [23/Nov/2024:11:00:45 +0800] "POST /wp-cron.php?doing_wp_cron=1732330845.0977380275726318359375 HTTP/1.1" 200 4059 "-" "WordPress/6.7.1; https://www.lubegard.com.tw"
195.191.219.133 - - [23/Nov/2024:11:00:45 +0800] "GET /robots.txt HTTP/1.1" 200 3794 "-" "Mozilla/5.0 (compatible; MJ12bot/v1.4.8; http://mj12bot.com/)"
195.191.219.133 - - [23/Nov/2024:11:00:47 +0800] "GET / HTTP/1.1" 301 530 "-" "Mozilla/5.0 (compatible; MJ12bot/v1.4.8; http://mj12bot.com/)"
195.191.219.133 - - [23/Nov/2024:11:00:49 +0800] "GET / HTTP/1.1" 200 32863 "-" "Mozilla/5.0 (compatible; MJ12bot/v1.4.8; http://mj12bot.com/)"
66.249.72.129 - - [23/Nov/2024:11:02:17 +0800] "GET /download/Lubegard-SwissMotor.pdf HTTP/1.1" 200 2782544 "-" "Mozilla/5.0 (Linux; Android 6.0.1; Nexus 5X Build/MMB29P) AppleWebKit/537.36 (KHTML, like Gecko) Chrome/131.0.6778.85 Mobile Safari/537.36 (compatible; Googlebot/2.1; +http://www.google.com/bot.html)"
66.249.72.128 - - [23/Nov/2024:11:02:34 +0800] "GET /wp-content/uploads/30902_300.png HTTP/1.1" 200 66025 "-" "Googlebot-Image/1.0"
220.135.127.108 - - [23/Nov/2024:11:05:00 +0800] "POST /wp-cron.php?doing_wp_cron=1732331100.7617979049682617187500 HTTP/1.1" 200 4075 "-" "WordPress/6.7.1; https://www.lubegard.com.tw"
192.0.91.177 - - [23/Nov/2024:11:05:00 +0800] "HEAD / HTTP/1.1" 200 4156 "-" "jetmon/1.0 (Jetpack Site Uptime Monitor by WordPress.com)"
220.135.127.108 - - [23/Nov/2024:11:10:00 +0800] "POST /wp-cron.php?doing_wp_cron=1732331400.4677920341491699218750 HTTP/1.1" 200 4059 "-" "WordPress/6.7.1; https://www.lubegard.com.tw"
192.0.91.177 - - [23/Nov/2024:11:10:00 +0800] "HEAD / HTTP/1.1" 200 4156 "-" "jetmon/1.0 (Jetpack Site Uptime Monitor by WordPress.com)"
220.135.127.108 - - [23/Nov/2024:11:15:04 +0800] "POST /wp-cron.php?doing_wp_cron=1732331704.7987411022186279296875 HTTP/1.1" 200 4075 "-" "WordPress/6.7.1; https://www.lubegard.com.tw"
192.0.91.177 - - [23/Nov/2024:11:15:04 +0800] "HEAD / HTTP/1.1" 200 4156 "-" "jetmon/1.0 (Jetpack Site Uptime Monitor by WordPress.com)"
220.135.127.108 - - [23/Nov/2024:11:15:28 +0800] "POST /wp-cron.php?doing_wp_cron=1732331728.4356319904327392578125 HTTP/1.1" 200 4043 "-" "WordPress/6.7.1; https://www.lubegard.com.tw"
45.148.10.206 - - [23/Nov/2024:11:15:27 +0800] "GET /.git/config HTTP/1.1" 404 79686 "-" "Mozilla/5.0 (Windows NT 10.0; rv:128.0 ) Gecko/20100101 Firefox/128.0"
220.135.127.108 - - [23/Nov/2024:11:20:00 +0800] "POST /wp-cron.php?doing_wp_cron=1732332000.5676229000091552734375 HTTP/1.1" 200 4059 "-" "WordPress/6.7.1; https://www.lubegard.com.tw"
192.0.91.177 - - [23/Nov/2024:11:20:00 +0800] "HEAD / HTTP/1.1" 200 4156 "-" "jetmon/1.0 (Jetpack Site Uptime Monitor by WordPress.com)"
220.135.127.108 - - [23/Nov/2024:11:25:00 +0800] "POST /wp-cron.php?doing_wp_cron=1732332300.6617178916931152343750 HTTP/1.1" 200 4059 "-" "WordPress/6.7.1; https://www.lubegard.com.tw"
192.0.91.177 - - [23/Nov/2024:11:25:00 +0800] "HEAD / HTTP/1.1" 200 4156 "-" "jetmon/1.0 (Jetpack Site Uptime Monitor by WordPress.com)"
220.135.127.108 - - [23/Nov/2024:11:30:00 +0800] "POST /wp-cron.php?doing_wp_cron=1732332600.6209969520568847656250 HTTP/1.1" 200 4059 "-" "WordPress/6.7.1; https://www.lubegard.com.tw"
192.0.91.177 - - [23/Nov/2024:11:30:00 +0800] "HEAD / HTTP/1.1" 200 4156 "-" "jetmon/1.0 (Jetpack Site Uptime Monitor by WordPress.com)"
220.135.127.108 - - [23/Nov/2024:11:35:02 +0800] "POST /wp-cron.php?doing_wp_cron=1732332902.4429891109466552734375 HTTP/1.1" 200 4059 "-" "WordPress/6.7.1; https://www.lubegard.com.tw"
192.0.91.177 - - [23/Nov/2024:11:35:02 +0800] "HEAD / HTTP/1.1" 200 4156 "-" "jetmon/1.0 (Jetpack Site Uptime Monitor by WordPress.com)"
66.249.71.102 - - [23/Nov/2024:11:36:31 +0800] "GET /?page_id=284 HTTP/1.1" 301 610 "-" "Mozilla/5.0 (Linux; Android 6.0.1; Nexus 5X Build/MMB29P) AppleWebKit/537.36 (KHTML, like Gecko) Chrome/131.0.6778.69 Mobile Safari/537.36 (compatible; Googlebot/2.1; +http://www.google.com/bot.html)"
220.135.127.108 - - [23/Nov/2024:11:36:50 +0800] "POST /wp-admin/admin-ajax.php?action=wordfence_testAjax HTTP/1.1" 200 4207 "-" "WordPress/6.7.1; https://www.lubegard.com.tw"
66.249.72.142 - - [23/Nov/2024:11:36:49 +0800] "GET /?page_id=284 HTTP/1.1" 301 4076 "-" "Mozilla/5.0 (Linux; Android 6.0.1; Nexus 5X Build/MMB29P) AppleWebKit/537.36 (KHTML, like Gecko) Chrome/131.0.6778.69 Mobile Safari/537.36 (compatible; Googlebot/2.1; +http://www.google.com/bot.html)"
220.135.127.108 - - [23/Nov/2024:11:36:50 +0800] "POST /wp-cron.php?doing_wp_cron=1732333010.0326991081237792968750 HTTP/1.1" 200 4059 "-" "WordPress/6.7.1; https://www.lubegard.com.tw"
220.135.127.108 - - [23/Nov/2024:11:36:50 +0800] "GET /wp-admin/admin-ajax.php?action=wordfence_doScan&isFork=0&scanMode=quick&cronKey=8b7da16ee4a02103489b7ac8b1759759&signature=ad11b4e2df37171f0ebf68740c953bf0cfba872aed7adf7df46649440ba76006 HTTP/1.1" 200 4178 "-" "WordPress/6.7.1; https://www.lubegard.com.tw"
220.135.127.108 - - [23/Nov/2024:11:37:07 +0800] "POST /wp-cron.php?doing_wp_cron=1732333027.5536301136016845703125 HTTP/1.1" 200 4059 "-" "WordPress/6.7.1; https://www.lubegard.com.tw"
66.249.71.102 - - [23/Nov/2024:11:37:07 +0800] "GET /complete-synthetic-cvt/ HTTP/1.1" 200 32760 "-" "Mozilla/5.0 (Linux; Android 6.0.1; Nexus 5X Build/MMB29P) AppleWebKit/537.36 (KHTML, like Gecko) Chrome/131.0.6778.69 Mobile Safari/537.36 (compatible; Googlebot/2.1; +http://www.google.com/bot.html)"
66.249.71.102 - - [23/Nov/2024:11:37:25 +0800] "GET /wp-content/themes/twentyseventeen/assets/fonts/font-libre-franklin.css?ver=20230328 HTTP/1.1" 200 4861 "https://www.lubegard.com.tw/complete-synthetic-cvt/" "Mozilla/5.0 (Linux; Android 6.0.1; Nexus 5X Build/MMB29P) AppleWebKit/537.36 (KHTML, like Gecko) Chrome/131.0.6778.69 Mobile Safari/537.36 (compatible; Googlebot/2.1; +http://www.google.com/bot.html)"
220.135.127.108 - - [23/Nov/2024:11:40:00 +0800] "POST /wp-cron.php?doing_wp_cron=1732333200.5430819988250732421875 HTTP/1.1" 200 4075 "-" "WordPress/6.7.1; https://www.lubegard.com.tw"
192.0.91.177 - - [23/Nov/2024:11:40:00 +0800] "HEAD / HTTP/1.1" 200 4156 "-" "jetmon/1.0 (Jetpack Site Uptime Monitor by WordPress.com)"
220.135.127.108 - - [23/Nov/2024:11:45:02 +0800] "POST /wp-cron.php?doing_wp_cron=1732333502.3358280658721923828125 HTTP/1.1" 200 4043 "-" "WordPress/6.7.1; https://www.lubegard.com.tw"
192.0.91.177 - - [23/Nov/2024:11:45:02 +0800] "HEAD / HTTP/1.1" 200 4156 "-" "jetmon/1.0 (Jetpack Site Uptime Monitor by WordPress.com)"
220.135.127.108 - - [23/Nov/2024:11:50:00 +0800] "POST /wp-cron.php?doing_wp_cron=1732333800.6482748985290527343750 HTTP/1.1" 200 4043 "-" "WordPress/6.7.1; https://www.lubegard.com.tw"
192.0.91.177 - - [23/Nov/2024:11:50:00 +0800] "HEAD / HTTP/1.1" 200 4156 "-" "jetmon/1.0 (Jetpack Site Uptime Monitor by WordPress.com)"
65.2.137.208 - - [23/Nov/2024:11:50:41 +0800] "GET / HTTP/1.1" 301 574 "-" "Mozilla/5.0 (Windows NT 10.0; Win64; x64) AppleWebKit/537.36 (KHTML, like Gecko) Chrome/80.0.3987.149 Safari/537.36"
220.135.127.108 - - [23/Nov/2024:11:50:42 +0800] "POST /wp-cron.php?doing_wp_cron=1732333842.7716100215911865234375 HTTP/1.1" 200 4043 "-" "WordPress/6.7.1; https://www.lubegard.com.tw"
65.2.137.208 - - [23/Nov/2024:11:50:42 +0800] "GET / HTTP/1.1" 301 3598 "-" "Mozilla/5.0 (Windows NT 10.0; Win64; x64) AppleWebKit/537.36 (KHTML, like Gecko) Chrome/80.0.3987.149 Safari/537.36"
220.135.127.108 - - [23/Nov/2024:11:50:44 +0800] "POST /wp-cron.php?doing_wp_cron=1732333844.3300759792327880859375 HTTP/1.1" 200 4043 "-" "WordPress/6.7.1; https://www.lubegard.com.tw"
65.2.137.208 - - [23/Nov/2024:11:50:44 +0800] "GET //wp-includes/wlwmanifest.xml HTTP/1.1" 301 3718 "-" "Mozilla/5.0 (Windows NT 10.0; Win64; x64) AppleWebKit/537.36 (KHTML, like Gecko) Chrome/80.0.3987.149 Safari/537.36"
65.2.137.208 - - [23/Nov/2024:11:50:44 +0800] "GET //xmlrpc.php?rsd HTTP/1.1" 200 1084 "-" "Mozilla/5.0 (Windows NT 10.0; Win64; x64) AppleWebKit/537.36 (KHTML, like Gecko) Chrome/80.0.3987.149 Safari/537.36"
65.2.137.208 - - [23/Nov/2024:11:50:45 +0800] "GET //?author=1 HTTP/1.1" 404 74959 "-" "Mozilla/5.0 (Windows NT 10.0; Win64; x64) AppleWebKit/537.36 (KHTML, like Gecko) Chrome/80.0.3987.149 Safari/537.36"
65.2.137.208 - - [23/Nov/2024:11:50:45 +0800] "GET //?author=2 HTTP/1.1" 404 74959 "-" "Mozilla/5.0 (Windows NT 10.0; Win64; x64) AppleWebKit/537.36 (KHTML, like Gecko) Chrome/80.0.3987.149 Safari/537.36"
65.2.137.208 - - [23/Nov/2024:11:50:46 +0800] "GET //wp-json/wp/v2/users/ HTTP/1.1" 401 683 "-" "Mozilla/5.0 (Windows NT 10.0; Win64; x64) AppleWebKit/537.36 (KHTML, like Gecko) Chrome/80.0.3987.149 Safari/537.36"
65.2.137.208 - - [23/Nov/2024:11:50:46 +0800] "GET //wp-json/oembed/1.0/embed?url=https://www.lubegard.com.tw/ HTTP/1.1" 200 3380 "-" "Mozilla/5.0 (Windows NT 10.0; Win64; x64) AppleWebKit/537.36 (KHTML, like Gecko) Chrome/80.0.3987.149 Safari/537.36"
65.2.137.208 - - [23/Nov/2024:11:50:46 +0800] "POST //xmlrpc.php HTTP/1.1" 200 653 "-" "Mozilla/5.0 (Windows NT 10.0; Win64; x64) AppleWebKit/537.36 (KHTML, like Gecko) Chrome/80.0.3987.149 Safari/537.36"
65.2.137.208 - - [23/Nov/2024:11:50:48 +0800] "POST //xmlrpc.php HTTP/1.1" 200 4067 "-" "Mozilla/5.0 (Windows NT 10.0; Win64; x64) AppleWebKit/537.36 (KHTML, like Gecko) Chrome/80.0.3987.149 Safari/537.36"
65.2.137.208 - - [23/Nov/2024:11:50:50 +0800] "POST //xmlrpc.php HTTP/1.1" 200 3938 "-" "Mozilla/5.0 (Windows NT 10.0; Win64; x64) AppleWebKit/537.36 (KHTML, like Gecko) Chrome/80.0.3987.149 Safari/537.36"
65.2.137.208 - - [23/Nov/2024:11:50:51 +0800] "POST //xmlrpc.php HTTP/1.1" 200 4067 "-" "Mozilla/5.0 (Windows NT 10.0; Win64; x64) AppleWebKit/537.36 (KHTML, like Gecko) Chrome/80.0.3987.149 Safari/537.36"
65.2.137.208 - - [23/Nov/2024:11:50:52 +0800] "POST //xmlrpc.php HTTP/1.1" 200 4067 "-" "Mozilla/5.0 (Windows NT 10.0; Win64; x64) AppleWebKit/537.36 (KHTML, like Gecko) Chrome/80.0.3987.149 Safari/537.36"
220.135.127.108 - - [23/Nov/2024:11:50:53 +0800] "POST /wp-cron.php?doing_wp_cron=1732333853.4314179420471191406250 HTTP/1.1" 200 4043 "-" "WordPress/6.7.1; https://www.lubegard.com.tw"
65.2.137.208 - - [23/Nov/2024:11:50:53 +0800] "POST //xmlrpc.php HTTP/1.1" 200 4067 "-" "Mozilla/5.0 (Windows NT 10.0; Win64; x64) AppleWebKit/537.36 (KHTML, like Gecko) Chrome/80.0.3987.149 Safari/537.36"
65.2.137.208 - - [23/Nov/2024:11:50:54 +0800] "POST //xmlrpc.php HTTP/1.1" 200 4067 "-" "Mozilla/5.0 (Windows NT 10.0; Win64; x64) AppleWebKit/537.36 (KHTML, like Gecko) Chrome/80.0.3987.149 Safari/537.36"
65.2.137.208 - - [23/Nov/2024:11:50:55 +0800] "POST //xmlrpc.php HTTP/1.1" 200 4067 "-" "Mozilla/5.0 (Windows NT 10.0; Win64; x64) AppleWebKit/537.36 (KHTML, like Gecko) Chrome/80.0.3987.149 Safari/537.36"
65.2.137.208 - - [23/Nov/2024:11:50:56 +0800] "POST //xmlrpc.php HTTP/1.1" 200 4067 "-" "Mozilla/5.0 (Windows NT 10.0; Win64; x64) AppleWebKit/537.36 (KHTML, like Gecko) Chrome/80.0.3987.149 Safari/537.36"
65.2.137.208 - - [23/Nov/2024:11:50:57 +0800] "POST //xmlrpc.php HTTP/1.1" 200 4067 "-" "Mozilla/5.0 (Windows NT 10.0; Win64; x64) AppleWebKit/537.36 (KHTML, like Gecko) Chrome/80.0.3987.149 Safari/537.36"
65.2.137.208 - - [23/Nov/2024:11:50:58 +0800] "POST //xmlrpc.php HTTP/1.1" 200 4067 "-" "Mozilla/5.0 (Windows NT 10.0; Win64; x64) AppleWebKit/537.36 (KHTML, like Gecko) Chrome/80.0.3987.149 Safari/537.36"
65.2.137.208 - - [23/Nov/2024:11:51:00 +0800] "POST //xmlrpc.php HTTP/1.1" 200 4067 "-" "Mozilla/5.0 (Windows NT 10.0; Win64; x64) AppleWebKit/537.36 (KHTML, like Gecko) Chrome/80.0.3987.149 Safari/537.36"
65.2.137.208 - - [23/Nov/2024:11:51:01 +0800] "POST //xmlrpc.php HTTP/1.1" 200 4067 "-" "Mozilla/5.0 (Windows NT 10.0; Win64; x64) AppleWebKit/537.36 (KHTML, like Gecko) Chrome/80.0.3987.149 Safari/537.36"
65.2.137.208 - - [23/Nov/2024:11:51:02 +0800] "POST //xmlrpc.php HTTP/1.1" 200 4067 "-" "Mozilla/5.0 (Windows NT 10.0; Win64; x64) AppleWebKit/537.36 (KHTML, like Gecko) Chrome/80.0.3987.149 Safari/537.36"
220.135.127.108 - - [23/Nov/2024:11:51:03 +0800] "POST /wp-cron.php?doing_wp_cron=1732333863.4145829677581787109375 HTTP/1.1" 200 4059 "-" "WordPress/6.7.1; https://www.lubegard.com.tw"
65.2.137.208 - - [23/Nov/2024:11:51:03 +0800] "POST //xmlrpc.php HTTP/1.1" 200 4067 "-" "Mozilla/5.0 (Windows NT 10.0; Win64; x64) AppleWebKit/537.36 (KHTML, like Gecko) Chrome/80.0.3987.149 Safari/537.36"
65.2.137.208 - - [23/Nov/2024:11:51:04 +0800] "POST //xmlrpc.php HTTP/1.1" 200 4067 "-" "Mozilla/5.0 (Windows NT 10.0; Win64; x64) AppleWebKit/537.36 (KHTML, like Gecko) Chrome/80.0.3987.149 Safari/537.36"
65.2.137.208 - - [23/Nov/2024:11:51:05 +0800] "POST //xmlrpc.php HTTP/1.1" 200 4067 "-" "Mozilla/5.0 (Windows NT 10.0; Win64; x64) AppleWebKit/537.36 (KHTML, like Gecko) Chrome/80.0.3987.149 Safari/537.36"
65.2.137.208 - - [23/Nov/2024:11:51:06 +0800] "POST //xmlrpc.php HTTP/1.1" 200 4067 "-" "Mozilla/5.0 (Windows NT 10.0; Win64; x64) AppleWebKit/537.36 (KHTML, like Gecko) Chrome/80.0.3987.149 Safari/537.36"
65.2.137.208 - - [23/Nov/2024:11:51:07 +0800] "POST //xmlrpc.php HTTP/1.1" 200 4067 "-" "Mozilla/5.0 (Windows NT 10.0; Win64; x64) AppleWebKit/537.36 (KHTML, like Gecko) Chrome/80.0.3987.149 Safari/537.36"
65.2.137.208 - - [23/Nov/2024:11:51:08 +0800] "POST //xmlrpc.php HTTP/1.1" 200 4067 "-" "Mozilla/5.0 (Windows NT 10.0; Win64; x64) AppleWebKit/537.36 (KHTML, like Gecko) Chrome/80.0.3987.149 Safari/537.36"
65.2.137.208 - - [23/Nov/2024:11:51:09 +0800] "POST //xmlrpc.php HTTP/1.1" 200 4067 "-" "Mozilla/5.0 (Windows NT 10.0; Win64; x64) AppleWebKit/537.36 (KHTML, like Gecko) Chrome/80.0.3987.149 Safari/537.36"
65.2.137.208 - - [23/Nov/2024:11:51:10 +0800] "POST //xmlrpc.php HTTP/1.1" 200 4067 "-" "Mozilla/5.0 (Windows NT 10.0; Win64; x64) AppleWebKit/537.36 (KHTML, like Gecko) Chrome/80.0.3987.149 Safari/537.36"
65.2.137.208 - - [23/Nov/2024:11:51:12 +0800] "POST //xmlrpc.php HTTP/1.1" 200 4067 "-" "Mozilla/5.0 (Windows NT 10.0; Win64; x64) AppleWebKit/537.36 (KHTML, like Gecko) Chrome/80.0.3987.149 Safari/537.36"
220.135.127.108 - - [23/Nov/2024:11:51:13 +0800] "POST /wp-cron.php?doing_wp_cron=1732333873.2184169292449951171875 HTTP/1.1" 200 4059 "-" "WordPress/6.7.1; https://www.lubegard.com.tw"
65.2.137.208 - - [23/Nov/2024:11:51:13 +0800] "POST //xmlrpc.php HTTP/1.1" 200 4067 "-" "Mozilla/5.0 (Windows NT 10.0; Win64; x64) AppleWebKit/537.36 (KHTML, like Gecko) Chrome/80.0.3987.149 Safari/537.36"
65.2.137.208 - - [23/Nov/2024:11:51:14 +0800] "POST //xmlrpc.php HTTP/1.1" 200 4067 "-" "Mozilla/5.0 (Windows NT 10.0; Win64; x64) AppleWebKit/537.36 (KHTML, like Gecko) Chrome/80.0.3987.149 Safari/537.36"
65.2.137.208 - - [23/Nov/2024:11:51:15 +0800] "POST //xmlrpc.php HTTP/1.1" 200 4067 "-" "Mozilla/5.0 (Windows NT 10.0; Win64; x64) AppleWebKit/537.36 (KHTML, like Gecko) Chrome/80.0.3987.149 Safari/537.36"
65.2.137.208 - - [23/Nov/2024:11:51:16 +0800] "POST //xmlrpc.php HTTP/1.1" 200 4067 "-" "Mozilla/5.0 (Windows NT 10.0; Win64; x64) AppleWebKit/537.36 (KHTML, like Gecko) Chrome/80.0.3987.149 Safari/537.36"
65.2.137.208 - - [23/Nov/2024:11:51:17 +0800] "POST //xmlrpc.php HTTP/1.1" 200 4067 "-" "Mozilla/5.0 (Windows NT 10.0; Win64; x64) AppleWebKit/537.36 (KHTML, like Gecko) Chrome/80.0.3987.149 Safari/537.36"
65.2.137.208 - - [23/Nov/2024:11:51:18 +0800] "POST //xmlrpc.php HTTP/1.1" 200 4067 "-" "Mozilla/5.0 (Windows NT 10.0; Win64; x64) AppleWebKit/537.36 (KHTML, like Gecko) Chrome/80.0.3987.149 Safari/537.36"
65.2.137.208 - - [23/Nov/2024:11:51:19 +0800] "POST //xmlrpc.php HTTP/1.1" 200 4067 "-" "Mozilla/5.0 (Windows NT 10.0; Win64; x64) AppleWebKit/537.36 (KHTML, like Gecko) Chrome/80.0.3987.149 Safari/537.36"
65.2.137.208 - - [23/Nov/2024:11:51:20 +0800] "POST //xmlrpc.php HTTP/1.1" 200 4067 "-" "Mozilla/5.0 (Windows NT 10.0; Win64; x64) AppleWebKit/537.36 (KHTML, like Gecko) Chrome/80.0.3987.149 Safari/537.36"
65.2.137.208 - - [23/Nov/2024:11:51:21 +0800] "POST //xmlrpc.php HTTP/1.1" 200 4067 "-" "Mozilla/5.0 (Windows NT 10.0; Win64; x64) AppleWebKit/537.36 (KHTML, like Gecko) Chrome/80.0.3987.149 Safari/537.36"
220.135.127.108 - - [23/Nov/2024:11:51:23 +0800] "POST /wp-cron.php?doing_wp_cron=1732333883.0431311130523681640625 HTTP/1.1" 200 4059 "-" "WordPress/6.7.1; https://www.lubegard.com.tw"
65.2.137.208 - - [23/Nov/2024:11:51:22 +0800] "POST //xmlrpc.php HTTP/1.1" 200 4067 "-" "Mozilla/5.0 (Windows NT 10.0; Win64; x64) AppleWebKit/537.36 (KHTML, like Gecko) Chrome/80.0.3987.149 Safari/537.36"
65.2.137.208 - - [23/Nov/2024:11:51:24 +0800] "POST //xmlrpc.php HTTP/1.1" 200 4067 "-" "Mozilla/5.0 (Windows NT 10.0; Win64; x64) AppleWebKit/537.36 (KHTML, like Gecko) Chrome/80.0.3987.149 Safari/537.36"
65.2.137.208 - - [23/Nov/2024:11:51:25 +0800] "POST //xmlrpc.php HTTP/1.1" 200 4067 "-" "Mozilla/5.0 (Windows NT 10.0; Win64; x64) AppleWebKit/537.36 (KHTML, like Gecko) Chrome/80.0.3987.149 Safari/537.36"
65.2.137.208 - - [23/Nov/2024:11:51:26 +0800] "POST //xmlrpc.php HTTP/1.1" 200 4067 "-" "Mozilla/5.0 (Windows NT 10.0; Win64; x64) AppleWebKit/537.36 (KHTML, like Gecko) Chrome/80.0.3987.149 Safari/537.36"
65.2.137.208 - - [23/Nov/2024:11:51:27 +0800] "POST //xmlrpc.php HTTP/1.1" 200 4067 "-" "Mozilla/5.0 (Windows NT 10.0; Win64; x64) AppleWebKit/537.36 (KHTML, like Gecko) Chrome/80.0.3987.149 Safari/537.36"
65.2.137.208 - - [23/Nov/2024:11:51:28 +0800] "POST //xmlrpc.php HTTP/1.1" 200 4067 "-" "Mozilla/5.0 (Windows NT 10.0; Win64; x64) AppleWebKit/537.36 (KHTML, like Gecko) Chrome/80.0.3987.149 Safari/537.36"
65.2.137.208 - - [23/Nov/2024:11:51:29 +0800] "POST //xmlrpc.php HTTP/1.1" 200 4067 "-" "Mozilla/5.0 (Windows NT 10.0; Win64; x64) AppleWebKit/537.36 (KHTML, like Gecko) Chrome/80.0.3987.149 Safari/537.36"
65.2.137.208 - - [23/Nov/2024:11:51:30 +0800] "POST //xmlrpc.php HTTP/1.1" 200 4067 "-" "Mozilla/5.0 (Windows NT 10.0; Win64; x64) AppleWebKit/537.36 (KHTML, like Gecko) Chrome/80.0.3987.149 Safari/537.36"
65.2.137.208 - - [23/Nov/2024:11:51:31 +0800] "POST //xmlrpc.php HTTP/1.1" 200 4067 "-" "Mozilla/5.0 (Windows NT 10.0; Win64; x64) AppleWebKit/537.36 (KHTML, like Gecko) Chrome/80.0.3987.149 Safari/537.36"
65.2.137.208 - - [23/Nov/2024:11:51:32 +0800] "POST //xmlrpc.php HTTP/1.1" 200 4067 "-" "Mozilla/5.0 (Windows NT 10.0; Win64; x64) AppleWebKit/537.36 (KHTML, like Gecko) Chrome/80.0.3987.149 Safari/537.36"
220.135.127.108 - - [23/Nov/2024:11:51:34 +0800] "POST /wp-cron.php?doing_wp_cron=1732333893.9858770370483398437500 HTTP/1.1" 200 4075 "-" "WordPress/6.7.1; https://www.lubegard.com.tw"
65.2.137.208 - - [23/Nov/2024:11:51:33 +0800] "POST //xmlrpc.php HTTP/1.1" 200 4067 "-" "Mozilla/5.0 (Windows NT 10.0; Win64; x64) AppleWebKit/537.36 (KHTML, like Gecko) Chrome/80.0.3987.149 Safari/537.36"
65.2.137.208 - - [23/Nov/2024:11:51:35 +0800] "POST //xmlrpc.php HTTP/1.1" 200 4067 "-" "Mozilla/5.0 (Windows NT 10.0; Win64; x64) AppleWebKit/537.36 (KHTML, like Gecko) Chrome/80.0.3987.149 Safari/537.36"
65.2.137.208 - - [23/Nov/2024:11:51:36 +0800] "POST //xmlrpc.php HTTP/1.1" 200 4067 "-" "Mozilla/5.0 (Windows NT 10.0; Win64; x64) AppleWebKit/537.36 (KHTML, like Gecko) Chrome/80.0.3987.149 Safari/537.36"
65.2.137.208 - - [23/Nov/2024:11:51:37 +0800] "POST //xmlrpc.php HTTP/1.1" 200 4067 "-" "Mozilla/5.0 (Windows NT 10.0; Win64; x64) AppleWebKit/537.36 (KHTML, like Gecko) Chrome/80.0.3987.149 Safari/537.36"
65.2.137.208 - - [23/Nov/2024:11:51:38 +0800] "POST //xmlrpc.php HTTP/1.1" 200 4067 "-" "Mozilla/5.0 (Windows NT 10.0; Win64; x64) AppleWebKit/537.36 (KHTML, like Gecko) Chrome/80.0.3987.149 Safari/537.36"
65.2.137.208 - - [23/Nov/2024:11:51:39 +0800] "POST //xmlrpc.php HTTP/1.1" 200 4067 "-" "Mozilla/5.0 (Windows NT 10.0; Win64; x64) AppleWebKit/537.36 (KHTML, like Gecko) Chrome/80.0.3987.149 Safari/537.36"
65.2.137.208 - - [23/Nov/2024:11:51:40 +0800] "POST //xmlrpc.php HTTP/1.1" 200 4067 "-" "Mozilla/5.0 (Windows NT 10.0; Win64; x64) AppleWebKit/537.36 (KHTML, like Gecko) Chrome/80.0.3987.149 Safari/537.36"
65.2.137.208 - - [23/Nov/2024:11:51:41 +0800] "POST //xmlrpc.php HTTP/1.1" 200 4067 "-" "Mozilla/5.0 (Windows NT 10.0; Win64; x64) AppleWebKit/537.36 (KHTML, like Gecko) Chrome/80.0.3987.149 Safari/537.36"
65.2.137.208 - - [23/Nov/2024:11:51:42 +0800] "POST //xmlrpc.php HTTP/1.1" 200 4067 "-" "Mozilla/5.0 (Windows NT 10.0; Win64; x64) AppleWebKit/537.36 (KHTML, like Gecko) Chrome/80.0.3987.149 Safari/537.36"
220.135.127.108 - - [23/Nov/2024:11:51:43 +0800] "POST /wp-cron.php?doing_wp_cron=1732333903.9000370502471923828125 HTTP/1.1" 200 4075 "-" "WordPress/6.7.1; https://www.lubegard.com.tw"
65.2.137.208 - - [23/Nov/2024:11:51:43 +0800] "POST //xmlrpc.php HTTP/1.1" 200 4067 "-" "Mozilla/5.0 (Windows NT 10.0; Win64; x64) AppleWebKit/537.36 (KHTML, like Gecko) Chrome/80.0.3987.149 Safari/537.36"
65.2.137.208 - - [23/Nov/2024:11:51:45 +0800] "POST //xmlrpc.php HTTP/1.1" 200 4067 "-" "Mozilla/5.0 (Windows NT 10.0; Win64; x64) AppleWebKit/537.36 (KHTML, like Gecko) Chrome/80.0.3987.149 Safari/537.36"
65.2.137.208 - - [23/Nov/2024:11:51:46 +0800] "POST //xmlrpc.php HTTP/1.1" 200 4067 "-" "Mozilla/5.0 (Windows NT 10.0; Win64; x64) AppleWebKit/537.36 (KHTML, like Gecko) Chrome/80.0.3987.149 Safari/537.36"
65.2.137.208 - - [23/Nov/2024:11:51:47 +0800] "POST //xmlrpc.php HTTP/1.1" 200 4067 "-" "Mozilla/5.0 (Windows NT 10.0; Win64; x64) AppleWebKit/537.36 (KHTML, like Gecko) Chrome/80.0.3987.149 Safari/537.36"
65.2.137.208 - - [23/Nov/2024:11:51:48 +0800] "POST //xmlrpc.php HTTP/1.1" 200 4067 "-" "Mozilla/5.0 (Windows NT 10.0; Win64; x64) AppleWebKit/537.36 (KHTML, like Gecko) Chrome/80.0.3987.149 Safari/537.36"
65.2.137.208 - - [23/Nov/2024:11:51:49 +0800] "POST //xmlrpc.php HTTP/1.1" 200 4067 "-" "Mozilla/5.0 (Windows NT 10.0; Win64; x64) AppleWebKit/537.36 (KHTML, like Gecko) Chrome/80.0.3987.149 Safari/537.36"
65.2.137.208 - - [23/Nov/2024:11:51:50 +0800] "POST //xmlrpc.php HTTP/1.1" 200 4067 "-" "Mozilla/5.0 (Windows NT 10.0; Win64; x64) AppleWebKit/537.36 (KHTML, like Gecko) Chrome/80.0.3987.149 Safari/537.36"
65.2.137.208 - - [23/Nov/2024:11:51:51 +0800] "POST //xmlrpc.php HTTP/1.1" 200 4067 "-" "Mozilla/5.0 (Windows NT 10.0; Win64; x64) AppleWebKit/537.36 (KHTML, like Gecko) Chrome/80.0.3987.149 Safari/537.36"
65.2.137.208 - - [23/Nov/2024:11:51:52 +0800] "POST //xmlrpc.php HTTP/1.1" 200 4067 "-" "Mozilla/5.0 (Windows NT 10.0; Win64; x64) AppleWebKit/537.36 (KHTML, like Gecko) Chrome/80.0.3987.149 Safari/537.36"
220.135.127.108 - - [23/Nov/2024:11:51:53 +0800] "POST /wp-cron.php?doing_wp_cron=1732333913.8564999103546142578125 HTTP/1.1" 200 4075 "-" "WordPress/6.7.1; https://www.lubegard.com.tw"
65.2.137.208 - - [23/Nov/2024:11:51:53 +0800] "POST //xmlrpc.php HTTP/1.1" 200 4067 "-" "Mozilla/5.0 (Windows NT 10.0; Win64; x64) AppleWebKit/537.36 (KHTML, like Gecko) Chrome/80.0.3987.149 Safari/537.36"
65.2.137.208 - - [23/Nov/2024:11:51:54 +0800] "POST //xmlrpc.php HTTP/1.1" 200 4067 "-" "Mozilla/5.0 (Windows NT 10.0; Win64; x64) AppleWebKit/537.36 (KHTML, like Gecko) Chrome/80.0.3987.149 Safari/537.36"
65.2.137.208 - - [23/Nov/2024:11:51:56 +0800] "POST //xmlrpc.php HTTP/1.1" 200 4067 "-" "Mozilla/5.0 (Windows NT 10.0; Win64; x64) AppleWebKit/537.36 (KHTML, like Gecko) Chrome/80.0.3987.149 Safari/537.36"
65.2.137.208 - - [23/Nov/2024:11:51:57 +0800] "POST //xmlrpc.php HTTP/1.1" 200 4067 "-" "Mozilla/5.0 (Windows NT 10.0; Win64; x64) AppleWebKit/537.36 (KHTML, like Gecko) Chrome/80.0.3987.149 Safari/537.36"
65.2.137.208 - - [23/Nov/2024:11:51:58 +0800] "POST //xmlrpc.php HTTP/1.1" 200 4067 "-" "Mozilla/5.0 (Windows NT 10.0; Win64; x64) AppleWebKit/537.36 (KHTML, like Gecko) Chrome/80.0.3987.149 Safari/537.36"
65.2.137.208 - - [23/Nov/2024:11:51:59 +0800] "POST //xmlrpc.php HTTP/1.1" 200 4067 "-" "Mozilla/5.0 (Windows NT 10.0; Win64; x64) AppleWebKit/537.36 (KHTML, like Gecko) Chrome/80.0.3987.149 Safari/537.36"
65.2.137.208 - - [23/Nov/2024:11:52:00 +0800] "POST //xmlrpc.php HTTP/1.1" 200 4067 "-" "Mozilla/5.0 (Windows NT 10.0; Win64; x64) AppleWebKit/537.36 (KHTML, like Gecko) Chrome/80.0.3987.149 Safari/537.36"
65.2.137.208 - - [23/Nov/2024:11:52:01 +0800] "POST //xmlrpc.php HTTP/1.1" 200 4067 "-" "Mozilla/5.0 (Windows NT 10.0; Win64; x64) AppleWebKit/537.36 (KHTML, like Gecko) Chrome/80.0.3987.149 Safari/537.36"
65.2.137.208 - - [23/Nov/2024:11:52:02 +0800] "POST //xmlrpc.php HTTP/1.1" 200 4067 "-" "Mozilla/5.0 (Windows NT 10.0; Win64; x64) AppleWebKit/537.36 (KHTML, like Gecko) Chrome/80.0.3987.149 Safari/537.36"
220.135.127.108 - - [23/Nov/2024:11:52:03 +0800] "POST /wp-cron.php?doing_wp_cron=1732333923.8095510005950927734375 HTTP/1.1" 200 4043 "-" "WordPress/6.7.1; https://www.lubegard.com.tw"
65.2.137.208 - - [23/Nov/2024:11:52:03 +0800] "POST //xmlrpc.php HTTP/1.1" 200 4067 "-" "Mozilla/5.0 (Windows NT 10.0; Win64; x64) AppleWebKit/537.36 (KHTML, like Gecko) Chrome/80.0.3987.149 Safari/537.36"
65.2.137.208 - - [23/Nov/2024:11:52:04 +0800] "POST //xmlrpc.php HTTP/1.1" 200 4067 "-" "Mozilla/5.0 (Windows NT 10.0; Win64; x64) AppleWebKit/537.36 (KHTML, like Gecko) Chrome/80.0.3987.149 Safari/537.36"
65.2.137.208 - - [23/Nov/2024:11:52:05 +0800] "POST //xmlrpc.php HTTP/1.1" 200 4067 "-" "Mozilla/5.0 (Windows NT 10.0; Win64; x64) AppleWebKit/537.36 (KHTML, like Gecko) Chrome/80.0.3987.149 Safari/537.36"
65.2.137.208 - - [23/Nov/2024:11:52:07 +0800] "POST //xmlrpc.php HTTP/1.1" 200 4067 "-" "Mozilla/5.0 (Windows NT 10.0; Win64; x64) AppleWebKit/537.36 (KHTML, like Gecko) Chrome/80.0.3987.149 Safari/537.36"
65.2.137.208 - - [23/Nov/2024:11:52:08 +0800] "POST //xmlrpc.php HTTP/1.1" 200 4067 "-" "Mozilla/5.0 (Windows NT 10.0; Win64; x64) AppleWebKit/537.36 (KHTML, like Gecko) Chrome/80.0.3987.149 Safari/537.36"
65.2.137.208 - - [23/Nov/2024:11:52:09 +0800] "POST //xmlrpc.php HTTP/1.1" 200 4067 "-" "Mozilla/5.0 (Windows NT 10.0; Win64; x64) AppleWebKit/537.36 (KHTML, like Gecko) Chrome/80.0.3987.149 Safari/537.36"
65.2.137.208 - - [23/Nov/2024:11:52:10 +0800] "POST //xmlrpc.php HTTP/1.1" 200 4067 "-" "Mozilla/5.0 (Windows NT 10.0; Win64; x64) AppleWebKit/537.36 (KHTML, like Gecko) Chrome/80.0.3987.149 Safari/537.36"
65.2.137.208 - - [23/Nov/2024:11:52:11 +0800] "POST //xmlrpc.php HTTP/1.1" 200 4067 "-" "Mozilla/5.0 (Windows NT 10.0; Win64; x64) AppleWebKit/537.36 (KHTML, like Gecko) Chrome/80.0.3987.149 Safari/537.36"
65.2.137.208 - - [23/Nov/2024:11:52:12 +0800] "POST //xmlrpc.php HTTP/1.1" 200 4067 "-" "Mozilla/5.0 (Windows NT 10.0; Win64; x64) AppleWebKit/537.36 (KHTML, like Gecko) Chrome/80.0.3987.149 Safari/537.36"
220.135.127.108 - - [23/Nov/2024:11:52:13 +0800] "POST /wp-cron.php?doing_wp_cron=1732333933.6646189689636230468750 HTTP/1.1" 200 4059 "-" "WordPress/6.7.1; https://www.lubegard.com.tw"
65.2.137.208 - - [23/Nov/2024:11:52:13 +0800] "POST //xmlrpc.php HTTP/1.1" 200 4067 "-" "Mozilla/5.0 (Windows NT 10.0; Win64; x64) AppleWebKit/537.36 (KHTML, like Gecko) Chrome/80.0.3987.149 Safari/537.36"
65.2.137.208 - - [23/Nov/2024:11:52:14 +0800] "POST //xmlrpc.php HTTP/1.1" 200 4067 "-" "Mozilla/5.0 (Windows NT 10.0; Win64; x64) AppleWebKit/537.36 (KHTML, like Gecko) Chrome/80.0.3987.149 Safari/537.36"
65.2.137.208 - - [23/Nov/2024:11:52:15 +0800] "POST //xmlrpc.php HTTP/1.1" 200 4067 "-" "Mozilla/5.0 (Windows NT 10.0; Win64; x64) AppleWebKit/537.36 (KHTML, like Gecko) Chrome/80.0.3987.149 Safari/537.36"
65.2.137.208 - - [23/Nov/2024:11:52:16 +0800] "POST //xmlrpc.php HTTP/1.1" 200 4067 "-" "Mozilla/5.0 (Windows NT 10.0; Win64; x64) AppleWebKit/537.36 (KHTML, like Gecko) Chrome/80.0.3987.149 Safari/537.36"
65.2.137.208 - - [23/Nov/2024:11:52:18 +0800] "POST //xmlrpc.php HTTP/1.1" 200 4067 "-" "Mozilla/5.0 (Windows NT 10.0; Win64; x64) AppleWebKit/537.36 (KHTML, like Gecko) Chrome/80.0.3987.149 Safari/537.36"
65.2.137.208 - - [23/Nov/2024:11:52:19 +0800] "POST //xmlrpc.php HTTP/1.1" 200 4067 "-" "Mozilla/5.0 (Windows NT 10.0; Win64; x64) AppleWebKit/537.36 (KHTML, like Gecko) Chrome/80.0.3987.149 Safari/537.36"
65.2.137.208 - - [23/Nov/2024:11:52:20 +0800] "POST //xmlrpc.php HTTP/1.1" 200 4067 "-" "Mozilla/5.0 (Windows NT 10.0; Win64; x64) AppleWebKit/537.36 (KHTML, like Gecko) Chrome/80.0.3987.149 Safari/537.36"
65.2.137.208 - - [23/Nov/2024:11:52:21 +0800] "POST //xmlrpc.php HTTP/1.1" 200 4067 "-" "Mozilla/5.0 (Windows NT 10.0; Win64; x64) AppleWebKit/537.36 (KHTML, like Gecko) Chrome/80.0.3987.149 Safari/537.36"
65.2.137.208 - - [23/Nov/2024:11:52:22 +0800] "POST //xmlrpc.php HTTP/1.1" 200 4067 "-" "Mozilla/5.0 (Windows NT 10.0; Win64; x64) AppleWebKit/537.36 (KHTML, like Gecko) Chrome/80.0.3987.149 Safari/537.36"
220.135.127.108 - - [23/Nov/2024:11:52:23 +0800] "POST /wp-cron.php?doing_wp_cron=1732333943.5157039165496826171875 HTTP/1.1" 200 4059 "-" "WordPress/6.7.1; https://www.lubegard.com.tw"
65.2.137.208 - - [23/Nov/2024:11:52:23 +0800] "POST //xmlrpc.php HTTP/1.1" 200 4067 "-" "Mozilla/5.0 (Windows NT 10.0; Win64; x64) AppleWebKit/537.36 (KHTML, like Gecko) Chrome/80.0.3987.149 Safari/537.36"
65.2.137.208 - - [23/Nov/2024:11:52:24 +0800] "POST //xmlrpc.php HTTP/1.1" 200 4067 "-" "Mozilla/5.0 (Windows NT 10.0; Win64; x64) AppleWebKit/537.36 (KHTML, like Gecko) Chrome/80.0.3987.149 Safari/537.36"
65.2.137.208 - - [23/Nov/2024:11:52:25 +0800] "POST //xmlrpc.php HTTP/1.1" 200 4067 "-" "Mozilla/5.0 (Windows NT 10.0; Win64; x64) AppleWebKit/537.36 (KHTML, like Gecko) Chrome/80.0.3987.149 Safari/537.36"
65.2.137.208 - - [23/Nov/2024:11:52:26 +0800] "POST //xmlrpc.php HTTP/1.1" 200 4067 "-" "Mozilla/5.0 (Windows NT 10.0; Win64; x64) AppleWebKit/537.36 (KHTML, like Gecko) Chrome/80.0.3987.149 Safari/537.36"
65.2.137.208 - - [23/Nov/2024:11:52:27 +0800] "POST //xmlrpc.php HTTP/1.1" 200 4067 "-" "Mozilla/5.0 (Windows NT 10.0; Win64; x64) AppleWebKit/537.36 (KHTML, like Gecko) Chrome/80.0.3987.149 Safari/537.36"
65.2.137.208 - - [23/Nov/2024:11:52:28 +0800] "POST //xmlrpc.php HTTP/1.1" 200 4067 "-" "Mozilla/5.0 (Windows NT 10.0; Win64; x64) AppleWebKit/537.36 (KHTML, like Gecko) Chrome/80.0.3987.149 Safari/537.36"
65.2.137.208 - - [23/Nov/2024:11:52:30 +0800] "POST //xmlrpc.php HTTP/1.1" 200 4067 "-" "Mozilla/5.0 (Windows NT 10.0; Win64; x64) AppleWebKit/537.36 (KHTML, like Gecko) Chrome/80.0.3987.149 Safari/537.36"
65.2.137.208 - - [23/Nov/2024:11:52:31 +0800] "POST //xmlrpc.php HTTP/1.1" 200 4067 "-" "Mozilla/5.0 (Windows NT 10.0; Win64; x64) AppleWebKit/537.36 (KHTML, like Gecko) Chrome/80.0.3987.149 Safari/537.36"
65.2.137.208 - - [23/Nov/2024:11:52:32 +0800] "POST //xmlrpc.php HTTP/1.1" 200 4067 "-" "Mozilla/5.0 (Windows NT 10.0; Win64; x64) AppleWebKit/537.36 (KHTML, like Gecko) Chrome/80.0.3987.149 Safari/537.36"
220.135.127.108 - - [23/Nov/2024:11:52:33 +0800] "POST /wp-cron.php?doing_wp_cron=1732333953.3770139217376708984375 HTTP/1.1" 200 4059 "-" "WordPress/6.7.1; https://www.lubegard.com.tw"
65.2.137.208 - - [23/Nov/2024:11:52:33 +0800] "POST //xmlrpc.php HTTP/1.1" 200 4067 "-" "Mozilla/5.0 (Windows NT 10.0; Win64; x64) AppleWebKit/537.36 (KHTML, like Gecko) Chrome/80.0.3987.149 Safari/537.36"
65.2.137.208 - - [23/Nov/2024:11:52:34 +0800] "POST //xmlrpc.php HTTP/1.1" 200 4067 "-" "Mozilla/5.0 (Windows NT 10.0; Win64; x64) AppleWebKit/537.36 (KHTML, like Gecko) Chrome/80.0.3987.149 Safari/537.36"
65.2.137.208 - - [23/Nov/2024:11:52:35 +0800] "POST //xmlrpc.php HTTP/1.1" 200 4067 "-" "Mozilla/5.0 (Windows NT 10.0; Win64; x64) AppleWebKit/537.36 (KHTML, like Gecko) Chrome/80.0.3987.149 Safari/537.36"
65.2.137.208 - - [23/Nov/2024:11:52:36 +0800] "POST //xmlrpc.php HTTP/1.1" 200 4067 "-" "Mozilla/5.0 (Windows NT 10.0; Win64; x64) AppleWebKit/537.36 (KHTML, like Gecko) Chrome/80.0.3987.149 Safari/537.36"
65.2.137.208 - - [23/Nov/2024:11:52:37 +0800] "POST //xmlrpc.php HTTP/1.1" 200 4067 "-" "Mozilla/5.0 (Windows NT 10.0; Win64; x64) AppleWebKit/537.36 (KHTML, like Gecko) Chrome/80.0.3987.149 Safari/537.36"
65.2.137.208 - - [23/Nov/2024:11:52:38 +0800] "POST //xmlrpc.php HTTP/1.1" 200 4067 "-" "Mozilla/5.0 (Windows NT 10.0; Win64; x64) AppleWebKit/537.36 (KHTML, like Gecko) Chrome/80.0.3987.149 Safari/537.36"
65.2.137.208 - - [23/Nov/2024:11:52:39 +0800] "POST //xmlrpc.php HTTP/1.1" 200 4067 "-" "Mozilla/5.0 (Windows NT 10.0; Win64; x64) AppleWebKit/537.36 (KHTML, like Gecko) Chrome/80.0.3987.149 Safari/537.36"
65.2.137.208 - - [23/Nov/2024:11:52:41 +0800] "POST //xmlrpc.php HTTP/1.1" 200 4067 "-" "Mozilla/5.0 (Windows NT 10.0; Win64; x64) AppleWebKit/537.36 (KHTML, like Gecko) Chrome/80.0.3987.149 Safari/537.36"
65.2.137.208 - - [23/Nov/2024:11:52:42 +0800] "POST //xmlrpc.php HTTP/1.1" 200 4067 "-" "Mozilla/5.0 (Windows NT 10.0; Win64; x64) AppleWebKit/537.36 (KHTML, like Gecko) Chrome/80.0.3987.149 Safari/537.36"
220.135.127.108 - - [23/Nov/2024:11:52:43 +0800] "POST /wp-cron.php?doing_wp_cron=1732333963.2572031021118164062500 HTTP/1.1" 200 4059 "-" "WordPress/6.7.1; https://www.lubegard.com.tw"
65.2.137.208 - - [23/Nov/2024:11:52:43 +0800] "POST //xmlrpc.php HTTP/1.1" 200 4067 "-" "Mozilla/5.0 (Windows NT 10.0; Win64; x64) AppleWebKit/537.36 (KHTML, like Gecko) Chrome/80.0.3987.149 Safari/537.36"
220.135.127.108 - - [23/Nov/2024:11:52:44 +0800] "POST /wp-cron.php?doing_wp_cron=1732333964.4501230716705322265625 HTTP/1.1" 200 4075 "-" "WordPress/6.7.1; https://www.lubegard.com.tw"
65.2.137.208 - - [23/Nov/2024:11:52:44 +0800] "POST //xmlrpc.php HTTP/1.1" 200 4067 "-" "Mozilla/5.0 (Windows NT 10.0; Win64; x64) AppleWebKit/537.36 (KHTML, like Gecko) Chrome/80.0.3987.149 Safari/537.36"
65.2.137.208 - - [23/Nov/2024:11:52:45 +0800] "POST //xmlrpc.php HTTP/1.1" 200 4067 "-" "Mozilla/5.0 (Windows NT 10.0; Win64; x64) AppleWebKit/537.36 (KHTML, like Gecko) Chrome/80.0.3987.149 Safari/537.36"
65.2.137.208 - - [23/Nov/2024:11:52:46 +0800] "POST //xmlrpc.php HTTP/1.1" 200 4067 "-" "Mozilla/5.0 (Windows NT 10.0; Win64; x64) AppleWebKit/537.36 (KHTML, like Gecko) Chrome/80.0.3987.149 Safari/537.36"
65.2.137.208 - - [23/Nov/2024:11:52:47 +0800] "POST //xmlrpc.php HTTP/1.1" 200 4067 "-" "Mozilla/5.0 (Windows NT 10.0; Win64; x64) AppleWebKit/537.36 (KHTML, like Gecko) Chrome/80.0.3987.149 Safari/537.36"
65.2.137.208 - - [23/Nov/2024:11:52:48 +0800] "POST //xmlrpc.php HTTP/1.1" 200 4067 "-" "Mozilla/5.0 (Windows NT 10.0; Win64; x64) AppleWebKit/537.36 (KHTML, like Gecko) Chrome/80.0.3987.149 Safari/537.36"
65.2.137.208 - - [23/Nov/2024:11:52:49 +0800] "POST //xmlrpc.php HTTP/1.1" 200 4067 "-" "Mozilla/5.0 (Windows NT 10.0; Win64; x64) AppleWebKit/537.36 (KHTML, like Gecko) Chrome/80.0.3987.149 Safari/537.36"
65.2.137.208 - - [23/Nov/2024:11:52:50 +0800] "POST //xmlrpc.php HTTP/1.1" 200 4067 "-" "Mozilla/5.0 (Windows NT 10.0; Win64; x64) AppleWebKit/537.36 (KHTML, like Gecko) Chrome/80.0.3987.149 Safari/537.36"
65.2.137.208 - - [23/Nov/2024:11:52:52 +0800] "POST //xmlrpc.php HTTP/1.1" 200 4067 "-" "Mozilla/5.0 (Windows NT 10.0; Win64; x64) AppleWebKit/537.36 (KHTML, like Gecko) Chrome/80.0.3987.149 Safari/537.36"
220.135.127.108 - - [23/Nov/2024:11:52:53 +0800] "POST /wp-cron.php?doing_wp_cron=1732333973.2391080856323242187500 HTTP/1.1" 200 4043 "-" "WordPress/6.7.1; https://www.lubegard.com.tw"
65.2.137.208 - - [23/Nov/2024:11:52:53 +0800] "POST //xmlrpc.php HTTP/1.1" 200 4067 "-" "Mozilla/5.0 (Windows NT 10.0; Win64; x64) AppleWebKit/537.36 (KHTML, like Gecko) Chrome/80.0.3987.149 Safari/537.36"
65.2.137.208 - - [23/Nov/2024:11:52:54 +0800] "POST //xmlrpc.php HTTP/1.1" 200 4067 "-" "Mozilla/5.0 (Windows NT 10.0; Win64; x64) AppleWebKit/537.36 (KHTML, like Gecko) Chrome/80.0.3987.149 Safari/537.36"
65.2.137.208 - - [23/Nov/2024:11:52:55 +0800] "POST //xmlrpc.php HTTP/1.1" 200 4067 "-" "Mozilla/5.0 (Windows NT 10.0; Win64; x64) AppleWebKit/537.36 (KHTML, like Gecko) Chrome/80.0.3987.149 Safari/537.36"
65.2.137.208 - - [23/Nov/2024:11:52:56 +0800] "POST //xmlrpc.php HTTP/1.1" 200 4067 "-" "Mozilla/5.0 (Windows NT 10.0; Win64; x64) AppleWebKit/537.36 (KHTML, like Gecko) Chrome/80.0.3987.149 Safari/537.36"
65.2.137.208 - - [23/Nov/2024:11:52:57 +0800] "POST //xmlrpc.php HTTP/1.1" 200 4067 "-" "Mozilla/5.0 (Windows NT 10.0; Win64; x64) AppleWebKit/537.36 (KHTML, like Gecko) Chrome/80.0.3987.149 Safari/537.36"
65.2.137.208 - - [23/Nov/2024:11:52:58 +0800] "POST //xmlrpc.php HTTP/1.1" 200 4067 "-" "Mozilla/5.0 (Windows NT 10.0; Win64; x64) AppleWebKit/537.36 (KHTML, like Gecko) Chrome/80.0.3987.149 Safari/537.36"
65.2.137.208 - - [23/Nov/2024:11:52:59 +0800] "POST //xmlrpc.php HTTP/1.1" 200 4067 "-" "Mozilla/5.0 (Windows NT 10.0; Win64; x64) AppleWebKit/537.36 (KHTML, like Gecko) Chrome/80.0.3987.149 Safari/537.36"
65.2.137.208 - - [23/Nov/2024:11:53:00 +0800] "POST //xmlrpc.php HTTP/1.1" 200 4067 "-" "Mozilla/5.0 (Windows NT 10.0; Win64; x64) AppleWebKit/537.36 (KHTML, like Gecko) Chrome/80.0.3987.149 Safari/537.36"
65.2.137.208 - - [23/Nov/2024:11:53:01 +0800] "POST //xmlrpc.php HTTP/1.1" 200 4067 "-" "Mozilla/5.0 (Windows NT 10.0; Win64; x64) AppleWebKit/537.36 (KHTML, like Gecko) Chrome/80.0.3987.149 Safari/537.36"
220.135.127.108 - - [23/Nov/2024:11:53:03 +0800] "POST /wp-cron.php?doing_wp_cron=1732333983.0501890182495117187500 HTTP/1.1" 200 4043 "-" "WordPress/6.7.1; https://www.lubegard.com.tw"
65.2.137.208 - - [23/Nov/2024:11:53:02 +0800] "POST //xmlrpc.php HTTP/1.1" 200 4067 "-" "Mozilla/5.0 (Windows NT 10.0; Win64; x64) AppleWebKit/537.36 (KHTML, like Gecko) Chrome/80.0.3987.149 Safari/537.36"
65.2.137.208 - - [23/Nov/2024:11:53:04 +0800] "POST //xmlrpc.php HTTP/1.1" 200 4067 "-" "Mozilla/5.0 (Windows NT 10.0; Win64; x64) AppleWebKit/537.36 (KHTML, like Gecko) Chrome/80.0.3987.149 Safari/537.36"
65.2.137.208 - - [23/Nov/2024:11:53:05 +0800] "POST //xmlrpc.php HTTP/1.1" 200 4067 "-" "Mozilla/5.0 (Windows NT 10.0; Win64; x64) AppleWebKit/537.36 (KHTML, like Gecko) Chrome/80.0.3987.149 Safari/537.36"
65.2.137.208 - - [23/Nov/2024:11:53:06 +0800] "POST //xmlrpc.php HTTP/1.1" 200 4067 "-" "Mozilla/5.0 (Windows NT 10.0; Win64; x64) AppleWebKit/537.36 (KHTML, like Gecko) Chrome/80.0.3987.149 Safari/537.36"
65.2.137.208 - - [23/Nov/2024:11:53:07 +0800] "POST //xmlrpc.php HTTP/1.1" 200 4067 "-" "Mozilla/5.0 (Windows NT 10.0; Win64; x64) AppleWebKit/537.36 (KHTML, like Gecko) Chrome/80.0.3987.149 Safari/537.36"
65.2.137.208 - - [23/Nov/2024:11:53:08 +0800] "POST //xmlrpc.php HTTP/1.1" 200 4067 "-" "Mozilla/5.0 (Windows NT 10.0; Win64; x64) AppleWebKit/537.36 (KHTML, like Gecko) Chrome/80.0.3987.149 Safari/537.36"
65.2.137.208 - - [23/Nov/2024:11:53:09 +0800] "POST //xmlrpc.php HTTP/1.1" 200 4067 "-" "Mozilla/5.0 (Windows NT 10.0; Win64; x64) AppleWebKit/537.36 (KHTML, like Gecko) Chrome/80.0.3987.149 Safari/537.36"
65.2.137.208 - - [23/Nov/2024:11:53:10 +0800] "POST //xmlrpc.php HTTP/1.1" 200 4067 "-" "Mozilla/5.0 (Windows NT 10.0; Win64; x64) AppleWebKit/537.36 (KHTML, like Gecko) Chrome/80.0.3987.149 Safari/537.36"
65.2.137.208 - - [23/Nov/2024:11:53:11 +0800] "POST //xmlrpc.php HTTP/1.1" 200 4067 "-" "Mozilla/5.0 (Windows NT 10.0; Win64; x64) AppleWebKit/537.36 (KHTML, like Gecko) Chrome/80.0.3987.149 Safari/537.36"
65.2.137.208 - - [23/Nov/2024:11:53:12 +0800] "POST //xmlrpc.php HTTP/1.1" 200 4067 "-" "Mozilla/5.0 (Windows NT 10.0; Win64; x64) AppleWebKit/537.36 (KHTML, like Gecko) Chrome/80.0.3987.149 Safari/537.36"
220.135.127.108 - - [23/Nov/2024:11:53:14 +0800] "POST /wp-cron.php?doing_wp_cron=1732333994.0421199798583984375000 HTTP/1.1" 200 4043 "-" "WordPress/6.7.1; https://www.lubegard.com.tw"
65.2.137.208 - - [23/Nov/2024:11:53:13 +0800] "POST //xmlrpc.php HTTP/1.1" 200 4067 "-" "Mozilla/5.0 (Windows NT 10.0; Win64; x64) AppleWebKit/537.36 (KHTML, like Gecko) Chrome/80.0.3987.149 Safari/537.36"
65.2.137.208 - - [23/Nov/2024:11:53:15 +0800] "POST //xmlrpc.php HTTP/1.1" 200 4067 "-" "Mozilla/5.0 (Windows NT 10.0; Win64; x64) AppleWebKit/537.36 (KHTML, like Gecko) Chrome/80.0.3987.149 Safari/537.36"
65.2.137.208 - - [23/Nov/2024:11:53:16 +0800] "POST //xmlrpc.php HTTP/1.1" 200 4067 "-" "Mozilla/5.0 (Windows NT 10.0; Win64; x64) AppleWebKit/537.36 (KHTML, like Gecko) Chrome/80.0.3987.149 Safari/537.36"
