64.227.180.236 - - [24/Nov/2024:07:37:17 +0800] "GET /wp-includes/theme-previews.php HTTP/1.1" 301 634 "binance.com" "Mozilla/5.0 (Windows NT 10.0; Win64; x64) AppleWebKit/537.36 (KHTML, like Gecko) Chrome/90.0.4430.85 Safari/537.36"
64.227.180.236 - - [24/Nov/2024:07:37:27 +0800] "GET /wp-includes/theme-previews.php HTTP/1.1" 200 3337 "binance.com" "Mozilla/5.0 (Windows NT 10.0; Win64; x64) AppleWebKit/537.36 (KHTML, like Gecko) Chrome/90.0.4430.85 Safari/537.36"
64.227.180.236 - - [24/Nov/2024:07:37:34 +0800] "GET /wp-includes/theme-templates.php HTTP/1.1" 301 636 "binance.com" "Mozilla/5.0 (Windows NT 10.0; Win64; x64) AppleWebKit/537.36 (KHTML, like Gecko) Chrome/90.0.4430.85 Safari/537.36"
64.227.180.236 - - [24/Nov/2024:07:37:41 +0800] "GET /wp-includes/theme-templates.php HTTP/1.1" 200 3337 "binance.com" "Mozilla/5.0 (Windows NT 10.0; Win64; x64) AppleWebKit/537.36 (KHTML, like Gecko) Chrome/90.0.4430.85 Safari/537.36"
64.227.180.236 - - [24/Nov/2024:07:37:48 +0800] "GET /wp-includes/ID3/ HTTP/1.1" 301 606 "binance.com" "Mozilla/5.0 (Windows NT 10.0; Win64; x64) AppleWebKit/537.36 (KHTML, like Gecko) Chrome/90.0.4430.85 Safari/537.36"
64.227.180.236 - - [24/Nov/2024:07:37:52 +0800] "GET /wp-includes/ID3/ HTTP/1.1" 200 4191 "binance.com" "Mozilla/5.0 (Windows NT 10.0; Win64; x64) AppleWebKit/537.36 (KHTML, like Gecko) Chrome/90.0.4430.85 Safari/537.36"
64.227.180.236 - - [24/Nov/2024:07:37:55 +0800] "GET /wp-includes/ID3/ HTTP/1.1" 301 606 "binance.com" "Mozilla/5.0 (Windows NT 10.0; Win64; x64) AppleWebKit/537.36 (KHTML, like Gecko) Chrome/90.0.4430.85 Safari/537.36"
64.227.180.236 - - [24/Nov/2024:07:37:58 +0800] "GET /wp-includes/ID3/ HTTP/1.1" 200 4191 "binance.com" "Mozilla/5.0 (Windows NT 10.0; Win64; x64) AppleWebKit/537.36 (KHTML, like Gecko) Chrome/90.0.4430.85 Safari/537.36"
64.227.180.236 - - [24/Nov/2024:07:38:03 +0800] "GET /wp-includes/IXR/ HTTP/1.1" 301 606 "binance.com" "Mozilla/5.0 (Windows NT 10.0; Win64; x64) AppleWebKit/537.36 (KHTML, like Gecko) Chrome/90.0.4430.85 Safari/537.36"
64.227.180.236 - - [24/Nov/2024:07:38:09 +0800] "GET /wp-includes/IXR/ HTTP/1.1" 200 4034 "binance.com" "Mozilla/5.0 (Windows NT 10.0; Win64; x64) AppleWebKit/537.36 (KHTML, like Gecko) Chrome/90.0.4430.85 Safari/537.36"
64.227.180.236 - - [24/Nov/2024:07:38:15 +0800] "GET /wp-includes/IXR/ HTTP/1.1" 301 606 "binance.com" "Mozilla/5.0 (Windows NT 10.0; Win64; x64) AppleWebKit/537.36 (KHTML, like Gecko) Chrome/90.0.4430.85 Safari/537.36"
64.227.180.236 - - [24/Nov/2024:07:38:19 +0800] "GET /wp-includes/IXR/ HTTP/1.1" 200 4034 "binance.com" "Mozilla/5.0 (Windows NT 10.0; Win64; x64) AppleWebKit/537.36 (KHTML, like Gecko) Chrome/90.0.4430.85 Safari/537.36"
64.227.180.236 - - [24/Nov/2024:07:38:26 +0800] "GET /wp-includes/PHPMailer/ HTTP/1.1" 301 618 "binance.com" "Mozilla/5.0 (Windows NT 10.0; Win64; x64) AppleWebKit/537.36 (KHTML, like Gecko) Chrome/90.0.4430.85 Safari/537.36"
64.227.180.236 - - [24/Nov/2024:07:38:34 +0800] "GET /wp-includes/PHPMailer/ HTTP/1.1" 200 3893 "binance.com" "Mozilla/5.0 (Windows NT 10.0; Win64; x64) AppleWebKit/537.36 (KHTML, like Gecko) Chrome/90.0.4430.85 Safari/537.36"
64.227.180.236 - - [24/Nov/2024:07:38:40 +0800] "GET /wp-includes/PHPMailer/ HTTP/1.1" 301 618 "binance.com" "Mozilla/5.0 (Windows NT 10.0; Win64; x64) AppleWebKit/537.36 (KHTML, like Gecko) Chrome/90.0.4430.85 Safari/537.36"
64.227.180.236 - - [24/Nov/2024:07:38:44 +0800] "GET /wp-includes/PHPMailer/ HTTP/1.1" 200 3893 "binance.com" "Mozilla/5.0 (Windows NT 10.0; Win64; x64) AppleWebKit/537.36 (KHTML, like Gecko) Chrome/90.0.4430.85 Safari/537.36"
64.227.180.236 - - [24/Nov/2024:07:38:49 +0800] "GET /wp-includes/Text/ HTTP/1.1" 301 608 "binance.com" "Mozilla/5.0 (Windows NT 10.0; Win64; x64) AppleWebKit/537.36 (KHTML, like Gecko) Chrome/90.0.4430.85 Safari/537.36"
64.227.180.236 - - [24/Nov/2024:07:38:53 +0800] "GET /wp-includes/Text/ HTTP/1.1" 200 3903 "binance.com" "Mozilla/5.0 (Windows NT 10.0; Win64; x64) AppleWebKit/537.36 (KHTML, like Gecko) Chrome/90.0.4430.85 Safari/537.36"
64.227.180.236 - - [24/Nov/2024:07:38:56 +0800] "GET /wp-includes/Text/ HTTP/1.1" 301 608 "binance.com" "Mozilla/5.0 (Windows NT 10.0; Win64; x64) AppleWebKit/537.36 (KHTML, like Gecko) Chrome/90.0.4430.85 Safari/537.36"
64.227.180.236 - - [24/Nov/2024:07:39:00 +0800] "GET /wp-includes/Text/ HTTP/1.1" 200 3903 "binance.com" "Mozilla/5.0 (Windows NT 10.0; Win64; x64) AppleWebKit/537.36 (KHTML, like Gecko) Chrome/90.0.4430.85 Safari/537.36"
64.227.180.236 - - [24/Nov/2024:07:39:05 +0800] "GET /wp-includes/Text/Diff/ HTTP/1.1" 301 618 "binance.com" "Mozilla/5.0 (Windows NT 10.0; Win64; x64) AppleWebKit/537.36 (KHTML, like Gecko) Chrome/90.0.4430.85 Safari/537.36"
64.227.180.236 - - [24/Nov/2024:07:39:09 +0800] "GET /wp-includes/Text/Diff/ HTTP/1.1" 200 3905 "binance.com" "Mozilla/5.0 (Windows NT 10.0; Win64; x64) AppleWebKit/537.36 (KHTML, like Gecko) Chrome/90.0.4430.85 Safari/537.36"
64.227.180.236 - - [24/Nov/2024:07:39:14 +0800] "GET /wp-includes/Text/Diff/ HTTP/1.1" 301 618 "binance.com" "Mozilla/5.0 (Windows NT 10.0; Win64; x64) AppleWebKit/537.36 (KHTML, like Gecko) Chrome/90.0.4430.85 Safari/537.36"
64.227.180.236 - - [24/Nov/2024:07:39:18 +0800] "GET /wp-includes/Text/Diff/ HTTP/1.1" 200 3905 "binance.com" "Mozilla/5.0 (Windows NT 10.0; Win64; x64) AppleWebKit/537.36 (KHTML, like Gecko) Chrome/90.0.4430.85 Safari/537.36"
64.227.180.236 - - [24/Nov/2024:07:39:22 +0800] "GET /wp-includes/Text/Diff/Engine/ HTTP/1.1" 301 632 "binance.com" "Mozilla/5.0 (Windows NT 10.0; Win64; x64) AppleWebKit/537.36 (KHTML, like Gecko) Chrome/90.0.4430.85 Safari/537.36"
64.227.180.236 - - [24/Nov/2024:07:39:29 +0800] "GET /wp-includes/Text/Diff/Engine/ HTTP/1.1" 200 3910 "binance.com" "Mozilla/5.0 (Windows NT 10.0; Win64; x64) AppleWebKit/537.36 (KHTML, like Gecko) Chrome/90.0.4430.85 Safari/537.36"
64.227.180.236 - - [24/Nov/2024:07:39:35 +0800] "GET /wp-includes/Text/Diff/Engine/ HTTP/1.1" 301 632 "binance.com" "Mozilla/5.0 (Windows NT 10.0; Win64; x64) AppleWebKit/537.36 (KHTML, like Gecko) Chrome/90.0.4430.85 Safari/537.36"
64.227.180.236 - - [24/Nov/2024:07:39:40 +0800] "GET /wp-includes/Text/Diff/Engine/ HTTP/1.1" 200 3910 "binance.com" "Mozilla/5.0 (Windows NT 10.0; Win64; x64) AppleWebKit/537.36 (KHTML, like Gecko) Chrome/90.0.4430.85 Safari/537.36"
64.227.180.236 - - [24/Nov/2024:07:39:43 +0800] "GET /wp-includes/Text/Diff/Renderer/ HTTP/1.1" 301 636 "binance.com" "Mozilla/5.0 (Windows NT 10.0; Win64; x64) AppleWebKit/537.36 (KHTML, like Gecko) Chrome/90.0.4430.85 Safari/537.36"
64.227.180.236 - - [24/Nov/2024:07:39:48 +0800] "GET /wp-includes/Text/Diff/Renderer/ HTTP/1.1" 200 3864 "binance.com" "Mozilla/5.0 (Windows NT 10.0; Win64; x64) AppleWebKit/537.36 (KHTML, like Gecko) Chrome/90.0.4430.85 Safari/537.36"
64.227.180.236 - - [24/Nov/2024:07:39:54 +0800] "GET /wp-includes/Text/Diff/Renderer/ HTTP/1.1" 301 636 "binance.com" "Mozilla/5.0 (Windows NT 10.0; Win64; x64) AppleWebKit/537.36 (KHTML, like Gecko) Chrome/90.0.4430.85 Safari/537.36"
64.227.180.236 - - [24/Nov/2024:07:39:57 +0800] "GET /wp-includes/Text/Diff/Renderer/ HTTP/1.1" 200 3864 "binance.com" "Mozilla/5.0 (Windows NT 10.0; Win64; x64) AppleWebKit/537.36 (KHTML, like Gecko) Chrome/90.0.4430.85 Safari/537.36"
220.135.127.108 - - [24/Nov/2024:07:39:59 +0800] "POST /wp-cron.php?doing_wp_cron=1732405199.6192400455474853515625 HTTP/1.1" 200 4059 "-" "WordPress/6.7.1; https://www.lubegard.com.tw"
64.227.180.236 - - [24/Nov/2024:07:40:00 +0800] "GET /wp-includes/blocks/ HTTP/1.1" 301 612 "binance.com" "Mozilla/5.0 (Windows NT 10.0; Win64; x64) AppleWebKit/537.36 (KHTML, like Gecko) Chrome/90.0.4430.85 Safari/537.36"
192.0.91.177 - - [24/Nov/2024:07:39:57 +0800] "HEAD / HTTP/1.1" 200 4156 "-" "jetmon/1.0 (Jetpack Site Uptime Monitor by WordPress.com)"
64.227.180.236 - - [24/Nov/2024:07:40:03 +0800] "GET /wp-includes/blocks/ HTTP/1.1" 200 3339 "binance.com" "Mozilla/5.0 (Windows NT 10.0; Win64; x64) AppleWebKit/537.36 (KHTML, like Gecko) Chrome/90.0.4430.85 Safari/537.36"
64.227.180.236 - - [24/Nov/2024:07:40:11 +0800] "GET /wp-includes/pomo/ HTTP/1.1" 301 608 "binance.com" "Mozilla/5.0 (Windows NT 10.0; Win64; x64) AppleWebKit/537.36 (KHTML, like Gecko) Chrome/90.0.4430.85 Safari/537.36"
64.227.180.236 - - [24/Nov/2024:07:40:15 +0800] "GET /wp-includes/pomo/ HTTP/1.1" 200 3960 "binance.com" "Mozilla/5.0 (Windows NT 10.0; Win64; x64) AppleWebKit/537.36 (KHTML, like Gecko) Chrome/90.0.4430.85 Safari/537.36"
64.227.180.236 - - [24/Nov/2024:07:40:19 +0800] "GET /wp-includes/pomo/ HTTP/1.1" 301 608 "binance.com" "Mozilla/5.0 (Windows NT 10.0; Win64; x64) AppleWebKit/537.36 (KHTML, like Gecko) Chrome/90.0.4430.85 Safari/537.36"
64.227.180.236 - - [24/Nov/2024:07:40:24 +0800] "GET /wp-includes/pomo/ HTTP/1.1" 200 3960 "binance.com" "Mozilla/5.0 (Windows NT 10.0; Win64; x64) AppleWebKit/537.36 (KHTML, like Gecko) Chrome/90.0.4430.85 Safari/537.36"
64.227.180.236 - - [24/Nov/2024:07:40:26 +0800] "GET /wp-includes/sitemaps/ HTTP/1.1" 301 616 "binance.com" "Mozilla/5.0 (Windows NT 10.0; Win64; x64) AppleWebKit/537.36 (KHTML, like Gecko) Chrome/90.0.4430.85 Safari/537.36"
64.227.180.236 - - [24/Nov/2024:07:40:31 +0800] "GET /wp-includes/sitemaps/ HTTP/1.1" 200 4010 "binance.com" "Mozilla/5.0 (Windows NT 10.0; Win64; x64) AppleWebKit/537.36 (KHTML, like Gecko) Chrome/90.0.4430.85 Safari/537.36"
64.227.180.236 - - [24/Nov/2024:07:40:34 +0800] "GET /wp-includes/sitemaps/ HTTP/1.1" 301 616 "binance.com" "Mozilla/5.0 (Windows NT 10.0; Win64; x64) AppleWebKit/537.36 (KHTML, like Gecko) Chrome/90.0.4430.85 Safari/537.36"
64.227.180.236 - - [24/Nov/2024:07:40:38 +0800] "GET /wp-includes/sitemaps/ HTTP/1.1" 200 4010 "binance.com" "Mozilla/5.0 (Windows NT 10.0; Win64; x64) AppleWebKit/537.36 (KHTML, like Gecko) Chrome/90.0.4430.85 Safari/537.36"
64.227.180.236 - - [24/Nov/2024:07:40:42 +0800] "GET /wp-includes/sitemaps/providers/ HTTP/1.1" 301 636 "binance.com" "Mozilla/5.0 (Windows NT 10.0; Win64; x64) AppleWebKit/537.36 (KHTML, like Gecko) Chrome/90.0.4430.85 Safari/537.36"
64.227.180.236 - - [24/Nov/2024:07:40:45 +0800] "GET /wp-includes/sitemaps/providers/ HTTP/1.1" 200 3922 "binance.com" "Mozilla/5.0 (Windows NT 10.0; Win64; x64) AppleWebKit/537.36 (KHTML, like Gecko) Chrome/90.0.4430.85 Safari/537.36"
64.227.180.236 - - [24/Nov/2024:07:40:49 +0800] "GET /wp-includes/sitemaps/providers/ HTTP/1.1" 301 636 "binance.com" "Mozilla/5.0 (Windows NT 10.0; Win64; x64) AppleWebKit/537.36 (KHTML, like Gecko) Chrome/90.0.4430.85 Safari/537.36"
64.227.180.236 - - [24/Nov/2024:07:40:53 +0800] "GET /wp-includes/sitemaps/providers/ HTTP/1.1" 200 3922 "binance.com" "Mozilla/5.0 (Windows NT 10.0; Win64; x64) AppleWebKit/537.36 (KHTML, like Gecko) Chrome/90.0.4430.85 Safari/537.36"
64.227.180.236 - - [24/Nov/2024:07:40:57 +0800] "GET /wp-includes/widgets/ HTTP/1.1" 301 614 "binance.com" "Mozilla/5.0 (Windows NT 10.0; Win64; x64) AppleWebKit/537.36 (KHTML, like Gecko) Chrome/90.0.4430.85 Safari/537.36"
64.227.180.236 - - [24/Nov/2024:07:41:01 +0800] "GET /wp-includes/widgets/ HTTP/1.1" 200 4228 "binance.com" "Mozilla/5.0 (Windows NT 10.0; Win64; x64) AppleWebKit/537.36 (KHTML, like Gecko) Chrome/90.0.4430.85 Safari/537.36"
64.227.180.236 - - [24/Nov/2024:07:41:04 +0800] "GET /wp-includes/widgets/ HTTP/1.1" 301 614 "binance.com" "Mozilla/5.0 (Windows NT 10.0; Win64; x64) AppleWebKit/537.36 (KHTML, like Gecko) Chrome/90.0.4430.85 Safari/537.36"
64.227.180.236 - - [24/Nov/2024:07:41:07 +0800] "GET /wp-includes/widgets/ HTTP/1.1" 200 4228 "binance.com" "Mozilla/5.0 (Windows NT 10.0; Win64; x64) AppleWebKit/537.36 (KHTML, like Gecko) Chrome/90.0.4430.85 Safari/537.36"
64.227.180.236 - - [24/Nov/2024:07:41:10 +0800] "GET /wp-includes/widgets/class-wp-widget-block.php HTTP/1.1" 301 664 "binance.com" "Mozilla/5.0 (Windows NT 10.0; Win64; x64) AppleWebKit/537.36 (KHTML, like Gecko) Chrome/90.0.4430.85 Safari/537.36"
64.227.180.236 - - [24/Nov/2024:07:41:14 +0800] "GET /wp-includes/widgets/class-wp-widget-block.php HTTP/1.1" 500 3319 "binance.com" "Mozilla/5.0 (Windows NT 10.0; Win64; x64) AppleWebKit/537.36 (KHTML, like Gecko) Chrome/90.0.4430.85 Safari/537.36"
64.227.180.236 - - [24/Nov/2024:07:41:16 +0800] "GET /wp-includes/css/ HTTP/1.1" 301 606 "binance.com" "Mozilla/5.0 (Windows NT 10.0; Win64; x64) AppleWebKit/537.36 (KHTML, like Gecko) Chrome/90.0.4430.85 Safari/537.36"
64.227.180.236 - - [24/Nov/2024:07:41:19 +0800] "GET /wp-includes/css/ HTTP/1.1" 200 4422 "binance.com" "Mozilla/5.0 (Windows NT 10.0; Win64; x64) AppleWebKit/537.36 (KHTML, like Gecko) Chrome/90.0.4430.85 Safari/537.36"
64.227.180.236 - - [24/Nov/2024:07:41:23 +0800] "GET /wp-includes/css/dist/ HTTP/1.1" 301 616 "binance.com" "Mozilla/5.0 (Windows NT 10.0; Win64; x64) AppleWebKit/537.36 (KHTML, like Gecko) Chrome/90.0.4430.85 Safari/537.36"
64.227.180.236 - - [24/Nov/2024:07:41:25 +0800] "GET /wp-includes/css/dist/ HTTP/1.1" 200 4115 "binance.com" "Mozilla/5.0 (Windows NT 10.0; Win64; x64) AppleWebKit/537.36 (KHTML, like Gecko) Chrome/90.0.4430.85 Safari/537.36"
64.227.180.236 - - [24/Nov/2024:07:41:28 +0800] "GET /wp-includes/fonts/ HTTP/1.1" 301 610 "binance.com" "Mozilla/5.0 (Windows NT 10.0; Win64; x64) AppleWebKit/537.36 (KHTML, like Gecko) Chrome/90.0.4430.85 Safari/537.36"
64.227.180.236 - - [24/Nov/2024:07:41:32 +0800] "GET /wp-includes/fonts/ HTTP/1.1" 200 4036 "binance.com" "Mozilla/5.0 (Windows NT 10.0; Win64; x64) AppleWebKit/537.36 (KHTML, like Gecko) Chrome/90.0.4430.85 Safari/537.36"
64.227.180.236 - - [24/Nov/2024:07:41:37 +0800] "GET /wp-includes/fonts/ HTTP/1.1" 301 610 "binance.com" "Mozilla/5.0 (Windows NT 10.0; Win64; x64) AppleWebKit/537.36 (KHTML, like Gecko) Chrome/90.0.4430.85 Safari/537.36"
64.227.180.236 - - [24/Nov/2024:07:41:41 +0800] "GET /wp-includes/fonts/ HTTP/1.1" 200 4036 "binance.com" "Mozilla/5.0 (Windows NT 10.0; Win64; x64) AppleWebKit/537.36 (KHTML, like Gecko) Chrome/90.0.4430.85 Safari/537.36"
64.227.180.236 - - [24/Nov/2024:07:41:44 +0800] "GET /wp-includes/fonts/class-wp-font-collection.php HTTP/1.1" 301 666 "binance.com" "Mozilla/5.0 (Windows NT 10.0; Win64; x64) AppleWebKit/537.36 (KHTML, like Gecko) Chrome/90.0.4430.85 Safari/537.36"
64.227.180.236 - - [24/Nov/2024:07:41:48 +0800] "GET /wp-includes/fonts/class-wp-font-collection.php HTTP/1.1" 200 3337 "binance.com" "Mozilla/5.0 (Windows NT 10.0; Win64; x64) AppleWebKit/537.36 (KHTML, like Gecko) Chrome/90.0.4430.85 Safari/537.36"
64.227.180.236 - - [24/Nov/2024:07:41:51 +0800] "GET /wp-includes/fonts/class-wp-font-face-resolver.php HTTP/1.1" 301 672 "binance.com" "Mozilla/5.0 (Windows NT 10.0; Win64; x64) AppleWebKit/537.36 (KHTML, like Gecko) Chrome/90.0.4430.85 Safari/537.36"
64.227.180.236 - - [24/Nov/2024:07:41:55 +0800] "GET /wp-includes/fonts/class-wp-font-face-resolver.php HTTP/1.1" 200 3337 "binance.com" "Mozilla/5.0 (Windows NT 10.0; Win64; x64) AppleWebKit/537.36 (KHTML, like Gecko) Chrome/90.0.4430.85 Safari/537.36"
64.227.180.236 - - [24/Nov/2024:07:41:57 +0800] "GET /wp-includes/fonts/class-wp-font-face.php HTTP/1.1" 301 654 "binance.com" "Mozilla/5.0 (Windows NT 10.0; Win64; x64) AppleWebKit/537.36 (KHTML, like Gecko) Chrome/90.0.4430.85 Safari/537.36"
64.227.180.236 - - [24/Nov/2024:07:42:00 +0800] "GET /wp-includes/fonts/class-wp-font-face.php HTTP/1.1" 200 3337 "binance.com" "Mozilla/5.0 (Windows NT 10.0; Win64; x64) AppleWebKit/537.36 (KHTML, like Gecko) Chrome/90.0.4430.85 Safari/537.36"
64.227.180.236 - - [24/Nov/2024:07:42:03 +0800] "GET /wp-includes/fonts/class-wp-font-library.php HTTP/1.1" 301 660 "binance.com" "Mozilla/5.0 (Windows NT 10.0; Win64; x64) AppleWebKit/537.36 (KHTML, like Gecko) Chrome/90.0.4430.85 Safari/537.36"
64.227.180.236 - - [24/Nov/2024:07:42:08 +0800] "GET /wp-includes/fonts/class-wp-font-library.php HTTP/1.1" 200 3337 "binance.com" "Mozilla/5.0 (Windows NT 10.0; Win64; x64) AppleWebKit/537.36 (KHTML, like Gecko) Chrome/90.0.4430.85 Safari/537.36"
64.227.180.236 - - [24/Nov/2024:07:42:12 +0800] "GET /wp-includes/fonts/class-wp-font-utils.php HTTP/1.1" 301 656 "binance.com" "Mozilla/5.0 (Windows NT 10.0; Win64; x64) AppleWebKit/537.36 (KHTML, like Gecko) Chrome/90.0.4430.85 Safari/537.36"
64.227.180.236 - - [24/Nov/2024:07:42:17 +0800] "GET /wp-includes/fonts/class-wp-font-utils.php HTTP/1.1" 200 3337 "binance.com" "Mozilla/5.0 (Windows NT 10.0; Win64; x64) AppleWebKit/537.36 (KHTML, like Gecko) Chrome/90.0.4430.85 Safari/537.36"
64.227.180.236 - - [24/Nov/2024:07:42:21 +0800] "GET /wp-includes/images/ HTTP/1.1" 301 612 "binance.com" "Mozilla/5.0 (Windows NT 10.0; Win64; x64) AppleWebKit/537.36 (KHTML, like Gecko) Chrome/90.0.4430.85 Safari/537.36"
64.227.180.236 - - [24/Nov/2024:07:42:25 +0800] "GET /wp-includes/images/ HTTP/1.1" 200 4256 "binance.com" "Mozilla/5.0 (Windows NT 10.0; Win64; x64) AppleWebKit/537.36 (KHTML, like Gecko) Chrome/90.0.4430.85 Safari/537.36"
64.227.180.236 - - [24/Nov/2024:07:42:27 +0800] "GET /wp-includes/images/crystal/ HTTP/1.1" 301 628 "binance.com" "Mozilla/5.0 (Windows NT 10.0; Win64; x64) AppleWebKit/537.36 (KHTML, like Gecko) Chrome/90.0.4430.85 Safari/537.36"
64.227.180.236 - - [24/Nov/2024:07:42:30 +0800] "GET /wp-includes/images/crystal/ HTTP/1.1" 200 4012 "binance.com" "Mozilla/5.0 (Windows NT 10.0; Win64; x64) AppleWebKit/537.36 (KHTML, like Gecko) Chrome/90.0.4430.85 Safari/537.36"
64.227.180.236 - - [24/Nov/2024:07:42:35 +0800] "GET /wp-includes/images/media/ HTTP/1.1" 301 624 "binance.com" "Mozilla/5.0 (Windows NT 10.0; Win64; x64) AppleWebKit/537.36 (KHTML, like Gecko) Chrome/90.0.4430.85 Safari/537.36"
64.227.180.236 - - [24/Nov/2024:07:42:39 +0800] "GET /wp-includes/images/media/ HTTP/1.1" 200 4098 "binance.com" "Mozilla/5.0 (Windows NT 10.0; Win64; x64) AppleWebKit/537.36 (KHTML, like Gecko) Chrome/90.0.4430.85 Safari/537.36"
64.227.180.236 - - [24/Nov/2024:07:42:42 +0800] "GET /wp-includes/images/smilies/ HTTP/1.1" 301 628 "binance.com" "Mozilla/5.0 (Windows NT 10.0; Win64; x64) AppleWebKit/537.36 (KHTML, like Gecko) Chrome/90.0.4430.85 Safari/537.36"
64.227.180.236 - - [24/Nov/2024:07:42:45 +0800] "GET /wp-includes/images/smilies/ HTTP/1.1" 200 4210 "binance.com" "Mozilla/5.0 (Windows NT 10.0; Win64; x64) AppleWebKit/537.36 (KHTML, like Gecko) Chrome/90.0.4430.85 Safari/537.36"
64.227.180.236 - - [24/Nov/2024:07:42:48 +0800] "GET /wp-includes/images/wlw/ HTTP/1.1" 301 620 "binance.com" "Mozilla/5.0 (Windows NT 10.0; Win64; x64) AppleWebKit/537.36 (KHTML, like Gecko) Chrome/90.0.4430.85 Safari/537.36"
64.227.180.236 - - [24/Nov/2024:07:43:14 +0800] "GET /wp-includes/js/%20 HTTP/1.1" 301 606 "binance.com" "Mozilla/5.0 (Windows NT 10.0; Win64; x64) AppleWebKit/537.36 (KHTML, like Gecko) Chrome/90.0.4430.85 Safari/537.36"
64.227.180.236 - - [24/Nov/2024:07:42:51 +0800] "GET /wp-includes/images/wlw/ HTTP/1.1" 301 3534 "binance.com" "Mozilla/5.0 (Windows NT 10.0; Win64; x64) AppleWebKit/537.36 (KHTML, like Gecko) Chrome/90.0.4430.85 Safari/537.36"
220.135.127.108 - - [24/Nov/2024:07:43:16 +0800] "POST /wp-cron.php?doing_wp_cron=1732405396.2951331138610839843750 HTTP/1.1" 200 4043 "-" "WordPress/6.7.1; https://www.lubegard.com.tw"
64.227.180.236 - - [24/Nov/2024:07:43:19 +0800] "GET /wp-includes/js/ HTTP/1.1" 200 5612 "binance.com" "Mozilla/5.0 (Windows NT 10.0; Win64; x64) AppleWebKit/537.36 (KHTML, like Gecko) Chrome/90.0.4430.85 Safari/537.36"
64.227.180.236 - - [24/Nov/2024:07:43:21 +0800] "GET /wp-includes/js/codemirror/ HTTP/1.1" 301 626 "binance.com" "Mozilla/5.0 (Windows NT 10.0; Win64; x64) AppleWebKit/537.36 (KHTML, like Gecko) Chrome/90.0.4430.85 Safari/537.36"
64.227.180.236 - - [24/Nov/2024:07:43:26 +0800] "GET /wp-includes/js/codemirror/ HTTP/1.1" 200 3976 "binance.com" "Mozilla/5.0 (Windows NT 10.0; Win64; x64) AppleWebKit/537.36 (KHTML, like Gecko) Chrome/90.0.4430.85 Safari/537.36"
64.227.180.236 - - [24/Nov/2024:07:43:41 +0800] "GET /wp-includes/js/plupload/ HTTP/1.1" 301 622 "binance.com" "Mozilla/5.0 (Windows NT 10.0; Win64; x64) AppleWebKit/537.36 (KHTML, like Gecko) Chrome/90.0.4430.85 Safari/537.36"
64.227.180.236 - - [24/Nov/2024:07:43:48 +0800] "GET /wp-includes/js/plupload/ HTTP/1.1" 200 4018 "binance.com" "Mozilla/5.0 (Windows NT 10.0; Win64; x64) AppleWebKit/537.36 (KHTML, like Gecko) Chrome/90.0.4430.85 Safari/537.36"
64.227.180.236 - - [24/Nov/2024:07:43:53 +0800] "GET /.well-known/ HTTP/1.1" 301 598 "binance.com" "Mozilla/5.0 (Windows NT 10.0; Win64; x64) AppleWebKit/537.36 (KHTML, like Gecko) Chrome/90.0.4430.85 Safari/537.36"
220.135.127.108 - - [24/Nov/2024:07:44:00 +0800] "POST /wp-cron.php?doing_wp_cron=1732405440.6010720729827880859375 HTTP/1.1" 200 4075 "-" "WordPress/6.7.1; https://www.lubegard.com.tw"
64.227.180.236 - - [24/Nov/2024:07:43:56 +0800] "GET /.well-known/ HTTP/1.1" 301 3523 "binance.com" "Mozilla/5.0 (Windows NT 10.0; Win64; x64) AppleWebKit/537.36 (KHTML, like Gecko) Chrome/90.0.4430.85 Safari/537.36"
220.135.127.108 - - [24/Nov/2024:07:44:08 +0800] "POST /wp-cron.php?doing_wp_cron=1732405448.9084959030151367187500 HTTP/1.1" 200 4059 "-" "WordPress/6.7.1; https://www.lubegard.com.tw"
64.227.180.236 - - [24/Nov/2024:07:44:06 +0800] "GET /.well-known/ HTTP/1.1" 404 79137 "binance.com" "Mozilla/5.0 (Windows NT 10.0; Win64; x64) AppleWebKit/537.36 (KHTML, like Gecko) Chrome/90.0.4430.85 Safari/537.36"
220.135.127.108 - - [24/Nov/2024:07:45:01 +0800] "POST /wp-cron.php?doing_wp_cron=1732405501.5476639270782470703125 HTTP/1.1" 200 4075 "-" "WordPress/6.7.1; https://www.lubegard.com.tw"
192.0.91.177 - - [24/Nov/2024:07:44:58 +0800] "HEAD / HTTP/1.1" 200 4156 "-" "jetmon/1.0 (Jetpack Site Uptime Monitor by WordPress.com)"
220.135.127.108 - - [24/Nov/2024:07:50:00 +0800] "POST /wp-cron.php?doing_wp_cron=1732405800.6691789627075195312500 HTTP/1.1" 200 4059 "-" "WordPress/6.7.1; https://www.lubegard.com.tw"
192.0.91.177 - - [24/Nov/2024:07:49:58 +0800] "HEAD / HTTP/1.1" 200 4156 "-" "jetmon/1.0 (Jetpack Site Uptime Monitor by WordPress.com)"
192.0.91.177 - - [24/Nov/2024:07:54:58 +0800] "HEAD / HTTP/1.1" 200 4156 "-" "jetmon/1.0 (Jetpack Site Uptime Monitor by WordPress.com)"
220.135.127.108 - - [24/Nov/2024:07:55:06 +0800] "POST /wp-cron.php?doing_wp_cron=1732406104.7388339042663574218750 HTTP/1.1" 200 4075 "-" "WordPress/6.7.1; https://www.lubegard.com.tw"
192.0.91.177 - - [24/Nov/2024:07:59:58 +0800] "HEAD / HTTP/1.1" 200 4156 "-" "jetmon/1.0 (Jetpack Site Uptime Monitor by WordPress.com)"
220.135.127.108 - - [24/Nov/2024:08:00:03 +0800] "POST /wp-cron.php?doing_wp_cron=1732406403.8297300338745117187500 HTTP/1.1" 200 4075 "-" "WordPress/6.7.1; https://www.lubegard.com.tw"
220.135.127.108 - - [24/Nov/2024:08:05:01 +0800] "POST /wp-cron.php?doing_wp_cron=1732406701.7886929512023925781250 HTTP/1.1" 200 4059 "-" "WordPress/6.7.1; https://www.lubegard.com.tw"
192.0.91.177 - - [24/Nov/2024:08:04:57 +0800] "HEAD / HTTP/1.1" 200 4156 "-" "jetmon/1.0 (Jetpack Site Uptime Monitor by WordPress.com)"
220.135.127.108 - - [24/Nov/2024:08:09:59 +0800] "POST /wp-cron.php?doing_wp_cron=1732406999.7889869213104248046875 HTTP/1.1" 200 4059 "-" "WordPress/6.7.1; https://www.lubegard.com.tw"
192.0.91.177 - - [24/Nov/2024:08:09:58 +0800] "HEAD / HTTP/1.1" 200 4156 "-" "jetmon/1.0 (Jetpack Site Uptime Monitor by WordPress.com)"
220.135.127.108 - - [24/Nov/2024:08:14:58 +0800] "POST /wp-cron.php?doing_wp_cron=1732407298.7707030773162841796875 HTTP/1.1" 200 4059 "-" "WordPress/6.7.1; https://www.lubegard.com.tw"
192.0.91.177 - - [24/Nov/2024:08:14:58 +0800] "HEAD / HTTP/1.1" 200 4156 "-" "jetmon/1.0 (Jetpack Site Uptime Monitor by WordPress.com)"
220.135.127.108 - - [24/Nov/2024:08:19:59 +0800] "POST /wp-cron.php?doing_wp_cron=1732407599.4018731117248535156250 HTTP/1.1" 200 4075 "-" "WordPress/6.7.1; https://www.lubegard.com.tw"
192.0.91.177 - - [24/Nov/2024:08:19:58 +0800] "HEAD / HTTP/1.1" 200 4156 "-" "jetmon/1.0 (Jetpack Site Uptime Monitor by WordPress.com)"
220.135.127.108 - - [24/Nov/2024:08:24:58 +0800] "POST /wp-cron.php?doing_wp_cron=1732407898.4079940319061279296875 HTTP/1.1" 200 4043 "-" "WordPress/6.7.1; https://www.lubegard.com.tw"
192.0.91.177 - - [24/Nov/2024:08:24:57 +0800] "HEAD / HTTP/1.1" 200 4156 "-" "jetmon/1.0 (Jetpack Site Uptime Monitor by WordPress.com)"
66.249.79.105 - - [24/Nov/2024:08:27:39 +0800] "GET /robots.txt HTTP/1.1" 301 4047 "-" "Mozilla/5.0 (compatible; Googlebot/2.1; +http://www.google.com/bot.html)"
220.135.127.108 - - [24/Nov/2024:08:28:18 +0800] "POST /wp-cron.php?doing_wp_cron=1732408098.3677830696105957031250 HTTP/1.1" 200 4059 "-" "WordPress/6.7.1; https://www.lubegard.com.tw"
220.135.127.108 - - [24/Nov/2024:08:28:31 +0800] "POST /wp-cron.php?doing_wp_cron=1732408110.2585389614105224609375 HTTP/1.1" 200 4075 "-" "WordPress/6.7.1; https://www.lubegard.com.tw"
66.249.79.5 - - [24/Nov/2024:08:28:21 +0800] "GET /robots.txt HTTP/1.1" 200 4255 "-" "Mozilla/5.0 (compatible; Googlebot/2.1; +http://www.google.com/bot.html)"
220.135.127.108 - - [24/Nov/2024:08:28:53 +0800] "POST /wp-cron.php?doing_wp_cron=1732408133.0657470226287841796875 HTTP/1.1" 200 4043 "-" "WordPress/6.7.1; https://www.lubegard.com.tw"
66.249.79.103 - - [24/Nov/2024:08:28:52 +0800] "GET /ads.txt HTTP/1.1" 301 4153 "-" "Mozilla/5.0 (compatible; Googlebot/2.1; +http://www.google.com/bot.html)"
220.135.127.108 - - [24/Nov/2024:08:29:58 +0800] "POST /wp-cron.php?doing_wp_cron=1732408198.7696180343627929687500 HTTP/1.1" 200 4043 "-" "WordPress/6.7.1; https://www.lubegard.com.tw"
192.0.91.177 - - [24/Nov/2024:08:29:58 +0800] "HEAD / HTTP/1.1" 200 4156 "-" "jetmon/1.0 (Jetpack Site Uptime Monitor by WordPress.com)"
192.0.91.177 - - [24/Nov/2024:08:34:57 +0800] "HEAD / HTTP/1.1" 200 4156 "-" "jetmon/1.0 (Jetpack Site Uptime Monitor by WordPress.com)"
220.135.127.108 - - [24/Nov/2024:08:35:06 +0800] "POST /wp-cron.php?doing_wp_cron=1732408506.3440029621124267578125 HTTP/1.1" 200 4059 "-" "WordPress/6.7.1; https://www.lubegard.com.tw"
192.0.91.177 - - [24/Nov/2024:08:39:57 +0800] "HEAD / HTTP/1.1" 200 4156 "-" "jetmon/1.0 (Jetpack Site Uptime Monitor by WordPress.com)"
220.135.127.108 - - [24/Nov/2024:08:40:05 +0800] "POST /wp-cron.php?doing_wp_cron=1732408804.3169939517974853515625 HTTP/1.1" 200 4075 "-" "WordPress/6.7.1; https://www.lubegard.com.tw"
220.135.127.108 - - [24/Nov/2024:08:44:59 +0800] "POST /wp-cron.php?doing_wp_cron=1732409099.5617830753326416015625 HTTP/1.1" 200 4059 "-" "WordPress/6.7.1; https://www.lubegard.com.tw"
192.0.91.177 - - [24/Nov/2024:08:44:57 +0800] "HEAD / HTTP/1.1" 200 4156 "-" "jetmon/1.0 (Jetpack Site Uptime Monitor by WordPress.com)"
192.0.91.177 - - [24/Nov/2024:08:49:58 +0800] "HEAD / HTTP/1.1" 200 4156 "-" "jetmon/1.0 (Jetpack Site Uptime Monitor by WordPress.com)"
220.135.127.108 - - [24/Nov/2024:08:50:46 +0800] "POST /wp-cron.php?doing_wp_cron=1732409438.9898219108581542968750 HTTP/1.1" 200 4043 "-" "WordPress/6.7.1; https://www.lubegard.com.tw"
220.135.127.108 - - [24/Nov/2024:08:51:22 +0800] "POST /wp-cron.php?doing_wp_cron=1732409482.0492680072784423828125 HTTP/1.1" 200 4059 "-" "WordPress/6.7.1; https://www.lubegard.com.tw"
192.0.91.177 - - [24/Nov/2024:08:51:20 +0800] "HEAD / HTTP/1.1" 200 4156 "-" "jetmon/1.0 (Jetpack Site Uptime Monitor by WordPress.com)"
220.135.127.108 - - [24/Nov/2024:08:54:58 +0800] "POST /wp-cron.php?doing_wp_cron=1732409698.6613979339599609375000 HTTP/1.1" 200 4075 "-" "WordPress/6.7.1; https://www.lubegard.com.tw"
192.0.91.177 - - [24/Nov/2024:08:54:58 +0800] "HEAD / HTTP/1.1" 200 4156 "-" "jetmon/1.0 (Jetpack Site Uptime Monitor by WordPress.com)"
220.135.127.108 - - [24/Nov/2024:08:59:59 +0800] "POST /wp-cron.php?doing_wp_cron=1732409999.4108619689941406250000 HTTP/1.1" 200 4059 "-" "WordPress/6.7.1; https://www.lubegard.com.tw"
192.0.91.177 - - [24/Nov/2024:08:59:58 +0800] "HEAD / HTTP/1.1" 200 4156 "-" "jetmon/1.0 (Jetpack Site Uptime Monitor by WordPress.com)"
220.135.127.108 - - [24/Nov/2024:09:05:11 +0800] "POST /wp-cron.php?doing_wp_cron=1732410311.5986731052398681640625 HTTP/1.1" 200 4059 "-" "WordPress/6.7.1; https://www.lubegard.com.tw"
192.0.91.177 - - [24/Nov/2024:09:05:08 +0800] "HEAD / HTTP/1.1" 200 4156 "-" "jetmon/1.0 (Jetpack Site Uptime Monitor by WordPress.com)"
220.135.127.108 - - [24/Nov/2024:09:10:23 +0800] "POST /wp-cron.php?doing_wp_cron=1732410623.1264500617980957031250 HTTP/1.1" 200 4059 "-" "WordPress/6.7.1; https://www.lubegard.com.tw"
192.0.91.177 - - [24/Nov/2024:09:10:10 +0800] "HEAD / HTTP/1.1" 200 4156 "-" "jetmon/1.0 (Jetpack Site Uptime Monitor by WordPress.com)"
220.135.127.108 - - [24/Nov/2024:09:15:07 +0800] "POST /wp-cron.php?doing_wp_cron=1732410907.9138660430908203125000 HTTP/1.1" 200 4059 "-" "WordPress/6.7.1; https://www.lubegard.com.tw"
192.0.91.177 - - [24/Nov/2024:09:15:06 +0800] "HEAD / HTTP/1.1" 200 4156 "-" "jetmon/1.0 (Jetpack Site Uptime Monitor by WordPress.com)"
208.113.190.81 - - [24/Nov/2024:09:19:58 +0800] "GET /shop/wp-login.php HTTP/1.1" 301 571 "-" "Mozilla/5.0 (X11; Ubuntu; Linux x86_64; rv:62.0) Gecko/20100101 Firefox/62.0"
208.113.190.81 - - [24/Nov/2024:09:20:00 +0800] "GET /shop/wp-login.php HTTP/1.1" 403 20392 "http://lubegard.com.tw/shop/wp-login.php" "Mozilla/5.0 (X11; Ubuntu; Linux x86_64; rv:62.0) Gecko/20100101 Firefox/62.0"
192.0.91.177 - - [24/Nov/2024:09:20:09 +0800] "HEAD / HTTP/1.1" 200 4156 "-" "jetmon/1.0 (Jetpack Site Uptime Monitor by WordPress.com)"
220.135.127.108 - - [24/Nov/2024:09:20:16 +0800] "POST /?wordfence_syncAttackData=1732411216.2955 HTTP/1.1" 200 3987 "-" "WordPress/6.7.1; https://www.lubegard.com.tw"
220.135.127.108 - - [24/Nov/2024:09:20:22 +0800] "POST /wp-cron.php?doing_wp_cron=1732411221.3354299068450927734375 HTTP/1.1" 200 4059 "-" "WordPress/6.7.1; https://www.lubegard.com.tw"
54.217.201.243 - - [24/Nov/2024:09:21:56 +0800] "HEAD / HTTP/1.1" 200 4156 "-" "jetmon/1.0 (Jetpack Site Uptime Monitor by WordPress.com)"
54.232.116.4 - - [24/Nov/2024:09:21:57 +0800] "HEAD / HTTP/1.1" 200 4156 "-" "jetmon/1.0 (Jetpack Site Uptime Monitor by WordPress.com)"
192.0.91.177 - - [24/Nov/2024:09:21:30 +0800] "HEAD / HTTP/1.1" 200 4156 "-" "jetmon/1.0 (Jetpack Site Uptime Monitor by WordPress.com)"
220.135.127.108 - - [24/Nov/2024:09:21:58 +0800] "POST /wp-cron.php?doing_wp_cron=1732411310.1390869617462158203125 HTTP/1.1" 200 4075 "-" "WordPress/6.7.1; https://www.lubegard.com.tw"
192.0.91.177 - - [24/Nov/2024:09:25:08 +0800] "HEAD / HTTP/1.1" 200 4156 "-" "jetmon/1.0 (Jetpack Site Uptime Monitor by WordPress.com)"
104.207.58.76 - - [24/Nov/2024:09:25:25 +0800] "GET /wp-admin/admin-ajax.php?action=wp-gwy HTTP/1.1" 200 4628 "-" "Mozilla/5.0 (Windows NT 6.2) AppleWebKit/537.36 (KHTML, like Gecko) Chrome/33.0.1750.154 Safari/537.36"
156.228.101.149 - - [24/Nov/2024:09:26:02 +0800] "POST /wp-admin/admin-ajax.php?action=wp-gwy HTTP/1.1" 200 134406 "-" "Mozilla/5.0 (Windows NT 6.2) AppleWebKit/537.36 (KHTML, like Gecko) Chrome/33.0.1750.154 Safari/537.36"
220.135.127.108 - - [24/Nov/2024:09:25:45 +0800] "POST /wp-cron.php?doing_wp_cron=1732411541.8277509212493896484375 HTTP/1.1" 200 4075 "-" "WordPress/6.7.1; https://www.lubegard.com.tw"
192.0.91.177 - - [24/Nov/2024:09:26:30 +0800] "HEAD / HTTP/1.1" 200 4156 "-" "jetmon/1.0 (Jetpack Site Uptime Monitor by WordPress.com)"
156.228.84.228 - - [24/Nov/2024:09:26:29 +0800] "POST /wp-admin/admin-ajax.php?action=wp-gwy HTTP/1.1" 200 26559 "-" "Mozilla/5.0 (Windows NT 6.2) AppleWebKit/537.36 (KHTML, like Gecko) Chrome/33.0.1750.154 Safari/537.36"
220.135.127.108 - - [24/Nov/2024:09:26:46 +0800] "POST /wp-cron.php?doing_wp_cron=1732411602.4041459560394287109375 HTTP/1.1" 200 4059 "-" "WordPress/6.7.1; https://www.lubegard.com.tw"
220.135.127.108 - - [24/Nov/2024:09:26:46 +0800] "POST /wp-cron.php?doing_wp_cron=1732411602.3806309700012207031250 HTTP/1.1" 200 4059 "-" "WordPress/6.7.1; https://www.lubegard.com.tw"
154.213.199.98 - - [24/Nov/2024:09:28:20 +0800] "GET /wp-content/plugins/wp-robotics-nonlinear/index.php HTTP/1.1" 200 4156 "-" "Opera/9.80 (Windows NT 6.2; WOW64) Presto/2.12.388 Version/12.17"
192.0.91.177 - - [24/Nov/2024:09:30:11 +0800] "HEAD / HTTP/1.1" 200 4156 "-" "jetmon/1.0 (Jetpack Site Uptime Monitor by WordPress.com)"
220.135.127.108 - - [24/Nov/2024:09:30:21 +0800] "POST /wp-cron.php?doing_wp_cron=1732411820.6784470081329345703125 HTTP/1.1" 200 4043 "-" "WordPress/6.7.1; https://www.lubegard.com.tw"
66.249.79.101 - - [24/Nov/2024:09:34:01 +0800] "GET /robots.txt HTTP/1.1" 301 594 "-" "Mozilla/5.0 (compatible; Googlebot/2.1; +http://www.google.com/bot.html)"
66.249.71.172 - - [24/Nov/2024:09:34:01 +0800] "GET /robots.txt HTTP/1.1" 301 4047 "-" "Mozilla/5.0 (compatible; Googlebot/2.1; +http://www.google.com/bot.html)"
220.135.127.108 - - [24/Nov/2024:09:34:19 +0800] "POST /wp-cron.php?doing_wp_cron=1732412059.6668410301208496093750 HTTP/1.1" 200 4075 "-" "WordPress/6.7.1; https://www.lubegard.com.tw"
66.249.71.96 - - [24/Nov/2024:09:34:27 +0800] "GET /robots.txt HTTP/1.1" 200 4255 "-" "Mozilla/5.0 (compatible; Googlebot/2.1; +http://www.google.com/bot.html)"
192.0.91.177 - - [24/Nov/2024:09:35:08 +0800] "HEAD / HTTP/1.1" 200 4156 "-" "jetmon/1.0 (Jetpack Site Uptime Monitor by WordPress.com)"
220.135.127.108 - - [24/Nov/2024:09:35:24 +0800] "POST /wp-cron.php?doing_wp_cron=1732412122.7875719070434570312500 HTTP/1.1" 200 4059 "-" "WordPress/6.7.1; https://www.lubegard.com.tw"
66.249.79.103 - - [24/Nov/2024:09:38:31 +0800] "GET /ads.txt HTTP/1.1" 301 588 "-" "Mozilla/5.0 (compatible; Googlebot/2.1; +http://www.google.com/bot.html)"
192.0.91.177 - - [24/Nov/2024:09:40:10 +0800] "HEAD / HTTP/1.1" 200 4156 "-" "jetmon/1.0 (Jetpack Site Uptime Monitor by WordPress.com)"
220.135.127.108 - - [24/Nov/2024:09:40:14 +0800] "POST /wp-cron.php?doing_wp_cron=1732412414.7387681007385253906250 HTTP/1.1" 200 4059 "-" "WordPress/6.7.1; https://www.lubegard.com.tw"
192.0.91.177 - - [24/Nov/2024:09:45:05 +0800] "HEAD / HTTP/1.1" 200 4156 "-" "jetmon/1.0 (Jetpack Site Uptime Monitor by WordPress.com)"
220.135.127.108 - - [24/Nov/2024:09:45:13 +0800] "POST /wp-cron.php?doing_wp_cron=1732412712.6883630752563476562500 HTTP/1.1" 200 4059 "-" "WordPress/6.7.1; https://www.lubegard.com.tw"
192.0.91.177 - - [24/Nov/2024:09:50:11 +0800] "HEAD / HTTP/1.1" 200 4156 "-" "jetmon/1.0 (Jetpack Site Uptime Monitor by WordPress.com)"
220.135.127.108 - - [24/Nov/2024:09:50:19 +0800] "POST /wp-cron.php?doing_wp_cron=1732413018.7957050800323486328125 HTTP/1.1" 200 4059 "-" "WordPress/6.7.1; https://www.lubegard.com.tw"
157.55.39.9 - - [24/Nov/2024:09:50:48 +0800] "GET /bio-engine-oil-protectant/ HTTP/1.1" 200 34964 "-" "Mozilla/5.0 AppleWebKit/537.36 (KHTML, like Gecko; compatible; bingbot/2.0; +http://www.bing.com/bingbot.htm) Chrome/116.0.1938.76 Safari/537.36"
220.135.127.108 - - [24/Nov/2024:09:51:03 +0800] "POST /wp-cron.php?doing_wp_cron=1732413062.7650749683380126953125 HTTP/1.1" 200 4043 "-" "WordPress/6.7.1; https://www.lubegard.com.tw"
192.0.91.177 - - [24/Nov/2024:09:55:07 +0800] "HEAD / HTTP/1.1" 200 4156 "-" "jetmon/1.0 (Jetpack Site Uptime Monitor by WordPress.com)"
220.135.127.108 - - [24/Nov/2024:09:55:26 +0800] "POST /wp-cron.php?doing_wp_cron=1732413321.5650279521942138671875 HTTP/1.1" 200 4059 "-" "WordPress/6.7.1; https://www.lubegard.com.tw"
220.135.127.108 - - [24/Nov/2024:09:56:39 +0800] "POST /wp-cron.php?doing_wp_cron=1732413398.5041880607604980468750 HTTP/1.1" 200 4043 "-" "WordPress/6.7.1; https://www.lubegard.com.tw"
192.0.91.177 - - [24/Nov/2024:09:56:31 +0800] "HEAD / HTTP/1.1" 200 4156 "-" "jetmon/1.0 (Jetpack Site Uptime Monitor by WordPress.com)"
192.0.91.177 - - [24/Nov/2024:10:00:07 +0800] "HEAD / HTTP/1.1" 200 4156 "-" "jetmon/1.0 (Jetpack Site Uptime Monitor by WordPress.com)"
220.135.127.108 - - [24/Nov/2024:10:00:18 +0800] "POST /wp-cron.php?doing_wp_cron=1732413616.6418468952178955078125 HTTP/1.1" 200 4043 "-" "WordPress/6.7.1; https://www.lubegard.com.tw"
192.0.91.177 - - [24/Nov/2024:10:05:08 +0800] "HEAD / HTTP/1.1" 200 4156 "-" "jetmon/1.0 (Jetpack Site Uptime Monitor by WordPress.com)"
220.135.127.108 - - [24/Nov/2024:10:05:15 +0800] "POST /wp-cron.php?doing_wp_cron=1732413914.7523040771484375000000 HTTP/1.1" 200 4059 "-" "WordPress/6.7.1; https://www.lubegard.com.tw"
220.135.127.108 - - [24/Nov/2024:10:10:12 +0800] "POST /wp-cron.php?doing_wp_cron=1732414212.7031219005584716796875 HTTP/1.1" 200 4059 "-" "WordPress/6.7.1; https://www.lubegard.com.tw"
192.0.91.177 - - [24/Nov/2024:10:10:10 +0800] "HEAD / HTTP/1.1" 200 4156 "-" "jetmon/1.0 (Jetpack Site Uptime Monitor by WordPress.com)"
220.135.127.108 - - [24/Nov/2024:10:15:07 +0800] "POST /wp-cron.php?doing_wp_cron=1732414507.6544430255889892578125 HTTP/1.1" 200 4075 "-" "WordPress/6.7.1; https://www.lubegard.com.tw"
192.0.91.177 - - [24/Nov/2024:10:15:06 +0800] "HEAD / HTTP/1.1" 200 4156 "-" "jetmon/1.0 (Jetpack Site Uptime Monitor by WordPress.com)"
220.135.127.108 - - [24/Nov/2024:10:20:11 +0800] "POST /wp-cron.php?doing_wp_cron=1732414810.9838020801544189453125 HTTP/1.1" 200 4043 "-" "WordPress/6.7.1; https://www.lubegard.com.tw"
192.0.91.177 - - [24/Nov/2024:10:20:10 +0800] "HEAD / HTTP/1.1" 200 4156 "-" "jetmon/1.0 (Jetpack Site Uptime Monitor by WordPress.com)"
220.135.127.108 - - [24/Nov/2024:10:25:11 +0800] "POST /wp-cron.php?doing_wp_cron=1732415111.8697550296783447265625 HTTP/1.1" 200 4059 "-" "WordPress/6.7.1; https://www.lubegard.com.tw"
192.0.91.177 - - [24/Nov/2024:10:25:07 +0800] "HEAD / HTTP/1.1" 200 4156 "-" "jetmon/1.0 (Jetpack Site Uptime Monitor by WordPress.com)"
220.135.127.108 - - [24/Nov/2024:10:30:16 +0800] "POST /wp-cron.php?doing_wp_cron=1732415416.3037989139556884765625 HTTP/1.1" 200 4059 "-" "WordPress/6.7.1; https://www.lubegard.com.tw"
192.0.91.177 - - [24/Nov/2024:10:30:09 +0800] "HEAD / HTTP/1.1" 200 4156 "-" "jetmon/1.0 (Jetpack Site Uptime Monitor by WordPress.com)"
220.135.127.108 - - [24/Nov/2024:10:35:12 +0800] "POST /wp-cron.php?doing_wp_cron=1732415712.2203319072723388671875 HTTP/1.1" 200 4043 "-" "WordPress/6.7.1; https://www.lubegard.com.tw"
192.0.91.177 - - [24/Nov/2024:10:35:08 +0800] "HEAD / HTTP/1.1" 200 4156 "-" "jetmon/1.0 (Jetpack Site Uptime Monitor by WordPress.com)"
192.0.91.177 - - [24/Nov/2024:10:40:09 +0800] "HEAD / HTTP/1.1" 200 4156 "-" "jetmon/1.0 (Jetpack Site Uptime Monitor by WordPress.com)"
220.135.127.108 - - [24/Nov/2024:10:40:13 +0800] "POST /wp-cron.php?doing_wp_cron=1732416013.5765271186828613281250 HTTP/1.1" 200 4059 "-" "WordPress/6.7.1; https://www.lubegard.com.tw"
192.0.91.177 - - [24/Nov/2024:10:45:07 +0800] "HEAD / HTTP/1.1" 200 4156 "-" "jetmon/1.0 (Jetpack Site Uptime Monitor by WordPress.com)"
220.135.127.108 - - [24/Nov/2024:10:45:14 +0800] "POST /wp-cron.php?doing_wp_cron=1732416312.8546938896179199218750 HTTP/1.1" 200 4059 "-" "WordPress/6.7.1; https://www.lubegard.com.tw"
220.135.127.108 - - [24/Nov/2024:10:50:13 +0800] "POST /wp-cron.php?doing_wp_cron=1732416613.8975760936737060546875 HTTP/1.1" 200 4059 "-" "WordPress/6.7.1; https://www.lubegard.com.tw"
192.0.91.177 - - [24/Nov/2024:10:50:08 +0800] "HEAD / HTTP/1.1" 200 4156 "-" "jetmon/1.0 (Jetpack Site Uptime Monitor by WordPress.com)"
66.249.71.102 - - [24/Nov/2024:10:50:43 +0800] "GET /robots.txt HTTP/1.1" 301 606 "-" "Mozilla/5.0 (compatible; Googlebot/2.1; +http://www.google.com/bot.html)"
220.135.127.108 - - [24/Nov/2024:10:50:45 +0800] "POST /wp-cron.php?doing_wp_cron=1732416644.9894390106201171875000 HTTP/1.1" 200 4043 "-" "WordPress/6.7.1; https://www.lubegard.com.tw"
66.249.79.3 - - [24/Nov/2024:10:50:44 +0800] "GET /robots.txt HTTP/1.1" 200 4255 "-" "Mozilla/5.0 (compatible; Googlebot/2.1; +http://www.google.com/bot.html)"
66.249.71.96 - - [24/Nov/2024:10:52:02 +0800] "GET /?page_id=71 HTTP/1.1" 301 608 "-" "Mozilla/5.0 (Linux; Android 6.0.1; Nexus 5X Build/MMB29P) AppleWebKit/537.36 (KHTML, like Gecko) Chrome/131.0.6778.69 Mobile Safari/537.36 (compatible; Googlebot/2.1; +http://www.google.com/bot.html)"
66.249.79.4 - - [24/Nov/2024:10:53:26 +0800] "GET /?page_id=71 HTTP/1.1" 301 4068 "-" "Mozilla/5.0 (Linux; Android 6.0.1; Nexus 5X Build/MMB29P) AppleWebKit/537.36 (KHTML, like Gecko) Chrome/131.0.6778.69 Mobile Safari/537.36 (compatible; Googlebot/2.1; +http://www.google.com/bot.html)"
220.135.127.108 - - [24/Nov/2024:10:53:32 +0800] "POST /wp-cron.php?doing_wp_cron=1732416810.7196650505065917968750 HTTP/1.1" 200 4059 "-" "WordPress/6.7.1; https://www.lubegard.com.tw"
66.249.71.102 - - [24/Nov/2024:10:54:48 +0800] "GET /atf-protectant/ HTTP/1.1" 200 33699 "-" "Mozilla/5.0 (Linux; Android 6.0.1; Nexus 5X Build/MMB29P) AppleWebKit/537.36 (KHTML, like Gecko) Chrome/131.0.6778.69 Mobile Safari/537.36 (compatible; Googlebot/2.1; +http://www.google.com/bot.html)"
220.135.127.108 - - [24/Nov/2024:10:54:50 +0800] "POST /wp-cron.php?doing_wp_cron=1732416890.9159901142120361328125 HTTP/1.1" 200 4075 "-" "WordPress/6.7.1; https://www.lubegard.com.tw"
220.135.127.108 - - [24/Nov/2024:10:55:08 +0800] "POST /wp-cron.php?doing_wp_cron=1732416908.3149049282073974609375 HTTP/1.1" 200 4059 "-" "WordPress/6.7.1; https://www.lubegard.com.tw"
192.0.91.177 - - [24/Nov/2024:10:55:07 +0800] "HEAD / HTTP/1.1" 200 4156 "-" "jetmon/1.0 (Jetpack Site Uptime Monitor by WordPress.com)"
220.135.127.108 - - [24/Nov/2024:10:58:15 +0800] "POST /wp-cron.php?doing_wp_cron=1732417095.5577859878540039062500 HTTP/1.1" 200 4059 "-" "WordPress/6.7.1; https://www.lubegard.com.tw"
51.8.102.134 - - [24/Nov/2024:10:58:11 +0800] "GET /robots.txt HTTP/1.1" 200 4214 "-" "Mozilla/5.0 AppleWebKit/537.36 (KHTML, like Gecko); compatible; OAI-SearchBot/1.0; +https://openai.com/searchbot"
220.135.127.108 - - [24/Nov/2024:11:00:12 +0800] "POST /wp-cron.php?doing_wp_cron=1732417212.5883610248565673828125 HTTP/1.1" 200 4059 "-" "WordPress/6.7.1; https://www.lubegard.com.tw"
192.0.91.177 - - [24/Nov/2024:11:00:08 +0800] "HEAD / HTTP/1.1" 200 4156 "-" "jetmon/1.0 (Jetpack Site Uptime Monitor by WordPress.com)"
20.171.207.195 - - [24/Nov/2024:11:02:48 +0800] "GET /robots.txt HTTP/1.1" 301 550 "-" "Mozilla/5.0 AppleWebKit/537.36 (KHTML, like Gecko; compatible; GPTBot/1.2; +https://openai.com/gptbot)"
220.135.127.108 - - [24/Nov/2024:11:02:52 +0800] "POST /wp-cron.php?doing_wp_cron=1732417372.5749449729919433593750 HTTP/1.1" 200 4075 "-" "WordPress/6.7.1; https://www.lubegard.com.tw"
20.171.207.195 - - [24/Nov/2024:11:02:48 +0800] "GET /robots.txt HTTP/1.1" 200 4214 "http://www.lubegard.com.tw/robots.txt" "Mozilla/5.0 AppleWebKit/537.36 (KHTML, like Gecko; compatible; GPTBot/1.2; +https://openai.com/gptbot)"
220.135.127.108 - - [24/Nov/2024:11:05:12 +0800] "POST /wp-cron.php?doing_wp_cron=1732417511.1415588855743408203125 HTTP/1.1" 200 4075 "-" "WordPress/6.7.1; https://www.lubegard.com.tw"
192.0.91.177 - - [24/Nov/2024:11:05:07 +0800] "HEAD / HTTP/1.1" 200 4156 "-" "jetmon/1.0 (Jetpack Site Uptime Monitor by WordPress.com)"
220.135.127.108 - - [24/Nov/2024:11:06:34 +0800] "POST /wp-cron.php?doing_wp_cron=1732417594.7367730140686035156250 HTTP/1.1" 200 4059 "-" "WordPress/6.7.1; https://www.lubegard.com.tw"
192.0.91.177 - - [24/Nov/2024:11:06:31 +0800] "HEAD / HTTP/1.1" 200 4156 "-" "jetmon/1.0 (Jetpack Site Uptime Monitor by WordPress.com)"
220.135.127.108 - - [24/Nov/2024:11:10:12 +0800] "POST /wp-cron.php?doing_wp_cron=1732417812.4348270893096923828125 HTTP/1.1" 200 4059 "-" "WordPress/6.7.1; https://www.lubegard.com.tw"
192.0.91.177 - - [24/Nov/2024:11:10:10 +0800] "HEAD / HTTP/1.1" 200 4156 "-" "jetmon/1.0 (Jetpack Site Uptime Monitor by WordPress.com)"
220.135.127.108 - - [24/Nov/2024:11:11:36 +0800] "POST /wp-cron.php?doing_wp_cron=1732417895.8546669483184814453125 HTTP/1.1" 200 4059 "-" "WordPress/6.7.1; https://www.lubegard.com.tw"
45.227.254.34 - - [24/Nov/2024:11:11:32 +0800] "GET / HTTP/1.1" 200 36631 "-" "Mozilla/5.0 (Macintosh; Intel Mac OS X 10_15_7) AppleWebKit/537.36 (KHTML, like Gecko) Chrome/120.0.0.0 Safari/537.36"
220.135.127.108 - - [24/Nov/2024:11:15:08 +0800] "POST /wp-cron.php?doing_wp_cron=1732418108.8036019802093505859375 HTTP/1.1" 200 4059 "-" "WordPress/6.7.1; https://www.lubegard.com.tw"
192.0.91.177 - - [24/Nov/2024:11:15:06 +0800] "HEAD / HTTP/1.1" 200 4156 "-" "jetmon/1.0 (Jetpack Site Uptime Monitor by WordPress.com)"
220.135.127.108 - - [24/Nov/2024:11:20:14 +0800] "POST /wp-cron.php?doing_wp_cron=1732418414.6285259723663330078125 HTTP/1.1" 200 4059 "-" "WordPress/6.7.1; https://www.lubegard.com.tw"
192.0.91.177 - - [24/Nov/2024:11:20:12 +0800] "HEAD / HTTP/1.1" 200 4156 "-" "jetmon/1.0 (Jetpack Site Uptime Monitor by WordPress.com)"
220.135.127.108 - - [24/Nov/2024:11:21:30 +0800] "POST /wp-cron.php?doing_wp_cron=1732418490.8788890838623046875000 HTTP/1.1" 200 4075 "-" "WordPress/6.7.1; https://www.lubegard.com.tw"
66.249.71.102 - - [24/Nov/2024:11:21:30 +0800] "GET /cvt-recharge- HTTP/1.1" 301 4167 "-" "Mozilla/5.0 (Linux; Android 6.0.1; Nexus 5X Build/MMB29P) AppleWebKit/537.36 (KHTML, like Gecko) Chrome/131.0.6778.69 Mobile Safari/537.36 (compatible; Googlebot/2.1; +http://www.google.com/bot.html)"
51.222.253.4 - - [24/Nov/2024:11:23:33 +0800] "GET /author/sysadmin/feed/ HTTP/1.1" 200 8461 "-" "Mozilla/5.0 (compatible; AhrefsBot/7.0; +http://ahrefs.com/robot/)"
220.135.127.108 - - [24/Nov/2024:11:23:36 +0800] "POST /wp-cron.php?doing_wp_cron=1732418616.8229269981384277343750 HTTP/1.1" 200 4043 "-" "WordPress/6.7.1; https://www.lubegard.com.tw"
192.0.91.177 - - [24/Nov/2024:11:25:07 +0800] "HEAD / HTTP/1.1" 200 4156 "-" "jetmon/1.0 (Jetpack Site Uptime Monitor by WordPress.com)"
220.135.127.108 - - [24/Nov/2024:11:25:42 +0800] "POST /wp-cron.php?doing_wp_cron=1732418739.6651279926300048828125 HTTP/1.1" 200 4043 "-" "WordPress/6.7.1; https://www.lubegard.com.tw"
220.135.127.108 - - [24/Nov/2024:11:26:33 +0800] "POST /wp-cron.php?doing_wp_cron=1732418793.8257250785827636718750 HTTP/1.1" 200 4059 "-" "WordPress/6.7.1; https://www.lubegard.com.tw"
192.0.91.177 - - [24/Nov/2024:11:26:31 +0800] "HEAD / HTTP/1.1" 200 4156 "-" "jetmon/1.0 (Jetpack Site Uptime Monitor by WordPress.com)"
220.135.127.108 - - [24/Nov/2024:11:30:14 +0800] "POST /wp-cron.php?doing_wp_cron=1732419014.2053489685058593750000 HTTP/1.1" 200 4075 "-" "WordPress/6.7.1; https://www.lubegard.com.tw"
192.0.91.177 - - [24/Nov/2024:11:30:06 +0800] "HEAD / HTTP/1.1" 200 4156 "-" "jetmon/1.0 (Jetpack Site Uptime Monitor by WordPress.com)"
185.191.171.7 - - [24/Nov/2024:11:30:33 +0800] "GET /robots.txt HTTP/1.1" 200 4218 "-" "Mozilla/5.0 (compatible; SemrushBot/7~bl; +http://www.semrush.com/bot.html)"
185.191.171.7 - - [24/Nov/2024:11:30:41 +0800] "GET /sample-page/ HTTP/1.1" 200 30715 "-" "Mozilla/5.0 (compatible; SemrushBot/7~bl; +http://www.semrush.com/bot.html)"
220.135.127.108 - - [24/Nov/2024:11:30:39 +0800] "POST /wp-cron.php?doing_wp_cron=1732419039.2886919975280761718750 HTTP/1.1" 200 4059 "-" "WordPress/6.7.1; https://www.lubegard.com.tw"
163.23.86.124 - - [24/Nov/2024:11:35:18 +0800] "GET / HTTP/1.1" 200 36720 "https://www.google.com.tw/" "Mozilla/5.0 (iPhone; CPU iPhone OS 17_6_1 like Mac OS X) AppleWebKit/605.1.15 (KHTML, like Gecko) Version/17.6 Mobile/15E148 Safari/604.1"
163.23.86.124 - - [24/Nov/2024:11:35:42 +0800] "GET /wp-content/themes/twentyseventeen/assets/fonts/font-libre-franklin.css?ver=20230328 HTTP/1.1" 200 1113 "https://www.lubegard.com.tw/" "Mozilla/5.0 (iPhone; CPU iPhone OS 17_6_1 like Mac OS X) AppleWebKit/605.1.15 (KHTML, like Gecko) Version/17.6 Mobile/15E148 Safari/604.1"
163.23.86.124 - - [24/Nov/2024:11:35:42 +0800] "GET /wp-content/plugins/w3-total-cache/pub/js/lazyload.min.js HTTP/1.1" 200 2775 "https://www.lubegard.com.tw/" "Mozilla/5.0 (iPhone; CPU iPhone OS 17_6_1 like Mac OS X) AppleWebKit/605.1.15 (KHTML, like Gecko) Version/17.6 Mobile/15E148 Safari/604.1"
163.23.86.124 - - [24/Nov/2024:11:35:42 +0800] "GET /wp-content/themes/twentyseventeen/assets/js/jquery.scrollTo.js?ver=2.1.3 HTTP/1.1" 200 6612 "https://www.lubegard.com.tw/" "Mozilla/5.0 (iPhone; CPU iPhone OS 17_6_1 like Mac OS X) AppleWebKit/605.1.15 (KHTML, like Gecko) Version/17.6 Mobile/15E148 Safari/604.1"
163.23.86.124 - - [24/Nov/2024:11:35:42 +0800] "GET /wp-content/themes/twentyseventeen/assets/js/global.js?ver=20211130 HTTP/1.1" 200 6836 "https://www.lubegard.com.tw/" "Mozilla/5.0 (iPhone; CPU iPhone OS 17_6_1 like Mac OS X) AppleWebKit/605.1.15 (KHTML, like Gecko) Version/17.6 Mobile/15E148 Safari/604.1"
163.23.86.124 - - [24/Nov/2024:11:35:42 +0800] "GET /wp-content/themes/twentyseventeen/style.css?ver=20240402 HTTP/1.1" 200 20132 "https://www.lubegard.com.tw/" "Mozilla/5.0 (iPhone; CPU iPhone OS 17_6_1 like Mac OS X) AppleWebKit/605.1.15 (KHTML, like Gecko) Version/17.6 Mobile/15E148 Safari/604.1"
163.23.86.124 - - [24/Nov/2024:11:35:42 +0800] "GET /wp-content/themes/twentyseventeen/assets/js/navigation.js?ver=20210122 HTTP/1.1" 200 5314 "https://www.lubegard.com.tw/" "Mozilla/5.0 (iPhone; CPU iPhone OS 17_6_1 like Mac OS X) AppleWebKit/605.1.15 (KHTML, like Gecko) Version/17.6 Mobile/15E148 Safari/604.1"
163.23.86.124 - - [24/Nov/2024:11:35:42 +0800] "GET /wp-content/themes/twentyseventeen/assets/css/blocks.css?ver=20220912 HTTP/1.1" 200 6131 "https://www.lubegard.com.tw/" "Mozilla/5.0 (iPhone; CPU iPhone OS 17_6_1 like Mac OS X) AppleWebKit/605.1.15 (KHTML, like Gecko) Version/17.6 Mobile/15E148 Safari/604.1"
220.135.127.108 - - [24/Nov/2024:11:35:32 +0800] "POST /wp-cron.php?doing_wp_cron=1732419327.0130589008331298828125 HTTP/1.1" 200 4075 "-" "WordPress/6.7.1; https://www.lubegard.com.tw"
192.0.91.177 - - [24/Nov/2024:11:35:10 +0800] "HEAD / HTTP/1.1" 200 4156 "-" "jetmon/1.0 (Jetpack Site Uptime Monitor by WordPress.com)"
163.23.86.124 - - [24/Nov/2024:11:35:43 +0800] "POST /?ob=open-bridge/events HTTP/1.1" 200 500 "https://www.lubegard.com.tw/" "Mozilla/5.0 (iPhone; CPU iPhone OS 17_6_1 like Mac OS X) AppleWebKit/605.1.15 (KHTML, like Gecko) Version/17.6 Mobile/15E148 Safari/604.1"
