65.2.137.208 - - [23/Nov/2024:11:53:17 +0800] "POST //xmlrpc.php HTTP/1.1" 200 4067 "-" "Mozilla/5.0 (Windows NT 10.0; Win64; x64) AppleWebKit/537.36 (KHTML, like Gecko) Chrome/80.0.3987.149 Safari/537.36"
65.2.137.208 - - [23/Nov/2024:11:53:18 +0800] "POST //xmlrpc.php HTTP/1.1" 200 4067 "-" "Mozilla/5.0 (Windows NT 10.0; Win64; x64) AppleWebKit/537.36 (KHTML, like Gecko) Chrome/80.0.3987.149 Safari/537.36"
65.2.137.208 - - [23/Nov/2024:11:53:19 +0800] "POST //xmlrpc.php HTTP/1.1" 200 4067 "-" "Mozilla/5.0 (Windows NT 10.0; Win64; x64) AppleWebKit/537.36 (KHTML, like Gecko) Chrome/80.0.3987.149 Safari/537.36"
65.2.137.208 - - [23/Nov/2024:11:53:20 +0800] "POST //xmlrpc.php HTTP/1.1" 200 4067 "-" "Mozilla/5.0 (Windows NT 10.0; Win64; x64) AppleWebKit/537.36 (KHTML, like Gecko) Chrome/80.0.3987.149 Safari/537.36"
65.2.137.208 - - [23/Nov/2024:11:53:21 +0800] "POST //xmlrpc.php HTTP/1.1" 200 4067 "-" "Mozilla/5.0 (Windows NT 10.0; Win64; x64) AppleWebKit/537.36 (KHTML, like Gecko) Chrome/80.0.3987.149 Safari/537.36"
65.2.137.208 - - [23/Nov/2024:11:53:22 +0800] "POST //xmlrpc.php HTTP/1.1" 200 4067 "-" "Mozilla/5.0 (Windows NT 10.0; Win64; x64) AppleWebKit/537.36 (KHTML, like Gecko) Chrome/80.0.3987.149 Safari/537.36"
220.135.127.108 - - [23/Nov/2024:11:53:23 +0800] "POST /wp-cron.php?doing_wp_cron=1732334003.8065690994262695312500 HTTP/1.1" 200 4075 "-" "WordPress/6.7.1; https://www.lubegard.com.tw"
65.2.137.208 - - [23/Nov/2024:11:53:23 +0800] "POST //xmlrpc.php HTTP/1.1" 200 4067 "-" "Mozilla/5.0 (Windows NT 10.0; Win64; x64) AppleWebKit/537.36 (KHTML, like Gecko) Chrome/80.0.3987.149 Safari/537.36"
65.2.137.208 - - [23/Nov/2024:11:53:24 +0800] "POST //xmlrpc.php HTTP/1.1" 200 4067 "-" "Mozilla/5.0 (Windows NT 10.0; Win64; x64) AppleWebKit/537.36 (KHTML, like Gecko) Chrome/80.0.3987.149 Safari/537.36"
65.2.137.208 - - [23/Nov/2024:11:53:26 +0800] "POST //xmlrpc.php HTTP/1.1" 200 4067 "-" "Mozilla/5.0 (Windows NT 10.0; Win64; x64) AppleWebKit/537.36 (KHTML, like Gecko) Chrome/80.0.3987.149 Safari/537.36"
65.2.137.208 - - [23/Nov/2024:11:53:27 +0800] "POST //xmlrpc.php HTTP/1.1" 200 4067 "-" "Mozilla/5.0 (Windows NT 10.0; Win64; x64) AppleWebKit/537.36 (KHTML, like Gecko) Chrome/80.0.3987.149 Safari/537.36"
65.2.137.208 - - [23/Nov/2024:11:53:28 +0800] "POST //xmlrpc.php HTTP/1.1" 200 4067 "-" "Mozilla/5.0 (Windows NT 10.0; Win64; x64) AppleWebKit/537.36 (KHTML, like Gecko) Chrome/80.0.3987.149 Safari/537.36"
65.2.137.208 - - [23/Nov/2024:11:53:29 +0800] "POST //xmlrpc.php HTTP/1.1" 200 4067 "-" "Mozilla/5.0 (Windows NT 10.0; Win64; x64) AppleWebKit/537.36 (KHTML, like Gecko) Chrome/80.0.3987.149 Safari/537.36"
65.2.137.208 - - [23/Nov/2024:11:53:30 +0800] "POST //xmlrpc.php HTTP/1.1" 200 4067 "-" "Mozilla/5.0 (Windows NT 10.0; Win64; x64) AppleWebKit/537.36 (KHTML, like Gecko) Chrome/80.0.3987.149 Safari/537.36"
65.2.137.208 - - [23/Nov/2024:11:53:31 +0800] "POST //xmlrpc.php HTTP/1.1" 200 4067 "-" "Mozilla/5.0 (Windows NT 10.0; Win64; x64) AppleWebKit/537.36 (KHTML, like Gecko) Chrome/80.0.3987.149 Safari/537.36"
65.2.137.208 - - [23/Nov/2024:11:53:32 +0800] "POST //xmlrpc.php HTTP/1.1" 200 4067 "-" "Mozilla/5.0 (Windows NT 10.0; Win64; x64) AppleWebKit/537.36 (KHTML, like Gecko) Chrome/80.0.3987.149 Safari/537.36"
220.135.127.108 - - [23/Nov/2024:11:53:33 +0800] "POST /wp-cron.php?doing_wp_cron=1732334013.6321070194244384765625 HTTP/1.1" 200 4059 "-" "WordPress/6.7.1; https://www.lubegard.com.tw"
65.2.137.208 - - [23/Nov/2024:11:53:33 +0800] "POST //xmlrpc.php HTTP/1.1" 200 4067 "-" "Mozilla/5.0 (Windows NT 10.0; Win64; x64) AppleWebKit/537.36 (KHTML, like Gecko) Chrome/80.0.3987.149 Safari/537.36"
65.2.137.208 - - [23/Nov/2024:11:53:34 +0800] "POST //xmlrpc.php HTTP/1.1" 200 4067 "-" "Mozilla/5.0 (Windows NT 10.0; Win64; x64) AppleWebKit/537.36 (KHTML, like Gecko) Chrome/80.0.3987.149 Safari/537.36"
65.2.137.208 - - [23/Nov/2024:11:53:35 +0800] "POST //xmlrpc.php HTTP/1.1" 200 4067 "-" "Mozilla/5.0 (Windows NT 10.0; Win64; x64) AppleWebKit/537.36 (KHTML, like Gecko) Chrome/80.0.3987.149 Safari/537.36"
65.2.137.208 - - [23/Nov/2024:11:53:36 +0800] "POST //xmlrpc.php HTTP/1.1" 200 4067 "-" "Mozilla/5.0 (Windows NT 10.0; Win64; x64) AppleWebKit/537.36 (KHTML, like Gecko) Chrome/80.0.3987.149 Safari/537.36"
65.2.137.208 - - [23/Nov/2024:11:53:37 +0800] "POST //xmlrpc.php HTTP/1.1" 200 4067 "-" "Mozilla/5.0 (Windows NT 10.0; Win64; x64) AppleWebKit/537.36 (KHTML, like Gecko) Chrome/80.0.3987.149 Safari/537.36"
65.2.137.208 - - [23/Nov/2024:11:53:39 +0800] "POST //xmlrpc.php HTTP/1.1" 200 4067 "-" "Mozilla/5.0 (Windows NT 10.0; Win64; x64) AppleWebKit/537.36 (KHTML, like Gecko) Chrome/80.0.3987.149 Safari/537.36"
65.2.137.208 - - [23/Nov/2024:11:53:40 +0800] "POST //xmlrpc.php HTTP/1.1" 200 4067 "-" "Mozilla/5.0 (Windows NT 10.0; Win64; x64) AppleWebKit/537.36 (KHTML, like Gecko) Chrome/80.0.3987.149 Safari/537.36"
65.2.137.208 - - [23/Nov/2024:11:53:41 +0800] "POST //xmlrpc.php HTTP/1.1" 200 4067 "-" "Mozilla/5.0 (Windows NT 10.0; Win64; x64) AppleWebKit/537.36 (KHTML, like Gecko) Chrome/80.0.3987.149 Safari/537.36"
65.2.137.208 - - [23/Nov/2024:11:53:42 +0800] "POST //xmlrpc.php HTTP/1.1" 200 4067 "-" "Mozilla/5.0 (Windows NT 10.0; Win64; x64) AppleWebKit/537.36 (KHTML, like Gecko) Chrome/80.0.3987.149 Safari/537.36"
220.135.127.108 - - [23/Nov/2024:11:53:43 +0800] "POST /wp-cron.php?doing_wp_cron=1732334023.3945450782775878906250 HTTP/1.1" 200 4059 "-" "WordPress/6.7.1; https://www.lubegard.com.tw"
65.2.137.208 - - [23/Nov/2024:11:53:43 +0800] "POST //xmlrpc.php HTTP/1.1" 200 4067 "-" "Mozilla/5.0 (Windows NT 10.0; Win64; x64) AppleWebKit/537.36 (KHTML, like Gecko) Chrome/80.0.3987.149 Safari/537.36"
65.2.137.208 - - [23/Nov/2024:11:53:44 +0800] "POST //xmlrpc.php HTTP/1.1" 200 4067 "-" "Mozilla/5.0 (Windows NT 10.0; Win64; x64) AppleWebKit/537.36 (KHTML, like Gecko) Chrome/80.0.3987.149 Safari/537.36"
65.2.137.208 - - [23/Nov/2024:11:53:45 +0800] "POST //xmlrpc.php HTTP/1.1" 200 4067 "-" "Mozilla/5.0 (Windows NT 10.0; Win64; x64) AppleWebKit/537.36 (KHTML, like Gecko) Chrome/80.0.3987.149 Safari/537.36"
65.2.137.208 - - [23/Nov/2024:11:53:46 +0800] "POST //xmlrpc.php HTTP/1.1" 200 4067 "-" "Mozilla/5.0 (Windows NT 10.0; Win64; x64) AppleWebKit/537.36 (KHTML, like Gecko) Chrome/80.0.3987.149 Safari/537.36"
65.2.137.208 - - [23/Nov/2024:11:53:47 +0800] "POST //xmlrpc.php HTTP/1.1" 200 4067 "-" "Mozilla/5.0 (Windows NT 10.0; Win64; x64) AppleWebKit/537.36 (KHTML, like Gecko) Chrome/80.0.3987.149 Safari/537.36"
65.2.137.208 - - [23/Nov/2024:11:53:48 +0800] "POST //xmlrpc.php HTTP/1.1" 200 4067 "-" "Mozilla/5.0 (Windows NT 10.0; Win64; x64) AppleWebKit/537.36 (KHTML, like Gecko) Chrome/80.0.3987.149 Safari/537.36"
65.2.137.208 - - [23/Nov/2024:11:53:49 +0800] "POST //xmlrpc.php HTTP/1.1" 200 4067 "-" "Mozilla/5.0 (Windows NT 10.0; Win64; x64) AppleWebKit/537.36 (KHTML, like Gecko) Chrome/80.0.3987.149 Safari/537.36"
65.2.137.208 - - [23/Nov/2024:11:53:51 +0800] "POST //xmlrpc.php HTTP/1.1" 200 4067 "-" "Mozilla/5.0 (Windows NT 10.0; Win64; x64) AppleWebKit/537.36 (KHTML, like Gecko) Chrome/80.0.3987.149 Safari/537.36"
65.2.137.208 - - [23/Nov/2024:11:53:52 +0800] "POST //xmlrpc.php HTTP/1.1" 200 4067 "-" "Mozilla/5.0 (Windows NT 10.0; Win64; x64) AppleWebKit/537.36 (KHTML, like Gecko) Chrome/80.0.3987.149 Safari/537.36"
220.135.127.108 - - [23/Nov/2024:11:53:53 +0800] "POST /wp-cron.php?doing_wp_cron=1732334033.2297630310058593750000 HTTP/1.1" 200 4059 "-" "WordPress/6.7.1; https://www.lubegard.com.tw"
65.2.137.208 - - [23/Nov/2024:11:53:53 +0800] "POST //xmlrpc.php HTTP/1.1" 200 4067 "-" "Mozilla/5.0 (Windows NT 10.0; Win64; x64) AppleWebKit/537.36 (KHTML, like Gecko) Chrome/80.0.3987.149 Safari/537.36"
65.2.137.208 - - [23/Nov/2024:11:53:54 +0800] "POST //xmlrpc.php HTTP/1.1" 200 4067 "-" "Mozilla/5.0 (Windows NT 10.0; Win64; x64) AppleWebKit/537.36 (KHTML, like Gecko) Chrome/80.0.3987.149 Safari/537.36"
65.2.137.208 - - [23/Nov/2024:11:53:55 +0800] "POST //xmlrpc.php HTTP/1.1" 200 4067 "-" "Mozilla/5.0 (Windows NT 10.0; Win64; x64) AppleWebKit/537.36 (KHTML, like Gecko) Chrome/80.0.3987.149 Safari/537.36"
65.2.137.208 - - [23/Nov/2024:11:53:56 +0800] "POST //xmlrpc.php HTTP/1.1" 200 4067 "-" "Mozilla/5.0 (Windows NT 10.0; Win64; x64) AppleWebKit/537.36 (KHTML, like Gecko) Chrome/80.0.3987.149 Safari/537.36"
65.2.137.208 - - [23/Nov/2024:11:53:57 +0800] "POST //xmlrpc.php HTTP/1.1" 200 4067 "-" "Mozilla/5.0 (Windows NT 10.0; Win64; x64) AppleWebKit/537.36 (KHTML, like Gecko) Chrome/80.0.3987.149 Safari/537.36"
65.2.137.208 - - [23/Nov/2024:11:53:58 +0800] "POST //xmlrpc.php HTTP/1.1" 200 4067 "-" "Mozilla/5.0 (Windows NT 10.0; Win64; x64) AppleWebKit/537.36 (KHTML, like Gecko) Chrome/80.0.3987.149 Safari/537.36"
65.2.137.208 - - [23/Nov/2024:11:53:59 +0800] "POST //xmlrpc.php HTTP/1.1" 200 4067 "-" "Mozilla/5.0 (Windows NT 10.0; Win64; x64) AppleWebKit/537.36 (KHTML, like Gecko) Chrome/80.0.3987.149 Safari/537.36"
65.2.137.208 - - [23/Nov/2024:11:54:00 +0800] "POST //xmlrpc.php HTTP/1.1" 200 4067 "-" "Mozilla/5.0 (Windows NT 10.0; Win64; x64) AppleWebKit/537.36 (KHTML, like Gecko) Chrome/80.0.3987.149 Safari/537.36"
65.2.137.208 - - [23/Nov/2024:11:54:01 +0800] "POST //xmlrpc.php HTTP/1.1" 200 4067 "-" "Mozilla/5.0 (Windows NT 10.0; Win64; x64) AppleWebKit/537.36 (KHTML, like Gecko) Chrome/80.0.3987.149 Safari/537.36"
220.135.127.108 - - [23/Nov/2024:11:54:03 +0800] "POST /wp-cron.php?doing_wp_cron=1732334043.0931708812713623046875 HTTP/1.1" 200 4059 "-" "WordPress/6.7.1; https://www.lubegard.com.tw"
65.2.137.208 - - [23/Nov/2024:11:54:03 +0800] "POST //xmlrpc.php HTTP/1.1" 200 4067 "-" "Mozilla/5.0 (Windows NT 10.0; Win64; x64) AppleWebKit/537.36 (KHTML, like Gecko) Chrome/80.0.3987.149 Safari/537.36"
65.2.137.208 - - [23/Nov/2024:11:54:04 +0800] "POST //xmlrpc.php HTTP/1.1" 200 4067 "-" "Mozilla/5.0 (Windows NT 10.0; Win64; x64) AppleWebKit/537.36 (KHTML, like Gecko) Chrome/80.0.3987.149 Safari/537.36"
65.2.137.208 - - [23/Nov/2024:11:54:05 +0800] "POST //xmlrpc.php HTTP/1.1" 200 4067 "-" "Mozilla/5.0 (Windows NT 10.0; Win64; x64) AppleWebKit/537.36 (KHTML, like Gecko) Chrome/80.0.3987.149 Safari/537.36"
65.2.137.208 - - [23/Nov/2024:11:54:06 +0800] "POST //xmlrpc.php HTTP/1.1" 200 4067 "-" "Mozilla/5.0 (Windows NT 10.0; Win64; x64) AppleWebKit/537.36 (KHTML, like Gecko) Chrome/80.0.3987.149 Safari/537.36"
65.2.137.208 - - [23/Nov/2024:11:54:07 +0800] "POST //xmlrpc.php HTTP/1.1" 200 4067 "-" "Mozilla/5.0 (Windows NT 10.0; Win64; x64) AppleWebKit/537.36 (KHTML, like Gecko) Chrome/80.0.3987.149 Safari/537.36"
65.2.137.208 - - [23/Nov/2024:11:54:08 +0800] "POST //xmlrpc.php HTTP/1.1" 200 4067 "-" "Mozilla/5.0 (Windows NT 10.0; Win64; x64) AppleWebKit/537.36 (KHTML, like Gecko) Chrome/80.0.3987.149 Safari/537.36"
65.2.137.208 - - [23/Nov/2024:11:54:09 +0800] "POST //xmlrpc.php HTTP/1.1" 200 4067 "-" "Mozilla/5.0 (Windows NT 10.0; Win64; x64) AppleWebKit/537.36 (KHTML, like Gecko) Chrome/80.0.3987.149 Safari/537.36"
65.2.137.208 - - [23/Nov/2024:11:54:10 +0800] "POST //xmlrpc.php HTTP/1.1" 200 4067 "-" "Mozilla/5.0 (Windows NT 10.0; Win64; x64) AppleWebKit/537.36 (KHTML, like Gecko) Chrome/80.0.3987.149 Safari/537.36"
65.2.137.208 - - [23/Nov/2024:11:54:11 +0800] "POST //xmlrpc.php HTTP/1.1" 200 4067 "-" "Mozilla/5.0 (Windows NT 10.0; Win64; x64) AppleWebKit/537.36 (KHTML, like Gecko) Chrome/80.0.3987.149 Safari/537.36"
220.135.127.108 - - [23/Nov/2024:11:54:13 +0800] "POST /wp-cron.php?doing_wp_cron=1732334053.0066161155700683593750 HTTP/1.1" 200 4059 "-" "WordPress/6.7.1; https://www.lubegard.com.tw"
65.2.137.208 - - [23/Nov/2024:11:54:12 +0800] "POST //xmlrpc.php HTTP/1.1" 200 4067 "-" "Mozilla/5.0 (Windows NT 10.0; Win64; x64) AppleWebKit/537.36 (KHTML, like Gecko) Chrome/80.0.3987.149 Safari/537.36"
65.2.137.208 - - [23/Nov/2024:11:54:14 +0800] "POST //xmlrpc.php HTTP/1.1" 200 4067 "-" "Mozilla/5.0 (Windows NT 10.0; Win64; x64) AppleWebKit/537.36 (KHTML, like Gecko) Chrome/80.0.3987.149 Safari/537.36"
65.2.137.208 - - [23/Nov/2024:11:54:15 +0800] "POST //xmlrpc.php HTTP/1.1" 200 4067 "-" "Mozilla/5.0 (Windows NT 10.0; Win64; x64) AppleWebKit/537.36 (KHTML, like Gecko) Chrome/80.0.3987.149 Safari/537.36"
65.2.137.208 - - [23/Nov/2024:11:54:16 +0800] "POST //xmlrpc.php HTTP/1.1" 200 4067 "-" "Mozilla/5.0 (Windows NT 10.0; Win64; x64) AppleWebKit/537.36 (KHTML, like Gecko) Chrome/80.0.3987.149 Safari/537.36"
65.2.137.208 - - [23/Nov/2024:11:54:17 +0800] "POST //xmlrpc.php HTTP/1.1" 200 4067 "-" "Mozilla/5.0 (Windows NT 10.0; Win64; x64) AppleWebKit/537.36 (KHTML, like Gecko) Chrome/80.0.3987.149 Safari/537.36"
65.2.137.208 - - [23/Nov/2024:11:54:18 +0800] "POST //xmlrpc.php HTTP/1.1" 200 4067 "-" "Mozilla/5.0 (Windows NT 10.0; Win64; x64) AppleWebKit/537.36 (KHTML, like Gecko) Chrome/80.0.3987.149 Safari/537.36"
65.2.137.208 - - [23/Nov/2024:11:54:19 +0800] "POST //xmlrpc.php HTTP/1.1" 200 4067 "-" "Mozilla/5.0 (Windows NT 10.0; Win64; x64) AppleWebKit/537.36 (KHTML, like Gecko) Chrome/80.0.3987.149 Safari/537.36"
65.2.137.208 - - [23/Nov/2024:11:54:20 +0800] "POST //xmlrpc.php HTTP/1.1" 200 4067 "-" "Mozilla/5.0 (Windows NT 10.0; Win64; x64) AppleWebKit/537.36 (KHTML, like Gecko) Chrome/80.0.3987.149 Safari/537.36"
65.2.137.208 - - [23/Nov/2024:11:54:21 +0800] "POST //xmlrpc.php HTTP/1.1" 200 4067 "-" "Mozilla/5.0 (Windows NT 10.0; Win64; x64) AppleWebKit/537.36 (KHTML, like Gecko) Chrome/80.0.3987.149 Safari/537.36"
65.2.137.208 - - [23/Nov/2024:11:54:22 +0800] "POST //xmlrpc.php HTTP/1.1" 200 4067 "-" "Mozilla/5.0 (Windows NT 10.0; Win64; x64) AppleWebKit/537.36 (KHTML, like Gecko) Chrome/80.0.3987.149 Safari/537.36"
220.135.127.108 - - [23/Nov/2024:11:54:24 +0800] "POST /wp-cron.php?doing_wp_cron=1732334064.0002799034118652343750 HTTP/1.1" 200 4059 "-" "WordPress/6.7.1; https://www.lubegard.com.tw"
65.2.137.208 - - [23/Nov/2024:11:54:23 +0800] "POST //xmlrpc.php HTTP/1.1" 200 4067 "-" "Mozilla/5.0 (Windows NT 10.0; Win64; x64) AppleWebKit/537.36 (KHTML, like Gecko) Chrome/80.0.3987.149 Safari/537.36"
65.2.137.208 - - [23/Nov/2024:11:54:25 +0800] "POST //xmlrpc.php HTTP/1.1" 200 4067 "-" "Mozilla/5.0 (Windows NT 10.0; Win64; x64) AppleWebKit/537.36 (KHTML, like Gecko) Chrome/80.0.3987.149 Safari/537.36"
65.2.137.208 - - [23/Nov/2024:11:54:26 +0800] "POST //xmlrpc.php HTTP/1.1" 200 4067 "-" "Mozilla/5.0 (Windows NT 10.0; Win64; x64) AppleWebKit/537.36 (KHTML, like Gecko) Chrome/80.0.3987.149 Safari/537.36"
65.2.137.208 - - [23/Nov/2024:11:54:27 +0800] "POST //xmlrpc.php HTTP/1.1" 200 4067 "-" "Mozilla/5.0 (Windows NT 10.0; Win64; x64) AppleWebKit/537.36 (KHTML, like Gecko) Chrome/80.0.3987.149 Safari/537.36"
65.2.137.208 - - [23/Nov/2024:11:54:28 +0800] "POST //xmlrpc.php HTTP/1.1" 200 4067 "-" "Mozilla/5.0 (Windows NT 10.0; Win64; x64) AppleWebKit/537.36 (KHTML, like Gecko) Chrome/80.0.3987.149 Safari/537.36"
65.2.137.208 - - [23/Nov/2024:11:54:29 +0800] "POST //xmlrpc.php HTTP/1.1" 200 4067 "-" "Mozilla/5.0 (Windows NT 10.0; Win64; x64) AppleWebKit/537.36 (KHTML, like Gecko) Chrome/80.0.3987.149 Safari/537.36"
65.2.137.208 - - [23/Nov/2024:11:54:30 +0800] "POST //xmlrpc.php HTTP/1.1" 200 4067 "-" "Mozilla/5.0 (Windows NT 10.0; Win64; x64) AppleWebKit/537.36 (KHTML, like Gecko) Chrome/80.0.3987.149 Safari/537.36"
65.2.137.208 - - [23/Nov/2024:11:54:31 +0800] "POST //xmlrpc.php HTTP/1.1" 200 4067 "-" "Mozilla/5.0 (Windows NT 10.0; Win64; x64) AppleWebKit/537.36 (KHTML, like Gecko) Chrome/80.0.3987.149 Safari/537.36"
65.2.137.208 - - [23/Nov/2024:11:54:32 +0800] "POST //xmlrpc.php HTTP/1.1" 200 4067 "-" "Mozilla/5.0 (Windows NT 10.0; Win64; x64) AppleWebKit/537.36 (KHTML, like Gecko) Chrome/80.0.3987.149 Safari/537.36"
220.135.127.108 - - [23/Nov/2024:11:54:33 +0800] "POST /wp-cron.php?doing_wp_cron=1732334073.8244640827178955078125 HTTP/1.1" 200 4075 "-" "WordPress/6.7.1; https://www.lubegard.com.tw"
65.2.137.208 - - [23/Nov/2024:11:54:33 +0800] "POST //xmlrpc.php HTTP/1.1" 200 4067 "-" "Mozilla/5.0 (Windows NT 10.0; Win64; x64) AppleWebKit/537.36 (KHTML, like Gecko) Chrome/80.0.3987.149 Safari/537.36"
65.2.137.208 - - [23/Nov/2024:11:54:34 +0800] "POST //xmlrpc.php HTTP/1.1" 200 4067 "-" "Mozilla/5.0 (Windows NT 10.0; Win64; x64) AppleWebKit/537.36 (KHTML, like Gecko) Chrome/80.0.3987.149 Safari/537.36"
65.2.137.208 - - [23/Nov/2024:11:54:36 +0800] "POST //xmlrpc.php HTTP/1.1" 200 4067 "-" "Mozilla/5.0 (Windows NT 10.0; Win64; x64) AppleWebKit/537.36 (KHTML, like Gecko) Chrome/80.0.3987.149 Safari/537.36"
65.2.137.208 - - [23/Nov/2024:11:54:37 +0800] "POST //xmlrpc.php HTTP/1.1" 200 4067 "-" "Mozilla/5.0 (Windows NT 10.0; Win64; x64) AppleWebKit/537.36 (KHTML, like Gecko) Chrome/80.0.3987.149 Safari/537.36"
65.2.137.208 - - [23/Nov/2024:11:54:38 +0800] "POST //xmlrpc.php HTTP/1.1" 200 4067 "-" "Mozilla/5.0 (Windows NT 10.0; Win64; x64) AppleWebKit/537.36 (KHTML, like Gecko) Chrome/80.0.3987.149 Safari/537.36"
65.2.137.208 - - [23/Nov/2024:11:54:39 +0800] "POST //xmlrpc.php HTTP/1.1" 200 4067 "-" "Mozilla/5.0 (Windows NT 10.0; Win64; x64) AppleWebKit/537.36 (KHTML, like Gecko) Chrome/80.0.3987.149 Safari/537.36"
65.2.137.208 - - [23/Nov/2024:11:54:40 +0800] "POST //xmlrpc.php HTTP/1.1" 200 4067 "-" "Mozilla/5.0 (Windows NT 10.0; Win64; x64) AppleWebKit/537.36 (KHTML, like Gecko) Chrome/80.0.3987.149 Safari/537.36"
65.2.137.208 - - [23/Nov/2024:11:54:41 +0800] "POST //xmlrpc.php HTTP/1.1" 200 4067 "-" "Mozilla/5.0 (Windows NT 10.0; Win64; x64) AppleWebKit/537.36 (KHTML, like Gecko) Chrome/80.0.3987.149 Safari/537.36"
65.2.137.208 - - [23/Nov/2024:11:54:42 +0800] "POST //xmlrpc.php HTTP/1.1" 200 4067 "-" "Mozilla/5.0 (Windows NT 10.0; Win64; x64) AppleWebKit/537.36 (KHTML, like Gecko) Chrome/80.0.3987.149 Safari/537.36"
220.135.127.108 - - [23/Nov/2024:11:54:43 +0800] "POST /wp-cron.php?doing_wp_cron=1732334083.7470440864562988281250 HTTP/1.1" 200 4059 "-" "WordPress/6.7.1; https://www.lubegard.com.tw"
65.2.137.208 - - [23/Nov/2024:11:54:43 +0800] "POST //xmlrpc.php HTTP/1.1" 200 4067 "-" "Mozilla/5.0 (Windows NT 10.0; Win64; x64) AppleWebKit/537.36 (KHTML, like Gecko) Chrome/80.0.3987.149 Safari/537.36"
65.2.137.208 - - [23/Nov/2024:11:54:44 +0800] "POST //xmlrpc.php HTTP/1.1" 200 4067 "-" "Mozilla/5.0 (Windows NT 10.0; Win64; x64) AppleWebKit/537.36 (KHTML, like Gecko) Chrome/80.0.3987.149 Safari/537.36"
65.2.137.208 - - [23/Nov/2024:11:54:46 +0800] "POST //xmlrpc.php HTTP/1.1" 200 4067 "-" "Mozilla/5.0 (Windows NT 10.0; Win64; x64) AppleWebKit/537.36 (KHTML, like Gecko) Chrome/80.0.3987.149 Safari/537.36"
65.2.137.208 - - [23/Nov/2024:11:54:47 +0800] "POST //xmlrpc.php HTTP/1.1" 200 4067 "-" "Mozilla/5.0 (Windows NT 10.0; Win64; x64) AppleWebKit/537.36 (KHTML, like Gecko) Chrome/80.0.3987.149 Safari/537.36"
65.2.137.208 - - [23/Nov/2024:11:54:48 +0800] "POST //xmlrpc.php HTTP/1.1" 200 4067 "-" "Mozilla/5.0 (Windows NT 10.0; Win64; x64) AppleWebKit/537.36 (KHTML, like Gecko) Chrome/80.0.3987.149 Safari/537.36"
65.2.137.208 - - [23/Nov/2024:11:54:49 +0800] "POST //xmlrpc.php HTTP/1.1" 200 4067 "-" "Mozilla/5.0 (Windows NT 10.0; Win64; x64) AppleWebKit/537.36 (KHTML, like Gecko) Chrome/80.0.3987.149 Safari/537.36"
65.2.137.208 - - [23/Nov/2024:11:54:50 +0800] "POST //xmlrpc.php HTTP/1.1" 200 4067 "-" "Mozilla/5.0 (Windows NT 10.0; Win64; x64) AppleWebKit/537.36 (KHTML, like Gecko) Chrome/80.0.3987.149 Safari/537.36"
65.2.137.208 - - [23/Nov/2024:11:54:51 +0800] "POST //xmlrpc.php HTTP/1.1" 200 4067 "-" "Mozilla/5.0 (Windows NT 10.0; Win64; x64) AppleWebKit/537.36 (KHTML, like Gecko) Chrome/80.0.3987.149 Safari/537.36"
65.2.137.208 - - [23/Nov/2024:11:54:52 +0800] "POST //xmlrpc.php HTTP/1.1" 200 4067 "-" "Mozilla/5.0 (Windows NT 10.0; Win64; x64) AppleWebKit/537.36 (KHTML, like Gecko) Chrome/80.0.3987.149 Safari/537.36"
220.135.127.108 - - [23/Nov/2024:11:54:53 +0800] "POST /wp-cron.php?doing_wp_cron=1732334093.6128509044647216796875 HTTP/1.1" 200 4075 "-" "WordPress/6.7.1; https://www.lubegard.com.tw"
65.2.137.208 - - [23/Nov/2024:11:54:53 +0800] "POST //xmlrpc.php HTTP/1.1" 200 4067 "-" "Mozilla/5.0 (Windows NT 10.0; Win64; x64) AppleWebKit/537.36 (KHTML, like Gecko) Chrome/80.0.3987.149 Safari/537.36"
65.2.137.208 - - [23/Nov/2024:11:54:54 +0800] "POST //xmlrpc.php HTTP/1.1" 200 4067 "-" "Mozilla/5.0 (Windows NT 10.0; Win64; x64) AppleWebKit/537.36 (KHTML, like Gecko) Chrome/80.0.3987.149 Safari/537.36"
65.2.137.208 - - [23/Nov/2024:11:54:55 +0800] "POST //xmlrpc.php HTTP/1.1" 200 4067 "-" "Mozilla/5.0 (Windows NT 10.0; Win64; x64) AppleWebKit/537.36 (KHTML, like Gecko) Chrome/80.0.3987.149 Safari/537.36"
65.2.137.208 - - [23/Nov/2024:11:54:56 +0800] "POST //xmlrpc.php HTTP/1.1" 200 4067 "-" "Mozilla/5.0 (Windows NT 10.0; Win64; x64) AppleWebKit/537.36 (KHTML, like Gecko) Chrome/80.0.3987.149 Safari/537.36"
65.2.137.208 - - [23/Nov/2024:11:54:57 +0800] "POST //xmlrpc.php HTTP/1.1" 200 4067 "-" "Mozilla/5.0 (Windows NT 10.0; Win64; x64) AppleWebKit/537.36 (KHTML, like Gecko) Chrome/80.0.3987.149 Safari/537.36"
65.2.137.208 - - [23/Nov/2024:11:54:59 +0800] "POST //xmlrpc.php HTTP/1.1" 200 4067 "-" "Mozilla/5.0 (Windows NT 10.0; Win64; x64) AppleWebKit/537.36 (KHTML, like Gecko) Chrome/80.0.3987.149 Safari/537.36"
65.2.137.208 - - [23/Nov/2024:11:55:00 +0800] "POST //xmlrpc.php HTTP/1.1" 200 4067 "-" "Mozilla/5.0 (Windows NT 10.0; Win64; x64) AppleWebKit/537.36 (KHTML, like Gecko) Chrome/80.0.3987.149 Safari/537.36"
65.2.137.208 - - [23/Nov/2024:11:55:01 +0800] "POST //xmlrpc.php HTTP/1.1" 200 4067 "-" "Mozilla/5.0 (Windows NT 10.0; Win64; x64) AppleWebKit/537.36 (KHTML, like Gecko) Chrome/80.0.3987.149 Safari/537.36"
192.0.91.177 - - [23/Nov/2024:11:55:02 +0800] "HEAD / HTTP/1.1" 200 4156 "-" "jetmon/1.0 (Jetpack Site Uptime Monitor by WordPress.com)"
65.2.137.208 - - [23/Nov/2024:11:55:02 +0800] "POST //xmlrpc.php HTTP/1.1" 200 4067 "-" "Mozilla/5.0 (Windows NT 10.0; Win64; x64) AppleWebKit/537.36 (KHTML, like Gecko) Chrome/80.0.3987.149 Safari/537.36"
220.135.127.108 - - [23/Nov/2024:11:55:03 +0800] "POST /wp-cron.php?doing_wp_cron=1732334103.5201370716094970703125 HTTP/1.1" 200 4075 "-" "WordPress/6.7.1; https://www.lubegard.com.tw"
65.2.137.208 - - [23/Nov/2024:11:55:03 +0800] "POST //xmlrpc.php HTTP/1.1" 200 4067 "-" "Mozilla/5.0 (Windows NT 10.0; Win64; x64) AppleWebKit/537.36 (KHTML, like Gecko) Chrome/80.0.3987.149 Safari/537.36"
65.2.137.208 - - [23/Nov/2024:11:55:04 +0800] "POST //xmlrpc.php HTTP/1.1" 200 4067 "-" "Mozilla/5.0 (Windows NT 10.0; Win64; x64) AppleWebKit/537.36 (KHTML, like Gecko) Chrome/80.0.3987.149 Safari/537.36"
65.2.137.208 - - [23/Nov/2024:11:55:05 +0800] "POST //xmlrpc.php HTTP/1.1" 200 4067 "-" "Mozilla/5.0 (Windows NT 10.0; Win64; x64) AppleWebKit/537.36 (KHTML, like Gecko) Chrome/80.0.3987.149 Safari/537.36"
65.2.137.208 - - [23/Nov/2024:11:55:06 +0800] "POST //xmlrpc.php HTTP/1.1" 200 4067 "-" "Mozilla/5.0 (Windows NT 10.0; Win64; x64) AppleWebKit/537.36 (KHTML, like Gecko) Chrome/80.0.3987.149 Safari/537.36"
65.2.137.208 - - [23/Nov/2024:11:55:07 +0800] "POST //xmlrpc.php HTTP/1.1" 200 4067 "-" "Mozilla/5.0 (Windows NT 10.0; Win64; x64) AppleWebKit/537.36 (KHTML, like Gecko) Chrome/80.0.3987.149 Safari/537.36"
65.2.137.208 - - [23/Nov/2024:11:55:08 +0800] "POST //xmlrpc.php HTTP/1.1" 200 4067 "-" "Mozilla/5.0 (Windows NT 10.0; Win64; x64) AppleWebKit/537.36 (KHTML, like Gecko) Chrome/80.0.3987.149 Safari/537.36"
65.2.137.208 - - [23/Nov/2024:11:55:10 +0800] "POST //xmlrpc.php HTTP/1.1" 200 4067 "-" "Mozilla/5.0 (Windows NT 10.0; Win64; x64) AppleWebKit/537.36 (KHTML, like Gecko) Chrome/80.0.3987.149 Safari/537.36"
65.2.137.208 - - [23/Nov/2024:11:55:11 +0800] "POST //xmlrpc.php HTTP/1.1" 200 4067 "-" "Mozilla/5.0 (Windows NT 10.0; Win64; x64) AppleWebKit/537.36 (KHTML, like Gecko) Chrome/80.0.3987.149 Safari/537.36"
65.2.137.208 - - [23/Nov/2024:11:55:12 +0800] "POST //xmlrpc.php HTTP/1.1" 200 4067 "-" "Mozilla/5.0 (Windows NT 10.0; Win64; x64) AppleWebKit/537.36 (KHTML, like Gecko) Chrome/80.0.3987.149 Safari/537.36"
220.135.127.108 - - [23/Nov/2024:11:55:13 +0800] "POST /wp-cron.php?doing_wp_cron=1732334113.3603351116180419921875 HTTP/1.1" 200 4075 "-" "WordPress/6.7.1; https://www.lubegard.com.tw"
65.2.137.208 - - [23/Nov/2024:11:55:13 +0800] "POST //xmlrpc.php HTTP/1.1" 200 4067 "-" "Mozilla/5.0 (Windows NT 10.0; Win64; x64) AppleWebKit/537.36 (KHTML, like Gecko) Chrome/80.0.3987.149 Safari/537.36"
65.2.137.208 - - [23/Nov/2024:11:55:14 +0800] "POST //xmlrpc.php HTTP/1.1" 200 4067 "-" "Mozilla/5.0 (Windows NT 10.0; Win64; x64) AppleWebKit/537.36 (KHTML, like Gecko) Chrome/80.0.3987.149 Safari/537.36"
65.2.137.208 - - [23/Nov/2024:11:55:15 +0800] "POST //xmlrpc.php HTTP/1.1" 200 4067 "-" "Mozilla/5.0 (Windows NT 10.0; Win64; x64) AppleWebKit/537.36 (KHTML, like Gecko) Chrome/80.0.3987.149 Safari/537.36"
65.2.137.208 - - [23/Nov/2024:11:55:16 +0800] "POST //xmlrpc.php HTTP/1.1" 200 4067 "-" "Mozilla/5.0 (Windows NT 10.0; Win64; x64) AppleWebKit/537.36 (KHTML, like Gecko) Chrome/80.0.3987.149 Safari/537.36"
220.135.127.108 - - [23/Nov/2024:11:55:17 +0800] "POST /wp-cron.php?doing_wp_cron=1732334117.8256340026855468750000 HTTP/1.1" 200 4043 "-" "WordPress/6.7.1; https://www.lubegard.com.tw"
65.2.137.208 - - [23/Nov/2024:11:55:17 +0800] "POST //xmlrpc.php HTTP/1.1" 200 4067 "-" "Mozilla/5.0 (Windows NT 10.0; Win64; x64) AppleWebKit/537.36 (KHTML, like Gecko) Chrome/80.0.3987.149 Safari/537.36"
65.2.137.208 - - [23/Nov/2024:11:55:18 +0800] "POST //xmlrpc.php HTTP/1.1" 200 4067 "-" "Mozilla/5.0 (Windows NT 10.0; Win64; x64) AppleWebKit/537.36 (KHTML, like Gecko) Chrome/80.0.3987.149 Safari/537.36"
65.2.137.208 - - [23/Nov/2024:11:55:20 +0800] "POST //xmlrpc.php HTTP/1.1" 200 4067 "-" "Mozilla/5.0 (Windows NT 10.0; Win64; x64) AppleWebKit/537.36 (KHTML, like Gecko) Chrome/80.0.3987.149 Safari/537.36"
65.2.137.208 - - [23/Nov/2024:11:55:21 +0800] "POST //xmlrpc.php HTTP/1.1" 200 4067 "-" "Mozilla/5.0 (Windows NT 10.0; Win64; x64) AppleWebKit/537.36 (KHTML, like Gecko) Chrome/80.0.3987.149 Safari/537.36"
65.2.137.208 - - [23/Nov/2024:11:55:22 +0800] "POST //xmlrpc.php HTTP/1.1" 200 4067 "-" "Mozilla/5.0 (Windows NT 10.0; Win64; x64) AppleWebKit/537.36 (KHTML, like Gecko) Chrome/80.0.3987.149 Safari/537.36"
220.135.127.108 - - [23/Nov/2024:11:55:23 +0800] "POST /wp-cron.php?doing_wp_cron=1732334123.4289879798889160156250 HTTP/1.1" 200 4075 "-" "WordPress/6.7.1; https://www.lubegard.com.tw"
65.2.137.208 - - [23/Nov/2024:11:55:23 +0800] "POST //xmlrpc.php HTTP/1.1" 200 4067 "-" "Mozilla/5.0 (Windows NT 10.0; Win64; x64) AppleWebKit/537.36 (KHTML, like Gecko) Chrome/80.0.3987.149 Safari/537.36"
65.2.137.208 - - [23/Nov/2024:11:55:24 +0800] "POST //xmlrpc.php HTTP/1.1" 200 4067 "-" "Mozilla/5.0 (Windows NT 10.0; Win64; x64) AppleWebKit/537.36 (KHTML, like Gecko) Chrome/80.0.3987.149 Safari/537.36"
65.2.137.208 - - [23/Nov/2024:11:55:25 +0800] "POST //xmlrpc.php HTTP/1.1" 200 4067 "-" "Mozilla/5.0 (Windows NT 10.0; Win64; x64) AppleWebKit/537.36 (KHTML, like Gecko) Chrome/80.0.3987.149 Safari/537.36"
65.2.137.208 - - [23/Nov/2024:11:55:26 +0800] "POST //xmlrpc.php HTTP/1.1" 200 4067 "-" "Mozilla/5.0 (Windows NT 10.0; Win64; x64) AppleWebKit/537.36 (KHTML, like Gecko) Chrome/80.0.3987.149 Safari/537.36"
220.135.127.108 - - [23/Nov/2024:12:00:01 +0800] "POST /wp-cron.php?doing_wp_cron=1732334401.4533720016479492187500 HTTP/1.1" 200 4059 "-" "WordPress/6.7.1; https://www.lubegard.com.tw"
192.0.91.177 - - [23/Nov/2024:12:00:01 +0800] "HEAD / HTTP/1.1" 200 4156 "-" "jetmon/1.0 (Jetpack Site Uptime Monitor by WordPress.com)"
220.135.127.108 - - [23/Nov/2024:12:05:01 +0800] "POST /wp-cron.php?doing_wp_cron=1732334701.5590059757232666015625 HTTP/1.1" 200 4075 "-" "WordPress/6.7.1; https://www.lubegard.com.tw"
192.0.91.177 - - [23/Nov/2024:12:05:01 +0800] "HEAD / HTTP/1.1" 200 4156 "-" "jetmon/1.0 (Jetpack Site Uptime Monitor by WordPress.com)"
220.135.127.108 - - [23/Nov/2024:12:10:02 +0800] "POST /wp-cron.php?doing_wp_cron=1732335002.2008500099182128906250 HTTP/1.1" 200 4059 "-" "WordPress/6.7.1; https://www.lubegard.com.tw"
192.0.91.177 - - [23/Nov/2024:12:10:02 +0800] "HEAD / HTTP/1.1" 200 4156 "-" "jetmon/1.0 (Jetpack Site Uptime Monitor by WordPress.com)"
220.135.127.108 - - [23/Nov/2024:12:15:00 +0800] "POST /wp-cron.php?doing_wp_cron=1732335300.5840609073638916015625 HTTP/1.1" 200 4059 "-" "WordPress/6.7.1; https://www.lubegard.com.tw"
192.0.91.177 - - [23/Nov/2024:12:15:00 +0800] "HEAD / HTTP/1.1" 200 4156 "-" "jetmon/1.0 (Jetpack Site Uptime Monitor by WordPress.com)"
220.135.127.108 - - [23/Nov/2024:12:18:09 +0800] "POST /wp-cron.php?doing_wp_cron=1732335489.3912529945373535156250 HTTP/1.1" 200 4043 "-" "WordPress/6.7.1; https://www.lubegard.com.tw"
66.249.69.11 - - [23/Nov/2024:12:18:09 +0800] "GET / HTTP/1.1" 301 4021 "-" "Mozilla/5.0 (Linux; Android 6.0.1; Nexus 5X Build/MMB29P) AppleWebKit/537.36 (KHTML, like Gecko) Chrome/131.0.6778.69 Mobile Safari/537.36 (compatible; Googlebot/2.1; +http://www.google.com/bot.html)"
220.135.127.108 - - [23/Nov/2024:12:18:19 +0800] "POST /wp-cron.php?doing_wp_cron=1732335499.0257430076599121093750 HTTP/1.1" 200 4059 "-" "WordPress/6.7.1; https://www.lubegard.com.tw"
66.249.71.97 - - [23/Nov/2024:12:18:18 +0800] "GET / HTTP/1.1" 200 36672 "-" "Mozilla/5.0 (Linux; Android 6.0.1; Nexus 5X Build/MMB29P) AppleWebKit/537.36 (KHTML, like Gecko) Chrome/131.0.6778.69 Mobile Safari/537.36 (compatible; Googlebot/2.1; +http://www.google.com/bot.html)"
220.135.127.108 - - [23/Nov/2024:12:18:26 +0800] "POST /wp-cron.php?doing_wp_cron=1732335506.0779850482940673828125 HTTP/1.1" 200 4075 "-" "WordPress/6.7.1; https://www.lubegard.com.tw"
66.249.71.96 - - [23/Nov/2024:12:18:25 +0800] "POST /?ob=open-bridge/events HTTP/1.1" 200 4248 "https://www.lubegard.com.tw/" "Mozilla/5.0 (Linux; Android 6.0.1; Nexus 5X Build/MMB29P) AppleWebKit/537.36 (KHTML, like Gecko) Chrome/131.0.6778.69 Mobile Safari/537.36 (compatible; Googlebot/2.1; +http://www.google.com/bot.html)"
220.135.127.108 - - [23/Nov/2024:12:20:02 +0800] "POST /wp-cron.php?doing_wp_cron=1732335602.3841888904571533203125 HTTP/1.1" 200 4059 "-" "WordPress/6.7.1; https://www.lubegard.com.tw"
192.0.91.177 - - [23/Nov/2024:12:20:02 +0800] "HEAD / HTTP/1.1" 200 4156 "-" "jetmon/1.0 (Jetpack Site Uptime Monitor by WordPress.com)"
220.135.127.108 - - [23/Nov/2024:12:24:59 +0800] "POST /wp-cron.php?doing_wp_cron=1732335899.7474091053009033203125 HTTP/1.1" 200 4043 "-" "WordPress/6.7.1; https://www.lubegard.com.tw"
192.0.91.177 - - [23/Nov/2024:12:24:59 +0800] "HEAD / HTTP/1.1" 200 4156 "-" "jetmon/1.0 (Jetpack Site Uptime Monitor by WordPress.com)"
220.135.127.108 - - [23/Nov/2024:12:27:39 +0800] "POST /wp-cron.php?doing_wp_cron=1732336059.2574338912963867187500 HTTP/1.1" 200 4059 "-" "WordPress/6.7.1; https://www.lubegard.com.tw"
66.249.71.97 - - [23/Nov/2024:12:27:39 +0800] "GET /atf-protectant/ HTTP/1.1" 200 33700 "-" "Mozilla/5.0 (Linux; Android 6.0.1; Nexus 5X Build/MMB29P) AppleWebKit/537.36 (KHTML, like Gecko) Chrome/131.0.6778.69 Mobile Safari/537.36 (compatible; Googlebot/2.1; +http://www.google.com/bot.html)"
220.135.127.108 - - [23/Nov/2024:12:27:47 +0800] "POST /wp-cron.php?doing_wp_cron=1732336067.3815670013427734375000 HTTP/1.1" 200 4059 "-" "WordPress/6.7.1; https://www.lubegard.com.tw"
66.249.71.102 - - [23/Nov/2024:12:27:47 +0800] "POST /?ob=open-bridge/events HTTP/1.1" 200 4248 "https://www.lubegard.com.tw/atf-protectant/" "Mozilla/5.0 (Linux; Android 6.0.1; Nexus 5X Build/MMB29P) AppleWebKit/537.36 (KHTML, like Gecko) Chrome/131.0.6778.69 Mobile Safari/537.36 (compatible; Googlebot/2.1; +http://www.google.com/bot.html)"
220.135.127.108 - - [23/Nov/2024:12:29:59 +0800] "POST /wp-cron.php?doing_wp_cron=1732336199.9316389560699462890625 HTTP/1.1" 200 4075 "-" "WordPress/6.7.1; https://www.lubegard.com.tw"
192.0.91.177 - - [23/Nov/2024:12:29:59 +0800] "HEAD / HTTP/1.1" 200 4156 "-" "jetmon/1.0 (Jetpack Site Uptime Monitor by WordPress.com)"
220.135.127.108 - - [23/Nov/2024:12:35:03 +0800] "POST /wp-cron.php?doing_wp_cron=1732336503.2178521156311035156250 HTTP/1.1" 200 4059 "-" "WordPress/6.7.1; https://www.lubegard.com.tw"
192.0.91.177 - - [23/Nov/2024:12:35:03 +0800] "HEAD / HTTP/1.1" 200 4156 "-" "jetmon/1.0 (Jetpack Site Uptime Monitor by WordPress.com)"
192.0.91.177 - - [23/Nov/2024:12:39:59 +0800] "HEAD / HTTP/1.1" 200 4156 "-" "jetmon/1.0 (Jetpack Site Uptime Monitor by WordPress.com)"
220.135.127.108 - - [23/Nov/2024:12:40:00 +0800] "GET /wp-json/jetpack/v4/sync/spawn-sync?time=1732336800&request_lock_id=1732336800.9121 HTTP/1.1" 200 4077 "-" "WordPress/6.7.1; https://www.lubegard.com.tw"
220.135.127.108 - - [23/Nov/2024:12:39:59 +0800] "POST /wp-cron.php?doing_wp_cron=1732336799.8504769802093505859375 HTTP/1.1" 200 4075 "-" "WordPress/6.7.1; https://www.lubegard.com.tw"
220.135.127.108 - - [23/Nov/2024:12:40:11 +0800] "GET /wp-json/jetpack/v4/sync/spawn-sync?time=1732336811&request_lock_id=1732336811.6276 HTTP/1.1" 200 4077 "-" "WordPress/6.7.1; https://www.lubegard.com.tw"
220.135.127.108 - - [23/Nov/2024:12:43:44 +0800] "POST /wp-cron.php?doing_wp_cron=1732337023.9999580383300781250000 HTTP/1.1" 200 4043 "-" "WordPress/6.7.1; https://www.lubegard.com.tw"
45.148.10.206 - - [23/Nov/2024:12:43:43 +0800] "GET /.git/config HTTP/1.1" 301 4088 "-" "Mozilla/5.0 (Macintosh; Intel Mac OS X 10_15_7) AppleWebKit/605.1.15 (KHTML, like Gecko) Version/17.5 Safari/605.6.22"
220.135.127.108 - - [23/Nov/2024:12:45:00 +0800] "POST /wp-cron.php?doing_wp_cron=1732337100.2401618957519531250000 HTTP/1.1" 200 4075 "-" "WordPress/6.7.1; https://www.lubegard.com.tw"
192.0.91.177 - - [23/Nov/2024:12:45:00 +0800] "HEAD / HTTP/1.1" 200 4156 "-" "jetmon/1.0 (Jetpack Site Uptime Monitor by WordPress.com)"
220.135.127.108 - - [23/Nov/2024:12:45:27 +0800] "POST /wp-cron.php?doing_wp_cron=1732337127.0543398857116699218750 HTTP/1.1" 200 4043 "-" "WordPress/6.7.1; https://www.lubegard.com.tw"
156.228.180.163 - - [23/Nov/2024:12:45:26 +0800] "GET /wp-admin/admin-ajax.php?action=wp-gwy HTTP/1.1" 200 4628 "-" "Mozilla/5.0 (Windows NT 6.3; Win64; x64) AppleWebKit/537.36 (KHTML, like Gecko) Chrome/38.0.2096.0 Safari/537.36"
154.213.198.146 - - [23/Nov/2024:12:45:30 +0800] "POST /wp-admin/admin-ajax.php?action=wp-gwy HTTP/1.1" 200 134407 "-" "Mozilla/5.0 (Windows NT 6.3; Win64; x64) AppleWebKit/537.36 (KHTML, like Gecko) Chrome/38.0.2096.0 Safari/537.36"
220.135.127.108 - - [23/Nov/2024:12:49:36 +0800] "POST /wp-cron.php?doing_wp_cron=1732337376.6649100780487060546875 HTTP/1.1" 200 4059 "-" "WordPress/6.7.1; https://www.lubegard.com.tw"
101.10.107.181 - - [23/Nov/2024:12:49:36 +0800] "GET /complete-full-synthetic-atf/ HTTP/1.1" 200 31774 "https://tw.search.yahoo.com/" "Mozilla/5.0 (iPhone; CPU iPhone OS 17_6_1 like Mac OS X) AppleWebKit/605.1.15 (KHTML, like Gecko) Version/17.6 Mobile/15E148 Safari/604.1"
101.10.107.181 - - [23/Nov/2024:12:49:36 +0800] "GET /wp-content/themes/twentyseventeen/assets/js/jquery.scrollTo.js?ver=2.1.3 HTTP/1.1" 200 2833 "https://www.lubegard.com.tw/complete-full-synthetic-atf/" "Mozilla/5.0 (iPhone; CPU iPhone OS 17_6_1 like Mac OS X) AppleWebKit/605.1.15 (KHTML, like Gecko) Version/17.6 Mobile/15E148 Safari/604.1"
101.10.107.181 - - [23/Nov/2024:12:49:36 +0800] "GET /wp-content/plugins/w3-total-cache/pub/js/lazyload.min.js HTTP/1.1" 200 2775 "https://www.lubegard.com.tw/complete-full-synthetic-atf/" "Mozilla/5.0 (iPhone; CPU iPhone OS 17_6_1 like Mac OS X) AppleWebKit/605.1.15 (KHTML, like Gecko) Version/17.6 Mobile/15E148 Safari/604.1"
101.10.107.181 - - [23/Nov/2024:12:49:36 +0800] "GET /wp-content/themes/twentyseventeen/assets/fonts/font-libre-franklin.css?ver=20230328 HTTP/1.1" 200 4892 "https://www.lubegard.com.tw/complete-full-synthetic-atf/" "Mozilla/5.0 (iPhone; CPU iPhone OS 17_6_1 like Mac OS X) AppleWebKit/605.1.15 (KHTML, like Gecko) Version/17.6 Mobile/15E148 Safari/604.1"
101.10.107.181 - - [23/Nov/2024:12:49:36 +0800] "GET /wp-content/themes/twentyseventeen/assets/css/blocks.css?ver=20220912 HTTP/1.1" 200 6131 "https://www.lubegard.com.tw/complete-full-synthetic-atf/" "Mozilla/5.0 (iPhone; CPU iPhone OS 17_6_1 like Mac OS X) AppleWebKit/605.1.15 (KHTML, like Gecko) Version/17.6 Mobile/15E148 Safari/604.1"
101.10.107.181 - - [23/Nov/2024:12:49:36 +0800] "GET /wp-content/themes/twentyseventeen/assets/js/navigation.js?ver=20210122 HTTP/1.1" 200 5298 "https://www.lubegard.com.tw/complete-full-synthetic-atf/" "Mozilla/5.0 (iPhone; CPU iPhone OS 17_6_1 like Mac OS X) AppleWebKit/605.1.15 (KHTML, like Gecko) Version/17.6 Mobile/15E148 Safari/604.1"
101.10.107.181 - - [23/Nov/2024:12:49:37 +0800] "GET /wp-content/themes/twentyseventeen/assets/js/global.js?ver=20211130 HTTP/1.1" 200 6820 "https://www.lubegard.com.tw/complete-full-synthetic-atf/" "Mozilla/5.0 (iPhone; CPU iPhone OS 17_6_1 like Mac OS X) AppleWebKit/605.1.15 (KHTML, like Gecko) Version/17.6 Mobile/15E148 Safari/604.1"
101.10.107.181 - - [23/Nov/2024:12:49:36 +0800] "GET /wp-content/themes/twentyseventeen/style.css?ver=20240402 HTTP/1.1" 200 20132 "https://www.lubegard.com.tw/complete-full-synthetic-atf/" "Mozilla/5.0 (iPhone; CPU iPhone OS 17_6_1 like Mac OS X) AppleWebKit/605.1.15 (KHTML, like Gecko) Version/17.6 Mobile/15E148 Safari/604.1"
101.10.107.181 - - [23/Nov/2024:12:49:37 +0800] "POST /?ob=open-bridge/events HTTP/1.1" 200 500 "https://www.lubegard.com.tw/complete-full-synthetic-atf/" "Mozilla/5.0 (iPhone; CPU iPhone OS 17_6_1 like Mac OS X) AppleWebKit/605.1.15 (KHTML, like Gecko) Version/17.6 Mobile/15E148 Safari/604.1"
220.135.127.108 - - [23/Nov/2024:12:50:00 +0800] "POST /wp-cron.php?doing_wp_cron=1732337400.5789248943328857421875 HTTP/1.1" 200 4075 "-" "WordPress/6.7.1; https://www.lubegard.com.tw"
192.0.91.177 - - [23/Nov/2024:12:50:00 +0800] "HEAD / HTTP/1.1" 200 4156 "-" "jetmon/1.0 (Jetpack Site Uptime Monitor by WordPress.com)"
220.135.127.108 - - [23/Nov/2024:12:55:00 +0800] "POST /wp-cron.php?doing_wp_cron=1732337700.1443688869476318359375 HTTP/1.1" 200 4043 "-" "WordPress/6.7.1; https://www.lubegard.com.tw"
192.0.91.177 - - [23/Nov/2024:12:55:00 +0800] "HEAD / HTTP/1.1" 200 4156 "-" "jetmon/1.0 (Jetpack Site Uptime Monitor by WordPress.com)"
220.135.127.108 - - [23/Nov/2024:12:56:11 +0800] "POST /wp-cron.php?doing_wp_cron=1732337771.3161330223083496093750 HTTP/1.1" 200 4059 "-" "WordPress/6.7.1; https://www.lubegard.com.tw"
51.222.253.1 - - [23/Nov/2024:12:56:11 +0800] "GET /robots.txt HTTP/1.1" 200 4230 "-" "Mozilla/5.0 (compatible; AhrefsBot/7.0; +http://ahrefs.com/robot/)"
51.222.253.4 - - [23/Nov/2024:12:56:12 +0800] "GET /hfm-atf-supplement/ HTTP/1.1" 200 32877 "-" "Mozilla/5.0 (compatible; AhrefsBot/7.0; +http://ahrefs.com/robot/)"
220.135.127.108 - - [23/Nov/2024:12:59:59 +0800] "POST /wp-cron.php?doing_wp_cron=1732337999.8172330856323242187500 HTTP/1.1" 200 4059 "-" "WordPress/6.7.1; https://www.lubegard.com.tw"
192.0.91.177 - - [23/Nov/2024:12:59:59 +0800] "HEAD / HTTP/1.1" 200 4156 "-" "jetmon/1.0 (Jetpack Site Uptime Monitor by WordPress.com)"
66.249.71.96 - - [23/Nov/2024:13:01:15 +0800] "GET /wp-content/uploads/2021/03/68112_300.jpg HTTP/1.1" 301 666 "-" "Googlebot-Image/1.0"
66.249.72.128 - - [23/Nov/2024:13:01:24 +0800] "GET /wp-content/uploads/2021/03/68112_300.jpg HTTP/1.1" 200 95402 "-" "Googlebot-Image/1.0"
66.249.71.102 - - [23/Nov/2024:13:02:07 +0800] "GET /wp-content/uploads/61910_300.png HTTP/1.1" 200 59850 "-" "Googlebot-Image/1.0"
220.135.127.108 - - [23/Nov/2024:13:05:02 +0800] "POST /wp-cron.php?doing_wp_cron=1732338302.7713220119476318359375 HTTP/1.1" 200 4059 "-" "WordPress/6.7.1; https://www.lubegard.com.tw"
192.0.91.177 - - [23/Nov/2024:13:05:02 +0800] "HEAD / HTTP/1.1" 200 4156 "-" "jetmon/1.0 (Jetpack Site Uptime Monitor by WordPress.com)"
220.135.127.108 - - [23/Nov/2024:13:09:59 +0800] "POST /wp-cron.php?doing_wp_cron=1732338599.7479820251464843750000 HTTP/1.1" 200 4059 "-" "WordPress/6.7.1; https://www.lubegard.com.tw"
192.0.91.177 - - [23/Nov/2024:13:09:59 +0800] "HEAD / HTTP/1.1" 200 4156 "-" "jetmon/1.0 (Jetpack Site Uptime Monitor by WordPress.com)"
220.135.127.108 - - [23/Nov/2024:13:15:00 +0800] "POST /wp-cron.php?doing_wp_cron=1732338900.6132409572601318359375 HTTP/1.1" 200 4059 "-" "WordPress/6.7.1; https://www.lubegard.com.tw"
192.0.91.177 - - [23/Nov/2024:13:15:00 +0800] "HEAD / HTTP/1.1" 200 4156 "-" "jetmon/1.0 (Jetpack Site Uptime Monitor by WordPress.com)"
220.135.127.108 - - [23/Nov/2024:13:20:00 +0800] "POST /wp-cron.php?doing_wp_cron=1732339200.7000749111175537109375 HTTP/1.1" 200 4059 "-" "WordPress/6.7.1; https://www.lubegard.com.tw"
192.0.91.177 - - [23/Nov/2024:13:20:00 +0800] "HEAD / HTTP/1.1" 200 4156 "-" "jetmon/1.0 (Jetpack Site Uptime Monitor by WordPress.com)"
220.135.127.108 - - [23/Nov/2024:13:22:35 +0800] "POST /wp-cron.php?doing_wp_cron=1732339355.3717920780181884765625 HTTP/1.1" 200 4075 "-" "WordPress/6.7.1; https://www.lubegard.com.tw"
66.249.71.97 - - [23/Nov/2024:13:22:35 +0800] "GET /cvt-recharge- HTTP/1.1" 301 4167 "-" "Mozilla/5.0 (Linux; Android 6.0.1; Nexus 5X Build/MMB29P) AppleWebKit/537.36 (KHTML, like Gecko) Chrome/131.0.6778.69 Mobile Safari/537.36 (compatible; Googlebot/2.1; +http://www.google.com/bot.html)"
220.135.127.108 - - [23/Nov/2024:13:22:46 +0800] "POST /wp-cron.php?doing_wp_cron=1732339366.5186569690704345703125 HTTP/1.1" 200 4059 "-" "WordPress/6.7.1; https://www.lubegard.com.tw"
66.249.71.96 - - [23/Nov/2024:13:22:46 +0800] "POST /?ob=open-bridge/events HTTP/1.1" 200 4248 "https://www.lubegard.com.tw/cvt-recharge-protect/" "Mozilla/5.0 (Linux; Android 6.0.1; Nexus 5X Build/MMB29P) AppleWebKit/537.36 (KHTML, like Gecko) Chrome/131.0.6778.69 Mobile Safari/537.36 (compatible; Googlebot/2.1; +http://www.google.com/bot.html)"
220.135.127.108 - - [23/Nov/2024:13:25:00 +0800] "POST /wp-cron.php?doing_wp_cron=1732339500.5978729724884033203125 HTTP/1.1" 200 4059 "-" "WordPress/6.7.1; https://www.lubegard.com.tw"
192.0.91.177 - - [23/Nov/2024:13:25:00 +0800] "HEAD / HTTP/1.1" 200 4156 "-" "jetmon/1.0 (Jetpack Site Uptime Monitor by WordPress.com)"
220.135.127.108 - - [23/Nov/2024:13:30:00 +0800] "POST /wp-cron.php?doing_wp_cron=1732339800.0943529605865478515625 HTTP/1.1" 200 4075 "-" "WordPress/6.7.1; https://www.lubegard.com.tw"
192.0.91.177 - - [23/Nov/2024:13:29:59 +0800] "HEAD / HTTP/1.1" 200 4156 "-" "jetmon/1.0 (Jetpack Site Uptime Monitor by WordPress.com)"
220.135.127.108 - - [23/Nov/2024:13:35:02 +0800] "POST /wp-cron.php?doing_wp_cron=1732340102.3081290721893310546875 HTTP/1.1" 200 4075 "-" "WordPress/6.7.1; https://www.lubegard.com.tw"
192.0.91.177 - - [23/Nov/2024:13:35:02 +0800] "HEAD / HTTP/1.1" 200 4156 "-" "jetmon/1.0 (Jetpack Site Uptime Monitor by WordPress.com)"
66.249.72.133 - - [23/Nov/2024:13:35:36 +0800] "GET /?page_id=71 HTTP/1.1" 301 608 "-" "Mozilla/5.0 (Linux; Android 6.0.1; Nexus 5X Build/MMB29P) AppleWebKit/537.36 (KHTML, like Gecko) Chrome/131.0.6778.69 Mobile Safari/537.36 (compatible; Googlebot/2.1; +http://www.google.com/bot.html)"
220.135.127.108 - - [23/Nov/2024:13:35:50 +0800] "POST /wp-cron.php?doing_wp_cron=1732340150.4013459682464599609375 HTTP/1.1" 200 4043 "-" "WordPress/6.7.1; https://www.lubegard.com.tw"
66.249.72.142 - - [23/Nov/2024:13:35:50 +0800] "POST /?ob=open-bridge/events HTTP/1.1" 200 4248 "https://www.lubegard.com.tw/atf-protectant/" "Mozilla/5.0 (Linux; Android 6.0.1; Nexus 5X Build/MMB29P) AppleWebKit/537.36 (KHTML, like Gecko) Chrome/131.0.6778.69 Mobile Safari/537.36 (compatible; Googlebot/2.1; +http://www.google.com/bot.html)"
220.135.127.108 - - [23/Nov/2024:13:39:59 +0800] "POST /wp-cron.php?doing_wp_cron=1732340399.4871211051940917968750 HTTP/1.1" 200 4043 "-" "WordPress/6.7.1; https://www.lubegard.com.tw"
192.0.91.177 - - [23/Nov/2024:13:39:59 +0800] "HEAD / HTTP/1.1" 200 4156 "-" "jetmon/1.0 (Jetpack Site Uptime Monitor by WordPress.com)"
220.135.127.108 - - [23/Nov/2024:13:44:59 +0800] "POST /wp-cron.php?doing_wp_cron=1732340699.4696159362792968750000 HTTP/1.1" 200 4043 "-" "WordPress/6.7.1; https://www.lubegard.com.tw"
192.0.91.177 - - [23/Nov/2024:13:44:59 +0800] "HEAD / HTTP/1.1" 200 4156 "-" "jetmon/1.0 (Jetpack Site Uptime Monitor by WordPress.com)"
205.210.31.21 - - [23/Nov/2024:13:45:24 +0800] "GET / HTTP/1.1" 301 530 "-" "Expanse, a Palo Alto Networks company, searches across the global IPv4 space multiple times per day to identify customers' presences on the Internet. If you would like to be excluded from our scans, please send IP addresses/domains to: scaninfo@paloaltonetworks.com"
220.135.127.108 - - [23/Nov/2024:13:50:00 +0800] "POST /wp-cron.php?doing_wp_cron=1732341000.7540199756622314453125 HTTP/1.1" 200 4059 "-" "WordPress/6.7.1; https://www.lubegard.com.tw"
192.0.91.177 - - [23/Nov/2024:13:50:00 +0800] "HEAD / HTTP/1.1" 200 4156 "-" "jetmon/1.0 (Jetpack Site Uptime Monitor by WordPress.com)"
220.135.127.108 - - [23/Nov/2024:13:52:09 +0800] "POST /wp-cron.php?doing_wp_cron=1732341129.4821650981903076171875 HTTP/1.1" 200 4059 "-" "WordPress/6.7.1; https://www.lubegard.com.tw"
198.235.24.223 - - [23/Nov/2024:13:52:09 +0800] "GET / HTTP/1.1" 200 113664 "-" "Expanse, a Palo Alto Networks company, searches across the global IPv4 space multiple times per day to identify customers' presences on the Internet. If you would like to be excluded from our scans, please send IP addresses/domains to: scaninfo@paloaltonetworks.com"
220.135.127.108 - - [23/Nov/2024:13:55:00 +0800] "POST /wp-cron.php?doing_wp_cron=1732341300.3921339511871337890625 HTTP/1.1" 200 4043 "-" "WordPress/6.7.1; https://www.lubegard.com.tw"
192.0.91.177 - - [23/Nov/2024:13:55:00 +0800] "HEAD / HTTP/1.1" 200 4156 "-" "jetmon/1.0 (Jetpack Site Uptime Monitor by WordPress.com)"
220.135.127.108 - - [23/Nov/2024:14:00:01 +0800] "POST /wp-cron.php?doing_wp_cron=1732341600.9870018959045410156250 HTTP/1.1" 200 4043 "-" "WordPress/6.7.1; https://www.lubegard.com.tw"
192.0.91.177 - - [23/Nov/2024:14:00:00 +0800] "HEAD / HTTP/1.1" 200 4156 "-" "jetmon/1.0 (Jetpack Site Uptime Monitor by WordPress.com)"
220.135.127.108 - - [23/Nov/2024:14:05:03 +0800] "POST /wp-cron.php?doing_wp_cron=1732341903.9192659854888916015625 HTTP/1.1" 200 4075 "-" "WordPress/6.7.1; https://www.lubegard.com.tw"
192.0.91.177 - - [23/Nov/2024:14:05:03 +0800] "HEAD / HTTP/1.1" 200 4156 "-" "jetmon/1.0 (Jetpack Site Uptime Monitor by WordPress.com)"
220.135.127.108 - - [23/Nov/2024:14:10:02 +0800] "POST /wp-cron.php?doing_wp_cron=1732342202.0908229351043701171875 HTTP/1.1" 200 4043 "-" "WordPress/6.7.1; https://www.lubegard.com.tw"
192.0.91.177 - - [23/Nov/2024:14:10:02 +0800] "HEAD / HTTP/1.1" 200 4156 "-" "jetmon/1.0 (Jetpack Site Uptime Monitor by WordPress.com)"
220.135.127.108 - - [23/Nov/2024:14:15:03 +0800] "POST /wp-cron.php?doing_wp_cron=1732342503.7981619834899902343750 HTTP/1.1" 200 4059 "-" "WordPress/6.7.1; https://www.lubegard.com.tw"
192.0.91.177 - - [23/Nov/2024:14:15:03 +0800] "HEAD / HTTP/1.1" 200 4156 "-" "jetmon/1.0 (Jetpack Site Uptime Monitor by WordPress.com)"
220.135.127.108 - - [23/Nov/2024:14:20:00 +0800] "POST /wp-cron.php?doing_wp_cron=1732342800.9302320480346679687500 HTTP/1.1" 200 4043 "-" "WordPress/6.7.1; https://www.lubegard.com.tw"
192.0.91.177 - - [23/Nov/2024:14:20:00 +0800] "HEAD / HTTP/1.1" 200 4156 "-" "jetmon/1.0 (Jetpack Site Uptime Monitor by WordPress.com)"
192.0.91.177 - - [23/Nov/2024:14:25:01 +0800] "HEAD / HTTP/1.1" 200 4156 "-" "jetmon/1.0 (Jetpack Site Uptime Monitor by WordPress.com)"
220.135.127.108 - - [23/Nov/2024:14:25:01 +0800] "POST /wp-cron.php?doing_wp_cron=1732343101.9170749187469482421875 HTTP/1.1" 200 4075 "-" "WordPress/6.7.1; https://www.lubegard.com.tw"
220.135.127.108 - - [23/Nov/2024:14:29:18 +0800] "POST /wp-cron.php?doing_wp_cron=1732343358.9635179042816162109375 HTTP/1.1" 200 4043 "-" "WordPress/6.7.1; https://www.lubegard.com.tw"
47.128.115.247 - - [23/Nov/2024:14:29:18 +0800] "GET /platinum-atf-protectant/?nb=1&share=x HTTP/1.1" 302 4268 "-" "Mozilla/5.0 (Linux; Android 5.0) AppleWebKit/537.36 (KHTML, like Gecko) Mobile Safari/537.36 (compatible; Bytespider; spider-feedback@bytedance.com)"
220.135.127.108 - - [23/Nov/2024:14:30:00 +0800] "POST /wp-cron.php?doing_wp_cron=1732343400.7640728950500488281250 HTTP/1.1" 200 4059 "-" "WordPress/6.7.1; https://www.lubegard.com.tw"
192.0.91.177 - - [23/Nov/2024:14:30:00 +0800] "HEAD / HTTP/1.1" 200 4156 "-" "jetmon/1.0 (Jetpack Site Uptime Monitor by WordPress.com)"
220.135.127.108 - - [23/Nov/2024:14:35:02 +0800] "POST /wp-cron.php?doing_wp_cron=1732343702.9164330959320068359375 HTTP/1.1" 200 4059 "-" "WordPress/6.7.1; https://www.lubegard.com.tw"
192.0.91.177 - - [23/Nov/2024:14:35:02 +0800] "HEAD / HTTP/1.1" 200 4156 "-" "jetmon/1.0 (Jetpack Site Uptime Monitor by WordPress.com)"
220.135.127.108 - - [23/Nov/2024:14:40:00 +0800] "POST /wp-cron.php?doing_wp_cron=1732344000.8280251026153564453125 HTTP/1.1" 200 4075 "-" "WordPress/6.7.1; https://www.lubegard.com.tw"
192.0.91.177 - - [23/Nov/2024:14:40:00 +0800] "HEAD / HTTP/1.1" 200 4156 "-" "jetmon/1.0 (Jetpack Site Uptime Monitor by WordPress.com)"
220.135.127.108 - - [23/Nov/2024:14:45:01 +0800] "POST /wp-cron.php?doing_wp_cron=1732344301.8495650291442871093750 HTTP/1.1" 200 4075 "-" "WordPress/6.7.1; https://www.lubegard.com.tw"
192.0.91.177 - - [23/Nov/2024:14:45:01 +0800] "HEAD / HTTP/1.1" 200 4156 "-" "jetmon/1.0 (Jetpack Site Uptime Monitor by WordPress.com)"
220.135.127.108 - - [23/Nov/2024:14:50:01 +0800] "POST /wp-cron.php?doing_wp_cron=1732344601.8870899677276611328125 HTTP/1.1" 200 4075 "-" "WordPress/6.7.1; https://www.lubegard.com.tw"
192.0.91.177 - - [23/Nov/2024:14:50:01 +0800] "HEAD / HTTP/1.1" 200 4156 "-" "jetmon/1.0 (Jetpack Site Uptime Monitor by WordPress.com)"
69.63.184.15 - - [23/Nov/2024:14:51:26 +0800] "GET /?page_id=379 HTTP/1.1" 301 610 "-" "facebookexternalhit/1.1 (+http://www.facebook.com/externalhit_uatext.php)"
