220.135.127.108 - - [24/Nov/2024:05:14:58 +0800] "POST /wp-cron.php?doing_wp_cron=1732396498.3106760978698730468750 HTTP/1.1" 200 4075 "-" "WordPress/6.7.1; https://www.lubegard.com.tw"
192.0.91.177 - - [24/Nov/2024:05:14:57 +0800] "HEAD / HTTP/1.1" 200 4156 "-" "jetmon/1.0 (Jetpack Site Uptime Monitor by WordPress.com)"
220.135.127.108 - - [24/Nov/2024:05:19:59 +0800] "POST /wp-cron.php?doing_wp_cron=1732396799.8164949417114257812500 HTTP/1.1" 200 4059 "-" "WordPress/6.7.1; https://www.lubegard.com.tw"
192.0.91.177 - - [24/Nov/2024:05:19:58 +0800] "HEAD / HTTP/1.1" 200 4156 "-" "jetmon/1.0 (Jetpack Site Uptime Monitor by WordPress.com)"
192.0.91.177 - - [24/Nov/2024:05:24:57 +0800] "HEAD / HTTP/1.1" 200 4156 "-" "jetmon/1.0 (Jetpack Site Uptime Monitor by WordPress.com)"
220.135.127.108 - - [24/Nov/2024:05:24:59 +0800] "POST /wp-cron.php?doing_wp_cron=1732397099.0494849681854248046875 HTTP/1.1" 200 4075 "-" "WordPress/6.7.1; https://www.lubegard.com.tw"
220.135.127.108 - - [24/Nov/2024:05:29:58 +0800] "POST /wp-cron.php?doing_wp_cron=1732397398.8500609397888183593750 HTTP/1.1" 200 4059 "-" "WordPress/6.7.1; https://www.lubegard.com.tw"
192.0.91.177 - - [24/Nov/2024:05:29:58 +0800] "HEAD / HTTP/1.1" 200 4156 "-" "jetmon/1.0 (Jetpack Site Uptime Monitor by WordPress.com)"
220.135.127.108 - - [24/Nov/2024:05:33:11 +0800] "POST /wp-cron.php?doing_wp_cron=1732397591.8626930713653564453125 HTTP/1.1" 200 4059 "-" "WordPress/6.7.1; https://www.lubegard.com.tw"
66.249.71.97 - - [24/Nov/2024:05:33:06 +0800] "GET /ads.txt HTTP/1.1" 404 79723 "-" "Mozilla/5.0 (compatible; Googlebot/2.1; +http://www.google.com/bot.html)"
66.249.79.3 - - [24/Nov/2024:05:34:08 +0800] "GET /ads.txt HTTP/1.1" 301 600 "-" "Mozilla/5.0 (compatible; Googlebot/2.1; +http://www.google.com/bot.html)"
220.135.127.108 - - [24/Nov/2024:05:34:59 +0800] "POST /wp-cron.php?doing_wp_cron=1732397699.7372519969940185546875 HTTP/1.1" 200 4043 "-" "WordPress/6.7.1; https://www.lubegard.com.tw"
192.0.91.177 - - [24/Nov/2024:05:34:58 +0800] "HEAD / HTTP/1.1" 200 4156 "-" "jetmon/1.0 (Jetpack Site Uptime Monitor by WordPress.com)"
220.135.127.108 - - [24/Nov/2024:05:37:29 +0800] "POST /wp-cron.php?doing_wp_cron=1732397849.0835039615631103515625 HTTP/1.1" 200 4075 "-" "WordPress/6.7.1; https://www.lubegard.com.tw"
66.249.71.97 - - [24/Nov/2024:05:37:27 +0800] "GET /ads.txt HTTP/1.1" 404 79723 "-" "Mozilla/5.0 (compatible; Googlebot/2.1; +http://www.google.com/bot.html)"
192.0.91.177 - - [24/Nov/2024:05:39:57 +0800] "HEAD / HTTP/1.1" 200 4156 "-" "jetmon/1.0 (Jetpack Site Uptime Monitor by WordPress.com)"
220.135.127.108 - - [24/Nov/2024:05:40:00 +0800] "POST /wp-cron.php?doing_wp_cron=1732398000.5245618820190429687500 HTTP/1.1" 200 4059 "-" "WordPress/6.7.1; https://www.lubegard.com.tw"
220.135.127.108 - - [24/Nov/2024:05:44:59 +0800] "POST /wp-cron.php?doing_wp_cron=1732398299.6749479770660400390625 HTTP/1.1" 200 4059 "-" "WordPress/6.7.1; https://www.lubegard.com.tw"
192.0.91.177 - - [24/Nov/2024:05:44:57 +0800] "HEAD / HTTP/1.1" 200 4156 "-" "jetmon/1.0 (Jetpack Site Uptime Monitor by WordPress.com)"
192.0.91.177 - - [24/Nov/2024:05:49:58 +0800] "HEAD / HTTP/1.1" 200 4156 "-" "jetmon/1.0 (Jetpack Site Uptime Monitor by WordPress.com)"
220.135.127.108 - - [24/Nov/2024:05:50:04 +0800] "POST /wp-cron.php?doing_wp_cron=1732398602.0624580383300781250000 HTTP/1.1" 200 4075 "-" "WordPress/6.7.1; https://www.lubegard.com.tw"
220.135.127.108 - - [24/Nov/2024:05:54:59 +0800] "POST /wp-cron.php?doing_wp_cron=1732398899.5123538970947265625000 HTTP/1.1" 200 4075 "-" "WordPress/6.7.1; https://www.lubegard.com.tw"
192.0.91.177 - - [24/Nov/2024:05:54:58 +0800] "HEAD / HTTP/1.1" 200 4156 "-" "jetmon/1.0 (Jetpack Site Uptime Monitor by WordPress.com)"
220.135.127.108 - - [24/Nov/2024:05:59:59 +0800] "POST /wp-cron.php?doing_wp_cron=1732399199.6470880508422851562500 HTTP/1.1" 200 4059 "-" "WordPress/6.7.1; https://www.lubegard.com.tw"
192.0.91.177 - - [24/Nov/2024:05:59:58 +0800] "HEAD / HTTP/1.1" 200 4156 "-" "jetmon/1.0 (Jetpack Site Uptime Monitor by WordPress.com)"
220.135.127.108 - - [24/Nov/2024:06:04:59 +0800] "POST /wp-cron.php?doing_wp_cron=1732399499.8880178928375244140625 HTTP/1.1" 200 4059 "-" "WordPress/6.7.1; https://www.lubegard.com.tw"
192.0.91.177 - - [24/Nov/2024:06:04:58 +0800] "HEAD / HTTP/1.1" 200 4156 "-" "jetmon/1.0 (Jetpack Site Uptime Monitor by WordPress.com)"
220.135.127.108 - - [24/Nov/2024:06:08:43 +0800] "POST /wp-cron.php?doing_wp_cron=1732399723.1956830024719238281250 HTTP/1.1" 200 4075 "-" "WordPress/6.7.1; https://www.lubegard.com.tw"
51.222.253.2 - - [24/Nov/2024:06:08:41 +0800] "GET /fuel-system-booster/ HTTP/1.1" 200 33643 "-" "Mozilla/5.0 (compatible; AhrefsBot/7.0; +http://ahrefs.com/robot/)"
220.135.127.108 - - [24/Nov/2024:06:09:58 +0800] "POST /wp-cron.php?doing_wp_cron=1732399798.4593911170959472656250 HTTP/1.1" 200 4059 "-" "WordPress/6.7.1; https://www.lubegard.com.tw"
192.0.91.177 - - [24/Nov/2024:06:09:57 +0800] "HEAD / HTTP/1.1" 200 4156 "-" "jetmon/1.0 (Jetpack Site Uptime Monitor by WordPress.com)"
220.135.127.108 - - [24/Nov/2024:06:11:30 +0800] "POST /wp-cron.php?doing_wp_cron=1732399890.2455899715423583984375 HTTP/1.1" 200 4075 "-" "WordPress/6.7.1; https://www.lubegard.com.tw"
192.95.30.21 - - [24/Nov/2024:06:11:25 +0800] "GET /robots.txt HTTP/1.1" 301 3563 "-" "Mozilla/5.0 (compatible; MJ12bot/v1.4.8; http://mj12bot.com/)"
220.135.127.108 - - [24/Nov/2024:06:11:33 +0800] "POST /wp-cron.php?doing_wp_cron=1732399893.4562370777130126953125 HTTP/1.1" 200 4043 "-" "WordPress/6.7.1; https://www.lubegard.com.tw"
192.95.30.21 - - [24/Nov/2024:06:11:32 +0800] "GET /robots.txt HTTP/1.1" 200 3794 "-" "Mozilla/5.0 (compatible; MJ12bot/v1.4.8; http://mj12bot.com/)"
192.95.30.21 - - [24/Nov/2024:06:11:36 +0800] "GET / HTTP/1.1" 301 3497 "-" "Mozilla/5.0 (compatible; MJ12bot/v1.4.8; http://mj12bot.com/)"
192.95.30.21 - - [24/Nov/2024:06:11:39 +0800] "GET / HTTP/1.1" 200 32864 "-" "Mozilla/5.0 (compatible; MJ12bot/v1.4.8; http://mj12bot.com/)"
220.135.127.108 - - [24/Nov/2024:06:11:56 +0800] "POST /wp-cron.php?doing_wp_cron=1732399916.0284030437469482421875 HTTP/1.1" 200 4075 "-" "WordPress/6.7.1; https://www.lubegard.com.tw"
114.119.141.194 - - [24/Nov/2024:06:11:55 +0800] "GET /fuel-system-booster/ HTTP/1.1" 200 33648 "https://www.lubegard.com.tw/products/" "Mozilla/5.0 (Linux; Android 7.0;) AppleWebKit/537.36 (KHTML, like Gecko) Mobile Safari/537.36 (compatible; PetalBot;+https://webmaster.petalsearch.com/site/petalbot)"
220.135.127.108 - - [24/Nov/2024:06:14:58 +0800] "POST /wp-cron.php?doing_wp_cron=1732400098.3271560668945312500000 HTTP/1.1" 200 4075 "-" "WordPress/6.7.1; https://www.lubegard.com.tw"
192.0.91.177 - - [24/Nov/2024:06:14:57 +0800] "HEAD / HTTP/1.1" 200 4156 "-" "jetmon/1.0 (Jetpack Site Uptime Monitor by WordPress.com)"
220.135.127.108 - - [24/Nov/2024:06:16:43 +0800] "POST /wp-cron.php?doing_wp_cron=1732400203.3768310546875000000000 HTTP/1.1" 200 4075 "-" "WordPress/6.7.1; https://www.lubegard.com.tw"
85.208.96.195 - - [24/Nov/2024:06:16:42 +0800] "GET /robots.txt HTTP/1.1" 200 4218 "-" "Mozilla/5.0 (compatible; SemrushBot/7~bl; +http://www.semrush.com/bot.html)"
85.208.96.197 - - [24/Nov/2024:06:16:44 +0800] "GET /hfm-atf-supplement/ HTTP/1.1" 200 32881 "-" "Mozilla/5.0 (compatible; SemrushBot/7~bl; +http://www.semrush.com/bot.html)"
220.135.127.108 - - [24/Nov/2024:06:19:59 +0800] "POST /wp-cron.php?doing_wp_cron=1732400399.7833330631256103515625 HTTP/1.1" 200 4059 "-" "WordPress/6.7.1; https://www.lubegard.com.tw"
192.0.91.177 - - [24/Nov/2024:06:19:58 +0800] "HEAD / HTTP/1.1" 200 4156 "-" "jetmon/1.0 (Jetpack Site Uptime Monitor by WordPress.com)"
220.135.127.108 - - [24/Nov/2024:06:24:58 +0800] "POST /wp-cron.php?doing_wp_cron=1732400698.4926390647888183593750 HTTP/1.1" 200 4075 "-" "WordPress/6.7.1; https://www.lubegard.com.tw"
192.0.91.177 - - [24/Nov/2024:06:24:58 +0800] "HEAD / HTTP/1.1" 200 4156 "-" "jetmon/1.0 (Jetpack Site Uptime Monitor by WordPress.com)"
220.135.127.108 - - [24/Nov/2024:06:29:59 +0800] "POST /wp-cron.php?doing_wp_cron=1732400999.8956921100616455078125 HTTP/1.1" 200 4043 "-" "WordPress/6.7.1; https://www.lubegard.com.tw"
192.0.91.177 - - [24/Nov/2024:06:29:58 +0800] "HEAD / HTTP/1.1" 200 4156 "-" "jetmon/1.0 (Jetpack Site Uptime Monitor by WordPress.com)"
220.135.127.108 - - [24/Nov/2024:06:34:59 +0800] "POST /wp-cron.php?doing_wp_cron=1732401299.4013609886169433593750 HTTP/1.1" 200 4059 "-" "WordPress/6.7.1; https://www.lubegard.com.tw"
192.0.91.177 - - [24/Nov/2024:06:34:58 +0800] "HEAD / HTTP/1.1" 200 4156 "-" "jetmon/1.0 (Jetpack Site Uptime Monitor by WordPress.com)"
220.135.127.108 - - [24/Nov/2024:06:39:58 +0800] "POST /wp-cron.php?doing_wp_cron=1732401598.2071719169616699218750 HTTP/1.1" 200 4043 "-" "WordPress/6.7.1; https://www.lubegard.com.tw"
192.0.91.177 - - [24/Nov/2024:06:39:57 +0800] "HEAD / HTTP/1.1" 200 4156 "-" "jetmon/1.0 (Jetpack Site Uptime Monitor by WordPress.com)"
220.135.127.108 - - [24/Nov/2024:06:44:11 +0800] "POST /wp-cron.php?doing_wp_cron=1732401851.9493598937988281250000 HTTP/1.1" 200 4059 "-" "WordPress/6.7.1; https://www.lubegard.com.tw"
66.249.79.5 - - [24/Nov/2024:06:44:10 +0800] "GET /cvt-recharge-protect/ HTTP/1.1" 200 32070 "-" "Mozilla/5.0 (Linux; Android 6.0.1; Nexus 5X Build/MMB29P) AppleWebKit/537.36 (KHTML, like Gecko) Chrome/131.0.6778.69 Mobile Safari/537.36 (compatible; Googlebot/2.1; +http://www.google.com/bot.html)"
220.135.127.108 - - [24/Nov/2024:06:44:27 +0800] "POST /wp-cron.php?doing_wp_cron=1732401867.4308729171752929687500 HTTP/1.1" 200 4043 "-" "WordPress/6.7.1; https://www.lubegard.com.tw"
66.249.79.3 - - [24/Nov/2024:06:44:27 +0800] "POST /?ob=open-bridge/events HTTP/1.1" 200 4248 "https://www.lubegard.com.tw/cvt-recharge-protect/" "Mozilla/5.0 (Linux; Android 6.0.1; Nexus 5X Build/MMB29P) AppleWebKit/537.36 (KHTML, like Gecko) Chrome/131.0.6778.69 Mobile Safari/537.36 (compatible; Googlebot/2.1; +http://www.google.com/bot.html)"
220.135.127.108 - - [24/Nov/2024:06:44:58 +0800] "POST /wp-cron.php?doing_wp_cron=1732401898.2868340015411376953125 HTTP/1.1" 200 4075 "-" "WordPress/6.7.1; https://www.lubegard.com.tw"
192.0.91.177 - - [24/Nov/2024:06:44:57 +0800] "HEAD / HTTP/1.1" 200 4156 "-" "jetmon/1.0 (Jetpack Site Uptime Monitor by WordPress.com)"
220.135.127.108 - - [24/Nov/2024:06:49:58 +0800] "POST /wp-cron.php?doing_wp_cron=1732402198.8411369323730468750000 HTTP/1.1" 200 4075 "-" "WordPress/6.7.1; https://www.lubegard.com.tw"
192.0.91.177 - - [24/Nov/2024:06:49:58 +0800] "HEAD / HTTP/1.1" 200 4156 "-" "jetmon/1.0 (Jetpack Site Uptime Monitor by WordPress.com)"
192.0.91.177 - - [24/Nov/2024:06:54:57 +0800] "HEAD / HTTP/1.1" 200 4156 "-" "jetmon/1.0 (Jetpack Site Uptime Monitor by WordPress.com)"
178.162.194.17 - - [24/Nov/2024:06:58:55 +0800] "GET /wp-content/uploads/2021/01/authorize.php?check=1 HTTP/1.1" 200 3452 "-" "Mozilla/5.0 (Windows NT 6.1; rv:17.0) Gecko/17.0 Firefox/17.0"
220.135.127.108 - - [24/Nov/2024:06:59:58 +0800] "POST /wp-cron.php?doing_wp_cron=1732402798.4043509960174560546875 HTTP/1.1" 200 4059 "-" "WordPress/6.7.1; https://www.lubegard.com.tw"
192.0.91.177 - - [24/Nov/2024:06:59:57 +0800] "HEAD / HTTP/1.1" 200 4156 "-" "jetmon/1.0 (Jetpack Site Uptime Monitor by WordPress.com)"
220.135.127.108 - - [24/Nov/2024:07:04:59 +0800] "POST /wp-cron.php?doing_wp_cron=1732403099.4654541015625000000000 HTTP/1.1" 200 4075 "-" "WordPress/6.7.1; https://www.lubegard.com.tw"
192.0.91.177 - - [24/Nov/2024:07:04:58 +0800] "HEAD / HTTP/1.1" 200 4156 "-" "jetmon/1.0 (Jetpack Site Uptime Monitor by WordPress.com)"
220.135.127.108 - - [24/Nov/2024:07:08:06 +0800] "POST /wp-cron.php?doing_wp_cron=1732403286.1386499404907226562500 HTTP/1.1" 200 4075 "-" "WordPress/6.7.1; https://www.lubegard.com.tw"
66.249.71.102 - - [24/Nov/2024:07:08:05 +0800] "GET /?page_id=84 HTTP/1.1" 301 4074 "-" "Mozilla/5.0 (Linux; Android 6.0.1; Nexus 5X Build/MMB29P) AppleWebKit/537.36 (KHTML, like Gecko) Chrome/131.0.6778.85 Mobile Safari/537.36 (compatible; Googlebot/2.1; +http://www.google.com/bot.html)"
220.135.127.108 - - [24/Nov/2024:07:09:58 +0800] "POST /wp-cron.php?doing_wp_cron=1732403398.4655559062957763671875 HTTP/1.1" 200 4059 "-" "WordPress/6.7.1; https://www.lubegard.com.tw"
192.0.91.177 - - [24/Nov/2024:07:09:58 +0800] "HEAD / HTTP/1.1" 200 4156 "-" "jetmon/1.0 (Jetpack Site Uptime Monitor by WordPress.com)"
220.135.127.108 - - [24/Nov/2024:07:12:01 +0800] "POST /wp-cron.php?doing_wp_cron=1732403521.1080429553985595703125 HTTP/1.1" 200 4043 "-" "WordPress/6.7.1; https://www.lubegard.com.tw"
114.119.134.231 - - [24/Nov/2024:07:12:00 +0800] "GET /fixx/?share=x HTTP/1.1" 302 4179 "https://www.lubegard.com.tw/fixx/" "Mozilla/5.0 (Linux; Android 7.0;) AppleWebKit/537.36 (KHTML, like Gecko) Mobile Safari/537.36 (compatible; PetalBot;+https://webmaster.petalsearch.com/site/petalbot)"
220.135.127.108 - - [24/Nov/2024:07:14:58 +0800] "POST /wp-cron.php?doing_wp_cron=1732403698.4171209335327148437500 HTTP/1.1" 200 4059 "-" "WordPress/6.7.1; https://www.lubegard.com.tw"
192.0.91.177 - - [24/Nov/2024:07:14:57 +0800] "HEAD / HTTP/1.1" 200 4156 "-" "jetmon/1.0 (Jetpack Site Uptime Monitor by WordPress.com)"
220.135.127.108 - - [24/Nov/2024:07:20:02 +0800] "POST /wp-cron.php?doing_wp_cron=1732404002.4786820411682128906250 HTTP/1.1" 200 4059 "-" "WordPress/6.7.1; https://www.lubegard.com.tw"
192.0.91.177 - - [24/Nov/2024:07:19:57 +0800] "HEAD / HTTP/1.1" 200 4156 "-" "jetmon/1.0 (Jetpack Site Uptime Monitor by WordPress.com)"
64.227.180.236 - - [24/Nov/2024:07:24:56 +0800] "GET /wp-admin/css/ HTTP/1.1" 301 600 "binance.com" "Mozilla/5.0 (Windows NT 10.0; Win64; x64) AppleWebKit/537.36 (KHTML, like Gecko) Chrome/90.0.4430.85 Safari/537.36"
64.227.180.236 - - [24/Nov/2024:07:25:00 +0800] "GET /wp-admin/css/ HTTP/1.1" 200 4955 "binance.com" "Mozilla/5.0 (Windows NT 10.0; Win64; x64) AppleWebKit/537.36 (KHTML, like Gecko) Chrome/90.0.4430.85 Safari/537.36"
64.227.180.236 - - [24/Nov/2024:07:25:04 +0800] "GET /wp-content/uploads/2024/11/ HTTP/1.1" 301 628 "binance.com" "Mozilla/5.0 (Windows NT 10.0; Win64; x64) AppleWebKit/537.36 (KHTML, like Gecko) Chrome/90.0.4430.85 Safari/537.36"
192.0.91.177 - - [24/Nov/2024:07:24:57 +0800] "HEAD / HTTP/1.1" 200 4156 "-" "jetmon/1.0 (Jetpack Site Uptime Monitor by WordPress.com)"
220.135.127.108 - - [24/Nov/2024:07:25:01 +0800] "POST /wp-cron.php?doing_wp_cron=1732404300.9392180442810058593750 HTTP/1.1" 200 4059 "-" "WordPress/6.7.1; https://www.lubegard.com.tw"
220.135.127.108 - - [24/Nov/2024:07:25:12 +0800] "POST /wp-cron.php?doing_wp_cron=1732404312.8860249519348144531250 HTTP/1.1" 200 4043 "-" "WordPress/6.7.1; https://www.lubegard.com.tw"
64.227.180.236 - - [24/Nov/2024:07:25:12 +0800] "GET /wp-content/uploads/2024/11/ HTTP/1.1" 301 3538 "binance.com" "Mozilla/5.0 (Windows NT 10.0; Win64; x64) AppleWebKit/537.36 (KHTML, like Gecko) Chrome/90.0.4430.85 Safari/537.36"
64.227.180.236 - - [24/Nov/2024:07:25:15 +0800] "GET /wp-content/uploads/2024/11/ HTTP/1.1" 404 79137 "binance.com" "Mozilla/5.0 (Windows NT 10.0; Win64; x64) AppleWebKit/537.36 (KHTML, like Gecko) Chrome/90.0.4430.85 Safari/537.36"
64.227.180.236 - - [24/Nov/2024:07:25:21 +0800] "GET /wp-content/uploads/2024/10/ HTTP/1.1" 301 628 "binance.com" "Mozilla/5.0 (Windows NT 10.0; Win64; x64) AppleWebKit/537.36 (KHTML, like Gecko) Chrome/90.0.4430.85 Safari/537.36"
220.135.127.108 - - [24/Nov/2024:07:25:29 +0800] "POST /wp-cron.php?doing_wp_cron=1732404329.9269580841064453125000 HTTP/1.1" 200 4043 "-" "WordPress/6.7.1; https://www.lubegard.com.tw"
64.227.180.236 - - [24/Nov/2024:07:25:29 +0800] "GET /wp-content/uploads/2024/10/ HTTP/1.1" 301 3538 "binance.com" "Mozilla/5.0 (Windows NT 10.0; Win64; x64) AppleWebKit/537.36 (KHTML, like Gecko) Chrome/90.0.4430.85 Safari/537.36"
220.135.127.108 - - [24/Nov/2024:07:25:36 +0800] "POST /wp-cron.php?doing_wp_cron=1732404335.9830319881439208984375 HTTP/1.1" 200 4059 "-" "WordPress/6.7.1; https://www.lubegard.com.tw"
64.227.180.236 - - [24/Nov/2024:07:25:35 +0800] "GET /wp-content/uploads/2024/10/ HTTP/1.1" 404 79137 "binance.com" "Mozilla/5.0 (Windows NT 10.0; Win64; x64) AppleWebKit/537.36 (KHTML, like Gecko) Chrome/90.0.4430.85 Safari/537.36"
64.227.180.236 - - [24/Nov/2024:07:25:43 +0800] "GET /wp-content/uploads/ HTTP/1.1" 301 612 "binance.com" "Mozilla/5.0 (Windows NT 10.0; Win64; x64) AppleWebKit/537.36 (KHTML, like Gecko) Chrome/90.0.4430.85 Safari/537.36"
64.227.180.236 - - [24/Nov/2024:07:25:50 +0800] "GET /wp-content/uploads/ HTTP/1.1" 200 4506 "binance.com" "Mozilla/5.0 (Windows NT 10.0; Win64; x64) AppleWebKit/537.36 (KHTML, like Gecko) Chrome/90.0.4430.85 Safari/537.36"
64.227.180.236 - - [24/Nov/2024:07:25:57 +0800] "GET /wp-content/upgrade/ HTTP/1.1" 301 612 "binance.com" "Mozilla/5.0 (Windows NT 10.0; Win64; x64) AppleWebKit/537.36 (KHTML, like Gecko) Chrome/90.0.4430.85 Safari/537.36"
64.227.180.236 - - [24/Nov/2024:07:26:03 +0800] "GET /wp-content/upgrade/ HTTP/1.1" 200 3800 "binance.com" "Mozilla/5.0 (Windows NT 10.0; Win64; x64) AppleWebKit/537.36 (KHTML, like Gecko) Chrome/90.0.4430.85 Safari/537.36"
64.227.180.236 - - [24/Nov/2024:07:26:10 +0800] "GET /wp-content/languages/ HTTP/1.1" 301 616 "binance.com" "Mozilla/5.0 (Windows NT 10.0; Win64; x64) AppleWebKit/537.36 (KHTML, like Gecko) Chrome/90.0.4430.85 Safari/537.36"
64.227.180.236 - - [24/Nov/2024:07:26:15 +0800] "GET /wp-content/languages/ HTTP/1.1" 200 6034 "binance.com" "Mozilla/5.0 (Windows NT 10.0; Win64; x64) AppleWebKit/537.36 (KHTML, like Gecko) Chrome/90.0.4430.85 Safari/537.36"
64.227.180.236 - - [24/Nov/2024:07:26:19 +0800] "GET /wp-content/languages/ HTTP/1.1" 301 616 "binance.com" "Mozilla/5.0 (Windows NT 10.0; Win64; x64) AppleWebKit/537.36 (KHTML, like Gecko) Chrome/90.0.4430.85 Safari/537.36"
64.227.180.236 - - [24/Nov/2024:07:26:25 +0800] "GET /wp-content/languages/ HTTP/1.1" 200 6034 "binance.com" "Mozilla/5.0 (Windows NT 10.0; Win64; x64) AppleWebKit/537.36 (KHTML, like Gecko) Chrome/90.0.4430.85 Safari/537.36"
64.227.180.236 - - [24/Nov/2024:07:26:29 +0800] "GET /wp-content/languages/admin-network-zh_TW.l10n.php HTTP/1.1" 301 672 "binance.com" "Mozilla/5.0 (Windows NT 10.0; Win64; x64) AppleWebKit/537.36 (KHTML, like Gecko) Chrome/90.0.4430.85 Safari/537.36"
64.227.180.236 - - [24/Nov/2024:07:26:32 +0800] "GET /wp-content/languages/admin-network-zh_TW.l10n.php HTTP/1.1" 200 3337 "binance.com" "Mozilla/5.0 (Windows NT 10.0; Win64; x64) AppleWebKit/537.36 (KHTML, like Gecko) Chrome/90.0.4430.85 Safari/537.36"
64.227.180.236 - - [24/Nov/2024:07:26:35 +0800] "GET /wp-content/languages/admin-zh_TW.l10n.php HTTP/1.1" 301 656 "binance.com" "Mozilla/5.0 (Windows NT 10.0; Win64; x64) AppleWebKit/537.36 (KHTML, like Gecko) Chrome/90.0.4430.85 Safari/537.36"
64.227.180.236 - - [24/Nov/2024:07:26:39 +0800] "GET /wp-content/languages/admin-zh_TW.l10n.php HTTP/1.1" 200 3337 "binance.com" "Mozilla/5.0 (Windows NT 10.0; Win64; x64) AppleWebKit/537.36 (KHTML, like Gecko) Chrome/90.0.4430.85 Safari/537.36"
64.227.180.236 - - [24/Nov/2024:07:26:42 +0800] "GET /wp-content/languages/continents-cities-zh_TW.l10n.php HTTP/1.1" 301 680 "binance.com" "Mozilla/5.0 (Windows NT 10.0; Win64; x64) AppleWebKit/537.36 (KHTML, like Gecko) Chrome/90.0.4430.85 Safari/537.36"
64.227.180.236 - - [24/Nov/2024:07:26:46 +0800] "GET /wp-content/languages/continents-cities-zh_TW.l10n.php HTTP/1.1" 200 3337 "binance.com" "Mozilla/5.0 (Windows NT 10.0; Win64; x64) AppleWebKit/537.36 (KHTML, like Gecko) Chrome/90.0.4430.85 Safari/537.36"
64.227.180.236 - - [24/Nov/2024:07:26:51 +0800] "GET /wp-content/languages/zh_TW.l10n.php HTTP/1.1" 301 644 "binance.com" "Mozilla/5.0 (Windows NT 10.0; Win64; x64) AppleWebKit/537.36 (KHTML, like Gecko) Chrome/90.0.4430.85 Safari/537.36"
64.227.180.236 - - [24/Nov/2024:07:26:56 +0800] "GET /wp-content/languages/zh_TW.l10n.php HTTP/1.1" 200 3337 "binance.com" "Mozilla/5.0 (Windows NT 10.0; Win64; x64) AppleWebKit/537.36 (KHTML, like Gecko) Chrome/90.0.4430.85 Safari/537.36"
64.227.180.236 - - [24/Nov/2024:07:27:01 +0800] "GET /wp-admin/includes/ HTTP/1.1" 301 610 "binance.com" "Mozilla/5.0 (Windows NT 10.0; Win64; x64) AppleWebKit/537.36 (KHTML, like Gecko) Chrome/90.0.4430.85 Safari/537.36"
64.227.180.236 - - [24/Nov/2024:07:27:06 +0800] "GET /wp-admin/includes/ HTTP/1.1" 200 5560 "binance.com" "Mozilla/5.0 (Windows NT 10.0; Win64; x64) AppleWebKit/537.36 (KHTML, like Gecko) Chrome/90.0.4430.85 Safari/537.36"
64.227.180.236 - - [24/Nov/2024:07:27:09 +0800] "GET /wp-admin/includes/ HTTP/1.1" 301 610 "binance.com" "Mozilla/5.0 (Windows NT 10.0; Win64; x64) AppleWebKit/537.36 (KHTML, like Gecko) Chrome/90.0.4430.85 Safari/537.36"
64.227.180.236 - - [24/Nov/2024:07:27:13 +0800] "GET /wp-admin/includes/ HTTP/1.1" 200 5560 "binance.com" "Mozilla/5.0 (Windows NT 10.0; Win64; x64) AppleWebKit/537.36 (KHTML, like Gecko) Chrome/90.0.4430.85 Safari/537.36"
64.227.180.236 - - [24/Nov/2024:07:27:17 +0800] "GET /wp-admin/maint/ HTTP/1.1" 301 604 "binance.com" "Mozilla/5.0 (Windows NT 10.0; Win64; x64) AppleWebKit/537.36 (KHTML, like Gecko) Chrome/90.0.4430.85 Safari/537.36"
64.227.180.236 - - [24/Nov/2024:07:27:22 +0800] "GET /wp-admin/maint/ HTTP/1.1" 200 3852 "binance.com" "Mozilla/5.0 (Windows NT 10.0; Win64; x64) AppleWebKit/537.36 (KHTML, like Gecko) Chrome/90.0.4430.85 Safari/537.36"
64.227.180.236 - - [24/Nov/2024:07:27:28 +0800] "GET /wp-admin/maint/ HTTP/1.1" 301 604 "binance.com" "Mozilla/5.0 (Windows NT 10.0; Win64; x64) AppleWebKit/537.36 (KHTML, like Gecko) Chrome/90.0.4430.85 Safari/537.36"
64.227.180.236 - - [24/Nov/2024:07:27:34 +0800] "GET /wp-admin/maint/ HTTP/1.1" 200 3852 "binance.com" "Mozilla/5.0 (Windows NT 10.0; Win64; x64) AppleWebKit/537.36 (KHTML, like Gecko) Chrome/90.0.4430.85 Safari/537.36"
64.227.180.236 - - [24/Nov/2024:07:27:43 +0800] "GET /wp-admin/network/ HTTP/1.1" 301 608 "binance.com" "Mozilla/5.0 (Windows NT 10.0; Win64; x64) AppleWebKit/537.36 (KHTML, like Gecko) Chrome/90.0.4430.85 Safari/537.36"
220.135.127.108 - - [24/Nov/2024:07:27:55 +0800] "POST /wp-cron.php?doing_wp_cron=1732404475.6015880107879638671875 HTTP/1.1" 200 4043 "-" "WordPress/6.7.1; https://www.lubegard.com.tw"
64.227.180.236 - - [24/Nov/2024:07:27:52 +0800] "GET /wp-admin/network/ HTTP/1.1" 302 3586 "binance.com" "Mozilla/5.0 (Windows NT 10.0; Win64; x64) AppleWebKit/537.36 (KHTML, like Gecko) Chrome/90.0.4430.85 Safari/537.36"
220.135.127.108 - - [24/Nov/2024:07:28:04 +0800] "POST /wp-cron.php?doing_wp_cron=1732404484.0830979347229003906250 HTTP/1.1" 200 4059 "-" "WordPress/6.7.1; https://www.lubegard.com.tw"
64.227.180.236 - - [24/Nov/2024:07:28:02 +0800] "GET /wp-login.php?redirect_to=https%3A%2F%2Flubegard.com.tw%2Fwp-admin%2Fnetwork%2F&reauth=1 HTTP/1.1" 200 8508 "binance.com" "Mozilla/5.0 (Windows NT 10.0; Win64; x64) AppleWebKit/537.36 (KHTML, like Gecko) Chrome/90.0.4430.85 Safari/537.36"
64.227.180.236 - - [24/Nov/2024:07:28:10 +0800] "GET /wp-admin/user/ HTTP/1.1" 301 602 "binance.com" "Mozilla/5.0 (Windows NT 10.0; Win64; x64) AppleWebKit/537.36 (KHTML, like Gecko) Chrome/90.0.4430.85 Safari/537.36"
220.135.127.108 - - [24/Nov/2024:07:28:17 +0800] "POST /wp-cron.php?doing_wp_cron=1732404497.7235178947448730468750 HTTP/1.1" 200 4059 "-" "WordPress/6.7.1; https://www.lubegard.com.tw"
64.227.180.236 - - [24/Nov/2024:07:28:16 +0800] "GET /wp-admin/user/ HTTP/1.1" 302 3583 "binance.com" "Mozilla/5.0 (Windows NT 10.0; Win64; x64) AppleWebKit/537.36 (KHTML, like Gecko) Chrome/90.0.4430.85 Safari/537.36"
220.135.127.108 - - [24/Nov/2024:07:28:28 +0800] "POST /wp-cron.php?doing_wp_cron=1732404508.6455020904541015625000 HTTP/1.1" 200 4075 "-" "WordPress/6.7.1; https://www.lubegard.com.tw"
64.227.180.236 - - [24/Nov/2024:07:28:28 +0800] "GET /wp-login.php?redirect_to=https%3A%2F%2Flubegard.com.tw%2Fwp-admin%2Fuser%2F&reauth=1 HTTP/1.1" 200 8505 "binance.com" "Mozilla/5.0 (Windows NT 10.0; Win64; x64) AppleWebKit/537.36 (KHTML, like Gecko) Chrome/90.0.4430.85 Safari/537.36"
64.227.180.236 - - [24/Nov/2024:07:28:36 +0800] "GET /wp-admin/css/ HTTP/1.1" 301 600 "binance.com" "Mozilla/5.0 (Windows NT 10.0; Win64; x64) AppleWebKit/537.36 (KHTML, like Gecko) Chrome/90.0.4430.85 Safari/537.36"
64.227.180.236 - - [24/Nov/2024:07:28:43 +0800] "GET /wp-admin/css/ HTTP/1.1" 200 4955 "binance.com" "Mozilla/5.0 (Windows NT 10.0; Win64; x64) AppleWebKit/537.36 (KHTML, like Gecko) Chrome/90.0.4430.85 Safari/537.36"
64.227.180.236 - - [24/Nov/2024:07:28:46 +0800] "GET /wp-admin/css/colors/ HTTP/1.1" 301 614 "binance.com" "Mozilla/5.0 (Windows NT 10.0; Win64; x64) AppleWebKit/537.36 (KHTML, like Gecko) Chrome/90.0.4430.85 Safari/537.36"
64.227.180.236 - - [24/Nov/2024:07:28:49 +0800] "GET /wp-admin/css/colors/ HTTP/1.1" 200 4001 "binance.com" "Mozilla/5.0 (Windows NT 10.0; Win64; x64) AppleWebKit/537.36 (KHTML, like Gecko) Chrome/90.0.4430.85 Safari/537.36"
64.227.180.236 - - [24/Nov/2024:07:28:53 +0800] "GET /wp-admin/css/colors/blue/ HTTP/1.1" 301 624 "binance.com" "Mozilla/5.0 (Windows NT 10.0; Win64; x64) AppleWebKit/537.36 (KHTML, like Gecko) Chrome/90.0.4430.85 Safari/537.36"
64.227.180.236 - - [24/Nov/2024:07:28:57 +0800] "GET /wp-admin/css/colors/blue/ HTTP/1.1" 200 3912 "binance.com" "Mozilla/5.0 (Windows NT 10.0; Win64; x64) AppleWebKit/537.36 (KHTML, like Gecko) Chrome/90.0.4430.85 Safari/537.36"
64.227.180.236 - - [24/Nov/2024:07:29:03 +0800] "GET /wp-admin/css/colors/coffee/ HTTP/1.1" 301 628 "binance.com" "Mozilla/5.0 (Windows NT 10.0; Win64; x64) AppleWebKit/537.36 (KHTML, like Gecko) Chrome/90.0.4430.85 Safari/537.36"
64.227.180.236 - - [24/Nov/2024:07:29:11 +0800] "GET /wp-admin/css/colors/coffee/ HTTP/1.1" 200 3913 "binance.com" "Mozilla/5.0 (Windows NT 10.0; Win64; x64) AppleWebKit/537.36 (KHTML, like Gecko) Chrome/90.0.4430.85 Safari/537.36"
64.227.180.236 - - [24/Nov/2024:07:29:15 +0800] "GET /wp-admin/css/colors/ectoplasm/ HTTP/1.1" 301 634 "binance.com" "Mozilla/5.0 (Windows NT 10.0; Win64; x64) AppleWebKit/537.36 (KHTML, like Gecko) Chrome/90.0.4430.85 Safari/537.36"
64.227.180.236 - - [24/Nov/2024:07:29:18 +0800] "GET /wp-admin/css/colors/ectoplasm/ HTTP/1.1" 200 3914 "binance.com" "Mozilla/5.0 (Windows NT 10.0; Win64; x64) AppleWebKit/537.36 (KHTML, like Gecko) Chrome/90.0.4430.85 Safari/537.36"
64.227.180.236 - - [24/Nov/2024:07:29:28 +0800] "GET /wp-admin/css/colors/light/ HTTP/1.1" 301 626 "binance.com" "Mozilla/5.0 (Windows NT 10.0; Win64; x64) AppleWebKit/537.36 (KHTML, like Gecko) Chrome/90.0.4430.85 Safari/537.36"
64.227.180.236 - - [24/Nov/2024:07:29:36 +0800] "GET /wp-admin/css/colors/light/ HTTP/1.1" 200 3912 "binance.com" "Mozilla/5.0 (Windows NT 10.0; Win64; x64) AppleWebKit/537.36 (KHTML, like Gecko) Chrome/90.0.4430.85 Safari/537.36"
64.227.180.236 - - [24/Nov/2024:07:29:40 +0800] "GET /wp-admin/css/colors/midnight/ HTTP/1.1" 301 632 "binance.com" "Mozilla/5.0 (Windows NT 10.0; Win64; x64) AppleWebKit/537.36 (KHTML, like Gecko) Chrome/90.0.4430.85 Safari/537.36"
64.227.180.236 - - [24/Nov/2024:07:29:46 +0800] "GET /wp-admin/css/colors/midnight/ HTTP/1.1" 200 3914 "binance.com" "Mozilla/5.0 (Windows NT 10.0; Win64; x64) AppleWebKit/537.36 (KHTML, like Gecko) Chrome/90.0.4430.85 Safari/537.36"
64.227.180.236 - - [24/Nov/2024:07:29:50 +0800] "GET /wp-admin/css/colors/modern/ HTTP/1.1" 301 628 "binance.com" "Mozilla/5.0 (Windows NT 10.0; Win64; x64) AppleWebKit/537.36 (KHTML, like Gecko) Chrome/90.0.4430.85 Safari/537.36"
64.227.180.236 - - [24/Nov/2024:07:29:53 +0800] "GET /wp-admin/css/colors/modern/ HTTP/1.1" 200 3913 "binance.com" "Mozilla/5.0 (Windows NT 10.0; Win64; x64) AppleWebKit/537.36 (KHTML, like Gecko) Chrome/90.0.4430.85 Safari/537.36"
64.227.180.236 - - [24/Nov/2024:07:29:57 +0800] "GET /wp-admin/css/colors/ocean/ HTTP/1.1" 301 626 "binance.com" "Mozilla/5.0 (Windows NT 10.0; Win64; x64) AppleWebKit/537.36 (KHTML, like Gecko) Chrome/90.0.4430.85 Safari/537.36"
220.135.127.108 - - [24/Nov/2024:07:30:01 +0800] "POST /wp-cron.php?doing_wp_cron=1732404601.0970520973205566406250 HTTP/1.1" 200 4075 "-" "WordPress/6.7.1; https://www.lubegard.com.tw"
192.0.91.177 - - [24/Nov/2024:07:29:58 +0800] "HEAD / HTTP/1.1" 200 4156 "-" "jetmon/1.0 (Jetpack Site Uptime Monitor by WordPress.com)"
64.227.180.236 - - [24/Nov/2024:07:30:03 +0800] "GET /wp-admin/css/colors/ocean/ HTTP/1.1" 200 3912 "binance.com" "Mozilla/5.0 (Windows NT 10.0; Win64; x64) AppleWebKit/537.36 (KHTML, like Gecko) Chrome/90.0.4430.85 Safari/537.36"
64.227.180.236 - - [24/Nov/2024:07:30:06 +0800] "GET /wp-admin/css/colors/sunrise/%20 HTTP/1.1" 301 632 "binance.com" "Mozilla/5.0 (Windows NT 10.0; Win64; x64) AppleWebKit/537.36 (KHTML, like Gecko) Chrome/90.0.4430.85 Safari/537.36"
64.227.180.236 - - [24/Nov/2024:07:30:11 +0800] "GET /wp-admin/css/colors/sunrise/ HTTP/1.1" 200 3913 "binance.com" "Mozilla/5.0 (Windows NT 10.0; Win64; x64) AppleWebKit/537.36 (KHTML, like Gecko) Chrome/90.0.4430.85 Safari/537.36"
64.227.180.236 - - [24/Nov/2024:07:30:15 +0800] "GET /wp-admin/images/ HTTP/1.1" 301 606 "binance.com" "Mozilla/5.0 (Windows NT 10.0; Win64; x64) AppleWebKit/537.36 (KHTML, like Gecko) Chrome/90.0.4430.85 Safari/537.36"
64.227.180.236 - - [24/Nov/2024:07:30:18 +0800] "GET /wp-admin/images/ HTTP/1.1" 200 4929 "binance.com" "Mozilla/5.0 (Windows NT 10.0; Win64; x64) AppleWebKit/537.36 (KHTML, like Gecko) Chrome/90.0.4430.85 Safari/537.36"
64.227.180.236 - - [24/Nov/2024:07:30:20 +0800] "GET /wp-admin/js/ HTTP/1.1" 301 598 "binance.com" "Mozilla/5.0 (Windows NT 10.0; Win64; x64) AppleWebKit/537.36 (KHTML, like Gecko) Chrome/90.0.4430.85 Safari/537.36"
64.227.180.236 - - [24/Nov/2024:07:30:23 +0800] "GET /wp-admin/js/ HTTP/1.1" 200 5394 "binance.com" "Mozilla/5.0 (Windows NT 10.0; Win64; x64) AppleWebKit/537.36 (KHTML, like Gecko) Chrome/90.0.4430.85 Safari/537.36"
64.227.180.236 - - [24/Nov/2024:07:30:25 +0800] "GET /wp-admin/js/widgets/ HTTP/1.1" 301 614 "binance.com" "Mozilla/5.0 (Windows NT 10.0; Win64; x64) AppleWebKit/537.36 (KHTML, like Gecko) Chrome/90.0.4430.85 Safari/537.36"
64.227.180.236 - - [24/Nov/2024:07:30:29 +0800] "GET /wp-admin/js/widgets/ HTTP/1.1" 200 4103 "binance.com" "Mozilla/5.0 (Windows NT 10.0; Win64; x64) AppleWebKit/537.36 (KHTML, like Gecko) Chrome/90.0.4430.85 Safari/537.36"
64.227.180.236 - - [24/Nov/2024:07:30:33 +0800] "GET /wp-includes/ HTTP/1.1" 301 598 "binance.com" "Mozilla/5.0 (Windows NT 10.0; Win64; x64) AppleWebKit/537.36 (KHTML, like Gecko) Chrome/90.0.4430.85 Safari/537.36"
64.227.180.236 - - [24/Nov/2024:07:30:37 +0800] "GET /wp-includes/ HTTP/1.1" 200 7954 "binance.com" "Mozilla/5.0 (Windows NT 10.0; Win64; x64) AppleWebKit/537.36 (KHTML, like Gecko) Chrome/90.0.4430.85 Safari/537.36"
64.227.180.236 - - [24/Nov/2024:07:30:41 +0800] "GET /wp-includes/ HTTP/1.1" 301 598 "binance.com" "Mozilla/5.0 (Windows NT 10.0; Win64; x64) AppleWebKit/537.36 (KHTML, like Gecko) Chrome/90.0.4430.85 Safari/537.36"
64.227.180.236 - - [24/Nov/2024:07:30:46 +0800] "GET /wp-includes/ HTTP/1.1" 200 7954 "binance.com" "Mozilla/5.0 (Windows NT 10.0; Win64; x64) AppleWebKit/537.36 (KHTML, like Gecko) Chrome/90.0.4430.85 Safari/537.36"
64.227.180.236 - - [24/Nov/2024:07:30:49 +0800] "GET /wp-includes/block-bindings.php HTTP/1.1" 301 634 "binance.com" "Mozilla/5.0 (Windows NT 10.0; Win64; x64) AppleWebKit/537.36 (KHTML, like Gecko) Chrome/90.0.4430.85 Safari/537.36"
64.227.180.236 - - [24/Nov/2024:07:30:53 +0800] "GET /wp-includes/block-bindings.php HTTP/1.1" 200 3337 "binance.com" "Mozilla/5.0 (Windows NT 10.0; Win64; x64) AppleWebKit/537.36 (KHTML, like Gecko) Chrome/90.0.4430.85 Safari/537.36"
64.227.180.236 - - [24/Nov/2024:07:30:58 +0800] "GET /wp-includes/block-editor.php HTTP/1.1" 301 630 "binance.com" "Mozilla/5.0 (Windows NT 10.0; Win64; x64) AppleWebKit/537.36 (KHTML, like Gecko) Chrome/90.0.4430.85 Safari/537.36"
64.227.180.236 - - [24/Nov/2024:07:31:01 +0800] "GET /wp-includes/block-editor.php HTTP/1.1" 200 3337 "binance.com" "Mozilla/5.0 (Windows NT 10.0; Win64; x64) AppleWebKit/537.36 (KHTML, like Gecko) Chrome/90.0.4430.85 Safari/537.36"
64.227.180.236 - - [24/Nov/2024:07:31:05 +0800] "GET /wp-includes/block-template-utils.php HTTP/1.1" 301 646 "binance.com" "Mozilla/5.0 (Windows NT 10.0; Win64; x64) AppleWebKit/537.36 (KHTML, like Gecko) Chrome/90.0.4430.85 Safari/537.36"
64.227.180.236 - - [24/Nov/2024:07:31:11 +0800] "GET /wp-includes/block-template-utils.php HTTP/1.1" 200 3337 "binance.com" "Mozilla/5.0 (Windows NT 10.0; Win64; x64) AppleWebKit/537.36 (KHTML, like Gecko) Chrome/90.0.4430.85 Safari/537.36"
64.227.180.236 - - [24/Nov/2024:07:31:15 +0800] "GET /wp-includes/block-template.php HTTP/1.1" 301 634 "binance.com" "Mozilla/5.0 (Windows NT 10.0; Win64; x64) AppleWebKit/537.36 (KHTML, like Gecko) Chrome/90.0.4430.85 Safari/537.36"
64.227.180.236 - - [24/Nov/2024:07:31:20 +0800] "GET /wp-includes/block-template.php HTTP/1.1" 200 3337 "binance.com" "Mozilla/5.0 (Windows NT 10.0; Win64; x64) AppleWebKit/537.36 (KHTML, like Gecko) Chrome/90.0.4430.85 Safari/537.36"
64.227.180.236 - - [24/Nov/2024:07:31:24 +0800] "GET /wp-includes/class-avif-info.php HTTP/1.1" 301 636 "binance.com" "Mozilla/5.0 (Windows NT 10.0; Win64; x64) AppleWebKit/537.36 (KHTML, like Gecko) Chrome/90.0.4430.85 Safari/537.36"
64.227.180.236 - - [24/Nov/2024:07:31:28 +0800] "GET /wp-includes/class-avif-info.php HTTP/1.1" 200 3337 "binance.com" "Mozilla/5.0 (Windows NT 10.0; Win64; x64) AppleWebKit/537.36 (KHTML, like Gecko) Chrome/90.0.4430.85 Safari/537.36"
64.227.180.236 - - [24/Nov/2024:07:31:33 +0800] "GET /wp-includes/class-wp-block-bindings-registry.php HTTP/1.1" 301 670 "binance.com" "Mozilla/5.0 (Windows NT 10.0; Win64; x64) AppleWebKit/537.36 (KHTML, like Gecko) Chrome/90.0.4430.85 Safari/537.36"
64.227.180.236 - - [24/Nov/2024:07:31:38 +0800] "GET /wp-includes/class-wp-block-bindings-registry.php HTTP/1.1" 200 3337 "binance.com" "Mozilla/5.0 (Windows NT 10.0; Win64; x64) AppleWebKit/537.36 (KHTML, like Gecko) Chrome/90.0.4430.85 Safari/537.36"
64.227.180.236 - - [24/Nov/2024:07:31:41 +0800] "GET /wp-includes/class-wp-block-bindings-source.php HTTP/1.1" 301 666 "binance.com" "Mozilla/5.0 (Windows NT 10.0; Win64; x64) AppleWebKit/537.36 (KHTML, like Gecko) Chrome/90.0.4430.85 Safari/537.36"
64.227.180.236 - - [24/Nov/2024:07:31:45 +0800] "GET /wp-includes/class-wp-block-bindings-source.php HTTP/1.1" 200 3337 "binance.com" "Mozilla/5.0 (Windows NT 10.0; Win64; x64) AppleWebKit/537.36 (KHTML, like Gecko) Chrome/90.0.4430.85 Safari/537.36"
64.227.180.236 - - [24/Nov/2024:07:31:50 +0800] "GET /wp-includes/class-wp-block-editor-context.php HTTP/1.1" 301 664 "binance.com" "Mozilla/5.0 (Windows NT 10.0; Win64; x64) AppleWebKit/537.36 (KHTML, like Gecko) Chrome/90.0.4430.85 Safari/537.36"
64.227.180.236 - - [24/Nov/2024:07:31:54 +0800] "GET /wp-includes/class-wp-block-editor-context.php HTTP/1.1" 200 3337 "binance.com" "Mozilla/5.0 (Windows NT 10.0; Win64; x64) AppleWebKit/537.36 (KHTML, like Gecko) Chrome/90.0.4430.85 Safari/537.36"
64.227.180.236 - - [24/Nov/2024:07:31:59 +0800] "GET /wp-includes/class-wp-block-metadata-registry.php HTTP/1.1" 301 670 "binance.com" "Mozilla/5.0 (Windows NT 10.0; Win64; x64) AppleWebKit/537.36 (KHTML, like Gecko) Chrome/90.0.4430.85 Safari/537.36"
64.227.180.236 - - [24/Nov/2024:07:32:06 +0800] "GET /wp-includes/class-wp-block-metadata-registry.php HTTP/1.1" 200 3337 "binance.com" "Mozilla/5.0 (Windows NT 10.0; Win64; x64) AppleWebKit/537.36 (KHTML, like Gecko) Chrome/90.0.4430.85 Safari/537.36"
64.227.180.236 - - [24/Nov/2024:07:32:09 +0800] "GET /wp-includes/class-wp-block-parser-block.php HTTP/1.1" 301 660 "binance.com" "Mozilla/5.0 (Windows NT 10.0; Win64; x64) AppleWebKit/537.36 (KHTML, like Gecko) Chrome/90.0.4430.85 Safari/537.36"
64.227.180.236 - - [24/Nov/2024:07:32:14 +0800] "GET /wp-includes/class-wp-block-parser-block.php HTTP/1.1" 200 3337 "binance.com" "Mozilla/5.0 (Windows NT 10.0; Win64; x64) AppleWebKit/537.36 (KHTML, like Gecko) Chrome/90.0.4430.85 Safari/537.36"
64.227.180.236 - - [24/Nov/2024:07:32:16 +0800] "GET /wp-includes/class-wp-block-parser-frame.php HTTP/1.1" 301 660 "binance.com" "Mozilla/5.0 (Windows NT 10.0; Win64; x64) AppleWebKit/537.36 (KHTML, like Gecko) Chrome/90.0.4430.85 Safari/537.36"
64.227.180.236 - - [24/Nov/2024:07:32:18 +0800] "GET /wp-includes/class-wp-block-parser-frame.php HTTP/1.1" 200 3337 "binance.com" "Mozilla/5.0 (Windows NT 10.0; Win64; x64) AppleWebKit/537.36 (KHTML, like Gecko) Chrome/90.0.4430.85 Safari/537.36"
64.227.180.236 - - [24/Nov/2024:07:32:20 +0800] "GET /wp-includes/class-wp-block-template.php HTTP/1.1" 301 652 "binance.com" "Mozilla/5.0 (Windows NT 10.0; Win64; x64) AppleWebKit/537.36 (KHTML, like Gecko) Chrome/90.0.4430.85 Safari/537.36"
64.227.180.236 - - [24/Nov/2024:07:32:24 +0800] "GET /wp-includes/class-wp-block-template.php HTTP/1.1" 200 3337 "binance.com" "Mozilla/5.0 (Windows NT 10.0; Win64; x64) AppleWebKit/537.36 (KHTML, like Gecko) Chrome/90.0.4430.85 Safari/537.36"
64.227.180.236 - - [24/Nov/2024:07:32:27 +0800] "GET /wp-includes/class-wp-block-templates-registry.php HTTP/1.1" 301 672 "binance.com" "Mozilla/5.0 (Windows NT 10.0; Win64; x64) AppleWebKit/537.36 (KHTML, like Gecko) Chrome/90.0.4430.85 Safari/537.36"
64.227.180.236 - - [24/Nov/2024:07:32:30 +0800] "GET /wp-includes/class-wp-block-templates-registry.php HTTP/1.1" 200 3337 "binance.com" "Mozilla/5.0 (Windows NT 10.0; Win64; x64) AppleWebKit/537.36 (KHTML, like Gecko) Chrome/90.0.4430.85 Safari/537.36"
64.227.180.236 - - [24/Nov/2024:07:32:32 +0800] "GET /wp-includes/class-wp-classic-to-block-menu-converter.php HTTP/1.1" 301 686 "binance.com" "Mozilla/5.0 (Windows NT 10.0; Win64; x64) AppleWebKit/537.36 (KHTML, like Gecko) Chrome/90.0.4430.85 Safari/537.36"
64.227.180.236 - - [24/Nov/2024:07:32:36 +0800] "GET /wp-includes/class-wp-classic-to-block-menu-converter.php HTTP/1.1" 200 3337 "binance.com" "Mozilla/5.0 (Windows NT 10.0; Win64; x64) AppleWebKit/537.36 (KHTML, like Gecko) Chrome/90.0.4430.85 Safari/537.36"
64.227.180.236 - - [24/Nov/2024:07:32:38 +0800] "GET /wp-includes/class-wp-dependencies.php HTTP/1.1" 301 648 "binance.com" "Mozilla/5.0 (Windows NT 10.0; Win64; x64) AppleWebKit/537.36 (KHTML, like Gecko) Chrome/90.0.4430.85 Safari/537.36"
64.227.180.236 - - [24/Nov/2024:07:32:42 +0800] "GET /wp-includes/class-wp-dependencies.php HTTP/1.1" 200 3337 "binance.com" "Mozilla/5.0 (Windows NT 10.0; Win64; x64) AppleWebKit/537.36 (KHTML, like Gecko) Chrome/90.0.4430.85 Safari/537.36"
64.227.180.236 - - [24/Nov/2024:07:32:44 +0800] "GET /wp-includes/class-wp-duotone.php HTTP/1.1" 301 638 "binance.com" "Mozilla/5.0 (Windows NT 10.0; Win64; x64) AppleWebKit/537.36 (KHTML, like Gecko) Chrome/90.0.4430.85 Safari/537.36"
64.227.180.236 - - [24/Nov/2024:07:32:48 +0800] "GET /wp-includes/class-wp-duotone.php HTTP/1.1" 200 3337 "binance.com" "Mozilla/5.0 (Windows NT 10.0; Win64; x64) AppleWebKit/537.36 (KHTML, like Gecko) Chrome/90.0.4430.85 Safari/537.36"
64.227.180.236 - - [24/Nov/2024:07:32:54 +0800] "GET /wp-includes/class-wp-exception.php HTTP/1.1" 301 642 "binance.com" "Mozilla/5.0 (Windows NT 10.0; Win64; x64) AppleWebKit/537.36 (KHTML, like Gecko) Chrome/90.0.4430.85 Safari/537.36"
64.227.180.236 - - [24/Nov/2024:07:33:03 +0800] "GET /wp-includes/class-wp-exception.php HTTP/1.1" 200 3337 "binance.com" "Mozilla/5.0 (Windows NT 10.0; Win64; x64) AppleWebKit/537.36 (KHTML, like Gecko) Chrome/90.0.4430.85 Safari/537.36"
64.227.180.236 - - [24/Nov/2024:07:33:08 +0800] "GET /wp-includes/class-wp-http.php HTTP/1.1" 301 632 "binance.com" "Mozilla/5.0 (Windows NT 10.0; Win64; x64) AppleWebKit/537.36 (KHTML, like Gecko) Chrome/90.0.4430.85 Safari/537.36"
64.227.180.236 - - [24/Nov/2024:07:33:13 +0800] "GET /wp-includes/class-wp-http.php HTTP/1.1" 500 3319 "binance.com" "Mozilla/5.0 (Windows NT 10.0; Win64; x64) AppleWebKit/537.36 (KHTML, like Gecko) Chrome/90.0.4430.85 Safari/537.36"
64.227.180.236 - - [24/Nov/2024:07:33:20 +0800] "GET /wp-includes/class-wp-navigation-fallback.php HTTP/1.1" 301 662 "binance.com" "Mozilla/5.0 (Windows NT 10.0; Win64; x64) AppleWebKit/537.36 (KHTML, like Gecko) Chrome/90.0.4430.85 Safari/537.36"
64.227.180.236 - - [24/Nov/2024:07:33:31 +0800] "GET /wp-includes/class-wp-navigation-fallback.php HTTP/1.1" 200 3337 "binance.com" "Mozilla/5.0 (Windows NT 10.0; Win64; x64) AppleWebKit/537.36 (KHTML, like Gecko) Chrome/90.0.4430.85 Safari/537.36"
64.227.180.236 - - [24/Nov/2024:07:33:50 +0800] "GET /wp-includes/class-wp-plugin-dependencies.php HTTP/1.1" 301 662 "binance.com" "Mozilla/5.0 (Windows NT 10.0; Win64; x64) AppleWebKit/537.36 (KHTML, like Gecko) Chrome/90.0.4430.85 Safari/537.36"
64.227.180.236 - - [24/Nov/2024:07:33:57 +0800] "GET /wp-includes/class-wp-plugin-dependencies.php HTTP/1.1" 200 3337 "binance.com" "Mozilla/5.0 (Windows NT 10.0; Win64; x64) AppleWebKit/537.36 (KHTML, like Gecko) Chrome/90.0.4430.85 Safari/537.36"
64.227.180.236 - - [24/Nov/2024:07:34:02 +0800] "GET /wp-includes/class-wp-script-modules.php HTTP/1.1" 301 652 "binance.com" "Mozilla/5.0 (Windows NT 10.0; Win64; x64) AppleWebKit/537.36 (KHTML, like Gecko) Chrome/90.0.4430.85 Safari/537.36"
64.227.180.236 - - [24/Nov/2024:07:34:06 +0800] "GET /wp-includes/class-wp-script-modules.php HTTP/1.1" 200 3337 "binance.com" "Mozilla/5.0 (Windows NT 10.0; Win64; x64) AppleWebKit/537.36 (KHTML, like Gecko) Chrome/90.0.4430.85 Safari/537.36"
64.227.180.236 - - [24/Nov/2024:07:34:09 +0800] "GET /wp-includes/class-wp-scripts.php HTTP/1.1" 301 638 "binance.com" "Mozilla/5.0 (Windows NT 10.0; Win64; x64) AppleWebKit/537.36 (KHTML, like Gecko) Chrome/90.0.4430.85 Safari/537.36"
64.227.180.236 - - [24/Nov/2024:07:34:12 +0800] "GET /wp-includes/class-wp-scripts.php HTTP/1.1" 500 3319 "binance.com" "Mozilla/5.0 (Windows NT 10.0; Win64; x64) AppleWebKit/537.36 (KHTML, like Gecko) Chrome/90.0.4430.85 Safari/537.36"
64.227.180.236 - - [24/Nov/2024:07:34:16 +0800] "GET /wp-includes/class-wp-styles.php HTTP/1.1" 301 636 "binance.com" "Mozilla/5.0 (Windows NT 10.0; Win64; x64) AppleWebKit/537.36 (KHTML, like Gecko) Chrome/90.0.4430.85 Safari/537.36"
64.227.180.236 - - [24/Nov/2024:07:34:22 +0800] "GET /wp-includes/class-wp-styles.php HTTP/1.1" 500 3319 "binance.com" "Mozilla/5.0 (Windows NT 10.0; Win64; x64) AppleWebKit/537.36 (KHTML, like Gecko) Chrome/90.0.4430.85 Safari/537.36"
64.227.180.236 - - [24/Nov/2024:07:34:27 +0800] "GET /wp-includes/class-wp-textdomain-registry.php HTTP/1.1" 301 662 "binance.com" "Mozilla/5.0 (Windows NT 10.0; Win64; x64) AppleWebKit/537.36 (KHTML, like Gecko) Chrome/90.0.4430.85 Safari/537.36"
64.227.180.236 - - [24/Nov/2024:07:34:33 +0800] "GET /wp-includes/class-wp-textdomain-registry.php HTTP/1.1" 200 3337 "binance.com" "Mozilla/5.0 (Windows NT 10.0; Win64; x64) AppleWebKit/537.36 (KHTML, like Gecko) Chrome/90.0.4430.85 Safari/537.36"
64.227.180.236 - - [24/Nov/2024:07:34:37 +0800] "GET /wp-includes/class-wp-theme-json-data.php HTTP/1.1" 301 654 "binance.com" "Mozilla/5.0 (Windows NT 10.0; Win64; x64) AppleWebKit/537.36 (KHTML, like Gecko) Chrome/90.0.4430.85 Safari/537.36"
64.227.180.236 - - [24/Nov/2024:07:34:43 +0800] "GET /wp-includes/class-wp-theme-json-data.php HTTP/1.1" 200 3337 "binance.com" "Mozilla/5.0 (Windows NT 10.0; Win64; x64) AppleWebKit/537.36 (KHTML, like Gecko) Chrome/90.0.4430.85 Safari/537.36"
64.227.180.236 - - [24/Nov/2024:07:34:50 +0800] "GET /wp-includes/class-wp-theme-json-resolver.php HTTP/1.1" 301 662 "binance.com" "Mozilla/5.0 (Windows NT 10.0; Win64; x64) AppleWebKit/537.36 (KHTML, like Gecko) Chrome/90.0.4430.85 Safari/537.36"
64.227.180.236 - - [24/Nov/2024:07:34:56 +0800] "GET /wp-includes/class-wp-theme-json-resolver.php HTTP/1.1" 200 3337 "binance.com" "Mozilla/5.0 (Windows NT 10.0; Win64; x64) AppleWebKit/537.36 (KHTML, like Gecko) Chrome/90.0.4430.85 Safari/537.36"
64.227.180.236 - - [24/Nov/2024:07:35:00 +0800] "GET /wp-includes/class-wp-theme-json-schema.php HTTP/1.1" 301 658 "binance.com" "Mozilla/5.0 (Windows NT 10.0; Win64; x64) AppleWebKit/537.36 (KHTML, like Gecko) Chrome/90.0.4430.85 Safari/537.36"
220.135.127.108 - - [24/Nov/2024:07:35:00 +0800] "POST /wp-cron.php?doing_wp_cron=1732404900.7763459682464599609375 HTTP/1.1" 200 4059 "-" "WordPress/6.7.1; https://www.lubegard.com.tw"
192.0.91.177 - - [24/Nov/2024:07:34:58 +0800] "HEAD / HTTP/1.1" 200 4156 "-" "jetmon/1.0 (Jetpack Site Uptime Monitor by WordPress.com)"
64.227.180.236 - - [24/Nov/2024:07:35:04 +0800] "GET /wp-includes/class-wp-theme-json-schema.php HTTP/1.1" 200 3337 "binance.com" "Mozilla/5.0 (Windows NT 10.0; Win64; x64) AppleWebKit/537.36 (KHTML, like Gecko) Chrome/90.0.4430.85 Safari/537.36"
64.227.180.236 - - [24/Nov/2024:07:35:07 +0800] "GET /wp-includes/class-wp-theme-json.php HTTP/1.1" 301 644 "binance.com" "Mozilla/5.0 (Windows NT 10.0; Win64; x64) AppleWebKit/537.36 (KHTML, like Gecko) Chrome/90.0.4430.85 Safari/537.36"
64.227.180.236 - - [24/Nov/2024:07:35:12 +0800] "GET /wp-includes/class-wp-theme-json.php HTTP/1.1" 200 3337 "binance.com" "Mozilla/5.0 (Windows NT 10.0; Win64; x64) AppleWebKit/537.36 (KHTML, like Gecko) Chrome/90.0.4430.85 Safari/537.36"
64.227.180.236 - - [24/Nov/2024:07:35:17 +0800] "GET /wp-includes/class-wp-token-map.php HTTP/1.1" 301 642 "binance.com" "Mozilla/5.0 (Windows NT 10.0; Win64; x64) AppleWebKit/537.36 (KHTML, like Gecko) Chrome/90.0.4430.85 Safari/537.36"
64.227.180.236 - - [24/Nov/2024:07:35:23 +0800] "GET /wp-includes/class-wp-token-map.php HTTP/1.1" 200 3337 "binance.com" "Mozilla/5.0 (Windows NT 10.0; Win64; x64) AppleWebKit/537.36 (KHTML, like Gecko) Chrome/90.0.4430.85 Safari/537.36"
64.227.180.236 - - [24/Nov/2024:07:35:29 +0800] "GET /wp-includes/class-wpdb.php HTTP/1.1" 301 626 "binance.com" "Mozilla/5.0 (Windows NT 10.0; Win64; x64) AppleWebKit/537.36 (KHTML, like Gecko) Chrome/90.0.4430.85 Safari/537.36"
64.227.180.236 - - [24/Nov/2024:07:35:33 +0800] "GET /wp-includes/class-wpdb.php HTTP/1.1" 200 3337 "binance.com" "Mozilla/5.0 (Windows NT 10.0; Win64; x64) AppleWebKit/537.36 (KHTML, like Gecko) Chrome/90.0.4430.85 Safari/537.36"
64.227.180.236 - - [24/Nov/2024:07:35:40 +0800] "GET /wp-includes/fonts.php HTTP/1.1" 301 616 "binance.com" "Mozilla/5.0 (Windows NT 10.0; Win64; x64) AppleWebKit/537.36 (KHTML, like Gecko) Chrome/90.0.4430.85 Safari/537.36"
64.227.180.236 - - [24/Nov/2024:07:35:45 +0800] "GET /wp-includes/fonts.php HTTP/1.1" 200 3337 "binance.com" "Mozilla/5.0 (Windows NT 10.0; Win64; x64) AppleWebKit/537.36 (KHTML, like Gecko) Chrome/90.0.4430.85 Safari/537.36"
64.227.180.236 - - [24/Nov/2024:07:35:53 +0800] "GET /wp-includes/global-styles-and-settings.php HTTP/1.1" 301 658 "binance.com" "Mozilla/5.0 (Windows NT 10.0; Win64; x64) AppleWebKit/537.36 (KHTML, like Gecko) Chrome/90.0.4430.85 Safari/537.36"
64.227.180.236 - - [24/Nov/2024:07:35:59 +0800] "GET /wp-includes/global-styles-and-settings.php HTTP/1.1" 200 3337 "binance.com" "Mozilla/5.0 (Windows NT 10.0; Win64; x64) AppleWebKit/537.36 (KHTML, like Gecko) Chrome/90.0.4430.85 Safari/537.36"
64.227.180.236 - - [24/Nov/2024:07:36:04 +0800] "GET /wp-includes/https-detection.php HTTP/1.1" 301 636 "binance.com" "Mozilla/5.0 (Windows NT 10.0; Win64; x64) AppleWebKit/537.36 (KHTML, like Gecko) Chrome/90.0.4430.85 Safari/537.36"
64.227.180.236 - - [24/Nov/2024:07:36:10 +0800] "GET /wp-includes/https-detection.php HTTP/1.1" 200 3337 "binance.com" "Mozilla/5.0 (Windows NT 10.0; Win64; x64) AppleWebKit/537.36 (KHTML, like Gecko) Chrome/90.0.4430.85 Safari/537.36"
64.227.180.236 - - [24/Nov/2024:07:36:18 +0800] "GET /wp-includes/https-migration.php HTTP/1.1" 301 636 "binance.com" "Mozilla/5.0 (Windows NT 10.0; Win64; x64) AppleWebKit/537.36 (KHTML, like Gecko) Chrome/90.0.4430.85 Safari/537.36"
64.227.180.236 - - [24/Nov/2024:07:36:27 +0800] "GET /wp-includes/https-migration.php HTTP/1.1" 200 3337 "binance.com" "Mozilla/5.0 (Windows NT 10.0; Win64; x64) AppleWebKit/537.36 (KHTML, like Gecko) Chrome/90.0.4430.85 Safari/537.36"
64.227.180.236 - - [24/Nov/2024:07:36:35 +0800] "GET /wp-includes/robots-template.php HTTP/1.1" 301 636 "binance.com" "Mozilla/5.0 (Windows NT 10.0; Win64; x64) AppleWebKit/537.36 (KHTML, like Gecko) Chrome/90.0.4430.85 Safari/537.36"
64.227.180.236 - - [24/Nov/2024:07:36:39 +0800] "GET /wp-includes/robots-template.php HTTP/1.1" 200 3337 "binance.com" "Mozilla/5.0 (Windows NT 10.0; Win64; x64) AppleWebKit/537.36 (KHTML, like Gecko) Chrome/90.0.4430.85 Safari/537.36"
64.227.180.236 - - [24/Nov/2024:07:36:43 +0800] "GET /wp-includes/script-modules.php HTTP/1.1" 301 634 "binance.com" "Mozilla/5.0 (Windows NT 10.0; Win64; x64) AppleWebKit/537.36 (KHTML, like Gecko) Chrome/90.0.4430.85 Safari/537.36"
64.227.180.236 - - [24/Nov/2024:07:36:47 +0800] "GET /wp-includes/script-modules.php HTTP/1.1" 200 3337 "binance.com" "Mozilla/5.0 (Windows NT 10.0; Win64; x64) AppleWebKit/537.36 (KHTML, like Gecko) Chrome/90.0.4430.85 Safari/537.36"
64.227.180.236 - - [24/Nov/2024:07:36:53 +0800] "GET /wp-includes/style-engine.php HTTP/1.1" 301 630 "binance.com" "Mozilla/5.0 (Windows NT 10.0; Win64; x64) AppleWebKit/537.36 (KHTML, like Gecko) Chrome/90.0.4430.85 Safari/537.36"
64.227.180.236 - - [24/Nov/2024:07:36:59 +0800] "GET /wp-includes/style-engine.php HTTP/1.1" 200 3337 "binance.com" "Mozilla/5.0 (Windows NT 10.0; Win64; x64) AppleWebKit/537.36 (KHTML, like Gecko) Chrome/90.0.4430.85 Safari/537.36"
64.227.180.236 - - [24/Nov/2024:07:37:05 +0800] "GET /wp-includes/template-canvas.php HTTP/1.1" 301 636 "binance.com" "Mozilla/5.0 (Windows NT 10.0; Win64; x64) AppleWebKit/537.36 (KHTML, like Gecko) Chrome/90.0.4430.85 Safari/537.36"
64.227.180.236 - - [24/Nov/2024:07:37:12 +0800] "GET /wp-includes/template-canvas.php HTTP/1.1" 500 3319 "binance.com" "Mozilla/5.0 (Windows NT 10.0; Win64; x64) AppleWebKit/537.36 (KHTML, like Gecko) Chrome/90.0.4430.85 Safari/537.36"
