220.135.127.108 - - [23/Nov/2024:14:51:28 +0800] "POST /wp-cron.php?doing_wp_cron=1732344688.1823649406433105468750 HTTP/1.1" 200 4043 "-" "WordPress/6.7.1; https://www.lubegard.com.tw"
69.63.184.9 - - [23/Nov/2024:14:51:28 +0800] "GET /?page_id=379 HTTP/1.1" 301 4115 "-" "facebookexternalhit/1.1 (+http://www.facebook.com/externalhit_uatext.php)"
69.63.184.8 - - [23/Nov/2024:14:51:28 +0800] "GET /evaporator-heater-foam-cleaner/ HTTP/1.1" 200 92421 "-" "facebookexternalhit/1.1 (+http://www.facebook.com/externalhit_uatext.php)"
220.135.127.108 - - [23/Nov/2024:14:55:02 +0800] "POST /wp-cron.php?doing_wp_cron=1732344902.1542229652404785156250 HTTP/1.1" 200 4059 "-" "WordPress/6.7.1; https://www.lubegard.com.tw"
192.0.91.177 - - [23/Nov/2024:14:55:02 +0800] "HEAD / HTTP/1.1" 200 4156 "-" "jetmon/1.0 (Jetpack Site Uptime Monitor by WordPress.com)"
220.135.127.108 - - [23/Nov/2024:15:00:00 +0800] "POST /wp-cron.php?doing_wp_cron=1732345200.4949860572814941406250 HTTP/1.1" 200 4043 "-" "WordPress/6.7.1; https://www.lubegard.com.tw"
192.0.91.177 - - [23/Nov/2024:15:00:00 +0800] "HEAD / HTTP/1.1" 200 4156 "-" "jetmon/1.0 (Jetpack Site Uptime Monitor by WordPress.com)"
220.135.127.108 - - [23/Nov/2024:15:04:59 +0800] "POST /wp-cron.php?doing_wp_cron=1732345499.3142700195312500000000 HTTP/1.1" 200 4059 "-" "WordPress/6.7.1; https://www.lubegard.com.tw"
101.8.20.236 - - [23/Nov/2024:15:04:58 +0800] "GET /products/ HTTP/1.1" 200 31725 "https://www.lubegard.com.tw/" "Mozilla/5.0 (iPhone; CPU iPhone OS 18_0 like Mac OS X) AppleWebKit/605.1.15 (KHTML, like Gecko) Version/18.0 Mobile/15E148 Safari/604.1"
101.8.20.236 - - [23/Nov/2024:15:04:59 +0800] "GET /wp-content/themes/twentyseventeen/assets/fonts/font-libre-franklin.css?ver=20230328 HTTP/1.1" 200 1113 "https://www.lubegard.com.tw/products/" "Mozilla/5.0 (iPhone; CPU iPhone OS 18_0 like Mac OS X) AppleWebKit/605.1.15 (KHTML, like Gecko) Version/18.0 Mobile/15E148 Safari/604.1"
101.8.20.236 - - [23/Nov/2024:15:04:59 +0800] "GET /wp-content/plugins/w3-total-cache/pub/js/lazyload.min.js HTTP/1.1" 200 2775 "https://www.lubegard.com.tw/products/" "Mozilla/5.0 (iPhone; CPU iPhone OS 18_0 like Mac OS X) AppleWebKit/605.1.15 (KHTML, like Gecko) Version/18.0 Mobile/15E148 Safari/604.1"
101.8.20.236 - - [23/Nov/2024:15:04:59 +0800] "GET /wp-content/themes/twentyseventeen/assets/js/navigation.js?ver=20210122 HTTP/1.1" 200 5314 "https://www.lubegard.com.tw/products/" "Mozilla/5.0 (iPhone; CPU iPhone OS 18_0 like Mac OS X) AppleWebKit/605.1.15 (KHTML, like Gecko) Version/18.0 Mobile/15E148 Safari/604.1"
101.8.20.236 - - [23/Nov/2024:15:04:59 +0800] "GET /wp-content/themes/twentyseventeen/assets/js/global.js?ver=20211130 HTTP/1.1" 200 6836 "https://www.lubegard.com.tw/products/" "Mozilla/5.0 (iPhone; CPU iPhone OS 18_0 like Mac OS X) AppleWebKit/605.1.15 (KHTML, like Gecko) Version/18.0 Mobile/15E148 Safari/604.1"
101.8.20.236 - - [23/Nov/2024:15:04:59 +0800] "GET /wp-content/themes/twentyseventeen/assets/js/jquery.scrollTo.js?ver=2.1.3 HTTP/1.1" 200 6628 "https://www.lubegard.com.tw/products/" "Mozilla/5.0 (iPhone; CPU iPhone OS 18_0 like Mac OS X) AppleWebKit/605.1.15 (KHTML, like Gecko) Version/18.0 Mobile/15E148 Safari/604.1"
101.8.20.236 - - [23/Nov/2024:15:04:59 +0800] "GET /wp-content/themes/twentyseventeen/assets/css/blocks.css?ver=20220912 HTTP/1.1" 200 6147 "https://www.lubegard.com.tw/products/" "Mozilla/5.0 (iPhone; CPU iPhone OS 18_0 like Mac OS X) AppleWebKit/605.1.15 (KHTML, like Gecko) Version/18.0 Mobile/15E148 Safari/604.1"
101.8.20.236 - - [23/Nov/2024:15:04:59 +0800] "GET /wp-content/themes/twentyseventeen/style.css?ver=20240402 HTTP/1.1" 200 20132 "https://www.lubegard.com.tw/products/" "Mozilla/5.0 (iPhone; CPU iPhone OS 18_0 like Mac OS X) AppleWebKit/605.1.15 (KHTML, like Gecko) Version/18.0 Mobile/15E148 Safari/604.1"
101.8.20.236 - - [23/Nov/2024:15:05:00 +0800] "POST /?ob=open-bridge/events HTTP/1.1" 200 500 "https://www.lubegard.com.tw/products/" "Mozilla/5.0 (iPhone; CPU iPhone OS 18_0 like Mac OS X) AppleWebKit/605.1.15 (KHTML, like Gecko) Version/18.0 Mobile/15E148 Safari/604.1"
220.135.127.108 - - [23/Nov/2024:15:05:03 +0800] "POST /wp-cron.php?doing_wp_cron=1732345503.1637310981750488281250 HTTP/1.1" 200 4075 "-" "WordPress/6.7.1; https://www.lubegard.com.tw"
192.0.91.177 - - [23/Nov/2024:15:05:03 +0800] "HEAD / HTTP/1.1" 200 4156 "-" "jetmon/1.0 (Jetpack Site Uptime Monitor by WordPress.com)"
220.135.127.108 - - [23/Nov/2024:15:10:00 +0800] "POST /wp-cron.php?doing_wp_cron=1732345800.5119049549102783203125 HTTP/1.1" 200 4059 "-" "WordPress/6.7.1; https://www.lubegard.com.tw"
192.0.91.177 - - [23/Nov/2024:15:10:00 +0800] "HEAD / HTTP/1.1" 200 4156 "-" "jetmon/1.0 (Jetpack Site Uptime Monitor by WordPress.com)"
220.135.127.108 - - [23/Nov/2024:15:15:01 +0800] "POST /wp-cron.php?doing_wp_cron=1732346101.7426030635833740234375 HTTP/1.1" 200 4043 "-" "WordPress/6.7.1; https://www.lubegard.com.tw"
192.0.91.177 - - [23/Nov/2024:15:15:01 +0800] "HEAD / HTTP/1.1" 200 4156 "-" "jetmon/1.0 (Jetpack Site Uptime Monitor by WordPress.com)"
220.135.127.108 - - [23/Nov/2024:15:19:36 +0800] "POST /wp-cron.php?doing_wp_cron=1732346376.4983460903167724609375 HTTP/1.1" 200 4043 "-" "WordPress/6.7.1; https://www.lubegard.com.tw"
51.222.253.11 - - [23/Nov/2024:15:19:36 +0800] "GET /where-to-buy/ HTTP/1.1" 200 30362 "-" "Mozilla/5.0 (compatible; AhrefsBot/7.0; +http://ahrefs.com/robot/)"
220.135.127.108 - - [23/Nov/2024:15:20:00 +0800] "POST /wp-cron.php?doing_wp_cron=1732346400.7990009784698486328125 HTTP/1.1" 200 4075 "-" "WordPress/6.7.1; https://www.lubegard.com.tw"
192.0.91.177 - - [23/Nov/2024:15:20:00 +0800] "HEAD / HTTP/1.1" 200 4156 "-" "jetmon/1.0 (Jetpack Site Uptime Monitor by WordPress.com)"
220.135.127.108 - - [23/Nov/2024:15:25:00 +0800] "POST /wp-cron.php?doing_wp_cron=1732346700.5965700149536132812500 HTTP/1.1" 200 4059 "-" "WordPress/6.7.1; https://www.lubegard.com.tw"
192.0.91.177 - - [23/Nov/2024:15:25:00 +0800] "HEAD / HTTP/1.1" 200 4156 "-" "jetmon/1.0 (Jetpack Site Uptime Monitor by WordPress.com)"
220.135.127.108 - - [23/Nov/2024:15:29:59 +0800] "POST /wp-cron.php?doing_wp_cron=1732346999.7427179813385009765625 HTTP/1.1" 200 4059 "-" "WordPress/6.7.1; https://www.lubegard.com.tw"
192.0.91.177 - - [23/Nov/2024:15:29:59 +0800] "HEAD / HTTP/1.1" 200 4156 "-" "jetmon/1.0 (Jetpack Site Uptime Monitor by WordPress.com)"
220.135.127.108 - - [23/Nov/2024:15:35:02 +0800] "POST /wp-cron.php?doing_wp_cron=1732347302.2074100971221923828125 HTTP/1.1" 200 4059 "-" "WordPress/6.7.1; https://www.lubegard.com.tw"
192.0.91.177 - - [23/Nov/2024:15:35:02 +0800] "HEAD / HTTP/1.1" 200 4156 "-" "jetmon/1.0 (Jetpack Site Uptime Monitor by WordPress.com)"
192.0.91.177 - - [23/Nov/2024:15:39:59 +0800] "HEAD / HTTP/1.1" 200 4156 "-" "jetmon/1.0 (Jetpack Site Uptime Monitor by WordPress.com)"
220.135.127.108 - - [23/Nov/2024:15:39:59 +0800] "POST /wp-cron.php?doing_wp_cron=1732347599.6562500000000000000000 HTTP/1.1" 200 4075 "-" "WordPress/6.7.1; https://www.lubegard.com.tw"
220.135.127.108 - - [23/Nov/2024:15:45:00 +0800] "POST /wp-cron.php?doing_wp_cron=1732347900.4310860633850097656250 HTTP/1.1" 200 4043 "-" "WordPress/6.7.1; https://www.lubegard.com.tw"
192.0.91.177 - - [23/Nov/2024:15:45:00 +0800] "HEAD / HTTP/1.1" 200 4156 "-" "jetmon/1.0 (Jetpack Site Uptime Monitor by WordPress.com)"
220.135.127.108 - - [23/Nov/2024:15:50:01 +0800] "POST /wp-cron.php?doing_wp_cron=1732348201.2011640071868896484375 HTTP/1.1" 200 4059 "-" "WordPress/6.7.1; https://www.lubegard.com.tw"
192.0.91.177 - - [23/Nov/2024:15:50:00 +0800] "HEAD / HTTP/1.1" 200 4156 "-" "jetmon/1.0 (Jetpack Site Uptime Monitor by WordPress.com)"
220.135.127.108 - - [23/Nov/2024:15:54:59 +0800] "POST /wp-cron.php?doing_wp_cron=1732348499.5131080150604248046875 HTTP/1.1" 200 4059 "-" "WordPress/6.7.1; https://www.lubegard.com.tw"
192.0.91.177 - - [23/Nov/2024:15:54:59 +0800] "HEAD / HTTP/1.1" 200 4156 "-" "jetmon/1.0 (Jetpack Site Uptime Monitor by WordPress.com)"
220.135.127.108 - - [23/Nov/2024:15:56:59 +0800] "POST /?wordfence_syncAttackData=1732348619.1824 HTTP/1.1" 200 3987 "-" "WordPress/6.7.1; https://www.lubegard.com.tw"
220.135.127.108 - - [23/Nov/2024:15:56:59 +0800] "POST /wp-cron.php?doing_wp_cron=1732348619.3611450195312500000000 HTTP/1.1" 200 4043 "-" "WordPress/6.7.1; https://www.lubegard.com.tw"
185.233.3.42 - - [23/Nov/2024:15:56:59 +0800] "GET /wp-content/plugins/oa-social-login/readme.txt HTTP/1.1" 404 79770 "-" "Mozilla/4.0 (compatible; MSIE 6.0; Windows NT 5.1; SV1)"
220.135.127.108 - - [23/Nov/2024:15:59:59 +0800] "POST /wp-cron.php?doing_wp_cron=1732348799.6185550689697265625000 HTTP/1.1" 200 4043 "-" "WordPress/6.7.1; https://www.lubegard.com.tw"
192.0.91.177 - - [23/Nov/2024:15:59:59 +0800] "HEAD / HTTP/1.1" 200 4156 "-" "jetmon/1.0 (Jetpack Site Uptime Monitor by WordPress.com)"
192.0.91.177 - - [23/Nov/2024:16:05:01 +0800] "HEAD / HTTP/1.1" 200 4156 "-" "jetmon/1.0 (Jetpack Site Uptime Monitor by WordPress.com)"
220.135.127.108 - - [23/Nov/2024:16:05:01 +0800] "POST /wp-cron.php?doing_wp_cron=1732349101.8643760681152343750000 HTTP/1.1" 200 4075 "-" "WordPress/6.7.1; https://www.lubegard.com.tw"
220.135.127.108 - - [23/Nov/2024:16:09:59 +0800] "POST /wp-cron.php?doing_wp_cron=1732349399.9234020709991455078125 HTTP/1.1" 200 4075 "-" "WordPress/6.7.1; https://www.lubegard.com.tw"
192.0.91.177 - - [23/Nov/2024:16:09:59 +0800] "HEAD / HTTP/1.1" 200 4156 "-" "jetmon/1.0 (Jetpack Site Uptime Monitor by WordPress.com)"
220.135.127.108 - - [23/Nov/2024:16:10:32 +0800] "POST /wp-cron.php?doing_wp_cron=1732349432.8027579784393310546875 HTTP/1.1" 200 4043 "-" "WordPress/6.7.1; https://www.lubegard.com.tw"
180.177.26.32 - - [23/Nov/2024:16:10:32 +0800] "GET /bio-engine-oil-protectant/ HTTP/1.1" 200 34957 "https://www.google.com/" "Mozilla/5.0 (Linux; Android 10; K) AppleWebKit/537.36 (KHTML, like Gecko) Chrome/131.0.0.0 Mobile Safari/537.36"
180.177.26.32 - - [23/Nov/2024:16:10:33 +0800] "GET /wp-content/themes/twentyseventeen/assets/fonts/font-libre-franklin.css?ver=20230328 HTTP/1.1" 200 1113 "https://www.lubegard.com.tw/bio-engine-oil-protectant/" "Mozilla/5.0 (Linux; Android 10; K) AppleWebKit/537.36 (KHTML, like Gecko) Chrome/131.0.0.0 Mobile Safari/537.36"
180.177.26.32 - - [23/Nov/2024:16:10:33 +0800] "GET /wp-content/themes/twentyseventeen/style.css?ver=20240402 HTTP/1.1" 200 16369 "https://www.lubegard.com.tw/bio-engine-oil-protectant/" "Mozilla/5.0 (Linux; Android 10; K) AppleWebKit/537.36 (KHTML, like Gecko) Chrome/131.0.0.0 Mobile Safari/537.36"
180.177.26.32 - - [23/Nov/2024:16:10:33 +0800] "GET /wp-content/themes/twentyseventeen/assets/css/blocks.css?ver=20220912 HTTP/1.1" 200 2916 "https://www.lubegard.com.tw/bio-engine-oil-protectant/" "Mozilla/5.0 (Linux; Android 10; K) AppleWebKit/537.36 (KHTML, like Gecko) Chrome/131.0.0.0 Mobile Safari/537.36"
180.177.26.32 - - [23/Nov/2024:16:10:33 +0800] "GET /wp-content/themes/twentyseventeen/assets/js/global.js?ver=20211130 HTTP/1.1" 200 3057 "https://www.lubegard.com.tw/bio-engine-oil-protectant/" "Mozilla/5.0 (Linux; Android 10; K) AppleWebKit/537.36 (KHTML, like Gecko) Chrome/131.0.0.0 Mobile Safari/537.36"
180.177.26.32 - - [23/Nov/2024:16:10:33 +0800] "GET /wp-content/themes/twentyseventeen/assets/js/navigation.js?ver=20210122 HTTP/1.1" 200 1535 "https://www.lubegard.com.tw/bio-engine-oil-protectant/" "Mozilla/5.0 (Linux; Android 10; K) AppleWebKit/537.36 (KHTML, like Gecko) Chrome/131.0.0.0 Mobile Safari/537.36"
180.177.26.32 - - [23/Nov/2024:16:10:33 +0800] "GET /wp-content/plugins/w3-total-cache/pub/js/lazyload.min.js HTTP/1.1" 200 2775 "https://www.lubegard.com.tw/bio-engine-oil-protectant/" "Mozilla/5.0 (Linux; Android 10; K) AppleWebKit/537.36 (KHTML, like Gecko) Chrome/131.0.0.0 Mobile Safari/537.36"
180.177.26.32 - - [23/Nov/2024:16:10:33 +0800] "GET /wp-content/themes/twentyseventeen/assets/js/jquery.scrollTo.js?ver=2.1.3 HTTP/1.1" 200 2833 "https://www.lubegard.com.tw/bio-engine-oil-protectant/" "Mozilla/5.0 (Linux; Android 10; K) AppleWebKit/537.36 (KHTML, like Gecko) Chrome/131.0.0.0 Mobile Safari/537.36"
220.135.127.108 - - [23/Nov/2024:16:10:33 +0800] "POST /wp-cron.php?doing_wp_cron=1732349433.9610030651092529296875 HTTP/1.1" 200 4043 "-" "WordPress/6.7.1; https://www.lubegard.com.tw"
180.177.26.32 - - [23/Nov/2024:16:10:33 +0800] "POST /?ob=open-bridge/events HTTP/1.1" 200 500 "https://www.lubegard.com.tw/bio-engine-oil-protectant/" "Mozilla/5.0 (Linux; Android 10; K) AppleWebKit/537.36 (KHTML, like Gecko) Chrome/131.0.0.0 Mobile Safari/537.36"
220.135.127.108 - - [23/Nov/2024:16:12:04 +0800] "POST /wp-cron.php?doing_wp_cron=1732349524.6967399120330810546875 HTTP/1.1" 200 4043 "-" "WordPress/6.7.1; https://www.lubegard.com.tw"
51.222.253.3 - - [23/Nov/2024:16:12:04 +0800] "GET /robots.txt HTTP/1.1" 301 4022 "-" "Mozilla/5.0 (compatible; AhrefsBot/7.0; +http://ahrefs.com/robot/)"
51.222.253.3 - - [23/Nov/2024:16:12:06 +0800] "GET /robots.txt HTTP/1.1" 200 4230 "-" "Mozilla/5.0 (compatible; AhrefsBot/7.0; +http://ahrefs.com/robot/)"
51.222.253.8 - - [23/Nov/2024:16:12:07 +0800] "GET / HTTP/1.1" 301 4012 "-" "Mozilla/5.0 (compatible; AhrefsBot/7.0; +http://ahrefs.com/robot/)"
220.135.127.108 - - [23/Nov/2024:16:15:00 +0800] "POST /wp-cron.php?doing_wp_cron=1732349700.2877190113067626953125 HTTP/1.1" 200 4043 "-" "WordPress/6.7.1; https://www.lubegard.com.tw"
192.0.91.177 - - [23/Nov/2024:16:15:00 +0800] "HEAD / HTTP/1.1" 200 4156 "-" "jetmon/1.0 (Jetpack Site Uptime Monitor by WordPress.com)"
220.135.127.108 - - [23/Nov/2024:16:20:00 +0800] "POST /wp-cron.php?doing_wp_cron=1732350000.8296840190887451171875 HTTP/1.1" 200 4059 "-" "WordPress/6.7.1; https://www.lubegard.com.tw"
192.0.91.177 - - [23/Nov/2024:16:20:00 +0800] "HEAD / HTTP/1.1" 200 4156 "-" "jetmon/1.0 (Jetpack Site Uptime Monitor by WordPress.com)"
220.135.127.108 - - [23/Nov/2024:16:24:51 +0800] "POST /wp-cron.php?doing_wp_cron=1732350291.6648170948028564453125 HTTP/1.1" 200 4059 "-" "WordPress/6.7.1; https://www.lubegard.com.tw"
157.55.39.222 - - [23/Nov/2024:16:24:51 +0800] "GET /robots.txt HTTP/1.1" 200 4351 "-" "Mozilla/5.0 AppleWebKit/537.36 (KHTML, like Gecko; compatible; bingbot/2.0; +http://www.bing.com/bingbot.htm) Chrome/116.0.1938.76 Safari/537.36"
220.135.127.108 - - [23/Nov/2024:16:25:00 +0800] "POST /wp-cron.php?doing_wp_cron=1732350300.2564599514007568359375 HTTP/1.1" 200 4075 "-" "WordPress/6.7.1; https://www.lubegard.com.tw"
192.0.91.177 - - [23/Nov/2024:16:25:00 +0800] "HEAD / HTTP/1.1" 200 4156 "-" "jetmon/1.0 (Jetpack Site Uptime Monitor by WordPress.com)"
207.46.13.150 - - [23/Nov/2024:16:25:01 +0800] "GET /post-sitemap.xml HTTP/1.1" 200 4688 "-" "Mozilla/5.0 AppleWebKit/537.36 (KHTML, like Gecko; compatible; bingbot/2.0; +http://www.bing.com/bingbot.htm) Chrome/116.0.1938.76 Safari/537.36"
220.135.127.108 - - [23/Nov/2024:16:27:33 +0800] "POST /wp-cron.php?doing_wp_cron=1732350452.9917440414428710937500 HTTP/1.1" 200 4043 "-" "WordPress/6.7.1; https://www.lubegard.com.tw"
207.46.13.150 - - [23/Nov/2024:16:27:32 +0800] "GET /page-sitemap.xml HTTP/1.1" 200 5879 "-" "Mozilla/5.0 AppleWebKit/537.36 (KHTML, like Gecko; compatible; bingbot/2.0; +http://www.bing.com/bingbot.htm) Chrome/116.0.1938.76 Safari/537.36"
220.135.127.108 - - [23/Nov/2024:16:29:59 +0800] "POST /wp-cron.php?doing_wp_cron=1732350599.5249829292297363281250 HTTP/1.1" 200 4075 "-" "WordPress/6.7.1; https://www.lubegard.com.tw"
192.0.91.177 - - [23/Nov/2024:16:29:59 +0800] "HEAD / HTTP/1.1" 200 4156 "-" "jetmon/1.0 (Jetpack Site Uptime Monitor by WordPress.com)"
185.206.225.142 - - [23/Nov/2024:16:34:45 +0800] "POST /wp-content/uploads/2021/01/authorize.php HTTP/1.1" 200 3476 "https://www.lubegard.com.tw" "Mozilla/5.0 (Windows NT 10.0; Win64; x64; rv:46.0) Gecko/20100101 Firefox/46.0"
192.0.91.177 - - [23/Nov/2024:16:35:01 +0800] "HEAD / HTTP/1.1" 200 4156 "-" "jetmon/1.0 (Jetpack Site Uptime Monitor by WordPress.com)"
220.135.127.108 - - [23/Nov/2024:16:39:59 +0800] "POST /wp-cron.php?doing_wp_cron=1732351199.6418709754943847656250 HTTP/1.1" 200 4059 "-" "WordPress/6.7.1; https://www.lubegard.com.tw"
192.0.91.177 - - [23/Nov/2024:16:39:59 +0800] "HEAD / HTTP/1.1" 200 4156 "-" "jetmon/1.0 (Jetpack Site Uptime Monitor by WordPress.com)"
220.135.127.108 - - [23/Nov/2024:16:44:59 +0800] "POST /wp-cron.php?doing_wp_cron=1732351499.5618739128112792968750 HTTP/1.1" 200 4075 "-" "WordPress/6.7.1; https://www.lubegard.com.tw"
192.0.91.177 - - [23/Nov/2024:16:44:59 +0800] "HEAD / HTTP/1.1" 200 4156 "-" "jetmon/1.0 (Jetpack Site Uptime Monitor by WordPress.com)"
220.135.127.108 - - [23/Nov/2024:16:50:00 +0800] "POST /wp-cron.php?doing_wp_cron=1732351800.9489800930023193359375 HTTP/1.1" 200 4043 "-" "WordPress/6.7.1; https://www.lubegard.com.tw"
192.0.91.177 - - [23/Nov/2024:16:50:00 +0800] "HEAD / HTTP/1.1" 200 4156 "-" "jetmon/1.0 (Jetpack Site Uptime Monitor by WordPress.com)"
220.135.127.108 - - [23/Nov/2024:16:55:00 +0800] "POST /wp-cron.php?doing_wp_cron=1732352100.4911799430847167968750 HTTP/1.1" 200 4043 "-" "WordPress/6.7.1; https://www.lubegard.com.tw"
192.0.91.177 - - [23/Nov/2024:16:55:00 +0800] "HEAD / HTTP/1.1" 200 4156 "-" "jetmon/1.0 (Jetpack Site Uptime Monitor by WordPress.com)"
220.135.127.108 - - [23/Nov/2024:16:59:59 +0800] "POST /wp-cron.php?doing_wp_cron=1732352399.6441819667816162109375 HTTP/1.1" 200 4059 "-" "WordPress/6.7.1; https://www.lubegard.com.tw"
192.0.91.177 - - [23/Nov/2024:16:59:59 +0800] "HEAD / HTTP/1.1" 200 4156 "-" "jetmon/1.0 (Jetpack Site Uptime Monitor by WordPress.com)"
66.249.71.96 - - [23/Nov/2024:17:03:16 +0800] "GET /wp-content/uploads/67010_300.png HTTP/1.1" 304 3951 "-" "Googlebot-Image/1.0"
220.135.127.108 - - [23/Nov/2024:17:05:00 +0800] "POST /wp-cron.php?doing_wp_cron=1732352700.4363420009613037109375 HTTP/1.1" 200 4043 "-" "WordPress/6.7.1; https://www.lubegard.com.tw"
192.0.91.177 - - [23/Nov/2024:17:05:00 +0800] "HEAD / HTTP/1.1" 200 4156 "-" "jetmon/1.0 (Jetpack Site Uptime Monitor by WordPress.com)"
220.135.127.108 - - [23/Nov/2024:17:09:59 +0800] "POST /wp-cron.php?doing_wp_cron=1732352999.3472149372100830078125 HTTP/1.1" 200 4075 "-" "WordPress/6.7.1; https://www.lubegard.com.tw"
192.0.91.177 - - [23/Nov/2024:17:09:59 +0800] "HEAD / HTTP/1.1" 200 4156 "-" "jetmon/1.0 (Jetpack Site Uptime Monitor by WordPress.com)"
220.135.127.108 - - [23/Nov/2024:17:15:00 +0800] "POST /wp-cron.php?doing_wp_cron=1732353300.3151450157165527343750 HTTP/1.1" 200 4043 "-" "WordPress/6.7.1; https://www.lubegard.com.tw"
192.0.91.177 - - [23/Nov/2024:17:15:00 +0800] "HEAD / HTTP/1.1" 200 4156 "-" "jetmon/1.0 (Jetpack Site Uptime Monitor by WordPress.com)"
220.135.127.108 - - [23/Nov/2024:17:19:59 +0800] "POST /wp-cron.php?doing_wp_cron=1732353599.7852349281311035156250 HTTP/1.1" 200 4059 "-" "WordPress/6.7.1; https://www.lubegard.com.tw"
192.0.91.177 - - [23/Nov/2024:17:19:59 +0800] "HEAD / HTTP/1.1" 200 4156 "-" "jetmon/1.0 (Jetpack Site Uptime Monitor by WordPress.com)"
66.249.72.134 - - [23/Nov/2024:17:20:47 +0800] "GET /?page_id=71 HTTP/1.1" 301 608 "-" "Mozilla/5.0 (Linux; Android 6.0.1; Nexus 5X Build/MMB29P) AppleWebKit/537.36 (KHTML, like Gecko) Chrome/131.0.6778.69 Mobile Safari/537.36 (compatible; Googlebot/2.1; +http://www.google.com/bot.html)"
220.135.127.108 - - [23/Nov/2024:17:25:00 +0800] "POST /wp-cron.php?doing_wp_cron=1732353900.2982149124145507812500 HTTP/1.1" 200 4075 "-" "WordPress/6.7.1; https://www.lubegard.com.tw"
192.0.91.177 - - [23/Nov/2024:17:24:59 +0800] "HEAD / HTTP/1.1" 200 4156 "-" "jetmon/1.0 (Jetpack Site Uptime Monitor by WordPress.com)"
220.135.127.108 - - [23/Nov/2024:17:29:59 +0800] "POST /wp-cron.php?doing_wp_cron=1732354199.5314540863037109375000 HTTP/1.1" 200 4075 "-" "WordPress/6.7.1; https://www.lubegard.com.tw"
192.0.91.177 - - [23/Nov/2024:17:29:59 +0800] "HEAD / HTTP/1.1" 200 4156 "-" "jetmon/1.0 (Jetpack Site Uptime Monitor by WordPress.com)"
220.135.127.108 - - [23/Nov/2024:17:35:00 +0800] "POST /wp-cron.php?doing_wp_cron=1732354500.6104199886322021484375 HTTP/1.1" 200 4059 "-" "WordPress/6.7.1; https://www.lubegard.com.tw"
192.0.91.177 - - [23/Nov/2024:17:35:00 +0800] "HEAD / HTTP/1.1" 200 4156 "-" "jetmon/1.0 (Jetpack Site Uptime Monitor by WordPress.com)"
220.135.127.108 - - [23/Nov/2024:17:35:46 +0800] "POST /wp-cron.php?doing_wp_cron=1732354546.8145999908447265625000 HTTP/1.1" 200 4043 "-" "WordPress/6.7.1; https://www.lubegard.com.tw"
165.232.184.115 - - [23/Nov/2024:17:35:46 +0800] "GET / HTTP/1.1" 200 36635 "-" "Mozilla/5.0 (Windows NT 10.0, Win64, x64, rv:128.0) Gecko/20100101 Firefox/128.0"
220.135.127.108 - - [23/Nov/2024:17:39:59 +0800] "POST /wp-cron.php?doing_wp_cron=1732354799.4950048923492431640625 HTTP/1.1" 200 4059 "-" "WordPress/6.7.1; https://www.lubegard.com.tw"
192.0.91.177 - - [23/Nov/2024:17:39:59 +0800] "HEAD / HTTP/1.1" 200 4156 "-" "jetmon/1.0 (Jetpack Site Uptime Monitor by WordPress.com)"
220.135.127.108 - - [23/Nov/2024:17:45:00 +0800] "POST /wp-cron.php?doing_wp_cron=1732355100.0536189079284667968750 HTTP/1.1" 200 4059 "-" "WordPress/6.7.1; https://www.lubegard.com.tw"
192.0.91.177 - - [23/Nov/2024:17:44:59 +0800] "HEAD / HTTP/1.1" 200 4156 "-" "jetmon/1.0 (Jetpack Site Uptime Monitor by WordPress.com)"
220.135.127.108 - - [23/Nov/2024:17:50:00 +0800] "POST /wp-cron.php?doing_wp_cron=1732355400.0407810211181640625000 HTTP/1.1" 200 4075 "-" "WordPress/6.7.1; https://www.lubegard.com.tw"
192.0.91.177 - - [23/Nov/2024:17:49:59 +0800] "HEAD / HTTP/1.1" 200 4156 "-" "jetmon/1.0 (Jetpack Site Uptime Monitor by WordPress.com)"
220.135.127.108 - - [23/Nov/2024:17:50:07 +0800] "POST /wp-cron.php?doing_wp_cron=1732355407.3390738964080810546875 HTTP/1.1" 200 4043 "-" "WordPress/6.7.1; https://www.lubegard.com.tw"
51.222.253.16 - - [23/Nov/2024:17:50:07 +0800] "GET / HTTP/1.1" 200 36648 "-" "Mozilla/5.0 (compatible; AhrefsBot/7.0; +http://ahrefs.com/robot/)"
220.135.127.108 - - [23/Nov/2024:17:54:59 +0800] "POST /wp-cron.php?doing_wp_cron=1732355699.8764569759368896484375 HTTP/1.1" 200 4059 "-" "WordPress/6.7.1; https://www.lubegard.com.tw"
192.0.91.177 - - [23/Nov/2024:17:54:59 +0800] "HEAD / HTTP/1.1" 200 4156 "-" "jetmon/1.0 (Jetpack Site Uptime Monitor by WordPress.com)"
220.135.127.108 - - [23/Nov/2024:17:58:31 +0800] "POST /wp-cron.php?doing_wp_cron=1732355911.6158540248870849609375 HTTP/1.1" 200 4059 "-" "WordPress/6.7.1; https://www.lubegard.com.tw"
114.119.134.231 - - [23/Nov/2024:17:58:31 +0800] "GET /platinum-atf-protectant/ HTTP/1.1" 200 32555 "https://www.lubegard.com.tw/products/" "Mozilla/5.0 (Linux; Android 7.0;) AppleWebKit/537.36 (KHTML, like Gecko) Mobile Safari/537.36 (compatible; PetalBot;+https://webmaster.petalsearch.com/site/petalbot)"
220.135.127.108 - - [23/Nov/2024:17:59:59 +0800] "POST /wp-cron.php?doing_wp_cron=1732355999.3904390335083007812500 HTTP/1.1" 200 4075 "-" "WordPress/6.7.1; https://www.lubegard.com.tw"
192.0.91.177 - - [23/Nov/2024:17:59:59 +0800] "HEAD / HTTP/1.1" 200 4156 "-" "jetmon/1.0 (Jetpack Site Uptime Monitor by WordPress.com)"
220.135.127.108 - - [23/Nov/2024:18:05:00 +0800] "POST /wp-cron.php?doing_wp_cron=1732356300.5304310321807861328125 HTTP/1.1" 200 4075 "-" "WordPress/6.7.1; https://www.lubegard.com.tw"
192.0.91.177 - - [23/Nov/2024:18:05:00 +0800] "HEAD / HTTP/1.1" 200 4156 "-" "jetmon/1.0 (Jetpack Site Uptime Monitor by WordPress.com)"
220.135.127.108 - - [23/Nov/2024:18:09:59 +0800] "POST /wp-cron.php?doing_wp_cron=1732356599.2761309146881103515625 HTTP/1.1" 200 4043 "-" "WordPress/6.7.1; https://www.lubegard.com.tw"
192.0.91.177 - - [23/Nov/2024:18:09:59 +0800] "HEAD / HTTP/1.1" 200 4156 "-" "jetmon/1.0 (Jetpack Site Uptime Monitor by WordPress.com)"
220.135.127.108 - - [23/Nov/2024:18:14:59 +0800] "POST /wp-cron.php?doing_wp_cron=1732356899.6842010021209716796875 HTTP/1.1" 200 4043 "-" "WordPress/6.7.1; https://www.lubegard.com.tw"
192.0.91.177 - - [23/Nov/2024:18:14:59 +0800] "HEAD / HTTP/1.1" 200 4156 "-" "jetmon/1.0 (Jetpack Site Uptime Monitor by WordPress.com)"
220.135.127.108 - - [23/Nov/2024:18:20:00 +0800] "POST /wp-cron.php?doing_wp_cron=1732357200.9246270656585693359375 HTTP/1.1" 200 4059 "-" "WordPress/6.7.1; https://www.lubegard.com.tw"
192.0.91.177 - - [23/Nov/2024:18:20:00 +0800] "HEAD / HTTP/1.1" 200 4156 "-" "jetmon/1.0 (Jetpack Site Uptime Monitor by WordPress.com)"
157.55.39.13 - - [23/Nov/2024:18:24:39 +0800] "GET /category-sitemap.xml HTTP/1.1" 200 4570 "-" "Mozilla/5.0 AppleWebKit/537.36 (KHTML, like Gecko; compatible; bingbot/2.0; +http://www.bing.com/bingbot.htm) Chrome/116.0.1938.76 Safari/537.36"
220.135.127.108 - - [23/Nov/2024:18:24:39 +0800] "POST /wp-cron.php?doing_wp_cron=1732357479.1571269035339355468750 HTTP/1.1" 200 4043 "-" "WordPress/6.7.1; https://www.lubegard.com.tw"
220.135.127.108 - - [23/Nov/2024:18:24:59 +0800] "POST /wp-cron.php?doing_wp_cron=1732357499.4650959968566894531250 HTTP/1.1" 200 4075 "-" "WordPress/6.7.1; https://www.lubegard.com.tw"
192.0.91.177 - - [23/Nov/2024:18:24:59 +0800] "HEAD / HTTP/1.1" 200 4156 "-" "jetmon/1.0 (Jetpack Site Uptime Monitor by WordPress.com)"
220.135.127.108 - - [23/Nov/2024:18:29:59 +0800] "POST /wp-cron.php?doing_wp_cron=1732357799.9508221149444580078125 HTTP/1.1" 200 4059 "-" "WordPress/6.7.1; https://www.lubegard.com.tw"
192.0.91.177 - - [23/Nov/2024:18:29:59 +0800] "HEAD / HTTP/1.1" 200 4156 "-" "jetmon/1.0 (Jetpack Site Uptime Monitor by WordPress.com)"
220.135.127.108 - - [23/Nov/2024:18:35:00 +0800] "POST /wp-cron.php?doing_wp_cron=1732358099.9954650402069091796875 HTTP/1.1" 200 4059 "-" "WordPress/6.7.1; https://www.lubegard.com.tw"
192.0.91.177 - - [23/Nov/2024:18:34:59 +0800] "HEAD / HTTP/1.1" 200 4156 "-" "jetmon/1.0 (Jetpack Site Uptime Monitor by WordPress.com)"
220.135.127.108 - - [23/Nov/2024:18:40:00 +0800] "POST /wp-cron.php?doing_wp_cron=1732358400.0875990390777587890625 HTTP/1.1" 200 4059 "-" "WordPress/6.7.1; https://www.lubegard.com.tw"
192.0.91.177 - - [23/Nov/2024:18:39:59 +0800] "HEAD / HTTP/1.1" 200 4156 "-" "jetmon/1.0 (Jetpack Site Uptime Monitor by WordPress.com)"
220.135.127.108 - - [23/Nov/2024:18:43:43 +0800] "POST /wp-cron.php?doing_wp_cron=1732358623.4902229309082031250000 HTTP/1.1" 200 4059 "-" "WordPress/6.7.1; https://www.lubegard.com.tw"
66.249.72.142 - - [23/Nov/2024:18:43:43 +0800] "GET /cvt-recharge-protect/ HTTP/1.1" 200 32070 "-" "Mozilla/5.0 (Linux; Android 6.0.1; Nexus 5X Build/MMB29P) AppleWebKit/537.36 (KHTML, like Gecko) Chrome/131.0.6778.69 Mobile Safari/537.36 (compatible; Googlebot/2.1; +http://www.google.com/bot.html)"
220.135.127.108 - - [23/Nov/2024:18:43:54 +0800] "POST /wp-cron.php?doing_wp_cron=1732358634.6083710193634033203125 HTTP/1.1" 200 4043 "-" "WordPress/6.7.1; https://www.lubegard.com.tw"
66.249.71.96 - - [23/Nov/2024:18:43:54 +0800] "POST /?ob=open-bridge/events HTTP/1.1" 200 4248 "https://www.lubegard.com.tw/cvt-recharge-protect/" "Mozilla/5.0 (Linux; Android 6.0.1; Nexus 5X Build/MMB29P) AppleWebKit/537.36 (KHTML, like Gecko) Chrome/131.0.6778.69 Mobile Safari/537.36 (compatible; Googlebot/2.1; +http://www.google.com/bot.html)"
220.135.127.108 - - [23/Nov/2024:18:44:59 +0800] "POST /wp-cron.php?doing_wp_cron=1732358699.2344241142272949218750 HTTP/1.1" 200 4059 "-" "WordPress/6.7.1; https://www.lubegard.com.tw"
192.0.91.177 - - [23/Nov/2024:18:44:59 +0800] "HEAD / HTTP/1.1" 200 4156 "-" "jetmon/1.0 (Jetpack Site Uptime Monitor by WordPress.com)"
220.135.127.108 - - [23/Nov/2024:18:50:00 +0800] "POST /wp-cron.php?doing_wp_cron=1732359000.5991458892822265625000 HTTP/1.1" 200 4059 "-" "WordPress/6.7.1; https://www.lubegard.com.tw"
192.0.91.177 - - [23/Nov/2024:18:50:00 +0800] "HEAD / HTTP/1.1" 200 4156 "-" "jetmon/1.0 (Jetpack Site Uptime Monitor by WordPress.com)"
220.135.127.108 - - [23/Nov/2024:18:54:59 +0800] "POST /wp-cron.php?doing_wp_cron=1732359299.4971599578857421875000 HTTP/1.1" 200 4075 "-" "WordPress/6.7.1; https://www.lubegard.com.tw"
192.0.91.177 - - [23/Nov/2024:18:54:59 +0800] "HEAD / HTTP/1.1" 200 4156 "-" "jetmon/1.0 (Jetpack Site Uptime Monitor by WordPress.com)"
220.135.127.108 - - [23/Nov/2024:19:00:00 +0800] "POST /wp-cron.php?doing_wp_cron=1732359600.0396258831024169921875 HTTP/1.1" 200 4075 "-" "WordPress/6.7.1; https://www.lubegard.com.tw"
192.0.91.177 - - [23/Nov/2024:18:59:59 +0800] "HEAD / HTTP/1.1" 200 4156 "-" "jetmon/1.0 (Jetpack Site Uptime Monitor by WordPress.com)"
220.135.127.108 - - [23/Nov/2024:19:00:17 +0800] "POST /wp-cron.php?doing_wp_cron=1732359617.7439799308776855468750 HTTP/1.1" 200 4059 "-" "WordPress/6.7.1; https://www.lubegard.com.tw"
47.128.50.174 - - [23/Nov/2024:19:00:17 +0800] "GET /robots.txt HTTP/1.1" 200 3763 "-" "Mozilla/5.0 (Linux; Android 5.0) AppleWebKit/537.36 (KHTML, like Gecko) Mobile Safari/537.36 (compatible; Bytespider; spider-feedback@bytedance.com)"
220.135.127.108 - - [23/Nov/2024:19:04:16 +0800] "POST /wp-cron.php?doing_wp_cron=1732359856.2523829936981201171875 HTTP/1.1" 200 4059 "-" "WordPress/6.7.1; https://www.lubegard.com.tw"
47.128.123.9 - - [23/Nov/2024:19:04:16 +0800] "GET /atf-protectant/?nb=1&share=x HTTP/1.1" 302 4270 "-" "Mozilla/5.0 (Linux; Android 5.0) AppleWebKit/537.36 (KHTML, like Gecko) Mobile Safari/537.36 (compatible; Bytespider; spider-feedback@bytedance.com)"
220.135.127.108 - - [23/Nov/2024:19:04:59 +0800] "POST /wp-cron.php?doing_wp_cron=1732359899.3556909561157226562500 HTTP/1.1" 200 4075 "-" "WordPress/6.7.1; https://www.lubegard.com.tw"
192.0.91.177 - - [23/Nov/2024:19:04:59 +0800] "HEAD / HTTP/1.1" 200 4156 "-" "jetmon/1.0 (Jetpack Site Uptime Monitor by WordPress.com)"
220.135.127.108 - - [23/Nov/2024:19:09:59 +0800] "POST /wp-cron.php?doing_wp_cron=1732360199.1124320030212402343750 HTTP/1.1" 200 4059 "-" "WordPress/6.7.1; https://www.lubegard.com.tw"
192.0.91.177 - - [23/Nov/2024:19:09:59 +0800] "HEAD / HTTP/1.1" 200 4156 "-" "jetmon/1.0 (Jetpack Site Uptime Monitor by WordPress.com)"
220.135.127.108 - - [23/Nov/2024:19:11:26 +0800] "POST /wp-cron.php?doing_wp_cron=1732360286.8403251171112060546875 HTTP/1.1" 200 4043 "-" "WordPress/6.7.1; https://www.lubegard.com.tw"
66.249.72.142 - - [23/Nov/2024:19:11:26 +0800] "GET /cvt-recharge- HTTP/1.1" 301 4167 "-" "Mozilla/5.0 (Linux; Android 6.0.1; Nexus 5X Build/MMB29P) AppleWebKit/537.36 (KHTML, like Gecko) Chrome/131.0.6778.69 Mobile Safari/537.36 (compatible; Googlebot/2.1; +http://www.google.com/bot.html)"
220.135.127.108 - - [23/Nov/2024:19:14:59 +0800] "POST /wp-cron.php?doing_wp_cron=1732360499.1429491043090820312500 HTTP/1.1" 200 4075 "-" "WordPress/6.7.1; https://www.lubegard.com.tw"
192.0.91.177 - - [23/Nov/2024:19:14:59 +0800] "HEAD / HTTP/1.1" 200 4156 "-" "jetmon/1.0 (Jetpack Site Uptime Monitor by WordPress.com)"
220.135.127.108 - - [23/Nov/2024:19:20:00 +0800] "POST /wp-cron.php?doing_wp_cron=1732360800.0307369232177734375000 HTTP/1.1" 200 4043 "-" "WordPress/6.7.1; https://www.lubegard.com.tw"
192.0.91.177 - - [23/Nov/2024:19:19:59 +0800] "HEAD / HTTP/1.1" 200 4156 "-" "jetmon/1.0 (Jetpack Site Uptime Monitor by WordPress.com)"
220.135.127.108 - - [23/Nov/2024:19:24:59 +0800] "POST /wp-cron.php?doing_wp_cron=1732361099.4198749065399169921875 HTTP/1.1" 200 4059 "-" "WordPress/6.7.1; https://www.lubegard.com.tw"
192.0.91.177 - - [23/Nov/2024:19:24:59 +0800] "HEAD / HTTP/1.1" 200 4156 "-" "jetmon/1.0 (Jetpack Site Uptime Monitor by WordPress.com)"
220.135.127.108 - - [23/Nov/2024:19:29:59 +0800] "POST /wp-cron.php?doing_wp_cron=1732361399.8781440258026123046875 HTTP/1.1" 200 4059 "-" "WordPress/6.7.1; https://www.lubegard.com.tw"
192.0.91.177 - - [23/Nov/2024:19:29:59 +0800] "HEAD / HTTP/1.1" 200 4156 "-" "jetmon/1.0 (Jetpack Site Uptime Monitor by WordPress.com)"
220.135.127.108 - - [23/Nov/2024:19:33:02 +0800] "POST /wp-cron.php?doing_wp_cron=1732361582.1873419284820556640625 HTTP/1.1" 200 4059 "-" "WordPress/6.7.1; https://www.lubegard.com.tw"
17.241.219.21 - - [23/Nov/2024:19:33:02 +0800] "GET /robots.txt HTTP/1.1" 200 4199 "-" "Mozilla/5.0 (Macintosh; Intel Mac OS X 10_15_7) AppleWebKit/605.1.15 (KHTML, like Gecko) Version/17.4 Safari/605.1.15 (Applebot/0.1; +http://www.apple.com/go/applebot)"
17.241.219.21 - - [23/Nov/2024:19:33:02 +0800] "GET /complete-multi-vehicle-dct/ HTTP/1.1" 200 28470 "-" "Mozilla/5.0 (Macintosh; Intel Mac OS X 10_15_7) AppleWebKit/605.1.15 (KHTML, like Gecko) Version/17.4 Safari/605.1.15 (Applebot/0.1; +http://www.apple.com/go/applebot)"
17.246.23.227 - - [23/Nov/2024:19:33:45 +0800] "GET /wp-content/themes/twentyseventeen/style.css?ver=20240402 HTTP/1.1" 200 20117 "https://www.lubegard.com.tw/complete-multi-vehicle-dct/" "Mozilla/5.0 (Macintosh; Intel Mac OS X 10_15_7) AppleWebKit/605.1.15 (KHTML, like Gecko) Version/17.4 Safari/605.1.15 (Applebot/0.1; +http://www.apple.com/go/applebot)"
17.246.19.85 - - [23/Nov/2024:19:33:46 +0800] "GET /wp-content/themes/twentyseventeen/assets/js/global.js?ver=20211130 HTTP/1.1" 200 6805 "https://www.lubegard.com.tw/complete-multi-vehicle-dct/" "Mozilla/5.0 (Macintosh; Intel Mac OS X 10_15_7) AppleWebKit/605.1.15 (KHTML, like Gecko) Version/17.4 Safari/605.1.15 (Applebot/0.1; +http://www.apple.com/go/applebot)"
17.246.23.21 - - [23/Nov/2024:19:33:46 +0800] "GET /wp-content/themes/twentyseventeen/assets/fonts/font-libre-franklin.css?ver=20230328 HTTP/1.1" 200 4861 "https://www.lubegard.com.tw/complete-multi-vehicle-dct/" "Mozilla/5.0 (Macintosh; Intel Mac OS X 10_15_7) AppleWebKit/605.1.15 (KHTML, like Gecko) Version/17.4 Safari/605.1.15 (Applebot/0.1; +http://www.apple.com/go/applebot)"
17.246.19.66 - - [23/Nov/2024:19:33:47 +0800] "GET /wp-content/themes/twentyseventeen/assets/js/jquery.scrollTo.js?ver=2.1.3 HTTP/1.1" 200 6581 "https://www.lubegard.com.tw/complete-multi-vehicle-dct/" "Mozilla/5.0 (Macintosh; Intel Mac OS X 10_15_7) AppleWebKit/605.1.15 (KHTML, like Gecko) Version/17.4 Safari/605.1.15 (Applebot/0.1; +http://www.apple.com/go/applebot)"
17.246.23.234 - - [23/Nov/2024:19:33:47 +0800] "GET /wp-content/themes/twentyseventeen/assets/js/navigation.js?ver=20210122 HTTP/1.1" 200 5283 "https://www.lubegard.com.tw/complete-multi-vehicle-dct/" "Mozilla/5.0 (Macintosh; Intel Mac OS X 10_15_7) AppleWebKit/605.1.15 (KHTML, like Gecko) Version/17.4 Safari/605.1.15 (Applebot/0.1; +http://www.apple.com/go/applebot)"
17.246.23.227 - - [23/Nov/2024:19:33:48 +0800] "GET /wp-content/plugins/w3-total-cache/pub/js/lazyload.min.js HTTP/1.1" 200 2775 "https://www.lubegard.com.tw/complete-multi-vehicle-dct/" "Mozilla/5.0 (Macintosh; Intel Mac OS X 10_15_7) AppleWebKit/605.1.15 (KHTML, like Gecko) Version/17.4 Safari/605.1.15 (Applebot/0.1; +http://www.apple.com/go/applebot)"
17.246.19.65 - - [23/Nov/2024:19:33:48 +0800] "GET /wp-content/themes/twentyseventeen/assets/css/blocks.css?ver=20220912 HTTP/1.1" 200 6100 "https://www.lubegard.com.tw/complete-multi-vehicle-dct/" "Mozilla/5.0 (Macintosh; Intel Mac OS X 10_15_7) AppleWebKit/605.1.15 (KHTML, like Gecko) Version/17.4 Safari/605.1.15 (Applebot/0.1; +http://www.apple.com/go/applebot)"
17.246.23.227 - - [23/Nov/2024:19:33:49 +0800] "GET /wp-includes/js/wp-emoji-release.min.js?ver=6.7.1 HTTP/1.1" 200 5481 "https://www.lubegard.com.tw/complete-multi-vehicle-dct/" "Mozilla/5.0 (Macintosh; Intel Mac OS X 10_15_7) AppleWebKit/605.1.15 (KHTML, like Gecko) Version/17.4 Safari/605.1.15 (Applebot/0.1; +http://www.apple.com/go/applebot)"
220.135.127.108 - - [23/Nov/2024:19:34:59 +0800] "POST /wp-cron.php?doing_wp_cron=1732361699.3592510223388671875000 HTTP/1.1" 200 4075 "-" "WordPress/6.7.1; https://www.lubegard.com.tw"
192.0.91.177 - - [23/Nov/2024:19:34:59 +0800] "HEAD / HTTP/1.1" 200 4156 "-" "jetmon/1.0 (Jetpack Site Uptime Monitor by WordPress.com)"
220.135.127.108 - - [23/Nov/2024:19:39:59 +0800] "POST /wp-cron.php?doing_wp_cron=1732361999.8342359066009521484375 HTTP/1.1" 200 4043 "-" "WordPress/6.7.1; https://www.lubegard.com.tw"
192.0.91.177 - - [23/Nov/2024:19:39:59 +0800] "HEAD / HTTP/1.1" 200 4156 "-" "jetmon/1.0 (Jetpack Site Uptime Monitor by WordPress.com)"
220.135.127.108 - - [23/Nov/2024:19:44:59 +0800] "POST /wp-cron.php?doing_wp_cron=1732362299.4219028949737548828125 HTTP/1.1" 200 4059 "-" "WordPress/6.7.1; https://www.lubegard.com.tw"
192.0.91.177 - - [23/Nov/2024:19:44:59 +0800] "HEAD / HTTP/1.1" 200 4156 "-" "jetmon/1.0 (Jetpack Site Uptime Monitor by WordPress.com)"
220.135.127.108 - - [23/Nov/2024:19:49:50 +0800] "POST /wp-cron.php?doing_wp_cron=1732362590.9648940563201904296875 HTTP/1.1" 200 4059 "-" "WordPress/6.7.1; https://www.lubegard.com.tw"
157.55.39.9 - - [23/Nov/2024:19:49:50 +0800] "GET /author-sitemap.xml HTTP/1.1" 200 4589 "-" "Mozilla/5.0 AppleWebKit/537.36 (KHTML, like Gecko; compatible; bingbot/2.0; +http://www.bing.com/bingbot.htm) Chrome/116.0.1938.76 Safari/537.36"
220.135.127.108 - - [23/Nov/2024:19:49:59 +0800] "POST /wp-cron.php?doing_wp_cron=1732362599.9244270324707031250000 HTTP/1.1" 200 4043 "-" "WordPress/6.7.1; https://www.lubegard.com.tw"
192.0.91.177 - - [23/Nov/2024:19:49:59 +0800] "HEAD / HTTP/1.1" 200 4156 "-" "jetmon/1.0 (Jetpack Site Uptime Monitor by WordPress.com)"
220.135.127.108 - - [23/Nov/2024:19:51:50 +0800] "POST /wp-cron.php?doing_wp_cron=1732362710.1213870048522949218750 HTTP/1.1" 200 4059 "-" "WordPress/6.7.1; https://www.lubegard.com.tw"
178.25.242.198 - - [23/Nov/2024:19:51:50 +0800] "GET /robots.txt HTTP/1.1" 200 3794 "-" "Mozilla/5.0 (compatible; MJ12bot/v1.4.8; http://mj12bot.com/)"
178.25.242.198 - - [23/Nov/2024:19:51:52 +0800] "GET /%E8%81%AF%E7%B5%A1%E6%96%B9%E5%BC%8F/ HTTP/1.1" 200 26142 "-" "Mozilla/5.0 (compatible; MJ12bot/v1.4.8; http://mj12bot.com/)"
220.135.127.108 - - [23/Nov/2024:19:54:59 +0800] "POST /wp-cron.php?doing_wp_cron=1732362899.2359769344329833984375 HTTP/1.1" 200 4043 "-" "WordPress/6.7.1; https://www.lubegard.com.tw"
192.0.91.177 - - [23/Nov/2024:19:54:59 +0800] "HEAD / HTTP/1.1" 200 4156 "-" "jetmon/1.0 (Jetpack Site Uptime Monitor by WordPress.com)"
220.135.127.108 - - [23/Nov/2024:19:56:33 +0800] "POST /wp-cron.php?doing_wp_cron=1732362993.2802228927612304687500 HTTP/1.1" 200 4075 "-" "WordPress/6.7.1; https://www.lubegard.com.tw"
14.155.230.155 - - [23/Nov/2024:19:56:33 +0800] "GET /robots.txt HTTP/1.1" 200 4218 "-" "Mozilla/5.0 (Windows NT 10.0; Win64; x64) AppleWebKit/537.36 (KHTML, like Gecko) Chrome/52.0.2974.87 Safari/537.36 Edge/18.18362"
220.135.127.108 - - [23/Nov/2024:19:57:59 +0800] "POST /wp-cron.php?doing_wp_cron=1732363079.1207199096679687500000 HTTP/1.1" 200 4075 "-" "WordPress/6.7.1; https://www.lubegard.com.tw"
217.182.175.146 - - [23/Nov/2024:19:57:59 +0800] "GET /robots.txt HTTP/1.1" 200 3794 "-" "Mozilla/5.0 (compatible; MJ12bot/v1.4.8; http://mj12bot.com/)"
220.135.127.108 - - [23/Nov/2024:19:58:22 +0800] "POST /wp-cron.php?doing_wp_cron=1732363101.9943039417266845703125 HTTP/1.1" 200 4075 "-" "WordPress/6.7.1; https://www.lubegard.com.tw"
217.182.175.146 - - [23/Nov/2024:19:58:21 +0800] "GET /%E5%85%A8%E9%9D%A2%E7%9A%84%E5%A4%9A%E8%BB%8A%E7%A8%AE-dct-%E9%9B%99%E9%9B%A2%E5%90%88%E5%99%A8%E8%AE%8A%E9%80%9F%E7%AE%B1%E6%B2%B9/ HTTP/1.1" 404 79176 "-" "Mozilla/5.0 (compatible; MJ12bot/v1.4.8; http://mj12bot.com/)"
220.135.127.108 - - [23/Nov/2024:19:58:48 +0800] "POST /wp-cron.php?doing_wp_cron=1732363128.1635720729827880859375 HTTP/1.1" 200 4043 "-" "WordPress/6.7.1; https://www.lubegard.com.tw"
217.182.175.146 - - [23/Nov/2024:19:58:48 +0800] "GET /%E5%85%A8%E9%9D%A2%E7%9A%84%E5%A4%9A%E8%BB%8A%E7%A8%AE-dct-%E9%9B%99%E9%9B%A2%E5%90%88%E5%99%A8%E8%AE%8A%E9%80%9F%E7%AE%B1%E6%B2%B9/?share=facebook HTTP/1.1" 404 79176 "-" "Mozilla/5.0 (compatible; MJ12bot/v1.4.8; http://mj12bot.com/)"
220.135.127.108 - - [23/Nov/2024:19:59:10 +0800] "POST /wp-cron.php?doing_wp_cron=1732363150.6834349632263183593750 HTTP/1.1" 200 4075 "-" "WordPress/6.7.1; https://www.lubegard.com.tw"
217.182.175.146 - - [23/Nov/2024:19:59:10 +0800] "GET /%E5%85%A8%E9%9D%A2%E7%9A%84%E5%A4%9A%E8%BB%8A%E7%A8%AE-dct-%E9%9B%99%E9%9B%A2%E5%90%88%E5%99%A8%E8%AE%8A%E9%80%9F%E7%AE%B1%E6%B2%B9/?share=twitter HTTP/1.1" 404 79176 "-" "Mozilla/5.0 (compatible; MJ12bot/v1.4.8; http://mj12bot.com/)"
220.135.127.108 - - [23/Nov/2024:19:59:34 +0800] "POST /wp-cron.php?doing_wp_cron=1732363174.1756060123443603515625 HTTP/1.1" 200 4059 "-" "WordPress/6.7.1; https://www.lubegard.com.tw"
217.182.175.146 - - [23/Nov/2024:19:59:34 +0800] "GET /%E5%85%A8%E9%9D%A2%E7%9A%84-atf-%E5%85%A8%E5%90%88%E6%88%90%E8%AE%8A%E9%80%9F%E7%AE%B1%E6%B2%B9/ HTTP/1.1" 404 79176 "-" "Mozilla/5.0 (compatible; MJ12bot/v1.4.8; http://mj12bot.com/)"
220.135.127.108 - - [23/Nov/2024:19:59:54 +0800] "POST /wp-cron.php?doing_wp_cron=1732363194.9410378932952880859375 HTTP/1.1" 200 4059 "-" "WordPress/6.7.1; https://www.lubegard.com.tw"
217.182.175.146 - - [23/Nov/2024:19:59:54 +0800] "GET /%E5%85%A8%E9%9D%A2%E7%9A%84-atf-%E5%85%A8%E5%90%88%E6%88%90%E8%AE%8A%E9%80%9F%E7%AE%B1%E6%B2%B9/?share=facebook HTTP/1.1" 404 79176 "-" "Mozilla/5.0 (compatible; MJ12bot/v1.4.8; http://mj12bot.com/)"
192.0.91.177 - - [23/Nov/2024:19:59:58 +0800] "HEAD / HTTP/1.1" 200 4156 "-" "jetmon/1.0 (Jetpack Site Uptime Monitor by WordPress.com)"
220.135.127.108 - - [23/Nov/2024:20:00:17 +0800] "POST /wp-cron.php?doing_wp_cron=1732363217.8440310955047607421875 HTTP/1.1" 200 4075 "-" "WordPress/6.7.1; https://www.lubegard.com.tw"
217.182.175.146 - - [23/Nov/2024:20:00:17 +0800] "GET /%E5%85%A8%E9%9D%A2%E7%9A%84-atf-%E5%85%A8%E5%90%88%E6%88%90%E8%AE%8A%E9%80%9F%E7%AE%B1%E6%B2%B9/?share=twitter HTTP/1.1" 404 79176 "-" "Mozilla/5.0 (compatible; MJ12bot/v1.4.8; http://mj12bot.com/)"
220.135.127.108 - - [23/Nov/2024:20:00:35 +0800] "POST /wp-cron.php?doing_wp_cron=1732363235.8679480552673339843750 HTTP/1.1" 200 4043 "-" "WordPress/6.7.1; https://www.lubegard.com.tw"
217.182.175.146 - - [23/Nov/2024:20:00:35 +0800] "GET /%E5%85%A8%E9%9D%A2%E7%9A%84-cvt-%E5%90%88%E6%88%90%E7%84%A1%E6%AE%B5%E8%AE%8A%E9%80%9F%E7%AE%B1%E6%B2%B9/ HTTP/1.1" 404 79176 "-" "Mozilla/5.0 (compatible; MJ12bot/v1.4.8; http://mj12bot.com/)"
220.135.127.108 - - [23/Nov/2024:20:00:55 +0800] "POST /wp-cron.php?doing_wp_cron=1732363255.8782520294189453125000 HTTP/1.1" 200 4059 "-" "WordPress/6.7.1; https://www.lubegard.com.tw"
217.182.175.146 - - [23/Nov/2024:20:00:55 +0800] "GET /%E5%85%A8%E9%9D%A2%E7%9A%84-cvt-%E5%90%88%E6%88%90%E7%84%A1%E6%AE%B5%E8%AE%8A%E9%80%9F%E7%AE%B1%E6%B2%B9/?share=facebook HTTP/1.1" 404 79176 "-" "Mozilla/5.0 (compatible; MJ12bot/v1.4.8; http://mj12bot.com/)"
220.135.127.108 - - [23/Nov/2024:20:01:17 +0800] "POST /wp-cron.php?doing_wp_cron=1732363277.3356549739837646484375 HTTP/1.1" 200 4043 "-" "WordPress/6.7.1; https://www.lubegard.com.tw"
217.182.175.146 - - [23/Nov/2024:20:01:17 +0800] "GET /%E5%85%A8%E9%9D%A2%E7%9A%84-cvt-%E5%90%88%E6%88%90%E7%84%A1%E6%AE%B5%E8%AE%8A%E9%80%9F%E7%AE%B1%E6%B2%B9/?share=twitter HTTP/1.1" 404 79176 "-" "Mozilla/5.0 (compatible; MJ12bot/v1.4.8; http://mj12bot.com/)"
220.135.127.108 - - [23/Nov/2024:20:01:33 +0800] "POST /wp-cron.php?doing_wp_cron=1732363293.1985731124877929687500 HTTP/1.1" 200 4059 "-" "WordPress/6.7.1; https://www.lubegard.com.tw"
217.182.175.146 - - [23/Nov/2024:20:01:33 +0800] "GET /%E5%88%B0%E5%93%AA%E5%8E%BB%E8%B2%B7%EF%BC%9F/ HTTP/1.1" 404 79176 "-" "Mozilla/5.0 (compatible; MJ12bot/v1.4.8; http://mj12bot.com/)"
220.135.127.108 - - [23/Nov/2024:20:01:50 +0800] "POST /wp-cron.php?doing_wp_cron=1732363310.9629070758819580078125 HTTP/1.1" 200 4043 "-" "WordPress/6.7.1; https://www.lubegard.com.tw"
217.182.175.146 - - [23/Nov/2024:20:01:50 +0800] "GET /%E5%9C%A8%E6%BA%AB%E7%86%B1%E6%A2%9D%E4%BB%B6%E4%B8%8B-cvt-%E6%B5%81%E9%AB%94%E7%9A%84%E8%80%81%E5%8C%96/ HTTP/1.1" 200 32569 "-" "Mozilla/5.0 (compatible; MJ12bot/v1.4.8; http://mj12bot.com/)"
220.135.127.108 - - [23/Nov/2024:20:02:09 +0800] "POST /wp-cron.php?doing_wp_cron=1732363329.1551709175109863281250 HTTP/1.1" 200 4059 "-" "WordPress/6.7.1; https://www.lubegard.com.tw"
217.182.175.146 - - [23/Nov/2024:20:02:09 +0800] "GET /%E5%9C%A8%E6%BA%AB%E7%86%B1%E6%A2%9D%E4%BB%B6%E4%B8%8B-cvt-%E6%B5%81%E9%AB%94%E7%9A%84%E8%80%81%E5%8C%96/?share=facebook HTTP/1.1" 302 3864 "-" "Mozilla/5.0 (compatible; MJ12bot/v1.4.8; http://mj12bot.com/)"
220.135.127.108 - - [23/Nov/2024:20:03:05 +0800] "POST /wp-cron.php?doing_wp_cron=1732363385.3079249858856201171875 HTTP/1.1" 200 4059 "-" "WordPress/6.7.1; https://www.lubegard.com.tw"
217.182.175.146 - - [23/Nov/2024:20:03:05 +0800] "GET /%E5%9C%A8%E6%BA%AB%E7%86%B1%E6%A2%9D%E4%BB%B6%E4%B8%8B-cvt-%E6%B5%81%E9%AB%94%E7%9A%84%E8%80%81%E5%8C%96/?share=twitter HTTP/1.1" 302 3866 "-" "Mozilla/5.0 (compatible; MJ12bot/v1.4.8; http://mj12bot.com/)"
220.135.127.108 - - [23/Nov/2024:20:03:42 +0800] "POST /wp-cron.php?doing_wp_cron=1732363422.7238719463348388671875 HTTP/1.1" 200 4043 "-" "WordPress/6.7.1; https://www.lubegard.com.tw"
217.182.175.146 - - [23/Nov/2024:20:03:42 +0800] "GET /%E5%BC%95%E6%93%8E%E6%A9%9F%E6%B2%B9%E4%BF%9D%E8%AD%B7%E5%8A%91/ HTTP/1.1" 404 79176 "-" "Mozilla/5.0 (compatible; MJ12bot/v1.4.8; http://mj12bot.com/)"
220.135.127.108 - - [23/Nov/2024:20:04:01 +0800] "POST /wp-cron.php?doing_wp_cron=1732363441.1004369258880615234375 HTTP/1.1" 200 4043 "-" "WordPress/6.7.1; https://www.lubegard.com.tw"
217.182.175.146 - - [23/Nov/2024:20:04:01 +0800] "GET /%E5%BC%95%E6%93%8E%E6%A9%9F%E6%B2%B9%E4%BF%9D%E8%AD%B7%E5%8A%91/?share=facebook HTTP/1.1" 404 79176 "-" "Mozilla/5.0 (compatible; MJ12bot/v1.4.8; http://mj12bot.com/)"
217.182.175.146 - - [23/Nov/2024:20:04:18 +0800] "GET /%E5%BC%95%E6%93%8E%E6%A9%9F%E6%B2%B9%E4%BF%9D%E8%AD%B7%E5%8A%91/?share=twitter HTTP/1.1" 404 79176 "-" "Mozilla/5.0 (compatible; MJ12bot/v1.4.8; http://mj12bot.com/)"
217.182.175.146 - - [23/Nov/2024:20:04:36 +0800] "GET /%E6%87%89%E7%94%A8%E8%AA%AA%E6%98%8E/ HTTP/1.1" 404 79176 "-" "Mozilla/5.0 (compatible; MJ12bot/v1.4.8; http://mj12bot.com/)"
217.182.175.146 - - [23/Nov/2024:20:04:51 +0800] "GET /%E6%89%AD%E5%8A%9B%E8%BD%89%E6%8F%9B%E5%99%A8%E6%91%A9%E6%93%A6%E6%94%B9%E9%80%B2%E5%8A%91/ HTTP/1.1" 404 79176 "-" "Mozilla/5.0 (compatible; MJ12bot/v1.4.8; http://mj12bot.com/)"
192.0.91.177 - - [23/Nov/2024:20:04:59 +0800] "HEAD / HTTP/1.1" 200 4156 "-" "jetmon/1.0 (Jetpack Site Uptime Monitor by WordPress.com)"
217.182.175.146 - - [23/Nov/2024:20:05:10 +0800] "GET /%E6%89%AD%E5%8A%9B%E8%BD%89%E6%8F%9B%E5%99%A8%E6%91%A9%E6%93%A6%E6%94%B9%E9%80%B2%E5%8A%91/?share=facebook HTTP/1.1" 404 79176 "-" "Mozilla/5.0 (compatible; MJ12bot/v1.4.8; http://mj12bot.com/)"
220.135.127.108 - - [23/Nov/2024:20:05:23 +0800] "POST /wp-cron.php?doing_wp_cron=1732363523.1047189235687255859375 HTTP/1.1" 200 4059 "-" "WordPress/6.7.1; https://www.lubegard.com.tw"
217.182.175.146 - - [23/Nov/2024:20:05:23 +0800] "GET /%E6%89%AD%E5%8A%9B%E8%BD%89%E6%8F%9B%E5%99%A8%E6%91%A9%E6%93%A6%E6%94%B9%E9%80%B2%E5%8A%91/?share=twitter HTTP/1.1" 404 79176 "-" "Mozilla/5.0 (compatible; MJ12bot/v1.4.8; http://mj12bot.com/)"
220.135.127.108 - - [23/Nov/2024:20:05:35 +0800] "POST /wp-cron.php?doing_wp_cron=1732363535.5329270362854003906250 HTTP/1.1" 200 4043 "-" "WordPress/6.7.1; https://www.lubegard.com.tw"
217.182.175.146 - - [23/Nov/2024:20:05:35 +0800] "GET /%E6%8E%A1%E7%94%A8-lxe-%E6%8A%80%E8%A1%93%E7%9A%84%E5%BC%95%E6%93%8E%E6%B8%85%E6%B4%97%E5%8A%91/ HTTP/1.1" 404 79176 "-" "Mozilla/5.0 (compatible; MJ12bot/v1.4.8; http://mj12bot.com/)"
220.135.127.108 - - [23/Nov/2024:20:05:49 +0800] "POST /wp-cron.php?doing_wp_cron=1732363549.2986469268798828125000 HTTP/1.1" 200 4059 "-" "WordPress/6.7.1; https://www.lubegard.com.tw"
217.182.175.146 - - [23/Nov/2024:20:05:49 +0800] "GET /%E6%8E%A1%E7%94%A8-lxe-%E6%8A%80%E8%A1%93%E7%9A%84%E5%BC%95%E6%93%8E%E6%B8%85%E6%B4%97%E5%8A%91/?share=facebook HTTP/1.1" 404 79176 "-" "Mozilla/5.0 (compatible; MJ12bot/v1.4.8; http://mj12bot.com/)"
220.135.127.108 - - [23/Nov/2024:20:06:04 +0800] "POST /wp-cron.php?doing_wp_cron=1732363564.3239219188690185546875 HTTP/1.1" 200 4059 "-" "WordPress/6.7.1; https://www.lubegard.com.tw"
217.182.175.146 - - [23/Nov/2024:20:06:04 +0800] "GET /%E6%8E%A1%E7%94%A8-lxe-%E6%8A%80%E8%A1%93%E7%9A%84%E5%BC%95%E6%93%8E%E6%B8%85%E6%B4%97%E5%8A%91/?share=twitter HTTP/1.1" 404 79176 "-" "Mozilla/5.0 (compatible; MJ12bot/v1.4.8; http://mj12bot.com/)"
220.135.127.108 - - [23/Nov/2024:20:06:20 +0800] "POST /wp-cron.php?doing_wp_cron=1732363580.6709449291229248046875 HTTP/1.1" 200 4059 "-" "WordPress/6.7.1; https://www.lubegard.com.tw"
217.182.175.146 - - [23/Nov/2024:20:06:20 +0800] "GET /%E7%87%83%E6%B2%B9%E7%B3%BB%E7%B5%B1%E4%BF%83%E9%80%B2%E5%8A%91/ HTTP/1.1" 404 79176 "-" "Mozilla/5.0 (compatible; MJ12bot/v1.4.8; http://mj12bot.com/)"
220.135.127.108 - - [23/Nov/2024:20:06:35 +0800] "POST /wp-cron.php?doing_wp_cron=1732363595.5032429695129394531250 HTTP/1.1" 200 4059 "-" "WordPress/6.7.1; https://www.lubegard.com.tw"
217.182.175.146 - - [23/Nov/2024:20:06:35 +0800] "GET /%E7%87%83%E6%B2%B9%E7%B3%BB%E7%B5%B1%E4%BF%83%E9%80%B2%E5%8A%91/?share=facebook HTTP/1.1" 404 79176 "-" "Mozilla/5.0 (compatible; MJ12bot/v1.4.8; http://mj12bot.com/)"
220.135.127.108 - - [23/Nov/2024:20:06:47 +0800] "POST /wp-cron.php?doing_wp_cron=1732363607.9727270603179931640625 HTTP/1.1" 200 4059 "-" "WordPress/6.7.1; https://www.lubegard.com.tw"
217.182.175.146 - - [23/Nov/2024:20:06:47 +0800] "GET /%E7%87%83%E6%B2%B9%E7%B3%BB%E7%B5%B1%E4%BF%83%E9%80%B2%E5%8A%91/?share=twitter HTTP/1.1" 404 79176 "-" "Mozilla/5.0 (compatible; MJ12bot/v1.4.8; http://mj12bot.com/)"
220.135.127.108 - - [23/Nov/2024:20:07:01 +0800] "POST /wp-cron.php?doing_wp_cron=1732363621.3014700412750244140625 HTTP/1.1" 200 4059 "-" "WordPress/6.7.1; https://www.lubegard.com.tw"
217.182.175.146 - - [23/Nov/2024:20:07:01 +0800] "GET /%E8%B6%85%E7%B4%9A%E5%86%B7%E5%8D%BB%E6%B6%B2%E8%99%95%E7%90%86%E5%8A%91/ HTTP/1.1" 404 79176 "-" "Mozilla/5.0 (compatible; MJ12bot/v1.4.8; http://mj12bot.com/)"
220.135.127.108 - - [23/Nov/2024:20:07:11 +0800] "POST /wp-cron.php?doing_wp_cron=1732363631.9038729667663574218750 HTTP/1.1" 200 4043 "-" "WordPress/6.7.1; https://www.lubegard.com.tw"
