217.182.175.146 - - [23/Nov/2024:20:07:11 +0800] "GET /%E8%B6%85%E7%B4%9A%E5%86%B7%E5%8D%BB%E6%B6%B2%E8%99%95%E7%90%86%E5%8A%91/?share=facebook HTTP/1.1" 404 79176 "-" "Mozilla/5.0 (compatible; MJ12bot/v1.4.8; http://mj12bot.com/)"
220.135.127.108 - - [23/Nov/2024:20:07:25 +0800] "POST /wp-cron.php?doing_wp_cron=1732363645.1620359420776367187500 HTTP/1.1" 200 4043 "-" "WordPress/6.7.1; https://www.lubegard.com.tw"
217.182.175.146 - - [23/Nov/2024:20:07:25 +0800] "GET /%E8%B6%85%E7%B4%9A%E5%86%B7%E5%8D%BB%E6%B6%B2%E8%99%95%E7%90%86%E5%8A%91/?share=twitter HTTP/1.1" 404 79176 "-" "Mozilla/5.0 (compatible; MJ12bot/v1.4.8; http://mj12bot.com/)"
220.135.127.108 - - [23/Nov/2024:20:07:36 +0800] "POST /wp-cron.php?doing_wp_cron=1732363656.0994110107421875000000 HTTP/1.1" 200 4059 "-" "WordPress/6.7.1; https://www.lubegard.com.tw"
217.182.175.146 - - [23/Nov/2024:20:07:36 +0800] "GET /%E9%89%91-atf-%E8%87%AA%E6%8E%92%E8%AE%8A%E9%80%9F%E7%AE%B1%E6%B2%B9%E4%BF%9D%E8%AD%B7%E5%8A%91/ HTTP/1.1" 404 79176 "-" "Mozilla/5.0 (compatible; MJ12bot/v1.4.8; http://mj12bot.com/)"
220.135.127.108 - - [23/Nov/2024:20:07:48 +0800] "POST /wp-cron.php?doing_wp_cron=1732363668.7085390090942382812500 HTTP/1.1" 200 4075 "-" "WordPress/6.7.1; https://www.lubegard.com.tw"
217.182.175.146 - - [23/Nov/2024:20:07:48 +0800] "GET /%E9%89%91-atf-%E8%87%AA%E6%8E%92%E8%AE%8A%E9%80%9F%E7%AE%B1%E6%B2%B9%E4%BF%9D%E8%AD%B7%E5%8A%91/?share=facebook HTTP/1.1" 404 79176 "-" "Mozilla/5.0 (compatible; MJ12bot/v1.4.8; http://mj12bot.com/)"
220.135.127.108 - - [23/Nov/2024:20:07:57 +0800] "POST /wp-cron.php?doing_wp_cron=1732363677.4491600990295410156250 HTTP/1.1" 200 4059 "-" "WordPress/6.7.1; https://www.lubegard.com.tw"
217.182.175.146 - - [23/Nov/2024:20:07:57 +0800] "GET /%E9%89%91-atf-%E8%87%AA%E6%8E%92%E8%AE%8A%E9%80%9F%E7%AE%B1%E6%B2%B9%E4%BF%9D%E8%AD%B7%E5%8A%91/?share=twitter HTTP/1.1" 404 79176 "-" "Mozilla/5.0 (compatible; MJ12bot/v1.4.8; http://mj12bot.com/)"
220.135.127.108 - - [23/Nov/2024:20:08:07 +0800] "POST /wp-cron.php?doing_wp_cron=1732363687.2866749763488769531250 HTTP/1.1" 200 4059 "-" "WordPress/6.7.1; https://www.lubegard.com.tw"
217.182.175.146 - - [23/Nov/2024:20:08:07 +0800] "GET /%E9%97%9C%E6%96%BC/ HTTP/1.1" 404 79176 "-" "Mozilla/5.0 (compatible; MJ12bot/v1.4.8; http://mj12bot.com/)"
220.135.127.108 - - [23/Nov/2024:20:08:16 +0800] "POST /wp-cron.php?doing_wp_cron=1732363696.9598789215087890625000 HTTP/1.1" 200 4075 "-" "WordPress/6.7.1; https://www.lubegard.com.tw"
217.182.175.146 - - [23/Nov/2024:20:08:16 +0800] "GET /%E9%AB%98%E7%A3%A8%E8%80%97-atf-%E8%87%AA%E6%8E%92%E8%AE%8A%E9%80%9F%E7%AE%B1%E6%B2%B9%E8%A3%9C%E5%85%85%E5%8A%91/ HTTP/1.1" 404 79176 "-" "Mozilla/5.0 (compatible; MJ12bot/v1.4.8; http://mj12bot.com/)"
220.135.127.108 - - [23/Nov/2024:20:08:26 +0800] "POST /wp-cron.php?doing_wp_cron=1732363706.1250579357147216796875 HTTP/1.1" 200 4075 "-" "WordPress/6.7.1; https://www.lubegard.com.tw"
217.182.175.146 - - [23/Nov/2024:20:08:26 +0800] "GET /%E9%AB%98%E7%A3%A8%E8%80%97-atf-%E8%87%AA%E6%8E%92%E8%AE%8A%E9%80%9F%E7%AE%B1%E6%B2%B9%E8%A3%9C%E5%85%85%E5%8A%91/?share=facebook HTTP/1.1" 404 79176 "-" "Mozilla/5.0 (compatible; MJ12bot/v1.4.8; http://mj12bot.com/)"
220.135.127.108 - - [23/Nov/2024:20:08:38 +0800] "POST /wp-cron.php?doing_wp_cron=1732363718.4035000801086425781250 HTTP/1.1" 200 4059 "-" "WordPress/6.7.1; https://www.lubegard.com.tw"
217.182.175.146 - - [23/Nov/2024:20:08:38 +0800] "GET /%E9%AB%98%E7%A3%A8%E8%80%97-atf-%E8%87%AA%E6%8E%92%E8%AE%8A%E9%80%9F%E7%AE%B1%E6%B2%B9%E8%A3%9C%E5%85%85%E5%8A%91/?share=twitter HTTP/1.1" 404 79176 "-" "Mozilla/5.0 (compatible; MJ12bot/v1.4.8; http://mj12bot.com/)"
220.135.127.108 - - [23/Nov/2024:20:08:51 +0800] "POST /wp-cron.php?doing_wp_cron=1732363731.3876791000366210937500 HTTP/1.1" 200 4043 "-" "WordPress/6.7.1; https://www.lubegard.com.tw"
217.182.175.146 - - [23/Nov/2024:20:08:51 +0800] "GET /atf-%E8%87%AA%E6%8E%92%E8%AE%8A%E9%80%9F%E7%AE%B1%E6%B2%B9%E4%BF%9D%E8%AD%B7%E5%8A%91/ HTTP/1.1" 404 79176 "-" "Mozilla/5.0 (compatible; MJ12bot/v1.4.8; http://mj12bot.com/)"
220.135.127.108 - - [23/Nov/2024:20:09:02 +0800] "POST /wp-cron.php?doing_wp_cron=1732363742.6745119094848632812500 HTTP/1.1" 200 4075 "-" "WordPress/6.7.1; https://www.lubegard.com.tw"
217.182.175.146 - - [23/Nov/2024:20:09:02 +0800] "GET /atf-%E8%87%AA%E6%8E%92%E8%AE%8A%E9%80%9F%E7%AE%B1%E6%B2%B9%E4%BF%9D%E8%AD%B7%E5%8A%91/?share=facebook HTTP/1.1" 404 79176 "-" "Mozilla/5.0 (compatible; MJ12bot/v1.4.8; http://mj12bot.com/)"
220.135.127.108 - - [23/Nov/2024:20:09:13 +0800] "POST /wp-cron.php?doing_wp_cron=1732363753.1980209350585937500000 HTTP/1.1" 200 4075 "-" "WordPress/6.7.1; https://www.lubegard.com.tw"
217.182.175.146 - - [23/Nov/2024:20:09:13 +0800] "GET /atf-%E8%87%AA%E6%8E%92%E8%AE%8A%E9%80%9F%E7%AE%B1%E6%B2%B9%E4%BF%9D%E8%AD%B7%E5%8A%91/?share=twitter HTTP/1.1" 404 79176 "-" "Mozilla/5.0 (compatible; MJ12bot/v1.4.8; http://mj12bot.com/)"
220.135.127.108 - - [23/Nov/2024:20:09:23 +0800] "POST /wp-cron.php?doing_wp_cron=1732363763.6584000587463378906250 HTTP/1.1" 200 4043 "-" "WordPress/6.7.1; https://www.lubegard.com.tw"
217.182.175.146 - - [23/Nov/2024:20:09:23 +0800] "GET /cvt-%E7%84%A1%E6%AE%B5%E8%AE%8A%E9%80%9F%E7%AE%B1%E5%BE%A9%E5%8E%9F%E8%88%87%E4%BF%9D%E8%AD%B7%E5%8A%91/ HTTP/1.1" 404 79176 "-" "Mozilla/5.0 (compatible; MJ12bot/v1.4.8; http://mj12bot.com/)"
217.182.175.146 - - [23/Nov/2024:20:09:31 +0800] "GET /cvt-%E7%84%A1%E6%AE%B5%E8%AE%8A%E9%80%9F%E7%AE%B1%E5%BE%A9%E5%8E%9F%E8%88%87%E4%BF%9D%E8%AD%B7%E5%8A%91/?share=facebook HTTP/1.1" 404 79176 "-" "Mozilla/5.0 (compatible; MJ12bot/v1.4.8; http://mj12bot.com/)"
220.135.127.108 - - [23/Nov/2024:20:09:42 +0800] "POST /wp-cron.php?doing_wp_cron=1732363782.3159790039062500000000 HTTP/1.1" 200 4043 "-" "WordPress/6.7.1; https://www.lubegard.com.tw"
217.182.175.146 - - [23/Nov/2024:20:09:42 +0800] "GET /cvt-%E7%84%A1%E6%AE%B5%E8%AE%8A%E9%80%9F%E7%AE%B1%E5%BE%A9%E5%8E%9F%E8%88%87%E4%BF%9D%E8%AD%B7%E5%8A%91/?share=twitter HTTP/1.1" 404 79176 "-" "Mozilla/5.0 (compatible; MJ12bot/v1.4.8; http://mj12bot.com/)"
220.135.127.108 - - [23/Nov/2024:20:09:59 +0800] "POST /wp-cron.php?doing_wp_cron=1732363799.2610139846801757812500 HTTP/1.1" 200 4059 "-" "WordPress/6.7.1; https://www.lubegard.com.tw"
192.0.91.177 - - [23/Nov/2024:20:09:59 +0800] "HEAD / HTTP/1.1" 200 4156 "-" "jetmon/1.0 (Jetpack Site Uptime Monitor by WordPress.com)"
192.0.86.123 - - [23/Nov/2024:20:10:11 +0800] "GET /wp-content/uploads/2020/11/lab-4-681x1024-1.jpg HTTP/1.1" 200 142271 "-" "Photon/1.0"
220.135.127.108 - - [23/Nov/2024:20:14:59 +0800] "POST /wp-cron.php?doing_wp_cron=1732364098.9908480644226074218750 HTTP/1.1" 200 4059 "-" "WordPress/6.7.1; https://www.lubegard.com.tw"
192.0.91.177 - - [23/Nov/2024:20:14:58 +0800] "HEAD / HTTP/1.1" 200 4156 "-" "jetmon/1.0 (Jetpack Site Uptime Monitor by WordPress.com)"
220.135.127.108 - - [23/Nov/2024:20:19:59 +0800] "POST /wp-cron.php?doing_wp_cron=1732364399.9010961055755615234375 HTTP/1.1" 200 4075 "-" "WordPress/6.7.1; https://www.lubegard.com.tw"
192.0.91.177 - - [23/Nov/2024:20:19:59 +0800] "HEAD / HTTP/1.1" 200 4156 "-" "jetmon/1.0 (Jetpack Site Uptime Monitor by WordPress.com)"
220.135.127.108 - - [23/Nov/2024:20:24:59 +0800] "POST /wp-cron.php?doing_wp_cron=1732364699.4609060287475585937500 HTTP/1.1" 200 4059 "-" "WordPress/6.7.1; https://www.lubegard.com.tw"
192.0.91.177 - - [23/Nov/2024:20:24:59 +0800] "HEAD / HTTP/1.1" 200 4156 "-" "jetmon/1.0 (Jetpack Site Uptime Monitor by WordPress.com)"
220.135.127.108 - - [23/Nov/2024:20:29:59 +0800] "POST /wp-cron.php?doing_wp_cron=1732364999.4281260967254638671875 HTTP/1.1" 200 4059 "-" "WordPress/6.7.1; https://www.lubegard.com.tw"
192.0.91.177 - - [23/Nov/2024:20:29:58 +0800] "HEAD / HTTP/1.1" 200 4156 "-" "jetmon/1.0 (Jetpack Site Uptime Monitor by WordPress.com)"
220.135.127.108 - - [23/Nov/2024:20:35:01 +0800] "POST /wp-cron.php?doing_wp_cron=1732365301.4554419517517089843750 HTTP/1.1" 200 4043 "-" "WordPress/6.7.1; https://www.lubegard.com.tw"
192.0.91.177 - - [23/Nov/2024:20:35:00 +0800] "HEAD / HTTP/1.1" 200 4156 "-" "jetmon/1.0 (Jetpack Site Uptime Monitor by WordPress.com)"
220.135.127.108 - - [23/Nov/2024:20:39:59 +0800] "POST /wp-cron.php?doing_wp_cron=1732365599.5196630954742431640625 HTTP/1.1" 200 4059 "-" "WordPress/6.7.1; https://www.lubegard.com.tw"
192.0.91.177 - - [23/Nov/2024:20:39:59 +0800] "HEAD / HTTP/1.1" 200 4156 "-" "jetmon/1.0 (Jetpack Site Uptime Monitor by WordPress.com)"
220.135.127.108 - - [23/Nov/2024:20:40:59 +0800] "POST /wp-cron.php?doing_wp_cron=1732365659.1430299282073974609375 HTTP/1.1" 200 4075 "-" "WordPress/6.7.1; https://www.lubegard.com.tw"
36.234.22.239 - - [23/Nov/2024:20:40:58 +0800] "GET / HTTP/1.1" 200 36687 "https://tw.search.yahoo.com/" "Mozilla/5.0 (Windows NT 10.0; Win64; x64) AppleWebKit/537.36 (KHTML, like Gecko) Chrome/131.0.0.0 Safari/537.36 Edg/131.0.0.0"
36.234.22.239 - - [23/Nov/2024:20:40:59 +0800] "GET /wp-content/themes/twentyseventeen/assets/fonts/font-libre-franklin.css?ver=20230328 HTTP/1.1" 200 1113 "https://www.lubegard.com.tw/" "Mozilla/5.0 (Windows NT 10.0; Win64; x64) AppleWebKit/537.36 (KHTML, like Gecko) Chrome/131.0.0.0 Safari/537.36 Edg/131.0.0.0"
36.234.22.239 - - [23/Nov/2024:20:40:59 +0800] "GET /wp-content/themes/twentyseventeen/style.css?ver=20240402 HTTP/1.1" 200 16949 "https://www.lubegard.com.tw/" "Mozilla/5.0 (Windows NT 10.0; Win64; x64) AppleWebKit/537.36 (KHTML, like Gecko) Chrome/131.0.0.0 Safari/537.36 Edg/131.0.0.0"
36.234.22.239 - - [23/Nov/2024:20:40:59 +0800] "GET /wp-content/themes/twentyseventeen/assets/css/blocks.css?ver=20220912 HTTP/1.1" 200 2352 "https://www.lubegard.com.tw/" "Mozilla/5.0 (Windows NT 10.0; Win64; x64) AppleWebKit/537.36 (KHTML, like Gecko) Chrome/131.0.0.0 Safari/537.36 Edg/131.0.0.0"
36.234.22.239 - - [23/Nov/2024:20:41:00 +0800] "GET /wp-content/themes/twentyseventeen/assets/js/global.js?ver=20211130 HTTP/1.1" 200 3057 "https://www.lubegard.com.tw/" "Mozilla/5.0 (Windows NT 10.0; Win64; x64) AppleWebKit/537.36 (KHTML, like Gecko) Chrome/131.0.0.0 Safari/537.36 Edg/131.0.0.0"
36.234.22.239 - - [23/Nov/2024:20:41:00 +0800] "GET /wp-content/themes/twentyseventeen/assets/js/navigation.js?ver=20210122 HTTP/1.1" 200 1535 "https://www.lubegard.com.tw/" "Mozilla/5.0 (Windows NT 10.0; Win64; x64) AppleWebKit/537.36 (KHTML, like Gecko) Chrome/131.0.0.0 Safari/537.36 Edg/131.0.0.0"
36.234.22.239 - - [23/Nov/2024:20:41:00 +0800] "GET /wp-content/plugins/w3-total-cache/pub/js/lazyload.min.js HTTP/1.1" 200 2775 "https://www.lubegard.com.tw/" "Mozilla/5.0 (Windows NT 10.0; Win64; x64) AppleWebKit/537.36 (KHTML, like Gecko) Chrome/131.0.0.0 Safari/537.36 Edg/131.0.0.0"
36.234.22.239 - - [23/Nov/2024:20:41:00 +0800] "GET /wp-content/themes/twentyseventeen/assets/js/jquery.scrollTo.js?ver=2.1.3 HTTP/1.1" 200 2833 "https://www.lubegard.com.tw/" "Mozilla/5.0 (Windows NT 10.0; Win64; x64) AppleWebKit/537.36 (KHTML, like Gecko) Chrome/131.0.0.0 Safari/537.36 Edg/131.0.0.0"
36.234.22.239 - - [23/Nov/2024:20:41:00 +0800] "GET /wp-includes/js/wp-emoji-release.min.js?ver=6.7.1 HTTP/1.1" 200 5481 "https://www.lubegard.com.tw/" "Mozilla/5.0 (Windows NT 10.0; Win64; x64) AppleWebKit/537.36 (KHTML, like Gecko) Chrome/131.0.0.0 Safari/537.36 Edg/131.0.0.0"
36.234.22.239 - - [23/Nov/2024:20:41:02 +0800] "POST /?ob=open-bridge/events HTTP/1.1" 200 500 "https://www.lubegard.com.tw/" "Mozilla/5.0 (Windows NT 10.0; Win64; x64) AppleWebKit/537.36 (KHTML, like Gecko) Chrome/131.0.0.0 Safari/537.36 Edg/131.0.0.0"
220.135.127.108 - - [23/Nov/2024:20:41:07 +0800] "POST /wp-cron.php?doing_wp_cron=1732365667.1956739425659179687500 HTTP/1.1" 200 4059 "-" "WordPress/6.7.1; https://www.lubegard.com.tw"
36.234.22.239 - - [23/Nov/2024:20:41:06 +0800] "GET /products/ HTTP/1.1" 200 27947 "https://www.lubegard.com.tw/" "Mozilla/5.0 (Windows NT 10.0; Win64; x64) AppleWebKit/537.36 (KHTML, like Gecko) Chrome/131.0.0.0 Safari/537.36 Edg/131.0.0.0"
36.234.22.239 - - [23/Nov/2024:20:41:08 +0800] "POST /?ob=open-bridge/events HTTP/1.1" 200 334 "https://www.lubegard.com.tw/products/" "Mozilla/5.0 (Windows NT 10.0; Win64; x64) AppleWebKit/537.36 (KHTML, like Gecko) Chrome/131.0.0.0 Safari/537.36 Edg/131.0.0.0"
220.135.127.108 - - [23/Nov/2024:20:41:33 +0800] "POST /wp-cron.php?doing_wp_cron=1732365693.0573780536651611328125 HTTP/1.1" 200 4059 "-" "WordPress/6.7.1; https://www.lubegard.com.tw"
36.234.22.239 - - [23/Nov/2024:20:41:32 +0800] "GET /bio-engine-oil-protectant/ HTTP/1.1" 200 31741 "https://www.lubegard.com.tw/products/" "Mozilla/5.0 (Windows NT 10.0; Win64; x64) AppleWebKit/537.36 (KHTML, like Gecko) Chrome/131.0.0.0 Safari/537.36 Edg/131.0.0.0"
36.234.22.239 - - [23/Nov/2024:20:41:34 +0800] "POST /?ob=open-bridge/events HTTP/1.1" 200 334 "https://www.lubegard.com.tw/bio-engine-oil-protectant/" "Mozilla/5.0 (Windows NT 10.0; Win64; x64) AppleWebKit/537.36 (KHTML, like Gecko) Chrome/131.0.0.0 Safari/537.36 Edg/131.0.0.0"
220.135.127.108 - - [23/Nov/2024:20:43:38 +0800] "POST /wp-cron.php?doing_wp_cron=1732365818.2922348976135253906250 HTTP/1.1" 200 4043 "-" "WordPress/6.7.1; https://www.lubegard.com.tw"
36.234.22.239 - - [23/Nov/2024:20:43:37 +0800] "GET /products/ HTTP/1.1" 200 28527 "https://tw.search.yahoo.com/" "Mozilla/5.0 (Windows NT 10.0; Win64; x64) AppleWebKit/537.36 (KHTML, like Gecko) Chrome/131.0.0.0 Safari/537.36 Edg/131.0.0.0"
220.135.127.108 - - [23/Nov/2024:20:43:57 +0800] "POST /wp-cron.php?doing_wp_cron=1732365837.8264729976654052734375 HTTP/1.1" 200 4043 "-" "WordPress/6.7.1; https://www.lubegard.com.tw"
36.234.22.239 - - [23/Nov/2024:20:43:57 +0800] "GET /bio-engine-oil-protectant/ HTTP/1.1" 200 31756 "https://www.lubegard.com.tw/products/" "Mozilla/5.0 (Windows NT 10.0; Win64; x64) AppleWebKit/537.36 (KHTML, like Gecko) Chrome/131.0.0.0 Safari/537.36 Edg/131.0.0.0"
36.234.22.239 - - [23/Nov/2024:20:43:58 +0800] "POST /?ob=open-bridge/events HTTP/1.1" 200 334 "https://www.lubegard.com.tw/bio-engine-oil-protectant/" "Mozilla/5.0 (Windows NT 10.0; Win64; x64) AppleWebKit/537.36 (KHTML, like Gecko) Chrome/131.0.0.0 Safari/537.36 Edg/131.0.0.0"
220.135.127.108 - - [23/Nov/2024:20:44:59 +0800] "POST /wp-cron.php?doing_wp_cron=1732365899.5276439189910888671875 HTTP/1.1" 200 4059 "-" "WordPress/6.7.1; https://www.lubegard.com.tw"
192.0.91.177 - - [23/Nov/2024:20:44:59 +0800] "HEAD / HTTP/1.1" 200 4156 "-" "jetmon/1.0 (Jetpack Site Uptime Monitor by WordPress.com)"
220.135.127.108 - - [23/Nov/2024:20:46:29 +0800] "POST /wp-cron.php?doing_wp_cron=1732365989.6001789569854736328125 HTTP/1.1" 200 4059 "-" "WordPress/6.7.1; https://www.lubegard.com.tw"
17.241.219.141 - - [23/Nov/2024:20:46:29 +0800] "GET /atf-protectant/ HTTP/1.1" 200 33644 "-" "Mozilla/5.0 (Macintosh; Intel Mac OS X 10_15_7) AppleWebKit/605.1.15 (KHTML, like Gecko) Version/17.4 Safari/605.1.15 (Applebot/0.1; +http://www.apple.com/go/applebot)"
17.246.15.78 - - [23/Nov/2024:20:47:07 +0800] "GET /wp-content/themes/twentyseventeen/assets/css/blocks.css?ver=20220912 HTTP/1.1" 200 6100 "https://www.lubegard.com.tw/atf-protectant/" "Mozilla/5.0 (Macintosh; Intel Mac OS X 10_15_7) AppleWebKit/605.1.15 (KHTML, like Gecko) Version/17.4 Safari/605.1.15 (Applebot/0.1; +http://www.apple.com/go/applebot)"
17.246.15.114 - - [23/Nov/2024:20:47:08 +0800] "GET /wp-content/themes/twentyseventeen/assets/js/navigation.js?ver=20210122 HTTP/1.1" 200 5283 "https://www.lubegard.com.tw/atf-protectant/" "Mozilla/5.0 (Macintosh; Intel Mac OS X 10_15_7) AppleWebKit/605.1.15 (KHTML, like Gecko) Version/17.4 Safari/605.1.15 (Applebot/0.1; +http://www.apple.com/go/applebot)"
17.246.19.154 - - [23/Nov/2024:20:47:08 +0800] "GET /wp-content/themes/twentyseventeen/style.css?ver=20240402 HTTP/1.1" 200 20117 "https://www.lubegard.com.tw/atf-protectant/" "Mozilla/5.0 (Macintosh; Intel Mac OS X 10_15_7) AppleWebKit/605.1.15 (KHTML, like Gecko) Version/17.4 Safari/605.1.15 (Applebot/0.1; +http://www.apple.com/go/applebot)"
17.246.23.194 - - [23/Nov/2024:20:47:09 +0800] "GET /wp-content/themes/twentyseventeen/assets/js/jquery.scrollTo.js?ver=2.1.3 HTTP/1.1" 200 6581 "https://www.lubegard.com.tw/atf-protectant/" "Mozilla/5.0 (Macintosh; Intel Mac OS X 10_15_7) AppleWebKit/605.1.15 (KHTML, like Gecko) Version/17.4 Safari/605.1.15 (Applebot/0.1; +http://www.apple.com/go/applebot)"
17.246.23.225 - - [23/Nov/2024:20:47:09 +0800] "GET /wp-content/themes/twentyseventeen/assets/fonts/font-libre-franklin.css?ver=20230328 HTTP/1.1" 200 4861 "https://www.lubegard.com.tw/atf-protectant/" "Mozilla/5.0 (Macintosh; Intel Mac OS X 10_15_7) AppleWebKit/605.1.15 (KHTML, like Gecko) Version/17.4 Safari/605.1.15 (Applebot/0.1; +http://www.apple.com/go/applebot)"
17.246.15.197 - - [23/Nov/2024:20:47:10 +0800] "GET /wp-content/themes/twentyseventeen/assets/js/global.js?ver=20211130 HTTP/1.1" 200 6805 "https://www.lubegard.com.tw/atf-protectant/" "Mozilla/5.0 (Macintosh; Intel Mac OS X 10_15_7) AppleWebKit/605.1.15 (KHTML, like Gecko) Version/17.4 Safari/605.1.15 (Applebot/0.1; +http://www.apple.com/go/applebot)"
17.246.23.132 - - [23/Nov/2024:20:47:10 +0800] "GET /wp-content/plugins/w3-total-cache/pub/js/lazyload.min.js HTTP/1.1" 200 6523 "https://www.lubegard.com.tw/atf-protectant/" "Mozilla/5.0 (Macintosh; Intel Mac OS X 10_15_7) AppleWebKit/605.1.15 (KHTML, like Gecko) Version/17.4 Safari/605.1.15 (Applebot/0.1; +http://www.apple.com/go/applebot)"
17.246.19.231 - - [23/Nov/2024:20:47:11 +0800] "GET /wp-includes/js/wp-emoji-release.min.js?ver=6.7.1 HTTP/1.1" 200 9229 "https://www.lubegard.com.tw/atf-protectant/" "Mozilla/5.0 (Macintosh; Intel Mac OS X 10_15_7) AppleWebKit/605.1.15 (KHTML, like Gecko) Version/17.4 Safari/605.1.15 (Applebot/0.1; +http://www.apple.com/go/applebot)"
173.252.127.16 - - [23/Nov/2024:20:48:04 +0800] "GET /wp-content/uploads/2021/05/report_us_2.jpg HTTP/1.1" 301 670 "-" "facebookexternalhit/1.1 (+http://www.facebook.com/externalhit_uatext.php)"
173.252.127.16 - - [23/Nov/2024:20:48:05 +0800] "GET /wp-content/uploads/2021/05/report_us_2.jpg HTTP/1.1" 200 76798 "-" "facebookexternalhit/1.1 (+http://www.facebook.com/externalhit_uatext.php)"
220.135.127.108 - - [23/Nov/2024:20:49:59 +0800] "POST /wp-cron.php?doing_wp_cron=1732366199.7195889949798583984375 HTTP/1.1" 200 4059 "-" "WordPress/6.7.1; https://www.lubegard.com.tw"
192.0.91.177 - - [23/Nov/2024:20:49:59 +0800] "HEAD / HTTP/1.1" 200 4156 "-" "jetmon/1.0 (Jetpack Site Uptime Monitor by WordPress.com)"
220.135.127.108 - - [23/Nov/2024:20:52:40 +0800] "POST /wp-cron.php?doing_wp_cron=1732366360.7062039375305175781250 HTTP/1.1" 200 4059 "-" "WordPress/6.7.1; https://www.lubegard.com.tw"
66.249.72.142 - - [23/Nov/2024:20:52:40 +0800] "GET /atf-protectant/ HTTP/1.1" 200 33699 "-" "Mozilla/5.0 (Linux; Android 6.0.1; Nexus 5X Build/MMB29P) AppleWebKit/537.36 (KHTML, like Gecko) Chrome/131.0.6778.69 Mobile Safari/537.36 (compatible; Googlebot/2.1; +http://www.google.com/bot.html)"
220.135.127.108 - - [23/Nov/2024:20:52:54 +0800] "POST /wp-cron.php?doing_wp_cron=1732366374.1898729801177978515625 HTTP/1.1" 200 4043 "-" "WordPress/6.7.1; https://www.lubegard.com.tw"
66.249.71.102 - - [23/Nov/2024:20:52:53 +0800] "POST /?ob=open-bridge/events HTTP/1.1" 200 4248 "https://www.lubegard.com.tw/atf-protectant/" "Mozilla/5.0 (Linux; Android 6.0.1; Nexus 5X Build/MMB29P) AppleWebKit/537.36 (KHTML, like Gecko) Chrome/131.0.6778.69 Mobile Safari/537.36 (compatible; Googlebot/2.1; +http://www.google.com/bot.html)"
220.135.127.108 - - [23/Nov/2024:20:54:59 +0800] "POST /wp-cron.php?doing_wp_cron=1732366499.4620399475097656250000 HTTP/1.1" 200 4043 "-" "WordPress/6.7.1; https://www.lubegard.com.tw"
192.0.91.177 - - [23/Nov/2024:20:54:59 +0800] "HEAD / HTTP/1.1" 200 4156 "-" "jetmon/1.0 (Jetpack Site Uptime Monitor by WordPress.com)"
64.90.51.251 - - [23/Nov/2024:20:56:03 +0800] "GET /wordpress/wp-login.php HTTP/1.1" 301 581 "-" "Mozilla/5.0 (X11; Ubuntu; Linux x86_64; rv:62.0) Gecko/20100101 Firefox/62.0"
64.90.51.251 - - [23/Nov/2024:20:56:03 +0800] "GET /wordpress/wp-login.php HTTP/1.1" 403 20394 "http://lubegard.com.tw/wordpress/wp-login.php" "Mozilla/5.0 (X11; Ubuntu; Linux x86_64; rv:62.0) Gecko/20100101 Firefox/62.0"
220.135.127.108 - - [23/Nov/2024:20:59:59 +0800] "POST /?wordfence_syncAttackData=1732366799.2827 HTTP/1.1" 200 3971 "-" "WordPress/6.7.1; https://www.lubegard.com.tw"
220.135.127.108 - - [23/Nov/2024:20:59:59 +0800] "POST /wp-cron.php?doing_wp_cron=1732366799.8647139072418212890625 HTTP/1.1" 200 4059 "-" "WordPress/6.7.1; https://www.lubegard.com.tw"
192.0.91.177 - - [23/Nov/2024:20:59:58 +0800] "HEAD / HTTP/1.1" 200 4156 "-" "jetmon/1.0 (Jetpack Site Uptime Monitor by WordPress.com)"
192.0.91.177 - - [23/Nov/2024:21:04:58 +0800] "HEAD / HTTP/1.1" 200 4156 "-" "jetmon/1.0 (Jetpack Site Uptime Monitor by WordPress.com)"
220.135.127.108 - - [23/Nov/2024:21:04:59 +0800] "POST /wp-cron.php?doing_wp_cron=1732367099.3642029762268066406250 HTTP/1.1" 200 4059 "-" "WordPress/6.7.1; https://www.lubegard.com.tw"
220.135.127.108 - - [23/Nov/2024:21:09:59 +0800] "POST /wp-cron.php?doing_wp_cron=1732367399.5650179386138916015625 HTTP/1.1" 200 4075 "-" "WordPress/6.7.1; https://www.lubegard.com.tw"
192.0.91.177 - - [23/Nov/2024:21:09:59 +0800] "HEAD / HTTP/1.1" 200 4156 "-" "jetmon/1.0 (Jetpack Site Uptime Monitor by WordPress.com)"
220.135.127.108 - - [23/Nov/2024:21:14:59 +0800] "POST /wp-cron.php?doing_wp_cron=1732367699.7955338954925537109375 HTTP/1.1" 200 4075 "-" "WordPress/6.7.1; https://www.lubegard.com.tw"
192.0.91.177 - - [23/Nov/2024:21:14:59 +0800] "HEAD / HTTP/1.1" 200 4156 "-" "jetmon/1.0 (Jetpack Site Uptime Monitor by WordPress.com)"
220.135.127.108 - - [23/Nov/2024:21:17:41 +0800] "POST /wp-cron.php?doing_wp_cron=1732367861.6612699031829833984375 HTTP/1.1" 200 4059 "-" "WordPress/6.7.1; https://www.lubegard.com.tw"
66.249.72.142 - - [23/Nov/2024:21:17:41 +0800] "GET /?page_id=71 HTTP/1.1" 301 4068 "-" "Mozilla/5.0 (Linux; Android 6.0.1; Nexus 5X Build/MMB29P) AppleWebKit/537.36 (KHTML, like Gecko) Chrome/131.0.6778.69 Mobile Safari/537.36 (compatible; Googlebot/2.1; +http://www.google.com/bot.html)"
220.135.127.108 - - [23/Nov/2024:21:17:57 +0800] "POST /wp-cron.php?doing_wp_cron=1732367877.3801600933074951171875 HTTP/1.1" 200 4075 "-" "WordPress/6.7.1; https://www.lubegard.com.tw"
66.249.72.142 - - [23/Nov/2024:21:17:56 +0800] "POST /?ob=open-bridge/events HTTP/1.1" 200 4248 "https://www.lubegard.com.tw/atf-protectant/" "Mozilla/5.0 (Linux; Android 6.0.1; Nexus 5X Build/MMB29P) AppleWebKit/537.36 (KHTML, like Gecko) Chrome/131.0.6778.69 Mobile Safari/537.36 (compatible; Googlebot/2.1; +http://www.google.com/bot.html)"
220.135.127.108 - - [23/Nov/2024:21:19:59 +0800] "POST /wp-cron.php?doing_wp_cron=1732367999.6281750202178955078125 HTTP/1.1" 200 4075 "-" "WordPress/6.7.1; https://www.lubegard.com.tw"
192.0.91.177 - - [23/Nov/2024:21:19:59 +0800] "HEAD / HTTP/1.1" 200 4156 "-" "jetmon/1.0 (Jetpack Site Uptime Monitor by WordPress.com)"
220.135.127.108 - - [23/Nov/2024:21:24:59 +0800] "POST /wp-cron.php?doing_wp_cron=1732368299.5250260829925537109375 HTTP/1.1" 200 4075 "-" "WordPress/6.7.1; https://www.lubegard.com.tw"
192.0.91.177 - - [23/Nov/2024:21:24:59 +0800] "HEAD / HTTP/1.1" 200 4156 "-" "jetmon/1.0 (Jetpack Site Uptime Monitor by WordPress.com)"
220.135.127.108 - - [23/Nov/2024:21:29:59 +0800] "POST /wp-cron.php?doing_wp_cron=1732368599.2128159999847412109375 HTTP/1.1" 200 4075 "-" "WordPress/6.7.1; https://www.lubegard.com.tw"
192.0.91.177 - - [23/Nov/2024:21:29:58 +0800] "HEAD / HTTP/1.1" 200 4156 "-" "jetmon/1.0 (Jetpack Site Uptime Monitor by WordPress.com)"
220.135.127.108 - - [23/Nov/2024:21:34:59 +0800] "POST /wp-cron.php?doing_wp_cron=1732368899.3038549423217773437500 HTTP/1.1" 200 4059 "-" "WordPress/6.7.1; https://www.lubegard.com.tw"
192.0.91.177 - - [23/Nov/2024:21:34:58 +0800] "HEAD / HTTP/1.1" 200 4156 "-" "jetmon/1.0 (Jetpack Site Uptime Monitor by WordPress.com)"
220.135.127.108 - - [23/Nov/2024:21:39:59 +0800] "POST /wp-cron.php?doing_wp_cron=1732369199.2123610973358154296875 HTTP/1.1" 200 4059 "-" "WordPress/6.7.1; https://www.lubegard.com.tw"
192.0.91.177 - - [23/Nov/2024:21:39:58 +0800] "HEAD / HTTP/1.1" 200 4156 "-" "jetmon/1.0 (Jetpack Site Uptime Monitor by WordPress.com)"
220.135.127.108 - - [23/Nov/2024:21:44:59 +0800] "POST /wp-cron.php?doing_wp_cron=1732369499.1214759349822998046875 HTTP/1.1" 200 4043 "-" "WordPress/6.7.1; https://www.lubegard.com.tw"
192.0.91.177 - - [23/Nov/2024:21:44:58 +0800] "HEAD / HTTP/1.1" 200 4156 "-" "jetmon/1.0 (Jetpack Site Uptime Monitor by WordPress.com)"
192.0.91.177 - - [23/Nov/2024:21:49:58 +0800] "HEAD / HTTP/1.1" 200 4156 "-" "jetmon/1.0 (Jetpack Site Uptime Monitor by WordPress.com)"
220.135.127.108 - - [23/Nov/2024:21:54:59 +0800] "POST /wp-cron.php?doing_wp_cron=1732370099.1101899147033691406250 HTTP/1.1" 200 4043 "-" "WordPress/6.7.1; https://www.lubegard.com.tw"
192.0.91.177 - - [23/Nov/2024:21:54:58 +0800] "HEAD / HTTP/1.1" 200 4156 "-" "jetmon/1.0 (Jetpack Site Uptime Monitor by WordPress.com)"
220.135.127.108 - - [23/Nov/2024:21:59:59 +0800] "POST /wp-cron.php?doing_wp_cron=1732370399.0796990394592285156250 HTTP/1.1" 200 4075 "-" "WordPress/6.7.1; https://www.lubegard.com.tw"
192.0.91.177 - - [23/Nov/2024:21:59:58 +0800] "HEAD / HTTP/1.1" 200 4156 "-" "jetmon/1.0 (Jetpack Site Uptime Monitor by WordPress.com)"
220.135.127.108 - - [23/Nov/2024:22:04:59 +0800] "POST /wp-cron.php?doing_wp_cron=1732370699.4647290706634521484375 HTTP/1.1" 200 4075 "-" "WordPress/6.7.1; https://www.lubegard.com.tw"
192.0.91.177 - - [23/Nov/2024:22:04:59 +0800] "HEAD / HTTP/1.1" 200 4156 "-" "jetmon/1.0 (Jetpack Site Uptime Monitor by WordPress.com)"
220.135.127.108 - - [23/Nov/2024:22:09:59 +0800] "POST /wp-cron.php?doing_wp_cron=1732370999.7142639160156250000000 HTTP/1.1" 200 4075 "-" "WordPress/6.7.1; https://www.lubegard.com.tw"
192.0.91.177 - - [23/Nov/2024:22:09:59 +0800] "HEAD / HTTP/1.1" 200 4156 "-" "jetmon/1.0 (Jetpack Site Uptime Monitor by WordPress.com)"
220.135.127.108 - - [23/Nov/2024:22:14:59 +0800] "POST /wp-cron.php?doing_wp_cron=1732371299.0390748977661132812500 HTTP/1.1" 200 4059 "-" "WordPress/6.7.1; https://www.lubegard.com.tw"
192.0.91.177 - - [23/Nov/2024:22:14:58 +0800] "HEAD / HTTP/1.1" 200 4156 "-" "jetmon/1.0 (Jetpack Site Uptime Monitor by WordPress.com)"
220.135.127.108 - - [23/Nov/2024:22:15:37 +0800] "POST /wp-cron.php?doing_wp_cron=1732371337.2310690879821777343750 HTTP/1.1" 200 4043 "-" "WordPress/6.7.1; https://www.lubegard.com.tw"
35.86.200.242 - - [23/Nov/2024:22:15:36 +0800] "GET / HTTP/1.1" 301 3981 "-" "Mozilla/5.0 (compatible; MyCrawler/1.0)"
35.86.200.242 - - [23/Nov/2024:22:15:38 +0800] "GET / HTTP/1.1" 200 113664 "https://lubegard.com.tw" "Mozilla/5.0 (compatible; MyCrawler/1.0)"
220.135.127.108 - - [23/Nov/2024:22:19:59 +0800] "POST /wp-cron.php?doing_wp_cron=1732371599.0564579963684082031250 HTTP/1.1" 200 4075 "-" "WordPress/6.7.1; https://www.lubegard.com.tw"
192.0.91.177 - - [23/Nov/2024:22:19:58 +0800] "HEAD / HTTP/1.1" 200 4156 "-" "jetmon/1.0 (Jetpack Site Uptime Monitor by WordPress.com)"
220.135.127.108 - - [23/Nov/2024:22:24:59 +0800] "POST /wp-cron.php?doing_wp_cron=1732371899.6027240753173828125000 HTTP/1.1" 200 4059 "-" "WordPress/6.7.1; https://www.lubegard.com.tw"
192.0.91.177 - - [23/Nov/2024:22:24:58 +0800] "HEAD / HTTP/1.1" 200 4156 "-" "jetmon/1.0 (Jetpack Site Uptime Monitor by WordPress.com)"
220.135.127.108 - - [23/Nov/2024:22:29:59 +0800] "POST /wp-cron.php?doing_wp_cron=1732372199.0861279964447021484375 HTTP/1.1" 200 4075 "-" "WordPress/6.7.1; https://www.lubegard.com.tw"
192.0.91.177 - - [23/Nov/2024:22:29:58 +0800] "HEAD / HTTP/1.1" 200 4156 "-" "jetmon/1.0 (Jetpack Site Uptime Monitor by WordPress.com)"
220.135.127.108 - - [23/Nov/2024:22:34:59 +0800] "POST /wp-cron.php?doing_wp_cron=1732372499.0125870704650878906250 HTTP/1.1" 200 4059 "-" "WordPress/6.7.1; https://www.lubegard.com.tw"
192.0.91.177 - - [23/Nov/2024:22:34:58 +0800] "HEAD / HTTP/1.1" 200 4156 "-" "jetmon/1.0 (Jetpack Site Uptime Monitor by WordPress.com)"
220.135.127.108 - - [23/Nov/2024:22:39:59 +0800] "POST /wp-cron.php?doing_wp_cron=1732372799.2758469581604003906250 HTTP/1.1" 200 4059 "-" "WordPress/6.7.1; https://www.lubegard.com.tw"
192.0.91.177 - - [23/Nov/2024:22:39:58 +0800] "HEAD / HTTP/1.1" 200 4156 "-" "jetmon/1.0 (Jetpack Site Uptime Monitor by WordPress.com)"
220.135.127.108 - - [23/Nov/2024:22:44:59 +0800] "POST /wp-cron.php?doing_wp_cron=1732373099.2921209335327148437500 HTTP/1.1" 200 4075 "-" "WordPress/6.7.1; https://www.lubegard.com.tw"
192.0.91.177 - - [23/Nov/2024:22:44:58 +0800] "HEAD / HTTP/1.1" 200 4156 "-" "jetmon/1.0 (Jetpack Site Uptime Monitor by WordPress.com)"
220.135.127.108 - - [23/Nov/2024:22:49:59 +0800] "POST /wp-cron.php?doing_wp_cron=1732373399.5502130985260009765625 HTTP/1.1" 200 4043 "-" "WordPress/6.7.1; https://www.lubegard.com.tw"
192.0.91.177 - - [23/Nov/2024:22:49:58 +0800] "HEAD / HTTP/1.1" 200 4156 "-" "jetmon/1.0 (Jetpack Site Uptime Monitor by WordPress.com)"
192.0.91.177 - - [23/Nov/2024:22:54:58 +0800] "HEAD / HTTP/1.1" 200 4156 "-" "jetmon/1.0 (Jetpack Site Uptime Monitor by WordPress.com)"
220.135.127.108 - - [23/Nov/2024:22:54:59 +0800] "POST /wp-cron.php?doing_wp_cron=1732373699.1899249553680419921875 HTTP/1.1" 200 4059 "-" "WordPress/6.7.1; https://www.lubegard.com.tw"
220.135.127.108 - - [23/Nov/2024:22:59:59 +0800] "POST /wp-cron.php?doing_wp_cron=1732373999.3353700637817382812500 HTTP/1.1" 200 4059 "-" "WordPress/6.7.1; https://www.lubegard.com.tw"
192.0.91.177 - - [23/Nov/2024:22:59:58 +0800] "HEAD / HTTP/1.1" 200 4156 "-" "jetmon/1.0 (Jetpack Site Uptime Monitor by WordPress.com)"
72.14.201.133 - - [23/Nov/2024:23:01:53 +0800] "GET / HTTP/1.1" 200 36703 "https://www.google.com/" "Mozilla/5.0 (Windows NT 10.0; Win64; x64) AppleWebKit/537.36 (KHTML, like Gecko) Chrome/131.0.0.0 Safari/537.36"
220.135.127.108 - - [23/Nov/2024:23:01:53 +0800] "POST /wp-cron.php?doing_wp_cron=1732374113.3850889205932617187500 HTTP/1.1" 200 4043 "-" "WordPress/6.7.1; https://www.lubegard.com.tw"
66.249.82.64 - - [23/Nov/2024:23:01:52 +0800] "GET /.well-known/traffic-advice HTTP/1.1" 404 79723 "-" "Chrome Privacy Preserving Prefetch Proxy"
72.14.201.133 - - [23/Nov/2024:23:01:54 +0800] "GET /bio-engine-oil-protectant/ HTTP/1.1" 200 34972 "https://www.google.com/" "Mozilla/5.0 (Windows NT 10.0; Win64; x64) AppleWebKit/537.36 (KHTML, like Gecko) Chrome/131.0.0.0 Safari/537.36"
220.135.127.108 - - [23/Nov/2024:23:02:15 +0800] "POST /wp-cron.php?doing_wp_cron=1732374135.5761270523071289062500 HTTP/1.1" 200 4043 "-" "WordPress/6.7.1; https://www.lubegard.com.tw"
193.186.4.169 - - [23/Nov/2024:23:02:15 +0800] "GET /seal-fixx/ HTTP/1.1" 200 31411 "https://www.google.com/" "Mozilla/5.0 (Windows NT 10.0; Win64; x64) AppleWebKit/537.36 (KHTML, like Gecko) Chrome/131.0.0.0 Safari/537.36"
220.135.127.108 - - [23/Nov/2024:23:04:59 +0800] "POST /wp-cron.php?doing_wp_cron=1732374299.2645900249481201171875 HTTP/1.1" 200 4043 "-" "WordPress/6.7.1; https://www.lubegard.com.tw"
192.0.91.177 - - [23/Nov/2024:23:04:58 +0800] "HEAD / HTTP/1.1" 200 4156 "-" "jetmon/1.0 (Jetpack Site Uptime Monitor by WordPress.com)"
220.135.127.108 - - [23/Nov/2024:23:09:59 +0800] "POST /wp-cron.php?doing_wp_cron=1732374599.1851470470428466796875 HTTP/1.1" 200 4043 "-" "WordPress/6.7.1; https://www.lubegard.com.tw"
192.0.91.177 - - [23/Nov/2024:23:09:58 +0800] "HEAD / HTTP/1.1" 200 4156 "-" "jetmon/1.0 (Jetpack Site Uptime Monitor by WordPress.com)"
220.135.127.108 - - [23/Nov/2024:23:14:59 +0800] "POST /wp-cron.php?doing_wp_cron=1732374899.3953099250793457031250 HTTP/1.1" 200 4059 "-" "WordPress/6.7.1; https://www.lubegard.com.tw"
192.0.91.177 - - [23/Nov/2024:23:14:58 +0800] "HEAD / HTTP/1.1" 200 4156 "-" "jetmon/1.0 (Jetpack Site Uptime Monitor by WordPress.com)"
220.135.127.108 - - [23/Nov/2024:23:19:59 +0800] "POST /wp-cron.php?doing_wp_cron=1732375199.2489631175994873046875 HTTP/1.1" 200 4059 "-" "WordPress/6.7.1; https://www.lubegard.com.tw"
192.0.91.177 - - [23/Nov/2024:23:19:58 +0800] "HEAD / HTTP/1.1" 200 4156 "-" "jetmon/1.0 (Jetpack Site Uptime Monitor by WordPress.com)"
220.135.127.108 - - [23/Nov/2024:23:21:52 +0800] "POST /wp-cron.php?doing_wp_cron=1732375312.1769590377807617187500 HTTP/1.1" 200 4059 "-" "WordPress/6.7.1; https://www.lubegard.com.tw"
185.191.171.3 - - [23/Nov/2024:23:21:50 +0800] "GET /robots.txt HTTP/1.1" 200 4218 "-" "Mozilla/5.0 (compatible; SemrushBot/7~bl; +http://www.semrush.com/bot.html)"
220.135.127.108 - - [23/Nov/2024:23:21:54 +0800] "POST /wp-cron.php?doing_wp_cron=1732375314.0605490207672119140625 HTTP/1.1" 200 4043 "-" "WordPress/6.7.1; https://www.lubegard.com.tw"
85.208.96.208 - - [23/Nov/2024:23:21:53 +0800] "GET /%E9%9D%9C%E6%85%8B%E9%A6%96%E9%A0%81%E5%8D%80%E6%AE%B5/ HTTP/1.1" 200 35186 "-" "Mozilla/5.0 (compatible; SemrushBot/7~bl; +http://www.semrush.com/bot.html)"
114.119.142.84 - - [23/Nov/2024:23:22:50 +0800] "GET /robots.txt HTTP/1.1" 301 594 "-" "Mozilla/5.0 (compatible;PetalBot;+https://webmaster.petalsearch.com/site/petalbot)"
220.135.127.108 - - [23/Nov/2024:23:22:51 +0800] "POST /wp-cron.php?doing_wp_cron=1732375371.6798949241638183593750 HTTP/1.1" 200 4059 "-" "WordPress/6.7.1; https://www.lubegard.com.tw"
114.119.142.84 - - [23/Nov/2024:23:22:51 +0800] "GET /robots.txt HTTP/1.1" 301 4026 "-" "Mozilla/5.0 (compatible;PetalBot;+https://webmaster.petalsearch.com/site/petalbot)"
220.135.127.108 - - [23/Nov/2024:23:22:53 +0800] "POST /wp-cron.php?doing_wp_cron=1732375373.0104229450225830078125 HTTP/1.1" 200 4075 "-" "WordPress/6.7.1; https://www.lubegard.com.tw"
114.119.142.84 - - [23/Nov/2024:23:22:52 +0800] "GET /robots.txt HTTP/1.1" 200 4218 "-" "Mozilla/5.0 (compatible;PetalBot;+https://webmaster.petalsearch.com/site/petalbot)"
220.135.127.108 - - [23/Nov/2024:23:24:59 +0800] "POST /wp-cron.php?doing_wp_cron=1732375499.4672420024871826171875 HTTP/1.1" 200 4059 "-" "WordPress/6.7.1; https://www.lubegard.com.tw"
192.0.91.177 - - [23/Nov/2024:23:24:59 +0800] "HEAD / HTTP/1.1" 200 4156 "-" "jetmon/1.0 (Jetpack Site Uptime Monitor by WordPress.com)"
220.135.127.108 - - [23/Nov/2024:23:29:59 +0800] "POST /wp-cron.php?doing_wp_cron=1732375799.2617890834808349609375 HTTP/1.1" 200 4059 "-" "WordPress/6.7.1; https://www.lubegard.com.tw"
192.0.91.177 - - [23/Nov/2024:23:29:58 +0800] "HEAD / HTTP/1.1" 200 4156 "-" "jetmon/1.0 (Jetpack Site Uptime Monitor by WordPress.com)"
220.135.127.108 - - [23/Nov/2024:23:34:59 +0800] "POST /wp-cron.php?doing_wp_cron=1732376099.2028310298919677734375 HTTP/1.1" 200 4043 "-" "WordPress/6.7.1; https://www.lubegard.com.tw"
192.0.91.177 - - [23/Nov/2024:23:34:58 +0800] "HEAD / HTTP/1.1" 200 4156 "-" "jetmon/1.0 (Jetpack Site Uptime Monitor by WordPress.com)"
220.135.127.108 - - [23/Nov/2024:23:38:59 +0800] "POST /wp-cron.php?doing_wp_cron=1732376339.7051880359649658203125 HTTP/1.1" 200 4059 "-" "WordPress/6.7.1; https://www.lubegard.com.tw"
47.128.55.192 - - [23/Nov/2024:23:38:59 +0800] "GET /evaporator-heater-foam-cleaner/?nb=1&share=x HTTP/1.1" 302 4303 "-" "Mozilla/5.0 (Linux; Android 5.0) AppleWebKit/537.36 (KHTML, like Gecko) Mobile Safari/537.36 (compatible; Bytespider; spider-feedback@bytedance.com)"
220.135.127.108 - - [23/Nov/2024:23:39:59 +0800] "POST /wp-cron.php?doing_wp_cron=1732376399.1122279167175292968750 HTTP/1.1" 200 4059 "-" "WordPress/6.7.1; https://www.lubegard.com.tw"
192.0.91.177 - - [23/Nov/2024:23:39:58 +0800] "HEAD / HTTP/1.1" 200 4156 "-" "jetmon/1.0 (Jetpack Site Uptime Monitor by WordPress.com)"
220.135.127.108 - - [23/Nov/2024:23:42:41 +0800] "POST /wp-cron.php?doing_wp_cron=1732376561.3455109596252441406250 HTTP/1.1" 200 4059 "-" "WordPress/6.7.1; https://www.lubegard.com.tw"
85.208.96.201 - - [23/Nov/2024:23:42:40 +0800] "GET /%E5%9C%A8%E6%BA%AB%E7%86%B1%E6%A2%9D%E4%BB%B6%E4%B8%8B-cvt-%E6%B5%81%E9%AB%94%E7%9A%84%E8%80%81%E5%8C%96/ HTTP/1.1" 200 33078 "-" "Mozilla/5.0 (compatible; SemrushBot/7~bl; +http://www.semrush.com/bot.html)"
220.135.127.108 - - [23/Nov/2024:23:43:28 +0800] "POST /wp-cron.php?doing_wp_cron=1732376608.0014059543609619140625 HTTP/1.1" 200 4043 "-" "WordPress/6.7.1; https://www.lubegard.com.tw"
66.249.79.5 - - [23/Nov/2024:23:43:27 +0800] "GET /hfm-atf-supplement/ HTTP/1.1" 200 32918 "-" "Mozilla/5.0 (Linux; Android 6.0.1; Nexus 5X Build/MMB29P) AppleWebKit/537.36 (KHTML, like Gecko) Chrome/131.0.6778.69 Mobile Safari/537.36 (compatible; Googlebot/2.1; +http://www.google.com/bot.html)"
220.135.127.108 - - [23/Nov/2024:23:44:58 +0800] "POST /wp-cron.php?doing_wp_cron=1732376698.8476290702819824218750 HTTP/1.1" 200 4059 "-" "WordPress/6.7.1; https://www.lubegard.com.tw"
192.0.91.177 - - [23/Nov/2024:23:44:58 +0800] "HEAD / HTTP/1.1" 200 4156 "-" "jetmon/1.0 (Jetpack Site Uptime Monitor by WordPress.com)"
220.135.127.108 - - [23/Nov/2024:23:49:59 +0800] "POST /wp-cron.php?doing_wp_cron=1732376999.1997489929199218750000 HTTP/1.1" 200 4059 "-" "WordPress/6.7.1; https://www.lubegard.com.tw"
192.0.91.177 - - [23/Nov/2024:23:49:58 +0800] "HEAD / HTTP/1.1" 200 4156 "-" "jetmon/1.0 (Jetpack Site Uptime Monitor by WordPress.com)"
220.135.127.108 - - [23/Nov/2024:23:51:07 +0800] "POST /wp-cron.php?doing_wp_cron=1732377067.8640060424804687500000 HTTP/1.1" 200 4059 "-" "WordPress/6.7.1; https://www.lubegard.com.tw"
42.71.154.30 - - [23/Nov/2024:23:51:07 +0800] "GET / HTTP/1.1" 200 36703 "https://www.google.com.tw/" "Mozilla/5.0 (iPhone; CPU iPhone OS 17_6_1 like Mac OS X) AppleWebKit/605.1.15 (KHTML, like Gecko) Version/17.6 Mobile/15E148 Safari/604.1"
42.71.154.30 - - [23/Nov/2024:23:51:08 +0800] "GET /wp-content/themes/twentyseventeen/assets/fonts/font-libre-franklin.css?ver=20230328 HTTP/1.1" 200 1113 "https://www.lubegard.com.tw/" "Mozilla/5.0 (iPhone; CPU iPhone OS 17_6_1 like Mac OS X) AppleWebKit/605.1.15 (KHTML, like Gecko) Version/17.6 Mobile/15E148 Safari/604.1"
42.71.154.30 - - [23/Nov/2024:23:51:08 +0800] "GET /wp-content/plugins/w3-total-cache/pub/js/lazyload.min.js HTTP/1.1" 200 2775 "https://www.lubegard.com.tw/" "Mozilla/5.0 (iPhone; CPU iPhone OS 17_6_1 like Mac OS X) AppleWebKit/605.1.15 (KHTML, like Gecko) Version/17.6 Mobile/15E148 Safari/604.1"
42.71.154.30 - - [23/Nov/2024:23:51:08 +0800] "GET /wp-content/themes/twentyseventeen/assets/js/jquery.scrollTo.js?ver=2.1.3 HTTP/1.1" 200 6596 "https://www.lubegard.com.tw/" "Mozilla/5.0 (iPhone; CPU iPhone OS 17_6_1 like Mac OS X) AppleWebKit/605.1.15 (KHTML, like Gecko) Version/17.6 Mobile/15E148 Safari/604.1"
42.71.154.30 - - [23/Nov/2024:23:51:08 +0800] "GET /wp-content/themes/twentyseventeen/assets/css/blocks.css?ver=20220912 HTTP/1.1" 200 6131 "https://www.lubegard.com.tw/" "Mozilla/5.0 (iPhone; CPU iPhone OS 17_6_1 like Mac OS X) AppleWebKit/605.1.15 (KHTML, like Gecko) Version/17.6 Mobile/15E148 Safari/604.1"
42.71.154.30 - - [23/Nov/2024:23:51:08 +0800] "GET /wp-content/themes/twentyseventeen/assets/js/global.js?ver=20211130 HTTP/1.1" 200 6836 "https://www.lubegard.com.tw/" "Mozilla/5.0 (iPhone; CPU iPhone OS 17_6_1 like Mac OS X) AppleWebKit/605.1.15 (KHTML, like Gecko) Version/17.6 Mobile/15E148 Safari/604.1"
42.71.154.30 - - [23/Nov/2024:23:51:08 +0800] "GET /wp-content/themes/twentyseventeen/assets/js/navigation.js?ver=20210122 HTTP/1.1" 200 5330 "https://www.lubegard.com.tw/" "Mozilla/5.0 (iPhone; CPU iPhone OS 17_6_1 like Mac OS X) AppleWebKit/605.1.15 (KHTML, like Gecko) Version/17.6 Mobile/15E148 Safari/604.1"
42.71.154.30 - - [23/Nov/2024:23:51:08 +0800] "GET /wp-content/themes/twentyseventeen/style.css?ver=20240402 HTTP/1.1" 200 20148 "https://www.lubegard.com.tw/" "Mozilla/5.0 (iPhone; CPU iPhone OS 17_6_1 like Mac OS X) AppleWebKit/605.1.15 (KHTML, like Gecko) Version/17.6 Mobile/15E148 Safari/604.1"
42.71.154.30 - - [23/Nov/2024:23:51:10 +0800] "POST /?ob=open-bridge/events HTTP/1.1" 200 4263 "https://www.lubegard.com.tw/" "Mozilla/5.0 (iPhone; CPU iPhone OS 17_6_1 like Mac OS X) AppleWebKit/605.1.15 (KHTML, like Gecko) Version/17.6 Mobile/15E148 Safari/604.1"
220.135.127.108 - - [23/Nov/2024:23:54:22 +0800] "POST /wp-cron.php?doing_wp_cron=1732377262.1109011173248291015625 HTTP/1.1" 200 4075 "-" "WordPress/6.7.1; https://www.lubegard.com.tw"
42.71.154.30 - - [23/Nov/2024:23:54:21 +0800] "GET /hfm-atf-supplement/ HTTP/1.1" 200 32950 "https://www.lubegard.com.tw/" "Mozilla/5.0 (iPhone; CPU iPhone OS 17_6_1 like Mac OS X) AppleWebKit/605.1.15 (KHTML, like Gecko) Version/17.6 Mobile/15E148 Safari/604.1"
220.135.127.108 - - [23/Nov/2024:23:54:23 +0800] "POST /wp-cron.php?doing_wp_cron=1732377263.5245640277862548828125 HTTP/1.1" 200 4043 "-" "WordPress/6.7.1; https://www.lubegard.com.tw"
42.71.154.30 - - [23/Nov/2024:23:54:23 +0800] "POST /?ob=open-bridge/events HTTP/1.1" 200 334 "https://www.lubegard.com.tw/hfm-atf-supplement/" "Mozilla/5.0 (iPhone; CPU iPhone OS 17_6_1 like Mac OS X) AppleWebKit/605.1.15 (KHTML, like Gecko) Version/17.6 Mobile/15E148 Safari/604.1"
220.135.127.108 - - [23/Nov/2024:23:54:58 +0800] "POST /wp-cron.php?doing_wp_cron=1732377298.7478210926055908203125 HTTP/1.1" 200 4075 "-" "WordPress/6.7.1; https://www.lubegard.com.tw"
192.0.91.177 - - [23/Nov/2024:23:54:58 +0800] "HEAD / HTTP/1.1" 200 4156 "-" "jetmon/1.0 (Jetpack Site Uptime Monitor by WordPress.com)"
220.135.127.108 - - [23/Nov/2024:23:55:19 +0800] "POST /wp-cron.php?doing_wp_cron=1732377319.1562979221343994140625 HTTP/1.1" 200 4059 "-" "WordPress/6.7.1; https://www.lubegard.com.tw"
42.71.154.30 - - [23/Nov/2024:23:55:18 +0800] "POST /?ob=open-bridge/events HTTP/1.1" 200 4113 "https://www.lubegard.com.tw/" "Mozilla/5.0 (iPhone; CPU iPhone OS 17_6_1 like Mac OS X) AppleWebKit/605.1.15 (KHTML, like Gecko) Version/17.6 Mobile/15E148 Safari/604.1"
42.71.154.30 - - [23/Nov/2024:23:55:22 +0800] "GET /platinum-atf-protectant/ HTTP/1.1" 200 32641 "https://www.lubegard.com.tw/" "Mozilla/5.0 (iPhone; CPU iPhone OS 17_6_1 like Mac OS X) AppleWebKit/605.1.15 (KHTML, like Gecko) Version/17.6 Mobile/15E148 Safari/604.1"
220.135.127.108 - - [23/Nov/2024:23:55:23 +0800] "POST /wp-cron.php?doing_wp_cron=1732377323.1754059791564941406250 HTTP/1.1" 200 4059 "-" "WordPress/6.7.1; https://www.lubegard.com.tw"
42.71.154.30 - - [23/Nov/2024:23:55:22 +0800] "POST /?ob=open-bridge/events HTTP/1.1" 200 4129 "https://www.lubegard.com.tw/platinum-atf-protectant/" "Mozilla/5.0 (iPhone; CPU iPhone OS 17_6_1 like Mac OS X) AppleWebKit/605.1.15 (KHTML, like Gecko) Version/17.6 Mobile/15E148 Safari/604.1"
220.135.127.108 - - [23/Nov/2024:23:56:19 +0800] "POST /wp-cron.php?doing_wp_cron=1732377379.3374669551849365234375 HTTP/1.1" 200 4059 "-" "WordPress/6.7.1; https://www.lubegard.com.tw"
42.71.154.30 - - [23/Nov/2024:23:56:18 +0800] "POST /?ob=open-bridge/events HTTP/1.1" 200 4097 "https://www.lubegard.com.tw/" "Mozilla/5.0 (iPhone; CPU iPhone OS 17_6_1 like Mac OS X) AppleWebKit/605.1.15 (KHTML, like Gecko) Version/17.6 Mobile/15E148 Safari/604.1"
220.135.127.108 - - [23/Nov/2024:23:56:27 +0800] "POST /wp-cron.php?doing_wp_cron=1732377387.2597920894622802734375 HTTP/1.1" 200 4059 "-" "WordPress/6.7.1; https://www.lubegard.com.tw"
42.71.154.30 - - [23/Nov/2024:23:56:26 +0800] "GET /hfm-atf-supplement/ HTTP/1.1" 200 32965 "https://www.lubegard.com.tw/" "Mozilla/5.0 (iPhone; CPU iPhone OS 17_6_1 like Mac OS X) AppleWebKit/605.1.15 (KHTML, like Gecko) Version/17.6 Mobile/15E148 Safari/604.1"
42.71.154.30 - - [23/Nov/2024:23:56:27 +0800] "POST /?ob=open-bridge/events HTTP/1.1" 200 334 "https://www.lubegard.com.tw/hfm-atf-supplement/" "Mozilla/5.0 (iPhone; CPU iPhone OS 17_6_1 like Mac OS X) AppleWebKit/605.1.15 (KHTML, like Gecko) Version/17.6 Mobile/15E148 Safari/604.1"
220.135.127.108 - - [23/Nov/2024:23:57:22 +0800] "POST /wp-cron.php?doing_wp_cron=1732377442.1412448883056640625000 HTTP/1.1" 200 4075 "-" "WordPress/6.7.1; https://www.lubegard.com.tw"
42.71.154.30 - - [23/Nov/2024:23:57:21 +0800] "POST /?ob=open-bridge/events HTTP/1.1" 200 4113 "https://www.lubegard.com.tw/" "Mozilla/5.0 (iPhone; CPU iPhone OS 17_6_1 like Mac OS X) AppleWebKit/605.1.15 (KHTML, like Gecko) Version/17.6 Mobile/15E148 Safari/604.1"
220.135.127.108 - - [23/Nov/2024:23:57:35 +0800] "POST /wp-cron.php?doing_wp_cron=1732377455.2058339118957519531250 HTTP/1.1" 200 4059 "-" "WordPress/6.7.1; https://www.lubegard.com.tw"
42.71.154.30 - - [23/Nov/2024:23:57:34 +0800] "GET /fixx/ HTTP/1.1" 200 31226 "https://www.lubegard.com.tw/" "Mozilla/5.0 (iPhone; CPU iPhone OS 17_6_1 like Mac OS X) AppleWebKit/605.1.15 (KHTML, like Gecko) Version/17.6 Mobile/15E148 Safari/604.1"
42.71.154.30 - - [23/Nov/2024:23:57:36 +0800] "POST /?ob=open-bridge/events HTTP/1.1" 200 4113 "https://www.lubegard.com.tw/fixx/" "Mozilla/5.0 (iPhone; CPU iPhone OS 17_6_1 like Mac OS X) AppleWebKit/605.1.15 (KHTML, like Gecko) Version/17.6 Mobile/15E148 Safari/604.1"
220.135.127.108 - - [23/Nov/2024:23:58:18 +0800] "POST /wp-cron.php?doing_wp_cron=1732377498.6786360740661621093750 HTTP/1.1" 200 4075 "-" "WordPress/6.7.1; https://www.lubegard.com.tw"
42.71.154.30 - - [23/Nov/2024:23:58:18 +0800] "POST /?ob=open-bridge/events HTTP/1.1" 200 4097 "https://www.lubegard.com.tw/" "Mozilla/5.0 (iPhone; CPU iPhone OS 17_6_1 like Mac OS X) AppleWebKit/605.1.15 (KHTML, like Gecko) Version/17.6 Mobile/15E148 Safari/604.1"
220.135.127.108 - - [23/Nov/2024:23:58:26 +0800] "POST /wp-cron.php?doing_wp_cron=1732377506.5882909297943115234375 HTTP/1.1" 200 4059 "-" "WordPress/6.7.1; https://www.lubegard.com.tw"
42.71.154.30 - - [23/Nov/2024:23:58:26 +0800] "GET /hfm-atf-supplement/ HTTP/1.1" 200 32933 "https://www.lubegard.com.tw/" "Mozilla/5.0 (iPhone; CPU iPhone OS 17_6_1 like Mac OS X) AppleWebKit/605.1.15 (KHTML, like Gecko) Version/17.6 Mobile/15E148 Safari/604.1"
42.71.154.30 - - [23/Nov/2024:23:58:27 +0800] "POST /?ob=open-bridge/events HTTP/1.1" 200 334 "https://www.lubegard.com.tw/hfm-atf-supplement/" "Mozilla/5.0 (iPhone; CPU iPhone OS 17_6_1 like Mac OS X) AppleWebKit/605.1.15 (KHTML, like Gecko) Version/17.6 Mobile/15E148 Safari/604.1"
220.135.127.108 - - [23/Nov/2024:23:59:16 +0800] "POST /wp-cron.php?doing_wp_cron=1732377556.2003331184387207031250 HTTP/1.1" 200 4059 "-" "WordPress/6.7.1; https://www.lubegard.com.tw"
42.71.154.30 - - [23/Nov/2024:23:59:15 +0800] "POST /?ob=open-bridge/events HTTP/1.1" 200 4113 "https://www.lubegard.com.tw/" "Mozilla/5.0 (iPhone; CPU iPhone OS 17_6_1 like Mac OS X) AppleWebKit/605.1.15 (KHTML, like Gecko) Version/17.6 Mobile/15E148 Safari/604.1"
220.135.127.108 - - [23/Nov/2024:23:59:23 +0800] "POST /wp-cron.php?doing_wp_cron=1732377563.4828538894653320312500 HTTP/1.1" 200 4075 "-" "WordPress/6.7.1; https://www.lubegard.com.tw"
42.71.154.30 - - [23/Nov/2024:23:59:23 +0800] "GET / HTTP/1.1" 200 36687 "https://www.google.com.tw/" "Mozilla/5.0 (iPhone; CPU iPhone OS 17_6_1 like Mac OS X) AppleWebKit/605.1.15 (KHTML, like Gecko) Version/17.6 Mobile/15E148 Safari/604.1"
42.71.154.30 - - [23/Nov/2024:23:59:24 +0800] "POST /?ob=open-bridge/events HTTP/1.1" 200 4129 "https://www.lubegard.com.tw/" "Mozilla/5.0 (iPhone; CPU iPhone OS 17_6_1 like Mac OS X) AppleWebKit/605.1.15 (KHTML, like Gecko) Version/17.6 Mobile/15E148 Safari/604.1"
220.135.127.108 - - [23/Nov/2024:23:59:36 +0800] "POST /wp-cron.php?doing_wp_cron=1732377576.3076539039611816406250 HTTP/1.1" 200 4043 "-" "WordPress/6.7.1; https://www.lubegard.com.tw"
42.71.154.30 - - [23/Nov/2024:23:59:35 +0800] "GET /fixx/ HTTP/1.1" 200 31242 "https://www.lubegard.com.tw/" "Mozilla/5.0 (iPhone; CPU iPhone OS 17_6_1 like Mac OS X) AppleWebKit/605.1.15 (KHTML, like Gecko) Version/17.6 Mobile/15E148 Safari/604.1"
42.71.154.30 - - [23/Nov/2024:23:59:36 +0800] "POST /?ob=open-bridge/events HTTP/1.1" 200 334 "https://www.lubegard.com.tw/fixx/" "Mozilla/5.0 (iPhone; CPU iPhone OS 17_6_1 like Mac OS X) AppleWebKit/605.1.15 (KHTML, like Gecko) Version/17.6 Mobile/15E148 Safari/604.1"
220.135.127.108 - - [23/Nov/2024:23:59:58 +0800] "POST /wp-cron.php?doing_wp_cron=1732377598.7552170753479003906250 HTTP/1.1" 200 4043 "-" "WordPress/6.7.1; https://www.lubegard.com.tw"
192.0.91.177 - - [23/Nov/2024:23:59:58 +0800] "HEAD / HTTP/1.1" 200 4156 "-" "jetmon/1.0 (Jetpack Site Uptime Monitor by WordPress.com)"
220.135.127.108 - - [24/Nov/2024:00:00:14 +0800] "POST /wp-cron.php?doing_wp_cron=1732377614.2363219261169433593750 HTTP/1.1" 200 4075 "-" "WordPress/6.7.1; https://www.lubegard.com.tw"
42.71.154.30 - - [24/Nov/2024:00:00:13 +0800] "GET /?page_id=71 HTTP/1.1" 301 4099 "https://www.lubegard.com.tw/fixx/" "Mozilla/5.0 (iPhone; CPU iPhone OS 17_6_1 like Mac OS X) AppleWebKit/605.1.15 (KHTML, like Gecko) Version/17.6 Mobile/15E148 Safari/604.1"
42.71.154.30 - - [24/Nov/2024:00:00:14 +0800] "GET /atf-protectant/ HTTP/1.1" 200 33731 "https://www.lubegard.com.tw/fixx/" "Mozilla/5.0 (iPhone; CPU iPhone OS 17_6_1 like Mac OS X) AppleWebKit/605.1.15 (KHTML, like Gecko) Version/17.6 Mobile/15E148 Safari/604.1"
42.71.154.30 - - [24/Nov/2024:00:00:14 +0800] "POST /?ob=open-bridge/events HTTP/1.1" 200 334 "https://www.lubegard.com.tw/atf-protectant/" "Mozilla/5.0 (iPhone; CPU iPhone OS 17_6_1 like Mac OS X) AppleWebKit/605.1.15 (KHTML, like Gecko) Version/17.6 Mobile/15E148 Safari/604.1"
220.135.127.108 - - [24/Nov/2024:00:00:35 +0800] "POST /wp-cron.php?doing_wp_cron=1732377635.6185820102691650390625 HTTP/1.1" 200 4059 "-" "WordPress/6.7.1; https://www.lubegard.com.tw"
42.71.154.30 - - [24/Nov/2024:00:00:35 +0800] "POST /?ob=open-bridge/events HTTP/1.1" 200 4113 "https://www.lubegard.com.tw/fixx/" "Mozilla/5.0 (iPhone; CPU iPhone OS 17_6_1 like Mac OS X) AppleWebKit/605.1.15 (KHTML, like Gecko) Version/17.6 Mobile/15E148 Safari/604.1"
220.135.127.108 - - [24/Nov/2024:00:04:15 +0800] "POST /wp-cron.php?doing_wp_cron=1732377855.7552139759063720703125 HTTP/1.1" 200 4075 "-" "WordPress/6.7.1; https://www.lubegard.com.tw"
51.222.253.18 - - [24/Nov/2024:00:04:15 +0800] "GET /%E8%81%AF%E7%B5%A1%E6%96%B9%E5%BC%8F/ HTTP/1.1" 200 29927 "-" "Mozilla/5.0 (compatible; AhrefsBot/7.0; +http://ahrefs.com/robot/)"
