220.135.127.108 - - [24/Nov/2024:00:04:58 +0800] "POST /wp-cron.php?doing_wp_cron=1732377898.9255208969116210937500 HTTP/1.1" 200 4075 "-" "WordPress/6.7.1; https://www.lubegard.com.tw"
192.0.91.177 - - [24/Nov/2024:00:04:58 +0800] "HEAD / HTTP/1.1" 200 4156 "-" "jetmon/1.0 (Jetpack Site Uptime Monitor by WordPress.com)"
220.135.127.108 - - [24/Nov/2024:00:09:58 +0800] "POST /wp-cron.php?doing_wp_cron=1732378198.3453009128570556640625 HTTP/1.1" 200 4059 "-" "WordPress/6.7.1; https://www.lubegard.com.tw"
192.0.91.177 - - [24/Nov/2024:00:09:58 +0800] "HEAD / HTTP/1.1" 200 4156 "-" "jetmon/1.0 (Jetpack Site Uptime Monitor by WordPress.com)"
220.135.127.108 - - [24/Nov/2024:00:14:58 +0800] "POST /wp-cron.php?doing_wp_cron=1732378498.5133368968963623046875 HTTP/1.1" 200 4059 "-" "WordPress/6.7.1; https://www.lubegard.com.tw"
192.0.91.177 - - [24/Nov/2024:00:14:58 +0800] "HEAD / HTTP/1.1" 200 4156 "-" "jetmon/1.0 (Jetpack Site Uptime Monitor by WordPress.com)"
220.135.127.108 - - [24/Nov/2024:00:19:59 +0800] "POST /wp-cron.php?doing_wp_cron=1732378799.2465820312500000000000 HTTP/1.1" 200 4043 "-" "WordPress/6.7.1; https://www.lubegard.com.tw"
192.0.91.177 - - [24/Nov/2024:00:19:58 +0800] "HEAD / HTTP/1.1" 200 4156 "-" "jetmon/1.0 (Jetpack Site Uptime Monitor by WordPress.com)"
220.135.127.108 - - [24/Nov/2024:00:23:46 +0800] "POST /wp-cron.php?doing_wp_cron=1732379026.8284499645233154296875 HTTP/1.1" 200 4059 "-" "WordPress/6.7.1; https://www.lubegard.com.tw"
114.119.140.179 - - [24/Nov/2024:00:23:46 +0800] "GET /fixx/ HTTP/1.1" 200 31174 "https://www.lubegard.com.tw/products/" "Mozilla/5.0 (Linux; Android 7.0;) AppleWebKit/537.36 (KHTML, like Gecko) Mobile Safari/537.36 (compatible; PetalBot;+https://webmaster.petalsearch.com/site/petalbot)"
220.135.127.108 - - [24/Nov/2024:00:24:58 +0800] "POST /wp-cron.php?doing_wp_cron=1732379098.3084650039672851562500 HTTP/1.1" 200 4059 "-" "WordPress/6.7.1; https://www.lubegard.com.tw"
192.0.91.177 - - [24/Nov/2024:00:24:58 +0800] "HEAD / HTTP/1.1" 200 4156 "-" "jetmon/1.0 (Jetpack Site Uptime Monitor by WordPress.com)"
220.135.127.108 - - [24/Nov/2024:00:28:46 +0800] "POST /wp-cron.php?doing_wp_cron=1732379326.1835429668426513671875 HTTP/1.1" 200 4043 "-" "WordPress/6.7.1; https://www.lubegard.com.tw"
114.119.134.231 - - [24/Nov/2024:00:28:46 +0800] "GET /%E8%81%AF%E7%B5%A1%E6%96%B9%E5%BC%8F/ HTTP/1.1" 200 29916 "-" "Mozilla/5.0 (Linux; Android 7.0;) AppleWebKit/537.36 (KHTML, like Gecko) Mobile Safari/537.36 (compatible; PetalBot;+https://webmaster.petalsearch.com/site/petalbot)"
220.135.127.108 - - [24/Nov/2024:00:29:58 +0800] "POST /wp-cron.php?doing_wp_cron=1732379398.5255010128021240234375 HTTP/1.1" 200 4075 "-" "WordPress/6.7.1; https://www.lubegard.com.tw"
192.0.91.177 - - [24/Nov/2024:00:29:58 +0800] "HEAD / HTTP/1.1" 200 4156 "-" "jetmon/1.0 (Jetpack Site Uptime Monitor by WordPress.com)"
220.135.127.108 - - [24/Nov/2024:00:34:58 +0800] "POST /wp-cron.php?doing_wp_cron=1732379698.8962690830230712890625 HTTP/1.1" 200 4075 "-" "WordPress/6.7.1; https://www.lubegard.com.tw"
192.0.91.177 - - [24/Nov/2024:00:34:58 +0800] "HEAD / HTTP/1.1" 200 4156 "-" "jetmon/1.0 (Jetpack Site Uptime Monitor by WordPress.com)"
24.199.124.2 - - [24/Nov/2024:00:37:34 +0800] "GET / HTTP/1.1" 301 574 "-" "Mozilla/5.0 (Windows NT 10.0; Win64; x64) AppleWebKit/537.36 (KHTML, like Gecko) Chrome/80.0.3987.149 Safari/537.36"
220.135.127.108 - - [24/Nov/2024:00:37:36 +0800] "POST /wp-cron.php?doing_wp_cron=1732379856.0512509346008300781250 HTTP/1.1" 200 4059 "-" "WordPress/6.7.1; https://www.lubegard.com.tw"
24.199.124.2 - - [24/Nov/2024:00:37:35 +0800] "GET / HTTP/1.1" 301 3598 "-" "Mozilla/5.0 (Windows NT 10.0; Win64; x64) AppleWebKit/537.36 (KHTML, like Gecko) Chrome/80.0.3987.149 Safari/537.36"
114.119.140.179 - - [24/Nov/2024:00:39:15 +0800] "GET /?page_id=71 HTTP/1.1" 301 608 "http://www.car32.tw/?tag=%E6%B2%B9%E9%9B%BB%E8%BB%8A" "Mozilla/5.0 (Linux; Android 7.0;) AppleWebKit/537.36 (KHTML, like Gecko) Mobile Safari/537.36 (compatible; PetalBot;+https://webmaster.petalsearch.com/site/petalbot)"
220.135.127.108 - - [24/Nov/2024:00:39:15 +0800] "POST /wp-cron.php?doing_wp_cron=1732379955.6580450534820556640625 HTTP/1.1" 200 4043 "-" "WordPress/6.7.1; https://www.lubegard.com.tw"
114.119.140.179 - - [24/Nov/2024:00:39:15 +0800] "GET /?page_id=71 HTTP/1.1" 301 4031 "http://www.car32.tw/?tag=%E6%B2%B9%E9%9B%BB%E8%BB%8A" "Mozilla/5.0 (Linux; Android 7.0;) AppleWebKit/537.36 (KHTML, like Gecko) Mobile Safari/537.36 (compatible; PetalBot;+https://webmaster.petalsearch.com/site/petalbot)"
114.119.140.179 - - [24/Nov/2024:00:39:16 +0800] "GET /atf-protectant/ HTTP/1.1" 200 33662 "http://www.car32.tw/?tag=%E6%B2%B9%E9%9B%BB%E8%BB%8A" "Mozilla/5.0 (Linux; Android 7.0;) AppleWebKit/537.36 (KHTML, like Gecko) Mobile Safari/537.36 (compatible; PetalBot;+https://webmaster.petalsearch.com/site/petalbot)"
220.135.127.108 - - [24/Nov/2024:00:39:58 +0800] "POST /wp-cron.php?doing_wp_cron=1732379998.2278718948364257812500 HTTP/1.1" 200 4043 "-" "WordPress/6.7.1; https://www.lubegard.com.tw"
192.0.91.177 - - [24/Nov/2024:00:39:58 +0800] "HEAD / HTTP/1.1" 200 4156 "-" "jetmon/1.0 (Jetpack Site Uptime Monitor by WordPress.com)"
220.135.127.108 - - [24/Nov/2024:00:44:58 +0800] "POST /wp-cron.php?doing_wp_cron=1732380298.5868051052093505859375 HTTP/1.1" 200 4059 "-" "WordPress/6.7.1; https://www.lubegard.com.tw"
192.0.91.177 - - [24/Nov/2024:00:44:58 +0800] "HEAD / HTTP/1.1" 200 4156 "-" "jetmon/1.0 (Jetpack Site Uptime Monitor by WordPress.com)"
220.135.127.108 - - [24/Nov/2024:00:49:59 +0800] "POST /wp-cron.php?doing_wp_cron=1732380599.0605111122131347656250 HTTP/1.1" 200 4059 "-" "WordPress/6.7.1; https://www.lubegard.com.tw"
192.0.91.177 - - [24/Nov/2024:00:49:58 +0800] "HEAD / HTTP/1.1" 200 4156 "-" "jetmon/1.0 (Jetpack Site Uptime Monitor by WordPress.com)"
220.135.127.108 - - [24/Nov/2024:00:54:58 +0800] "POST /wp-cron.php?doing_wp_cron=1732380898.2695970535278320312500 HTTP/1.1" 200 4075 "-" "WordPress/6.7.1; https://www.lubegard.com.tw"
192.0.91.177 - - [24/Nov/2024:00:54:58 +0800] "HEAD / HTTP/1.1" 200 4156 "-" "jetmon/1.0 (Jetpack Site Uptime Monitor by WordPress.com)"
220.135.127.108 - - [24/Nov/2024:00:58:59 +0800] "POST /wp-cron.php?doing_wp_cron=1732381139.5557489395141601562500 HTTP/1.1" 200 4059 "-" "WordPress/6.7.1; https://www.lubegard.com.tw"
45.202.78.136 - - [24/Nov/2024:00:58:59 +0800] "GET /wp-admin/admin-ajax.php?action=wp-gwy HTTP/1.1" 200 4628 "-" "Mozilla/5.0 (Macintosh; Intel Mac OS X 10_9_0) AppleWebKit/537.36 (KHTML, like Gecko) Chrome/30.0.1599.66 Safari/537.36"
220.135.127.108 - - [24/Nov/2024:00:59:03 +0800] "POST /wp-cron.php?doing_wp_cron=1732381143.8715200424194335937500 HTTP/1.1" 200 4043 "-" "WordPress/6.7.1; https://www.lubegard.com.tw"
156.233.88.77 - - [24/Nov/2024:00:59:03 +0800] "POST /wp-admin/admin-ajax.php?action=wp-gwy HTTP/1.1" 200 134405 "-" "Mozilla/5.0 (Macintosh; Intel Mac OS X 10_9_0) AppleWebKit/537.36 (KHTML, like Gecko) Chrome/30.0.1599.66 Safari/537.36"
154.94.14.74 - - [24/Nov/2024:00:59:07 +0800] "POST /wp-admin/admin-ajax.php?action=wp-gwy HTTP/1.1" 200 35414 "-" "Mozilla/5.0 (Macintosh; Intel Mac OS X 10_9_0) AppleWebKit/537.36 (KHTML, like Gecko) Chrome/30.0.1599.66 Safari/537.36"
220.135.127.108 - - [24/Nov/2024:00:59:58 +0800] "POST /wp-cron.php?doing_wp_cron=1732381198.6528899669647216796875 HTTP/1.1" 200 4059 "-" "WordPress/6.7.1; https://www.lubegard.com.tw"
192.0.91.177 - - [24/Nov/2024:00:59:58 +0800] "HEAD / HTTP/1.1" 200 4156 "-" "jetmon/1.0 (Jetpack Site Uptime Monitor by WordPress.com)"
220.135.127.108 - - [24/Nov/2024:01:00:20 +0800] "POST /wp-cron.php?doing_wp_cron=1732381220.3593020439147949218750 HTTP/1.1" 200 4059 "-" "WordPress/6.7.1; https://www.lubegard.com.tw"
54.36.148.183 - - [24/Nov/2024:01:00:20 +0800] "GET /robots.txt HTTP/1.1" 200 4246 "-" "Mozilla/5.0 (compatible; AhrefsBot/7.0; +http://ahrefs.com/robot/)"
220.135.127.108 - - [24/Nov/2024:01:04:58 +0800] "POST /wp-cron.php?doing_wp_cron=1732381498.7886319160461425781250 HTTP/1.1" 200 4059 "-" "WordPress/6.7.1; https://www.lubegard.com.tw"
192.0.91.177 - - [24/Nov/2024:01:04:58 +0800] "HEAD / HTTP/1.1" 200 4156 "-" "jetmon/1.0 (Jetpack Site Uptime Monitor by WordPress.com)"
220.135.127.108 - - [24/Nov/2024:01:09:58 +0800] "POST /wp-cron.php?doing_wp_cron=1732381798.7574250698089599609375 HTTP/1.1" 200 4075 "-" "WordPress/6.7.1; https://www.lubegard.com.tw"
192.0.91.177 - - [24/Nov/2024:01:09:58 +0800] "HEAD / HTTP/1.1" 200 4156 "-" "jetmon/1.0 (Jetpack Site Uptime Monitor by WordPress.com)"
220.135.127.108 - - [24/Nov/2024:01:13:15 +0800] "POST /wp-cron.php?doing_wp_cron=1732381995.5650138854980468750000 HTTP/1.1" 200 4075 "-" "WordPress/6.7.1; https://www.lubegard.com.tw"
17.241.219.13 - - [24/Nov/2024:01:13:15 +0800] "GET /platinum-atf-protectant/ HTTP/1.1" 200 32537 "-" "Mozilla/5.0 (Macintosh; Intel Mac OS X 10_15_7) AppleWebKit/605.1.15 (KHTML, like Gecko) Version/17.4 Safari/605.1.15 (Applebot/0.1; +http://www.apple.com/go/applebot)"
220.135.127.108 - - [24/Nov/2024:01:14:58 +0800] "POST /wp-cron.php?doing_wp_cron=1732382098.2026360034942626953125 HTTP/1.1" 200 4043 "-" "WordPress/6.7.1; https://www.lubegard.com.tw"
192.0.91.177 - - [24/Nov/2024:01:14:58 +0800] "HEAD / HTTP/1.1" 200 4156 "-" "jetmon/1.0 (Jetpack Site Uptime Monitor by WordPress.com)"
17.22.253.187 - - [24/Nov/2024:01:15:00 +0800] "GET /wp-content/themes/twentyseventeen/assets/js/global.js?ver=20211130 HTTP/1.1" 200 6805 "https://www.lubegard.com.tw/platinum-atf-protectant/" "Mozilla/5.0 (Macintosh; Intel Mac OS X 10_15_7) AppleWebKit/605.1.15 (KHTML, like Gecko) Version/17.4 Safari/605.1.15 (Applebot/0.1; +http://www.apple.com/go/applebot)"
17.22.253.196 - - [24/Nov/2024:01:15:01 +0800] "GET /wp-content/themes/twentyseventeen/assets/fonts/font-libre-franklin.css?ver=20230328 HTTP/1.1" 200 4861 "https://www.lubegard.com.tw/platinum-atf-protectant/" "Mozilla/5.0 (Macintosh; Intel Mac OS X 10_15_7) AppleWebKit/605.1.15 (KHTML, like Gecko) Version/17.4 Safari/605.1.15 (Applebot/0.1; +http://www.apple.com/go/applebot)"
17.22.253.189 - - [24/Nov/2024:01:15:01 +0800] "GET /wp-content/themes/twentyseventeen/assets/css/blocks.css?ver=20220912 HTTP/1.1" 200 6100 "https://www.lubegard.com.tw/platinum-atf-protectant/" "Mozilla/5.0 (Macintosh; Intel Mac OS X 10_15_7) AppleWebKit/605.1.15 (KHTML, like Gecko) Version/17.4 Safari/605.1.15 (Applebot/0.1; +http://www.apple.com/go/applebot)"
17.22.253.6 - - [24/Nov/2024:01:15:02 +0800] "GET /wp-content/themes/twentyseventeen/style.css?ver=20240402 HTTP/1.1" 200 20117 "https://www.lubegard.com.tw/platinum-atf-protectant/" "Mozilla/5.0 (Macintosh; Intel Mac OS X 10_15_7) AppleWebKit/605.1.15 (KHTML, like Gecko) Version/17.4 Safari/605.1.15 (Applebot/0.1; +http://www.apple.com/go/applebot)"
17.22.237.179 - - [24/Nov/2024:01:15:02 +0800] "GET /wp-content/themes/twentyseventeen/assets/js/jquery.scrollTo.js?ver=2.1.3 HTTP/1.1" 200 6581 "https://www.lubegard.com.tw/platinum-atf-protectant/" "Mozilla/5.0 (Macintosh; Intel Mac OS X 10_15_7) AppleWebKit/605.1.15 (KHTML, like Gecko) Version/17.4 Safari/605.1.15 (Applebot/0.1; +http://www.apple.com/go/applebot)"
17.22.253.5 - - [24/Nov/2024:01:15:03 +0800] "GET /wp-content/themes/twentyseventeen/assets/js/navigation.js?ver=20210122 HTTP/1.1" 200 5283 "https://www.lubegard.com.tw/platinum-atf-protectant/" "Mozilla/5.0 (Macintosh; Intel Mac OS X 10_15_7) AppleWebKit/605.1.15 (KHTML, like Gecko) Version/17.4 Safari/605.1.15 (Applebot/0.1; +http://www.apple.com/go/applebot)"
17.22.253.92 - - [24/Nov/2024:01:15:03 +0800] "GET /wp-content/plugins/w3-total-cache/pub/js/lazyload.min.js HTTP/1.1" 200 6523 "https://www.lubegard.com.tw/platinum-atf-protectant/" "Mozilla/5.0 (Macintosh; Intel Mac OS X 10_15_7) AppleWebKit/605.1.15 (KHTML, like Gecko) Version/17.4 Safari/605.1.15 (Applebot/0.1; +http://www.apple.com/go/applebot)"
17.22.245.19 - - [24/Nov/2024:01:15:04 +0800] "GET /wp-includes/js/wp-emoji-release.min.js?ver=6.7.1 HTTP/1.1" 200 9229 "https://www.lubegard.com.tw/platinum-atf-protectant/" "Mozilla/5.0 (Macintosh; Intel Mac OS X 10_15_7) AppleWebKit/605.1.15 (KHTML, like Gecko) Version/17.4 Safari/605.1.15 (Applebot/0.1; +http://www.apple.com/go/applebot)"
220.135.127.108 - - [24/Nov/2024:01:19:58 +0800] "POST /wp-cron.php?doing_wp_cron=1732382398.5415420532226562500000 HTTP/1.1" 200 4059 "-" "WordPress/6.7.1; https://www.lubegard.com.tw"
192.0.91.177 - - [24/Nov/2024:01:19:58 +0800] "HEAD / HTTP/1.1" 200 4156 "-" "jetmon/1.0 (Jetpack Site Uptime Monitor by WordPress.com)"
220.135.127.108 - - [24/Nov/2024:01:24:58 +0800] "POST /wp-cron.php?doing_wp_cron=1732382698.1404509544372558593750 HTTP/1.1" 200 4075 "-" "WordPress/6.7.1; https://www.lubegard.com.tw"
192.0.91.177 - - [24/Nov/2024:01:24:58 +0800] "HEAD / HTTP/1.1" 200 4156 "-" "jetmon/1.0 (Jetpack Site Uptime Monitor by WordPress.com)"
220.135.127.108 - - [24/Nov/2024:01:29:58 +0800] "POST /wp-cron.php?doing_wp_cron=1732382998.2732861042022705078125 HTTP/1.1" 200 4059 "-" "WordPress/6.7.1; https://www.lubegard.com.tw"
192.0.91.177 - - [24/Nov/2024:01:29:58 +0800] "HEAD / HTTP/1.1" 200 4156 "-" "jetmon/1.0 (Jetpack Site Uptime Monitor by WordPress.com)"
220.135.127.108 - - [24/Nov/2024:01:34:25 +0800] "POST /wp-cron.php?doing_wp_cron=1732383265.0059390068054199218750 HTTP/1.1" 200 4075 "-" "WordPress/6.7.1; https://www.lubegard.com.tw"
51.222.253.11 - - [24/Nov/2024:01:34:23 +0800] "GET /fixx/ HTTP/1.1" 200 31170 "-" "Mozilla/5.0 (compatible; AhrefsBot/7.0; +http://ahrefs.com/robot/)"
220.135.127.108 - - [24/Nov/2024:01:34:58 +0800] "POST /wp-cron.php?doing_wp_cron=1732383298.1699841022491455078125 HTTP/1.1" 200 4059 "-" "WordPress/6.7.1; https://www.lubegard.com.tw"
192.0.91.177 - - [24/Nov/2024:01:34:58 +0800] "HEAD / HTTP/1.1" 200 4156 "-" "jetmon/1.0 (Jetpack Site Uptime Monitor by WordPress.com)"
220.135.127.108 - - [24/Nov/2024:01:39:58 +0800] "POST /wp-cron.php?doing_wp_cron=1732383598.1278729438781738281250 HTTP/1.1" 200 4075 "-" "WordPress/6.7.1; https://www.lubegard.com.tw"
192.0.91.177 - - [24/Nov/2024:01:39:57 +0800] "HEAD / HTTP/1.1" 200 4156 "-" "jetmon/1.0 (Jetpack Site Uptime Monitor by WordPress.com)"
67.205.45.176 - - [24/Nov/2024:01:43:26 +0800] "GET /blog/wp-login.php HTTP/1.1" 301 571 "-" "Mozilla/5.0 (X11; Ubuntu; Linux x86_64; rv:62.0) Gecko/20100101 Firefox/62.0"
67.205.45.176 - - [24/Nov/2024:01:43:27 +0800] "GET /blog/wp-login.php HTTP/1.1" 403 20394 "http://lubegard.com.tw/blog/wp-login.php" "Mozilla/5.0 (X11; Ubuntu; Linux x86_64; rv:62.0) Gecko/20100101 Firefox/62.0"
220.135.127.108 - - [24/Nov/2024:01:44:58 +0800] "POST /?wordfence_syncAttackData=1732383897.9697 HTTP/1.1" 200 3971 "-" "WordPress/6.7.1; https://www.lubegard.com.tw"
220.135.127.108 - - [24/Nov/2024:01:44:58 +0800] "POST /wp-cron.php?doing_wp_cron=1732383898.3148880004882812500000 HTTP/1.1" 200 4043 "-" "WordPress/6.7.1; https://www.lubegard.com.tw"
192.0.91.177 - - [24/Nov/2024:01:44:57 +0800] "HEAD / HTTP/1.1" 200 4156 "-" "jetmon/1.0 (Jetpack Site Uptime Monitor by WordPress.com)"
192.0.91.177 - - [24/Nov/2024:01:49:58 +0800] "HEAD / HTTP/1.1" 200 4156 "-" "jetmon/1.0 (Jetpack Site Uptime Monitor by WordPress.com)"
220.135.127.108 - - [24/Nov/2024:01:49:58 +0800] "POST /wp-cron.php?doing_wp_cron=1732384198.5996630191802978515625 HTTP/1.1" 200 4059 "-" "WordPress/6.7.1; https://www.lubegard.com.tw"
220.135.127.108 - - [24/Nov/2024:01:54:58 +0800] "POST /wp-cron.php?doing_wp_cron=1732384498.4811599254608154296875 HTTP/1.1" 200 4043 "-" "WordPress/6.7.1; https://www.lubegard.com.tw"
192.0.91.177 - - [24/Nov/2024:01:54:57 +0800] "HEAD / HTTP/1.1" 200 4156 "-" "jetmon/1.0 (Jetpack Site Uptime Monitor by WordPress.com)"
220.135.127.108 - - [24/Nov/2024:01:55:27 +0800] "POST /wp-cron.php?doing_wp_cron=1732384527.7005279064178466796875 HTTP/1.1" 200 4059 "-" "WordPress/6.7.1; https://www.lubegard.com.tw"
85.208.96.205 - - [24/Nov/2024:01:55:27 +0800] "GET /robots.txt HTTP/1.1" 200 4218 "-" "Mozilla/5.0 (compatible; SemrushBot/7~bl; +http://www.semrush.com/bot.html)"
85.208.96.201 - - [24/Nov/2024:01:55:28 +0800] "GET /hello-world/ HTTP/1.1" 200 31385 "-" "Mozilla/5.0 (compatible; SemrushBot/7~bl; +http://www.semrush.com/bot.html)"
220.135.127.108 - - [24/Nov/2024:01:59:58 +0800] "POST /wp-cron.php?doing_wp_cron=1732384798.2352120876312255859375 HTTP/1.1" 200 4043 "-" "WordPress/6.7.1; https://www.lubegard.com.tw"
192.0.91.177 - - [24/Nov/2024:01:59:57 +0800] "HEAD / HTTP/1.1" 200 4156 "-" "jetmon/1.0 (Jetpack Site Uptime Monitor by WordPress.com)"
66.249.79.3 - - [24/Nov/2024:02:03:06 +0800] "GET /?page_id=295 HTTP/1.1" 301 610 "-" "Mozilla/5.0 (Linux; Android 6.0.1; Nexus 5X Build/MMB29P) AppleWebKit/537.36 (KHTML, like Gecko) Chrome/131.0.6778.69 Mobile Safari/537.36 (compatible; Googlebot/2.1; +http://www.google.com/bot.html)"
220.135.127.108 - - [24/Nov/2024:02:03:33 +0800] "POST /wp-cron.php?doing_wp_cron=1732385013.6008589267730712890625 HTTP/1.1" 200 4043 "-" "WordPress/6.7.1; https://www.lubegard.com.tw"
66.249.79.3 - - [24/Nov/2024:02:03:33 +0800] "GET /?page_id=295 HTTP/1.1" 301 4081 "-" "Mozilla/5.0 (Linux; Android 6.0.1; Nexus 5X Build/MMB29P) AppleWebKit/537.36 (KHTML, like Gecko) Chrome/131.0.6778.69 Mobile Safari/537.36 (compatible; Googlebot/2.1; +http://www.google.com/bot.html)"
220.135.127.108 - - [24/Nov/2024:02:04:02 +0800] "POST /wp-cron.php?doing_wp_cron=1732385042.3518319129943847656250 HTTP/1.1" 200 4059 "-" "WordPress/6.7.1; https://www.lubegard.com.tw"
66.249.79.3 - - [24/Nov/2024:02:04:02 +0800] "GET /complete-full-synthetic-atf/ HTTP/1.1" 200 31744 "-" "Mozilla/5.0 (Linux; Android 6.0.1; Nexus 5X Build/MMB29P) AppleWebKit/537.36 (KHTML, like Gecko) Chrome/131.0.6778.69 Mobile Safari/537.36 (compatible; Googlebot/2.1; +http://www.google.com/bot.html)"
92.255.85.164 - - [24/Nov/2024:02:04:34 +0800] "GET / HTTP/1.0" 301 537 "http://lubegard.com.tw/" "Mozilla/5.0 (Windows NT 10.0.0; Win64; x64; ) AppleWebKit/537.36 (KHTML, like Gecko) Chrome/124.0.6367.62 Chrome/124.0.6367.62 Not-A.Brand/99 Safari/537.36"
220.135.127.108 - - [24/Nov/2024:02:04:35 +0800] "POST /wp-cron.php?doing_wp_cron=1732385075.6623640060424804687500 HTTP/1.1" 200 4059 "-" "WordPress/6.7.1; https://www.lubegard.com.tw"
92.255.85.164 - - [24/Nov/2024:02:04:35 +0800] "GET / HTTP/1.0" 301 3561 "https://lubegard.com.tw/" "Mozilla/5.0 (Windows NT 10.0.0; Win64; x64; ) AppleWebKit/537.36 (KHTML, like Gecko) Chrome/124.0.6367.62 Chrome/124.0.6367.62 Not-A.Brand/99 Safari/537.36"
92.255.85.164 - - [24/Nov/2024:02:04:37 +0800] "GET / HTTP/1.0" 200 113191 "https://www.lubegard.com.tw/" "Mozilla/5.0 (Windows NT 10.0.0; Win64; x64; ) AppleWebKit/537.36 (KHTML, like Gecko) Chrome/124.0.6367.62 Chrome/124.0.6367.62 Not-A.Brand/99 Safari/537.36"
220.135.127.108 - - [24/Nov/2024:02:04:58 +0800] "POST /wp-cron.php?doing_wp_cron=1732385098.0714359283447265625000 HTTP/1.1" 200 4075 "-" "WordPress/6.7.1; https://www.lubegard.com.tw"
192.0.91.177 - - [24/Nov/2024:02:04:58 +0800] "HEAD / HTTP/1.1" 200 4156 "-" "jetmon/1.0 (Jetpack Site Uptime Monitor by WordPress.com)"
220.135.127.108 - - [24/Nov/2024:02:07:48 +0800] "POST /wp-cron.php?doing_wp_cron=1732385268.1771569252014160156250 HTTP/1.1" 200 4043 "-" "WordPress/6.7.1; https://www.lubegard.com.tw"
51.222.253.2 - - [24/Nov/2024:02:07:47 +0800] "GET /seal-fixx/ HTTP/1.1" 200 31356 "-" "Mozilla/5.0 (compatible; AhrefsBot/7.0; +http://ahrefs.com/robot/)"
220.135.127.108 - - [24/Nov/2024:02:09:57 +0800] "POST /wp-cron.php?doing_wp_cron=1732385397.8873920440673828125000 HTTP/1.1" 200 4059 "-" "WordPress/6.7.1; https://www.lubegard.com.tw"
192.0.91.177 - - [24/Nov/2024:02:09:57 +0800] "HEAD / HTTP/1.1" 200 4156 "-" "jetmon/1.0 (Jetpack Site Uptime Monitor by WordPress.com)"
220.135.127.108 - - [24/Nov/2024:02:14:57 +0800] "POST /wp-cron.php?doing_wp_cron=1732385697.8509991168975830078125 HTTP/1.1" 200 4059 "-" "WordPress/6.7.1; https://www.lubegard.com.tw"
192.0.91.177 - - [24/Nov/2024:02:14:57 +0800] "HEAD / HTTP/1.1" 200 4156 "-" "jetmon/1.0 (Jetpack Site Uptime Monitor by WordPress.com)"
220.135.127.108 - - [24/Nov/2024:02:19:58 +0800] "POST /wp-cron.php?doing_wp_cron=1732385998.3310570716857910156250 HTTP/1.1" 200 4059 "-" "WordPress/6.7.1; https://www.lubegard.com.tw"
192.0.91.177 - - [24/Nov/2024:02:19:58 +0800] "HEAD / HTTP/1.1" 200 4156 "-" "jetmon/1.0 (Jetpack Site Uptime Monitor by WordPress.com)"
156.253.176.187 - - [24/Nov/2024:02:20:41 +0800] "GET /wp-content/plugins/wp-robotics-nonlinear/index.php HTTP/1.1" 200 4156 "-" "Opera/9.80 (Windows NT 6.1; WOW64; MRA 6.0 (build 5993)) Presto/2.12.388 Version/12.15"
220.135.127.108 - - [24/Nov/2024:02:24:58 +0800] "POST /wp-cron.php?doing_wp_cron=1732386297.9910850524902343750000 HTTP/1.1" 200 4059 "-" "WordPress/6.7.1; https://www.lubegard.com.tw"
192.0.91.177 - - [24/Nov/2024:02:24:57 +0800] "HEAD / HTTP/1.1" 200 4156 "-" "jetmon/1.0 (Jetpack Site Uptime Monitor by WordPress.com)"
220.135.127.108 - - [24/Nov/2024:02:29:58 +0800] "POST /wp-cron.php?doing_wp_cron=1732386598.3816919326782226562500 HTTP/1.1" 200 4075 "-" "WordPress/6.7.1; https://www.lubegard.com.tw"
192.0.91.177 - - [24/Nov/2024:02:29:58 +0800] "HEAD / HTTP/1.1" 200 4156 "-" "jetmon/1.0 (Jetpack Site Uptime Monitor by WordPress.com)"
220.135.127.108 - - [24/Nov/2024:02:34:58 +0800] "POST /wp-cron.php?doing_wp_cron=1732386898.2696781158447265625000 HTTP/1.1" 200 4043 "-" "WordPress/6.7.1; https://www.lubegard.com.tw"
192.0.91.177 - - [24/Nov/2024:02:34:58 +0800] "HEAD / HTTP/1.1" 200 4156 "-" "jetmon/1.0 (Jetpack Site Uptime Monitor by WordPress.com)"
220.135.127.108 - - [24/Nov/2024:02:39:58 +0800] "POST /wp-cron.php?doing_wp_cron=1732387198.1905651092529296875000 HTTP/1.1" 200 4059 "-" "WordPress/6.7.1; https://www.lubegard.com.tw"
192.0.91.177 - - [24/Nov/2024:02:39:57 +0800] "HEAD / HTTP/1.1" 200 4156 "-" "jetmon/1.0 (Jetpack Site Uptime Monitor by WordPress.com)"
220.135.127.108 - - [24/Nov/2024:02:44:58 +0800] "POST /wp-cron.php?doing_wp_cron=1732387498.1660161018371582031250 HTTP/1.1" 200 4059 "-" "WordPress/6.7.1; https://www.lubegard.com.tw"
192.0.91.177 - - [24/Nov/2024:02:44:57 +0800] "HEAD / HTTP/1.1" 200 4156 "-" "jetmon/1.0 (Jetpack Site Uptime Monitor by WordPress.com)"
220.135.127.108 - - [24/Nov/2024:02:47:36 +0800] "POST /wp-cron.php?doing_wp_cron=1732387655.9955410957336425781250 HTTP/1.1" 200 4075 "-" "WordPress/6.7.1; https://www.lubegard.com.tw"
52.167.144.174 - - [24/Nov/2024:02:47:35 +0800] "GET /fixx/ HTTP/1.1" 200 31251 "-" "Mozilla/5.0 AppleWebKit/537.36 (KHTML, like Gecko; compatible; bingbot/2.0; +http://www.bing.com/bingbot.htm) Chrome/116.0.1938.76 Safari/537.36"
157.55.39.202 - - [24/Nov/2024:02:48:40 +0800] "GET /wp-content/plugins/w3-total-cache/pub/js/lazyload.min.js HTTP/1.1" 200 6595 "-" "Mozilla/5.0 AppleWebKit/537.36 (KHTML, like Gecko; compatible; bingbot/2.0; +http://www.bing.com/bingbot.htm) Chrome/116.0.1938.76 Safari/537.36"
157.55.39.202 - - [24/Nov/2024:02:48:41 +0800] "GET /wp-content/themes/twentyseventeen/assets/css/blocks.css?ver=20220912 HTTP/1.1" 200 2297 "-" "Mozilla/5.0 AppleWebKit/537.36 (KHTML, like Gecko; compatible; bingbot/2.0; +http://www.bing.com/bingbot.htm) Chrome/116.0.1938.76 Safari/537.36"
157.55.39.202 - - [24/Nov/2024:02:48:41 +0800] "GET /wp-content/themes/twentyseventeen/assets/js/global.js?ver=20211130 HTTP/1.1" 200 3002 "-" "Mozilla/5.0 AppleWebKit/537.36 (KHTML, like Gecko; compatible; bingbot/2.0; +http://www.bing.com/bingbot.htm) Chrome/116.0.1938.76 Safari/537.36"
157.55.39.202 - - [24/Nov/2024:02:48:42 +0800] "GET /wp-content/themes/twentyseventeen/assets/js/navigation.js?ver=20210122 HTTP/1.1" 200 1480 "-" "Mozilla/5.0 AppleWebKit/537.36 (KHTML, like Gecko; compatible; bingbot/2.0; +http://www.bing.com/bingbot.htm) Chrome/116.0.1938.76 Safari/537.36"
157.55.39.202 - - [24/Nov/2024:02:48:43 +0800] "GET /wp-content/themes/twentyseventeen/assets/js/jquery.scrollTo.js?ver=2.1.3 HTTP/1.1" 200 2778 "-" "Mozilla/5.0 AppleWebKit/537.36 (KHTML, like Gecko; compatible; bingbot/2.0; +http://www.bing.com/bingbot.htm) Chrome/116.0.1938.76 Safari/537.36"
52.167.144.174 - - [24/Nov/2024:02:48:43 +0800] "GET /wp-content/themes/twentyseventeen/assets/fonts/font-libre-franklin.css?ver=20230328 HTTP/1.1" 200 4933 "-" "Mozilla/5.0 AppleWebKit/537.36 (KHTML, like Gecko; compatible; bingbot/2.0; +http://www.bing.com/bingbot.htm) Chrome/116.0.1938.76 Safari/537.36"
157.55.39.202 - - [24/Nov/2024:02:48:44 +0800] "GET /wp-includes/js/wp-emoji-release.min.js?ver=6.7.1 HTTP/1.1" 200 5426 "-" "Mozilla/5.0 AppleWebKit/537.36 (KHTML, like Gecko; compatible; bingbot/2.0; +http://www.bing.com/bingbot.htm) Chrome/116.0.1938.76 Safari/537.36"
157.55.39.49 - - [24/Nov/2024:02:48:45 +0800] "GET /wp-content/themes/twentyseventeen/style.css?ver=20240402 HTTP/1.1" 200 20157 "-" "Mozilla/5.0 AppleWebKit/537.36 (KHTML, like Gecko; compatible; bingbot/2.0; +http://www.bing.com/bingbot.htm) Chrome/116.0.1938.76 Safari/537.36"
220.135.127.108 - - [24/Nov/2024:02:49:58 +0800] "POST /wp-cron.php?doing_wp_cron=1732387798.0877399444580078125000 HTTP/1.1" 200 4059 "-" "WordPress/6.7.1; https://www.lubegard.com.tw"
192.0.91.177 - - [24/Nov/2024:02:49:58 +0800] "HEAD / HTTP/1.1" 200 4156 "-" "jetmon/1.0 (Jetpack Site Uptime Monitor by WordPress.com)"
220.135.127.108 - - [24/Nov/2024:02:54:57 +0800] "POST /wp-cron.php?doing_wp_cron=1732388097.8572950363159179687500 HTTP/1.1" 200 4059 "-" "WordPress/6.7.1; https://www.lubegard.com.tw"
192.0.91.177 - - [24/Nov/2024:02:54:57 +0800] "HEAD / HTTP/1.1" 200 4156 "-" "jetmon/1.0 (Jetpack Site Uptime Monitor by WordPress.com)"
220.135.127.108 - - [24/Nov/2024:02:59:57 +0800] "POST /wp-cron.php?doing_wp_cron=1732388397.8818778991699218750000 HTTP/1.1" 200 4059 "-" "WordPress/6.7.1; https://www.lubegard.com.tw"
192.0.91.177 - - [24/Nov/2024:02:59:57 +0800] "HEAD / HTTP/1.1" 200 4156 "-" "jetmon/1.0 (Jetpack Site Uptime Monitor by WordPress.com)"
220.135.127.108 - - [24/Nov/2024:03:04:58 +0800] "POST /wp-cron.php?doing_wp_cron=1732388698.0502328872680664062500 HTTP/1.1" 200 4059 "-" "WordPress/6.7.1; https://www.lubegard.com.tw"
192.0.91.177 - - [24/Nov/2024:03:04:57 +0800] "HEAD / HTTP/1.1" 200 4156 "-" "jetmon/1.0 (Jetpack Site Uptime Monitor by WordPress.com)"
220.135.127.108 - - [24/Nov/2024:03:09:58 +0800] "POST /wp-cron.php?doing_wp_cron=1732388998.0884048938751220703125 HTTP/1.1" 200 4059 "-" "WordPress/6.7.1; https://www.lubegard.com.tw"
192.0.91.177 - - [24/Nov/2024:03:09:57 +0800] "HEAD / HTTP/1.1" 200 4156 "-" "jetmon/1.0 (Jetpack Site Uptime Monitor by WordPress.com)"
220.135.127.108 - - [24/Nov/2024:03:14:58 +0800] "POST /wp-cron.php?doing_wp_cron=1732389298.0226171016693115234375 HTTP/1.1" 200 4043 "-" "WordPress/6.7.1; https://www.lubegard.com.tw"
192.0.91.177 - - [24/Nov/2024:03:14:57 +0800] "HEAD / HTTP/1.1" 200 4156 "-" "jetmon/1.0 (Jetpack Site Uptime Monitor by WordPress.com)"
220.135.127.108 - - [24/Nov/2024:03:18:23 +0800] "POST /wp-cron.php?doing_wp_cron=1732389503.7034840583801269531250 HTTP/1.1" 200 4059 "-" "WordPress/6.7.1; https://www.lubegard.com.tw"
51.222.253.17 - - [24/Nov/2024:03:18:23 +0800] "GET /evaporator-heater-foam-cleaner/ HTTP/1.1" 200 32326 "-" "Mozilla/5.0 (compatible; AhrefsBot/7.0; +http://ahrefs.com/robot/)"
220.135.127.108 - - [24/Nov/2024:03:19:58 +0800] "POST /wp-cron.php?doing_wp_cron=1732389598.1384980678558349609375 HTTP/1.1" 200 4059 "-" "WordPress/6.7.1; https://www.lubegard.com.tw"
192.0.91.177 - - [24/Nov/2024:03:19:58 +0800] "HEAD / HTTP/1.1" 200 4156 "-" "jetmon/1.0 (Jetpack Site Uptime Monitor by WordPress.com)"
220.135.127.108 - - [24/Nov/2024:03:23:34 +0800] "POST /wp-cron.php?doing_wp_cron=1732389814.1899569034576416015625 HTTP/1.1" 200 4059 "-" "WordPress/6.7.1; https://www.lubegard.com.tw"
54.38.85.37 - - [24/Nov/2024:03:23:34 +0800] "GET /robots.txt HTTP/1.1" 200 3794 "-" "Mozilla/5.0 (compatible; MJ12bot/v1.4.8; http://mj12bot.com/)"
54.38.85.37 - - [24/Nov/2024:03:23:41 +0800] "GET /%E5%9C%A8%E6%BA%AB%E7%86%B1%E6%A2%9D%E4%BB%B6%E4%B8%8B-cvt-%E6%B5%81%E9%AB%94%E7%9A%84%E8%80%81%E5%8C%96/?share=x HTTP/1.1" 302 3860 "-" "Mozilla/5.0 (compatible; MJ12bot/v1.4.8; http://mj12bot.com/)"
220.135.127.108 - - [24/Nov/2024:03:24:02 +0800] "POST /wp-cron.php?doing_wp_cron=1732389842.5060470104217529296875 HTTP/1.1" 200 4043 "-" "WordPress/6.7.1; https://www.lubegard.com.tw"
54.38.85.37 - - [24/Nov/2024:03:24:02 +0800] "GET /%E5%9C%A8%E6%BA%AB%E7%86%B1%E6%A2%9D%E4%BB%B6%E4%B8%8B-cvt-%E6%B5%81%E9%AB%94%E7%9A%84%E8%80%81%E5%8C%96/?share=twitter HTTP/1.1" 302 3866 "-" "Mozilla/5.0 (compatible; MJ12bot/v1.4.8; http://mj12bot.com/)"
220.135.127.108 - - [24/Nov/2024:03:24:46 +0800] "POST /wp-cron.php?doing_wp_cron=1732389886.5491909980773925781250 HTTP/1.1" 200 4075 "-" "WordPress/6.7.1; https://www.lubegard.com.tw"
114.119.141.18 - - [24/Nov/2024:03:24:46 +0800] "GET /products/ HTTP/1.1" 200 31659 "https://www.lubegard.com.tw/engine-flush-lxe/" "Mozilla/5.0 (Linux; Android 7.0;) AppleWebKit/537.36 (KHTML, like Gecko) Mobile Safari/537.36 (compatible; PetalBot;+https://webmaster.petalsearch.com/site/petalbot)"
220.135.127.108 - - [24/Nov/2024:03:24:57 +0800] "POST /wp-cron.php?doing_wp_cron=1732389897.9406909942626953125000 HTTP/1.1" 200 4043 "-" "WordPress/6.7.1; https://www.lubegard.com.tw"
192.0.91.177 - - [24/Nov/2024:03:24:57 +0800] "HEAD / HTTP/1.1" 200 4156 "-" "jetmon/1.0 (Jetpack Site Uptime Monitor by WordPress.com)"
220.135.127.108 - - [24/Nov/2024:03:29:46 +0800] "POST /wp-cron.php?doing_wp_cron=1732390186.3802900314331054687500 HTTP/1.1" 200 4059 "-" "WordPress/6.7.1; https://www.lubegard.com.tw"
114.119.140.179 - - [24/Nov/2024:03:29:46 +0800] "GET /%E9%9D%9C%E6%85%8B%E9%A6%96%E9%A0%81%E5%8D%80%E6%AE%B5/ HTTP/1.1" 200 35186 "-" "Mozilla/5.0 (Linux; Android 7.0;) AppleWebKit/537.36 (KHTML, like Gecko) Mobile Safari/537.36 (compatible; PetalBot;+https://webmaster.petalsearch.com/site/petalbot)"
220.135.127.108 - - [24/Nov/2024:03:29:58 +0800] "POST /wp-cron.php?doing_wp_cron=1732390198.4755749702453613281250 HTTP/1.1" 200 4059 "-" "WordPress/6.7.1; https://www.lubegard.com.tw"
192.0.91.177 - - [24/Nov/2024:03:29:58 +0800] "HEAD / HTTP/1.1" 200 4156 "-" "jetmon/1.0 (Jetpack Site Uptime Monitor by WordPress.com)"
220.135.127.108 - - [24/Nov/2024:03:35:01 +0800] "POST /wp-cron.php?doing_wp_cron=1732390501.5821828842163085937500 HTTP/1.1" 200 4043 "-" "WordPress/6.7.1; https://www.lubegard.com.tw"
192.0.91.177 - - [24/Nov/2024:03:34:58 +0800] "HEAD / HTTP/1.1" 200 4156 "-" "jetmon/1.0 (Jetpack Site Uptime Monitor by WordPress.com)"
220.135.127.108 - - [24/Nov/2024:03:39:58 +0800] "POST /wp-cron.php?doing_wp_cron=1732390798.5285620689392089843750 HTTP/1.1" 200 4059 "-" "WordPress/6.7.1; https://www.lubegard.com.tw"
192.0.91.177 - - [24/Nov/2024:03:39:57 +0800] "HEAD / HTTP/1.1" 200 4156 "-" "jetmon/1.0 (Jetpack Site Uptime Monitor by WordPress.com)"
220.135.127.108 - - [24/Nov/2024:03:44:58 +0800] "POST /wp-cron.php?doing_wp_cron=1732391098.1855010986328125000000 HTTP/1.1" 200 4059 "-" "WordPress/6.7.1; https://www.lubegard.com.tw"
192.0.91.177 - - [24/Nov/2024:03:44:57 +0800] "HEAD / HTTP/1.1" 200 4156 "-" "jetmon/1.0 (Jetpack Site Uptime Monitor by WordPress.com)"
192.0.86.84 - - [24/Nov/2024:03:46:56 +0800] "GET /?rest_route=%2Fjetpack%2Fv4%2Fsync%2Fstatus&_for=jetpack&token=CTwapZ4pELVo%2AzY%2AS%2A9ILXn3kU4BbvU%24%3A1%3A0×tamp=1732391215&nonce=Fn7GKr88N7&body-hash&signature=Q4urUzMqsml9TBnol2M1hTYzRJ4%3D HTTP/1.1" 200 4560 "https://www.lubegard.com.tw/?rest_route=%2Fjetpack%2Fv4%2Fsync%2Fstatus&_for=jetpack&token=CTwapZ4pELVo%2AzY%2AS%2A9ILXn3kU4BbvU%24%3A1%3A0×tamp=1732391215&nonce=Fn7GKr88N7&body-hash&signature=Q4urUzMqsml9TBnol2M1hTYzRJ4%3D" "Jetpack by WordPress.com"
220.135.127.108 - - [24/Nov/2024:03:47:19 +0800] "POST /wp-cron.php?doing_wp_cron=1732391238.5738780498504638671875 HTTP/1.1" 200 4059 "-" "WordPress/6.7.1; https://www.lubegard.com.tw"
192.0.86.84 - - [24/Nov/2024:03:47:24 +0800] "POST /?rest_route=%2Fjetpack%2Fv4%2Fsync%2Fobject&_for=jetpack&token=CTwapZ4pELVo%2AzY%2AS%2A9ILXn3kU4BbvU%24%3A1%3A0×tamp=1732391244&nonce=eiOeYXwPIi&body-hash=9EbFOoJFL1Uq%2BgrQTPG82orr1n0%3D&signature=4M19d1rPRMo71IkCWe43c0XZMbI%3D HTTP/1.1" 200 8492 "https://www.lubegard.com.tw/?rest_route=%2Fjetpack%2Fv4%2Fsync%2Fobject&_for=jetpack&token=CTwapZ4pELVo%2AzY%2AS%2A9ILXn3kU4BbvU%24%3A1%3A0×tamp=1732391244&nonce=eiOeYXwPIi&body-hash=9EbFOoJFL1Uq%2BgrQTPG82orr1n0%3D&signature=4M19d1rPRMo71IkCWe43c0XZMbI%3D" "Jetpack by WordPress.com"
220.135.127.108 - - [24/Nov/2024:03:47:27 +0800] "POST /wp-cron.php?doing_wp_cron=1732391246.2666580677032470703125 HTTP/1.1" 200 4059 "-" "WordPress/6.7.1; https://www.lubegard.com.tw"
192.0.86.84 - - [24/Nov/2024:03:47:29 +0800] "POST /?rest_route=%2Fjetpack%2Fv4%2Fsync%2Fobject&_for=jetpack&token=CTwapZ4pELVo%2AzY%2AS%2A9ILXn3kU4BbvU%24%3A1%3A0×tamp=1732391249&nonce=PchyqSzu8e&body-hash=SljWaFuv%2BRFGJ5yLzqbQGYJHiFo%3D&signature=p32Sv%2Fd7PsJwFTsu0VE6WIqjMCU%3D HTTP/1.1" 200 15980 "https://www.lubegard.com.tw/?rest_route=%2Fjetpack%2Fv4%2Fsync%2Fobject&_for=jetpack&token=CTwapZ4pELVo%2AzY%2AS%2A9ILXn3kU4BbvU%24%3A1%3A0×tamp=1732391249&nonce=PchyqSzu8e&body-hash=SljWaFuv%2BRFGJ5yLzqbQGYJHiFo%3D&signature=p32Sv%2Fd7PsJwFTsu0VE6WIqjMCU%3D" "Jetpack by WordPress.com"
192.0.86.84 - - [24/Nov/2024:03:47:51 +0800] "POST /?rest_route=%2Fjetpack%2Fv4%2Fsync%2Fobject&_for=jetpack&token=CTwapZ4pELVo%2AzY%2AS%2A9ILXn3kU4BbvU%24%3A1%3A0×tamp=1732391270&nonce=EGIgnZSB6K&body-hash=f4gz9vN1HJg370THfl9y1cOkQX0%3D&signature=YUcjA98q9iGCbTogZTtbQkAy6LA%3D HTTP/1.1" 200 4798 "https://www.lubegard.com.tw/?rest_route=%2Fjetpack%2Fv4%2Fsync%2Fobject&_for=jetpack&token=CTwapZ4pELVo%2AzY%2AS%2A9ILXn3kU4BbvU%24%3A1%3A0×tamp=1732391270&nonce=EGIgnZSB6K&body-hash=f4gz9vN1HJg370THfl9y1cOkQX0%3D&signature=YUcjA98q9iGCbTogZTtbQkAy6LA%3D" "Jetpack by WordPress.com"
220.135.127.108 - - [24/Nov/2024:03:47:53 +0800] "POST /wp-cron.php?doing_wp_cron=1732391272.7549560070037841796875 HTTP/1.1" 200 4059 "-" "WordPress/6.7.1; https://www.lubegard.com.tw"
192.0.86.84 - - [24/Nov/2024:03:47:55 +0800] "GET /?rest_route=%2Fjetpack%2Fv4%2Fsync%2Fdata-check&_for=jetpack&token=CTwapZ4pELVo%2AzY%2AS%2A9ILXn3kU4BbvU%24%3A1%3A0×tamp=1732391274&nonce=CrdqXHLVW1&body-hash&signature=Ne29zvNWnJzo019YlSfPh%2FXwIlM%3D HTTP/1.1" 200 4474 "https://www.lubegard.com.tw/?rest_route=%2Fjetpack%2Fv4%2Fsync%2Fdata-check&_for=jetpack&token=CTwapZ4pELVo%2AzY%2AS%2A9ILXn3kU4BbvU%24%3A1%3A0×tamp=1732391274&nonce=CrdqXHLVW1&body-hash&signature=Ne29zvNWnJzo019YlSfPh%2FXwIlM%3D" "Jetpack by WordPress.com"
192.0.86.84 - - [24/Nov/2024:03:48:00 +0800] "POST /?rest_route=%2Fjetpack%2Fv4%2Fsync%2Fdata-histogram&_for=jetpack&token=CTwapZ4pELVo%2AzY%2AS%2A9ILXn3kU4BbvU%24%3A1%3A0×tamp=1732391279&nonce=kjEHkzA39c&body-hash=wMmbA0ZSl5yqjZqMiBKMzdD4fBY%3D&signature=gpQVghVaWkWECfgul9moaCmV%2Bvc%3D HTTP/1.1" 200 4361 "https://www.lubegard.com.tw/?rest_route=%2Fjetpack%2Fv4%2Fsync%2Fdata-histogram&_for=jetpack&token=CTwapZ4pELVo%2AzY%2AS%2A9ILXn3kU4BbvU%24%3A1%3A0×tamp=1732391279&nonce=kjEHkzA39c&body-hash=wMmbA0ZSl5yqjZqMiBKMzdD4fBY%3D&signature=gpQVghVaWkWECfgul9moaCmV%2Bvc%3D" "Jetpack by WordPress.com"
220.135.127.108 - - [24/Nov/2024:03:48:04 +0800] "POST /wp-cron.php?doing_wp_cron=1732391283.5103199481964111328125 HTTP/1.1" 200 4059 "-" "WordPress/6.7.1; https://www.lubegard.com.tw"
192.0.86.84 - - [24/Nov/2024:03:48:05 +0800] "POST /?rest_route=%2Fjetpack%2Fv4%2Fsync%2Fdata-histogram&_for=jetpack&token=CTwapZ4pELVo%2AzY%2AS%2A9ILXn3kU4BbvU%24%3A1%3A0×tamp=1732391285&nonce=VIEHhYOJle&body-hash=n%2BNanPw%2FoUUn3iH%2Ba3KcY14AYVo%3D&signature=NGBa1JPpolJMLie1fC33H9ZnWbY%3D HTTP/1.1" 200 4361 "https://www.lubegard.com.tw/?rest_route=%2Fjetpack%2Fv4%2Fsync%2Fdata-histogram&_for=jetpack&token=CTwapZ4pELVo%2AzY%2AS%2A9ILXn3kU4BbvU%24%3A1%3A0×tamp=1732391285&nonce=VIEHhYOJle&body-hash=n%2BNanPw%2FoUUn3iH%2Ba3KcY14AYVo%3D&signature=NGBa1JPpolJMLie1fC33H9ZnWbY%3D" "Jetpack by WordPress.com"
192.0.86.160 - - [24/Nov/2024:03:48:09 +0800] "GET /?rest_route=%2Fjetpack%2Fv4%2Fsync%2Fstatus&_for=jetpack&token=CTwapZ4pELVo%2AzY%2AS%2A9ILXn3kU4BbvU%24%3A1%3A0×tamp=1732391288&nonce=lMqY2H4Hpi&body-hash&signature=zk96K44J7z%2FldBc2oXYyGXTlHDk%3D HTTP/1.1" 200 4573 "https://www.lubegard.com.tw/?rest_route=%2Fjetpack%2Fv4%2Fsync%2Fstatus&_for=jetpack&token=CTwapZ4pELVo%2AzY%2AS%2A9ILXn3kU4BbvU%24%3A1%3A0×tamp=1732391288&nonce=lMqY2H4Hpi&body-hash&signature=zk96K44J7z%2FldBc2oXYyGXTlHDk%3D" "Jetpack by WordPress.com"
192.0.86.160 - - [24/Nov/2024:03:48:11 +0800] "POST /?rest_route=%2Fjetpack%2Fv4%2Fsync%2Fobject&_for=jetpack&token=CTwapZ4pELVo%2AzY%2AS%2A9ILXn3kU4BbvU%24%3A1%3A0×tamp=1732391291&nonce=3X6NGFZI74&body-hash=9EbFOoJFL1Uq%2BgrQTPG82orr1n0%3D&signature=Te%2FZWgfq2znxcjAdJlJu52aWJqw%3D HTTP/1.1" 200 8508 "https://www.lubegard.com.tw/?rest_route=%2Fjetpack%2Fv4%2Fsync%2Fobject&_for=jetpack&token=CTwapZ4pELVo%2AzY%2AS%2A9ILXn3kU4BbvU%24%3A1%3A0×tamp=1732391291&nonce=3X6NGFZI74&body-hash=9EbFOoJFL1Uq%2BgrQTPG82orr1n0%3D&signature=Te%2FZWgfq2znxcjAdJlJu52aWJqw%3D" "Jetpack by WordPress.com"
220.135.127.108 - - [24/Nov/2024:03:48:15 +0800] "POST /wp-cron.php?doing_wp_cron=1732391294.6752760410308837890625 HTTP/1.1" 200 4043 "-" "WordPress/6.7.1; https://www.lubegard.com.tw"
192.0.86.160 - - [24/Nov/2024:03:48:12 +0800] "POST /?rest_route=%2Fjetpack%2Fv4%2Fsync%2Fobject&_for=jetpack&token=CTwapZ4pELVo%2AzY%2AS%2A9ILXn3kU4BbvU%24%3A1%3A0×tamp=1732391292&nonce=53RK4sXgIH&body-hash=SljWaFuv%2BRFGJ5yLzqbQGYJHiFo%3D&signature=HurOlgBcxyq662RB8MhVuS4lEEc%3D HTTP/1.1" 200 15980 "https://www.lubegard.com.tw/?rest_route=%2Fjetpack%2Fv4%2Fsync%2Fobject&_for=jetpack&token=CTwapZ4pELVo%2AzY%2AS%2A9ILXn3kU4BbvU%24%3A1%3A0×tamp=1732391292&nonce=53RK4sXgIH&body-hash=SljWaFuv%2BRFGJ5yLzqbQGYJHiFo%3D&signature=HurOlgBcxyq662RB8MhVuS4lEEc%3D" "Jetpack by WordPress.com"
192.0.86.160 - - [24/Nov/2024:03:48:21 +0800] "POST /?rest_route=%2Fjetpack%2Fv4%2Fsync%2Fobject&_for=jetpack&token=CTwapZ4pELVo%2AzY%2AS%2A9ILXn3kU4BbvU%24%3A1%3A0×tamp=1732391301&nonce=k8gNuxbpcO&body-hash=f4gz9vN1HJg370THfl9y1cOkQX0%3D&signature=FjjvimEq9DO%2FWKKz1XeggYQih4s%3D HTTP/1.1" 200 4814 "https://www.lubegard.com.tw/?rest_route=%2Fjetpack%2Fv4%2Fsync%2Fobject&_for=jetpack&token=CTwapZ4pELVo%2AzY%2AS%2A9ILXn3kU4BbvU%24%3A1%3A0×tamp=1732391301&nonce=k8gNuxbpcO&body-hash=f4gz9vN1HJg370THfl9y1cOkQX0%3D&signature=FjjvimEq9DO%2FWKKz1XeggYQih4s%3D" "Jetpack by WordPress.com"
220.135.127.108 - - [24/Nov/2024:03:48:34 +0800] "POST /wp-cron.php?doing_wp_cron=1732391305.7467598915100097656250 HTTP/1.1" 200 4043 "-" "WordPress/6.7.1; https://www.lubegard.com.tw"
192.0.86.160 - - [24/Nov/2024:03:48:37 +0800] "POST /?rest_route=%2Fjetpack%2Fv4%2Fsync%2Fdata-histogram&_for=jetpack&token=CTwapZ4pELVo%2AzY%2AS%2A9ILXn3kU4BbvU%24%3A1%3A0×tamp=1732391317&nonce=EOZM5S1cQN&body-hash=guP0GKcn8ZkGhAig8tk7N1p%2BJmA%3D&signature=G%2FtKI4dQLH6PLBLGSE9S0%2FhRh%2BY%3D HTTP/1.1" 200 4414 "https://www.lubegard.com.tw/?rest_route=%2Fjetpack%2Fv4%2Fsync%2Fdata-histogram&_for=jetpack&token=CTwapZ4pELVo%2AzY%2AS%2A9ILXn3kU4BbvU%24%3A1%3A0×tamp=1732391317&nonce=EOZM5S1cQN&body-hash=guP0GKcn8ZkGhAig8tk7N1p%2BJmA%3D&signature=G%2FtKI4dQLH6PLBLGSE9S0%2FhRh%2BY%3D" "Jetpack by WordPress.com"
192.0.86.160 - - [24/Nov/2024:03:48:38 +0800] "POST /?rest_route=%2Fjetpack%2Fv4%2Fsync%2Fdata-histogram&_for=jetpack&token=CTwapZ4pELVo%2AzY%2AS%2A9ILXn3kU4BbvU%24%3A1%3A0×tamp=1732391318&nonce=j7NiUtL4VM&body-hash=zDvqIMYo60LO5i0rzGWQ%2Bz0gafo%3D&signature=TGhLZIoya71Ec%2FeAFWB5XsKVdOk%3D HTTP/1.1" 200 4431 "https://www.lubegard.com.tw/?rest_route=%2Fjetpack%2Fv4%2Fsync%2Fdata-histogram&_for=jetpack&token=CTwapZ4pELVo%2AzY%2AS%2A9ILXn3kU4BbvU%24%3A1%3A0×tamp=1732391318&nonce=j7NiUtL4VM&body-hash=zDvqIMYo60LO5i0rzGWQ%2Bz0gafo%3D&signature=TGhLZIoya71Ec%2FeAFWB5XsKVdOk%3D" "Jetpack by WordPress.com"
192.0.86.160 - - [24/Nov/2024:03:48:40 +0800] "POST /?rest_route=%2Fjetpack%2Fv4%2Fsync%2Fobject&_for=jetpack&token=CTwapZ4pELVo%2AzY%2AS%2A9ILXn3kU4BbvU%24%3A1%3A0×tamp=1732391319&nonce=kGJNx1mrrF&body-hash=eGzGe%2BTQuE203aFADc0jSknCE5k%3D&signature=RO10CvlUiKsqQMxyw4WGxzyOvLo%3D HTTP/1.1" 200 5980 "https://www.lubegard.com.tw/?rest_route=%2Fjetpack%2Fv4%2Fsync%2Fobject&_for=jetpack&token=CTwapZ4pELVo%2AzY%2AS%2A9ILXn3kU4BbvU%24%3A1%3A0×tamp=1732391319&nonce=kGJNx1mrrF&body-hash=eGzGe%2BTQuE203aFADc0jSknCE5k%3D&signature=RO10CvlUiKsqQMxyw4WGxzyOvLo%3D" "Jetpack by WordPress.com"
192.0.86.160 - - [24/Nov/2024:03:48:42 +0800] "POST /?rest_route=%2Fjetpack%2Fv4%2Fsync%2Fhealth&_for=jetpack&token=CTwapZ4pELVo%2AzY%2AS%2A9ILXn3kU4BbvU%24%3A1%3A0×tamp=1732391321&nonce=ZSB9NK4Dur&body-hash=lKHMv1qixxzsVb2b%2B7IjCG6lL5g%3D&signature=w%2Fhcn7y9D3RIYegN1YtwfmNMxLg%3D HTTP/1.1" 200 4319 "https://www.lubegard.com.tw/?rest_route=%2Fjetpack%2Fv4%2Fsync%2Fhealth&_for=jetpack&token=CTwapZ4pELVo%2AzY%2AS%2A9ILXn3kU4BbvU%24%3A1%3A0×tamp=1732391321&nonce=ZSB9NK4Dur&body-hash=lKHMv1qixxzsVb2b%2B7IjCG6lL5g%3D&signature=w%2Fhcn7y9D3RIYegN1YtwfmNMxLg%3D" "Jetpack by WordPress.com"
220.135.127.108 - - [24/Nov/2024:03:48:45 +0800] "POST /wp-cron.php?doing_wp_cron=1732391324.6988470554351806640625 HTTP/1.1" 200 4043 "-" "WordPress/6.7.1; https://www.lubegard.com.tw"
185.233.3.42 - - [24/Nov/2024:03:50:09 +0800] "GET /wp-json/ HTTP/1.1" 301 602 "-" "Mozilla/4.0 (compatible; MSIE 6.0; Windows NT 5.1; SV1)"
220.135.127.108 - - [24/Nov/2024:03:50:12 +0800] "POST /wp-cron.php?doing_wp_cron=1732391411.7142589092254638671875 HTTP/1.1" 200 4075 "-" "WordPress/6.7.1; https://www.lubegard.com.tw"
220.135.127.108 - - [24/Nov/2024:03:50:12 +0800] "POST /wp-cron.php?doing_wp_cron=1732391411.4205279350280761718750 HTTP/1.1" 200 4059 "-" "WordPress/6.7.1; https://www.lubegard.com.tw"
192.0.91.177 - - [24/Nov/2024:03:49:58 +0800] "HEAD / HTTP/1.1" 200 4156 "-" "jetmon/1.0 (Jetpack Site Uptime Monitor by WordPress.com)"
185.233.3.42 - - [24/Nov/2024:03:50:10 +0800] "GET /wp-json/ HTTP/1.1" 200 37763 "-" "Mozilla/4.0 (compatible; MSIE 6.0; Windows NT 5.1; SV1)"
192.0.91.177 - - [24/Nov/2024:03:54:57 +0800] "HEAD / HTTP/1.1" 200 4156 "-" "jetmon/1.0 (Jetpack Site Uptime Monitor by WordPress.com)"
220.135.127.108 - - [24/Nov/2024:04:00:06 +0800] "POST /wp-cron.php?doing_wp_cron=1732392006.3825750350952148437500 HTTP/1.1" 200 4059 "-" "WordPress/6.7.1; https://www.lubegard.com.tw"
192.0.91.177 - - [24/Nov/2024:03:59:58 +0800] "HEAD / HTTP/1.1" 200 4156 "-" "jetmon/1.0 (Jetpack Site Uptime Monitor by WordPress.com)"
192.0.91.177 - - [24/Nov/2024:04:04:58 +0800] "HEAD / HTTP/1.1" 200 4156 "-" "jetmon/1.0 (Jetpack Site Uptime Monitor by WordPress.com)"
220.135.127.108 - - [24/Nov/2024:04:05:08 +0800] "POST /wp-cron.php?doing_wp_cron=1732392307.5992588996887207031250 HTTP/1.1" 200 4059 "-" "WordPress/6.7.1; https://www.lubegard.com.tw"
192.0.91.177 - - [24/Nov/2024:04:09:57 +0800] "HEAD / HTTP/1.1" 200 4156 "-" "jetmon/1.0 (Jetpack Site Uptime Monitor by WordPress.com)"
220.135.127.108 - - [24/Nov/2024:04:10:06 +0800] "POST /wp-cron.php?doing_wp_cron=1732392606.0312769412994384765625 HTTP/1.1" 200 4059 "-" "WordPress/6.7.1; https://www.lubegard.com.tw"
220.135.127.108 - - [24/Nov/2024:04:14:59 +0800] "POST /wp-cron.php?doing_wp_cron=1732392899.7278039455413818359375 HTTP/1.1" 200 4059 "-" "WordPress/6.7.1; https://www.lubegard.com.tw"
192.0.91.177 - - [24/Nov/2024:04:14:57 +0800] "HEAD / HTTP/1.1" 200 4156 "-" "jetmon/1.0 (Jetpack Site Uptime Monitor by WordPress.com)"
220.135.127.108 - - [24/Nov/2024:04:18:28 +0800] "POST /wp-cron.php?doing_wp_cron=1732393108.3371260166168212890625 HTTP/1.1" 200 4059 "-" "WordPress/6.7.1; https://www.lubegard.com.tw"
51.222.253.10 - - [24/Nov/2024:04:18:27 +0800] "GET /products/ HTTP/1.1" 200 31669 "-" "Mozilla/5.0 (compatible; AhrefsBot/7.0; +http://ahrefs.com/robot/)"
220.135.127.108 - - [24/Nov/2024:04:19:58 +0800] "POST /wp-cron.php?doing_wp_cron=1732393198.7463800907135009765625 HTTP/1.1" 200 4043 "-" "WordPress/6.7.1; https://www.lubegard.com.tw"
192.0.91.177 - - [24/Nov/2024:04:19:58 +0800] "HEAD / HTTP/1.1" 200 4156 "-" "jetmon/1.0 (Jetpack Site Uptime Monitor by WordPress.com)"
220.135.127.108 - - [24/Nov/2024:04:22:14 +0800] "POST /?wordfence_syncAttackData=1732393334.3935 HTTP/1.1" 200 3955 "-" "WordPress/6.7.1; https://www.lubegard.com.tw"
220.135.127.108 - - [24/Nov/2024:04:22:15 +0800] "POST /wp-cron.php?doing_wp_cron=1732393335.3368389606475830078125 HTTP/1.1" 200 4059 "-" "WordPress/6.7.1; https://www.lubegard.com.tw"
185.42.12.42 - - [24/Nov/2024:04:22:13 +0800] "HEAD /wp-content/plugins/wordpress/readme.txt HTTP/1.1" 301 4181 "-" "Mozilla/5.0 (X11; Linux x86_64; rv:124.0) Gecko/20100101 Firefox/124.0"
185.42.12.42 - - [24/Nov/2024:04:22:17 +0800] "HEAD /wp-content/plugins/wordpress/readme.txt HTTP/1.1" 404 4156 "-" "Mozilla/5.0 (X11; Linux x86_64; rv:124.0) Gecko/20100101 Firefox/124.0"
185.42.12.42 - - [24/Nov/2024:04:22:18 +0800] "HEAD /wp-content/plugins/really-simple-ssl/readme.txt HTTP/1.1" 301 4189 "-" "Mozilla/5.0 (X11; Linux x86_64; rv:124.0) Gecko/20100101 Firefox/124.0"
185.42.12.42 - - [24/Nov/2024:04:22:19 +0800] "HEAD /wp-content/plugins/really-simple-ssl/readme.txt HTTP/1.1" 404 4156 "-" "Mozilla/5.0 (X11; Linux x86_64; rv:124.0) Gecko/20100101 Firefox/124.0"
220.135.127.108 - - [24/Nov/2024:04:24:58 +0800] "POST /?wordfence_syncAttackData=1732393498.1566 HTTP/1.1" 200 3971 "-" "WordPress/6.7.1; https://www.lubegard.com.tw"
220.135.127.108 - - [24/Nov/2024:04:24:58 +0800] "POST /wp-cron.php?doing_wp_cron=1732393498.7526409626007080078125 HTTP/1.1" 200 4043 "-" "WordPress/6.7.1; https://www.lubegard.com.tw"
192.0.91.177 - - [24/Nov/2024:04:24:57 +0800] "HEAD / HTTP/1.1" 200 4156 "-" "jetmon/1.0 (Jetpack Site Uptime Monitor by WordPress.com)"
195.90.221.76 - - [24/Nov/2024:04:26:16 +0800] "GET / HTTP/1.1" 301 518 "-" "Mozilla/5.0 (Windows NT 10.0; Win64; x64) AppleWebKit/537.36 (KHTML, like Gecko) Chrome/91.0.4472.114 Safari/537.36 Edg/91.0.864.54"
220.135.127.108 - - [24/Nov/2024:04:26:23 +0800] "POST /wp-cron.php?doing_wp_cron=1732393582.0670680999755859375000 HTTP/1.1" 200 4043 "-" "WordPress/6.7.1; https://www.lubegard.com.tw"
195.90.221.76 - - [24/Nov/2024:04:26:17 +0800] "GET / HTTP/1.1" 301 4012 "-" "Mozilla/5.0 (Windows NT 10.0; Win64; x64) AppleWebKit/537.36 (KHTML, like Gecko) Chrome/91.0.4472.114 Safari/537.36 Edg/91.0.864.54"
192.0.91.177 - - [24/Nov/2024:04:29:58 +0800] "HEAD / HTTP/1.1" 200 4156 "-" "jetmon/1.0 (Jetpack Site Uptime Monitor by WordPress.com)"
220.135.127.108 - - [24/Nov/2024:04:30:00 +0800] "POST /wp-cron.php?doing_wp_cron=1732393800.4404089450836181640625 HTTP/1.1" 200 4075 "-" "WordPress/6.7.1; https://www.lubegard.com.tw"
220.135.127.108 - - [24/Nov/2024:04:35:00 +0800] "POST /wp-cron.php?doing_wp_cron=1732394099.9558091163635253906250 HTTP/1.1" 200 4043 "-" "WordPress/6.7.1; https://www.lubegard.com.tw"
192.0.91.177 - - [24/Nov/2024:04:34:58 +0800] "HEAD / HTTP/1.1" 200 4156 "-" "jetmon/1.0 (Jetpack Site Uptime Monitor by WordPress.com)"
220.135.127.108 - - [24/Nov/2024:04:39:59 +0800] "POST /wp-cron.php?doing_wp_cron=1732394399.0951869487762451171875 HTTP/1.1" 200 4059 "-" "WordPress/6.7.1; https://www.lubegard.com.tw"
192.0.91.177 - - [24/Nov/2024:04:39:57 +0800] "HEAD / HTTP/1.1" 200 4156 "-" "jetmon/1.0 (Jetpack Site Uptime Monitor by WordPress.com)"
220.135.127.108 - - [24/Nov/2024:04:44:58 +0800] "POST /wp-cron.php?doing_wp_cron=1732394698.2244079113006591796875 HTTP/1.1" 200 4059 "-" "WordPress/6.7.1; https://www.lubegard.com.tw"
192.0.91.177 - - [24/Nov/2024:04:44:57 +0800] "HEAD / HTTP/1.1" 200 4156 "-" "jetmon/1.0 (Jetpack Site Uptime Monitor by WordPress.com)"
220.135.127.108 - - [24/Nov/2024:04:49:59 +0800] "POST /wp-cron.php?doing_wp_cron=1732394999.8152060508728027343750 HTTP/1.1" 200 4059 "-" "WordPress/6.7.1; https://www.lubegard.com.tw"
192.0.91.177 - - [24/Nov/2024:04:49:58 +0800] "HEAD / HTTP/1.1" 200 4156 "-" "jetmon/1.0 (Jetpack Site Uptime Monitor by WordPress.com)"
220.135.127.108 - - [24/Nov/2024:04:54:58 +0800] "POST /wp-cron.php?doing_wp_cron=1732395298.1885149478912353515625 HTTP/1.1" 200 4059 "-" "WordPress/6.7.1; https://www.lubegard.com.tw"
192.0.91.177 - - [24/Nov/2024:04:54:57 +0800] "HEAD / HTTP/1.1" 200 4156 "-" "jetmon/1.0 (Jetpack Site Uptime Monitor by WordPress.com)"
220.135.127.108 - - [24/Nov/2024:04:56:27 +0800] "POST /wp-cron.php?doing_wp_cron=1732395387.2505340576171875000000 HTTP/1.1" 200 4059 "-" "WordPress/6.7.1; https://www.lubegard.com.tw"
52.167.144.193 - - [24/Nov/2024:04:56:26 +0800] "GET /products/ HTTP/1.1" 200 31766 "-" "Mozilla/5.0 AppleWebKit/537.36 (KHTML, like Gecko; compatible; bingbot/2.0; +http://www.bing.com/bingbot.htm) Chrome/116.0.1938.76 Safari/537.36"
220.135.127.108 - - [24/Nov/2024:04:59:58 +0800] "POST /wp-cron.php?doing_wp_cron=1732395598.2543311119079589843750 HTTP/1.1" 200 4059 "-" "WordPress/6.7.1; https://www.lubegard.com.tw"
192.0.91.177 - - [24/Nov/2024:04:59:57 +0800] "HEAD / HTTP/1.1" 200 4156 "-" "jetmon/1.0 (Jetpack Site Uptime Monitor by WordPress.com)"
192.0.85.93 - - [24/Nov/2024:05:03:55 +0800] "GET /wp-content/uploads/2020/12/FSB-BWM-Chart_tw.jpg HTTP/1.1" 200 318344 "-" "Photon/1.0"
220.135.127.108 - - [24/Nov/2024:05:04:59 +0800] "POST /wp-cron.php?doing_wp_cron=1732395899.7030050754547119140625 HTTP/1.1" 200 4043 "-" "WordPress/6.7.1; https://www.lubegard.com.tw"
192.0.91.177 - - [24/Nov/2024:05:04:58 +0800] "HEAD / HTTP/1.1" 200 4156 "-" "jetmon/1.0 (Jetpack Site Uptime Monitor by WordPress.com)"
220.135.127.108 - - [24/Nov/2024:05:09:59 +0800] "POST /wp-cron.php?doing_wp_cron=1732396199.1120951175689697265625 HTTP/1.1" 200 4075 "-" "WordPress/6.7.1; https://www.lubegard.com.tw"
192.0.91.177 - - [24/Nov/2024:05:09:57 +0800] "HEAD / HTTP/1.1" 200 4156 "-" "jetmon/1.0 (Jetpack Site Uptime Monitor by WordPress.com)"
