109.202.99.41 - - [23/Nov/2024:16:22:51 +0800] "GET /backup.tar.gz HTTP/1.1" 404 72452 "https://matador.tw/backup.tar.gz" "Go-http-client/1.1"
213.232.87.230 - - [23/Nov/2024:16:22:52 +0800] "GET /_vti_pvt/administrators.pwd HTTP/1.1" 404 72452 "https://matador.tw/_vti_pvt/administrators.pwd" "Go-http-client/1.1"
213.232.87.230 - - [23/Nov/2024:16:22:52 +0800] "GET /api/.env HTTP/1.1" 404 72452 "https://matador.tw/api/.env" "Go-http-client/1.1"
213.232.87.230 - - [23/Nov/2024:16:22:52 +0800] "GET /.ssh/id_ecdsa HTTP/1.1" 404 72452 "https://matador.tw/.ssh/id_ecdsa" "Go-http-client/1.1"
213.232.87.234 - - [23/Nov/2024:16:22:52 +0800] "GET /config.json HTTP/1.1" 404 72452 "https://matador.tw/config.json" "Go-http-client/1.1"
213.232.87.234 - - [23/Nov/2024:16:22:52 +0800] "GET /.ssh/id_rsa HTTP/1.1" 404 72452 "https://matador.tw/.ssh/id_rsa" "Go-http-client/1.1"
213.232.87.230 - - [23/Nov/2024:16:22:52 +0800] "GET /web.config HTTP/1.1" 404 72452 "https://matador.tw/web.config" "Go-http-client/1.1"
213.232.87.234 - - [23/Nov/2024:16:22:52 +0800] "GET /config/database.php HTTP/1.1" 404 72452 "https://matador.tw/config/database.php" "Go-http-client/1.1"
213.232.87.234 - - [23/Nov/2024:16:22:52 +0800] "GET /_vti_pvt/authors.pwd HTTP/1.1" 404 72452 "https://matador.tw/_vti_pvt/authors.pwd" "Go-http-client/1.1"
213.232.87.234 - - [23/Nov/2024:16:22:52 +0800] "GET /backup.zip HTTP/1.1" 404 72452 "https://matador.tw/backup.zip" "Go-http-client/1.1"
213.232.87.234 - - [23/Nov/2024:16:22:52 +0800] "GET /.kube/config HTTP/1.1" 404 72452 "https://matador.tw/.kube/config" "Go-http-client/1.1"
213.232.87.234 - - [23/Nov/2024:16:22:52 +0800] "GET /secrets.json HTTP/1.1" 404 72452 "https://matador.tw/secrets.json" "Go-http-client/1.1"
213.232.87.234 - - [23/Nov/2024:16:22:52 +0800] "GET /etc/ssl/private/server.key HTTP/1.1" 404 72452 "https://matador.tw/etc/ssl/private/server.key" "Go-http-client/1.1"
213.232.87.234 - - [23/Nov/2024:16:22:52 +0800] "GET /phpinfo.php HTTP/1.1" 404 72452 "https://matador.tw/phpinfo.php" "Go-http-client/1.1"
213.232.87.234 - - [23/Nov/2024:16:22:52 +0800] "GET /server.key HTTP/1.1" 404 72452 "https://matador.tw/server.key" "Go-http-client/1.1"
213.152.176.252 - - [23/Nov/2024:16:22:52 +0800] "GET /cloud-config.yml HTTP/1.1" 404 72452 "https://matador.tw/cloud-config.yml" "Go-http-client/1.1"
213.152.176.252 - - [23/Nov/2024:16:22:52 +0800] "GET /config/production.json HTTP/1.1" 404 72452 "https://matador.tw/config/production.json" "Go-http-client/1.1"
213.152.176.252 - - [23/Nov/2024:16:22:52 +0800] "GET /.ssh/id_ed25519 HTTP/1.1" 404 72452 "https://matador.tw/.ssh/id_ed25519" "Go-http-client/1.1"
213.152.176.252 - - [23/Nov/2024:16:22:52 +0800] "GET /user_secrets.yml HTTP/1.1" 404 72452 "https://matador.tw/user_secrets.yml" "Go-http-client/1.1"
213.232.87.234 - - [23/Nov/2024:16:22:52 +0800] "GET /database.sql HTTP/1.1" 404 72452 "https://matador.tw/database.sql" "Go-http-client/1.1"
213.232.87.234 - - [23/Nov/2024:16:22:52 +0800] "GET /.svn/wc.db HTTP/1.1" 404 72452 "https://matador.tw/.svn/wc.db" "Go-http-client/1.1"
213.152.176.252 - - [23/Nov/2024:16:22:52 +0800] "GET /feed/ HTTP/1.1" 200 4626 "https://matador.tw/feed" "Go-http-client/1.1"
213.152.176.252 - - [23/Nov/2024:16:22:52 +0800] "GET /config.yaml HTTP/1.1" 404 72452 "https://matador.tw/config.yaml" "Go-http-client/1.1"
213.152.176.252 - - [23/Nov/2024:16:22:52 +0800] "GET /etc/shadow HTTP/1.1" 404 72452 "https://matador.tw/etc/shadow" "Go-http-client/1.1"
213.152.176.252 - - [23/Nov/2024:16:22:52 +0800] "GET /.git/HEAD HTTP/1.1" 404 72452 "https://matador.tw/.git/HEAD" "Go-http-client/1.1"
213.232.87.234 - - [23/Nov/2024:16:22:53 +0800] "GET /.vscode/sftp.json HTTP/1.1" 404 72452 "https://matador.tw/.vscode/sftp.json" "Go-http-client/1.1"
213.232.87.234 - - [23/Nov/2024:16:22:53 +0800] "GET /config.php HTTP/1.1" 404 72452 "https://matador.tw/config.php" "Go-http-client/1.1"
213.232.87.234 - - [23/Nov/2024:16:22:53 +0800] "GET /.env HTTP/1.1" 404 72452 "https://matador.tw/.env" "Go-http-client/1.1"
213.232.87.234 - - [23/Nov/2024:16:22:53 +0800] "GET /config.xml HTTP/1.1" 404 72452 "https://matador.tw/config.xml" "Go-http-client/1.1"
185.206.225.142 - - [23/Nov/2024:16:29:12 +0800] "POST /wp-content/uploads/2021/01/expect.php HTTP/1.1" 200 3460 "https://www.matador.tw" "Mozilla/5.0 (Windows NT 6.1) AppleWebKit/537.36 (KHTML, like Gecko) Chrome/65.0.2402.128 Safari/537.36"
112.86.225.125 - - [23/Nov/2024:16:29:22 +0800] "GET / HTTP/1.1" 301 534 "-" "Sogou web spider/4.0(+http://www.sogou.com/docs/help/webmasters.htm#07)"
220.135.127.108 - - [23/Nov/2024:16:29:23 +0800] "POST /wp-cron.php?doing_wp_cron=1732350563.4282770156860351562500 HTTP/1.1" 200 4061 "-" "WordPress/6.7.1; https://www.matador.tw"
112.86.225.125 - - [23/Nov/2024:16:29:23 +0800] "GET / HTTP/1.1" 200 26388 "-" "Sogou web spider/4.0(+http://www.sogou.com/docs/help/webmasters.htm#07)"
152.42.220.94 - - [23/Nov/2024:16:34:06 +0800] "GET /wp-admin/setup-config.php?step=1 HTTP/1.1" 301 567 "-" "Apache/2.4.34 (Ubuntu) OpenSSL/1.1.1 (internal dummy connection)"
152.42.220.94 - - [23/Nov/2024:16:34:06 +0800] "GET /wp-admin/setup-config.php?step=1 HTTP/1.1" 409 6703 "http://matador.tw/wp-admin/setup-config.php?step=1" "Apache/2.4.34 (Ubuntu) OpenSSL/1.1.1 (internal dummy connection)"
152.42.220.94 - - [23/Nov/2024:16:34:07 +0800] "GET /wordpress/wp-admin/setup-config.php?step=1 HTTP/1.1" 301 587 "-" "Apache/2.4.34 (Ubuntu) OpenSSL/1.1.1 (internal dummy connection)"
220.135.127.108 - - [23/Nov/2024:16:34:07 +0800] "POST /wp-cron.php?doing_wp_cron=1732350847.4612109661102294921875 HTTP/1.1" 200 4061 "-" "WordPress/6.7.1; https://www.matador.tw"
152.42.220.94 - - [23/Nov/2024:16:34:07 +0800] "GET /wordpress/wp-admin/setup-config.php?step=1 HTTP/1.1" 301 407 "http://matador.tw/wordpress/wp-admin/setup-config.php?step=1" "Apache/2.4.34 (Ubuntu) OpenSSL/1.1.1 (internal dummy connection)"
152.42.220.94 - - [23/Nov/2024:16:34:08 +0800] "GET /wordpress/wp-admin/setup-config.php?step=1 HTTP/1.1" 404 72480 "https://matador.tw/wordpress/wp-admin/setup-config.php?step=1" "Apache/2.4.34 (Ubuntu) OpenSSL/1.1.1 (internal dummy connection)"
45.120.137.249 - - [23/Nov/2024:16:43:53 +0800] "GET /wp-login.php HTTP/1.1" 301 546 "-" "Mozilla/5.0 (X11; Ubuntu; Linux x86_64; rv:62.0) Gecko/20100101 Firefox/62.0"
45.120.137.249 - - [23/Nov/2024:16:43:54 +0800] "GET /wp-login.php HTTP/1.1" 200 7926 "http://matador.tw/wp-login.php" "Mozilla/5.0 (X11; Ubuntu; Linux x86_64; rv:62.0) Gecko/20100101 Firefox/62.0"
220.135.127.108 - - [23/Nov/2024:16:56:35 +0800] "POST /wp-cron.php?doing_wp_cron=1732352195.9045228958129882812500 HTTP/1.1" 200 4061 "-" "WordPress/6.7.1; https://www.matador.tw"
112.86.225.28 - - [23/Nov/2024:16:56:35 +0800] "GET / HTTP/1.1" 200 26388 "-" "Sogou web spider/4.0(+http://www.sogou.com/docs/help/webmasters.htm#07)"
207.46.13.157 - - [23/Nov/2024:16:58:24 +0800] "GET /news-sitemap.xml HTTP/1.1" 200 4346 "-" "Mozilla/5.0 AppleWebKit/537.36 (KHTML, like Gecko; compatible; bingbot/2.0; +http://www.bing.com/bingbot.htm) Chrome/116.0.1938.76 Safari/537.36"
65.21.44.205 - - [23/Nov/2024:17:30:19 +0800] "GET /robots.txt HTTP/1.1" 301 591 "-" "Mozilla/5.0 (compatible; AwarioBot/1.0; +https://awario.com/bots.html)"
220.135.127.108 - - [23/Nov/2024:17:30:21 +0800] "POST /wp-cron.php?doing_wp_cron=1732354220.8893010616302490234375 HTTP/1.1" 200 4061 "-" "WordPress/6.7.1; https://www.matador.tw"
65.21.44.205 - - [23/Nov/2024:17:30:20 +0800] "GET /robots.txt HTTP/1.1" 200 4186 "-" "Mozilla/5.0 (compatible; AwarioBot/1.0; +https://awario.com/bots.html)"
65.21.44.205 - - [23/Nov/2024:17:30:22 +0800] "GET / HTTP/1.1" 301 571 "-" "Mozilla/5.0 (compatible; AwarioBot/1.0; +https://awario.com/bots.html)"
65.21.44.205 - - [23/Nov/2024:17:30:22 +0800] "GET /robots.txt HTTP/1.1" 200 479 "-" "Mozilla/5.0 (compatible; AwarioBot/1.0; +https://awario.com/bots.html)"
65.21.44.205 - - [23/Nov/2024:17:30:23 +0800] "GET / HTTP/1.1" 200 26425 "-" "Mozilla/5.0 (compatible; AwarioBot/1.0; +https://awario.com/bots.html)"
34.226.201.24 - - [23/Nov/2024:17:30:42 +0800] "GET / HTTP/1.1" 200 74442 "-" "-"
34.226.201.24 - - [23/Nov/2024:17:30:43 +0800] "GET / HTTP/1.1" 200 70736 "-" "-"
34.226.201.24 - - [23/Nov/2024:17:30:45 +0800] "GET / HTTP/1.1" 200 70736 "-" "-"
45.127.126.88 - - [23/Nov/2024:18:21:36 +0800] "GET /e/data/html/postinfo.js HTTP/1.1" 301 617 "http://www.matador.tw/e/data/html/postinfo.js" "Mozilla/5.0 (compatible; MSIE 9.0; Windows NT 6.1; Win64; x64; Trident/5.0)"
220.135.127.108 - - [23/Nov/2024:18:21:36 +0800] "POST /wp-cron.php?doing_wp_cron=1732357296.8685069084167480468750 HTTP/1.1" 200 4061 "-" "WordPress/6.7.1; https://www.matador.tw"
45.127.126.88 - - [23/Nov/2024:18:21:36 +0800] "GET /e/data/html/postinfo.js HTTP/1.1" 404 72682 "http://www.matador.tw/e/data/html/postinfo.js" "Mozilla/5.0 (compatible; MSIE 9.0; Windows NT 6.1; Win64; x64; Trident/5.0)"
220.135.127.108 - - [23/Nov/2024:18:27:41 +0800] "POST /wp-cron.php?doing_wp_cron=1732357661.1861000061035156250000 HTTP/1.1" 200 4061 "-" "WordPress/6.7.1; https://www.matador.tw"
85.208.96.197 - - [23/Nov/2024:18:27:40 +0800] "GET /robots.txt HTTP/1.1" 200 4149 "-" "Mozilla/5.0 (compatible; SemrushBot/7~bl; +http://www.semrush.com/bot.html)"
185.191.171.17 - - [23/Nov/2024:18:27:42 +0800] "GET /img_6356/ HTTP/1.1" 200 26786 "-" "Mozilla/5.0 (compatible; SemrushBot/7~bl; +http://www.semrush.com/bot.html)"
121.229.156.73 - - [23/Nov/2024:19:05:55 +0800] "GET / HTTP/1.1" 301 534 "-" "Sogou web spider/4.0(+http://www.sogou.com/docs/help/webmasters.htm#07)"
220.135.127.108 - - [23/Nov/2024:19:05:58 +0800] "POST /wp-cron.php?doing_wp_cron=1732359958.0917429924011230468750 HTTP/1.1" 200 4061 "-" "WordPress/6.7.1; https://www.matador.tw"
121.229.156.73 - - [23/Nov/2024:19:05:56 +0800] "GET / HTTP/1.1" 200 26388 "-" "Sogou web spider/4.0(+http://www.sogou.com/docs/help/webmasters.htm#07)"
220.135.127.108 - - [23/Nov/2024:19:11:38 +0800] "POST /wp-cron.php?doing_wp_cron=1732360298.8666689395904541015625 HTTP/1.1" 200 4061 "-" "WordPress/6.7.1; https://www.matador.tw"
223.109.252.218 - - [23/Nov/2024:19:11:38 +0800] "GET / HTTP/1.1" 200 26388 "-" "Sogou web spider/4.0(+http://www.sogou.com/docs/help/webmasters.htm#07)"
220.135.127.108 - - [23/Nov/2024:19:24:40 +0800] "POST /wp-cron.php?doing_wp_cron=1732361080.2621240615844726562500 HTTP/1.1" 200 4061 "-" "WordPress/6.7.1; https://www.matador.tw"
8.212.180.219 - - [23/Nov/2024:19:24:39 +0800] "POST /xmlrpc.php HTTP/1.1" 200 4471 "-" "Mozilla/5.0 (Windows NT 6.1; Win64; x64; rv:58.0) Gecko/20100101 Firefox/58.0"
47.97.74.169 - - [23/Nov/2024:19:24:40 +0800] "POST /xmlrpc.php HTTP/1.1" 200 4047 "-" "Mozilla/5.0 (X11; Linux x86_64) AppleWebKit/537.36 (KHTML, like Gecko) Chrome/44.0.2403.157 Safari/537.36"
8.212.180.219 - - [23/Nov/2024:19:24:41 +0800] "POST /xmlrpc.php HTTP/1.1" 200 4471 "-" "Mozilla/5.0 (Windows NT 6.1; Win64; x64; rv:58.0) Gecko/20100101 Firefox/58.0"
47.97.74.169 - - [23/Nov/2024:19:24:42 +0800] "POST /xmlrpc.php HTTP/1.1" 200 4047 "-" "Mozilla/5.0 (X11; Linux x86_64) AppleWebKit/537.36 (KHTML, like Gecko) Chrome/44.0.2403.157 Safari/537.36"
203.161.63.25 - - [23/Nov/2024:19:24:54 +0800] "POST /xmlrpc.php HTTP/1.1" 200 4471 "-" "Mozilla/5.0 (Linux; Android 6.0.1; RedMi Note 5 Build/RB3N5C; wv) AppleWebKit/537.36 (KHTML, like Gecko) Version/4.0 Chrome/68.0.3440.91 Mobile Safari/537.36"
203.161.63.25 - - [23/Nov/2024:19:24:57 +0800] "POST /xmlrpc.php HTTP/1.1" 200 4471 "-" "Mozilla/5.0 (Linux; Android 6.0.1; RedMi Note 5 Build/RB3N5C; wv) AppleWebKit/537.36 (KHTML, like Gecko) Version/4.0 Chrome/68.0.3440.91 Mobile Safari/537.36"
205.169.39.26 - - [23/Nov/2024:19:25:03 +0800] "GET / HTTP/1.1" 301 515 "-" "Mozilla/5.0 (Windows NT 10.0) AppleWebKit/537.36 (KHTML, like Gecko) Chrome/106.0.0.0 Safari/537.36"
205.169.39.26 - - [23/Nov/2024:19:25:05 +0800] "GET / HTTP/1.1" 200 26369 "http://www.matador.tw" "Mozilla/5.0 (Windows NT 10.0) AppleWebKit/537.36 (KHTML, like Gecko) Chrome/106.0.0.0 Safari/537.36"
156.238.231.140 - - [23/Nov/2024:19:25:17 +0800] "POST /xmlrpc.php HTTP/1.1" 200 4050 "-" "Mozilla/5.0 (Linux; Android 10; LM-Q720) AppleWebKit/537.36 (KHTML, like Gecko) Chrome/91.0.4472.114 Mobile Safari/537.36"
156.238.231.140 - - [23/Nov/2024:19:25:19 +0800] "POST /xmlrpc.php HTTP/1.1" 200 4050 "-" "Mozilla/5.0 (Linux; Android 10; LM-Q720) AppleWebKit/537.36 (KHTML, like Gecko) Chrome/91.0.4472.114 Mobile Safari/537.36"
162.0.232.28 - - [23/Nov/2024:19:25:30 +0800] "POST /xmlrpc.php HTTP/1.1" 200 4470 "-" "Mozilla/5.0 (Windows NT 10.0; Win64; x64) AppleWebKit/537.36 (KHTML, like Gecko) Chrome/85.0.4183.102 Safari/537.36"
162.0.232.28 - - [23/Nov/2024:19:25:32 +0800] "POST /xmlrpc.php HTTP/1.1" 200 4470 "-" "Mozilla/5.0 (Windows NT 10.0; Win64; x64) AppleWebKit/537.36 (KHTML, like Gecko) Chrome/85.0.4183.102 Safari/537.36"
220.135.127.108 - - [23/Nov/2024:19:29:54 +0800] "POST /wp-cron.php?doing_wp_cron=1732361394.9422280788421630859375 HTTP/1.1" 200 4061 "-" "WordPress/6.7.1; https://www.matador.tw"
51.8.102.239 - - [23/Nov/2024:19:29:54 +0800] "GET /robots.txt HTTP/1.1" 200 4177 "-" "Mozilla/5.0 AppleWebKit/537.36 (KHTML, like Gecko); compatible; OAI-SearchBot/1.0; +https://openai.com/searchbot"
220.135.127.108 - - [23/Nov/2024:19:35:18 +0800] "POST /wp-cron.php?doing_wp_cron=1732361718.3587570190429687500000 HTTP/1.1" 200 4061 "-" "WordPress/6.7.1; https://www.matador.tw"
185.233.3.42 - - [23/Nov/2024:19:35:18 +0800] "GET /wp-content/plugins/oa-social-login/readme.txt HTTP/1.1" 404 72536 "-" "Mozilla/4.0 (compatible; MSIE 6.0; Windows NT 5.1; SV1)"
220.135.127.108 - - [23/Nov/2024:19:53:45 +0800] "POST /wp-cron.php?doing_wp_cron=1732362825.5214879512786865234375 HTTP/1.1" 200 4061 "-" "WordPress/6.7.1; https://www.matador.tw"
173.212.208.138 - - [23/Nov/2024:19:53:45 +0800] "POST /xmlrpc.php HTTP/1.1" 200 4050 "-" "Mozilla/5.0 (Windows NT 5.1; Win64; x64) AppleWebKit/537.36 (KHTML, like Gecko) Chrome/60.0.3112.90 Safari/537.36"
63.250.40.100 - - [23/Nov/2024:19:53:45 +0800] "POST /xmlrpc.php HTTP/1.1" 200 4471 "-" "Mozilla/5.0 (Windows NT 10.0; Win64; x64) AppleWebKit/537.36 (KHTML, like Gecko) Chrome/67.0.3396.99 Safari/537.36"
63.250.40.100 - - [23/Nov/2024:19:53:47 +0800] "POST /xmlrpc.php HTTP/1.1" 200 4471 "-" "Mozilla/5.0 (Windows NT 10.0; Win64; x64) AppleWebKit/537.36 (KHTML, like Gecko) Chrome/67.0.3396.99 Safari/537.36"
173.212.208.138 - - [23/Nov/2024:19:53:47 +0800] "POST /xmlrpc.php HTTP/1.1" 200 4050 "-" "Mozilla/5.0 (Windows NT 5.1; Win64; x64) AppleWebKit/537.36 (KHTML, like Gecko) Chrome/60.0.3112.90 Safari/537.36"
159.89.176.50 - - [23/Nov/2024:19:53:49 +0800] "POST /xmlrpc.php HTTP/1.1" 200 4471 "-" "Mozilla/5.0 (Windows NT 10.0; Win64; x64) AppleWebKit/537.36 (KHTML, like Gecko) Chrome/87.0.4280.141 Safari/537.36"
159.89.176.50 - - [23/Nov/2024:19:53:51 +0800] "POST /xmlrpc.php HTTP/1.1" 200 4471 "-" "Mozilla/5.0 (Windows NT 10.0; Win64; x64) AppleWebKit/537.36 (KHTML, like Gecko) Chrome/87.0.4280.141 Safari/537.36"
119.28.78.54 - - [23/Nov/2024:19:54:30 +0800] "POST /xmlrpc.php HTTP/1.1" 200 4470 "-" "Mozilla/5.0 (Windows NT 10.0; Win64; x64; rv:60.0) Gecko/20100101 Firefox/60.0"
119.28.78.54 - - [23/Nov/2024:19:54:31 +0800] "POST /xmlrpc.php HTTP/1.1" 200 4470 "-" "Mozilla/5.0 (Windows NT 10.0; Win64; x64; rv:60.0) Gecko/20100101 Firefox/60.0"
91.212.213.24 - - [23/Nov/2024:19:54:45 +0800] "POST /xmlrpc.php HTTP/1.1" 200 4471 "-" "Mozilla/5.0 (Windows NT 10.0; Win64; x64) AppleWebKit/537.36 (KHTML, like Gecko) Chrome/80.0.3987.149 Safari/537.36"
91.212.213.24 - - [23/Nov/2024:19:54:48 +0800] "POST /xmlrpc.php HTTP/1.1" 200 4471 "-" "Mozilla/5.0 (Windows NT 10.0; Win64; x64) AppleWebKit/537.36 (KHTML, like Gecko) Chrome/80.0.3987.149 Safari/537.36"
43.159.145.149 - - [23/Nov/2024:20:01:31 +0800] "GET / HTTP/1.1" 301 522 "-" "Mozilla/5.0 (iPhone; CPU iPhone OS 13_2_3 like Mac OS X) AppleWebKit/605.1.15 (KHTML, like Gecko) Version/13.0.3 Mobile/15E148 Safari/604.1"
220.135.127.108 - - [23/Nov/2024:20:01:32 +0800] "POST /wp-cron.php?doing_wp_cron=1732363292.7509100437164306640625 HTTP/1.1" 200 4061 "-" "WordPress/6.7.1; https://www.matador.tw"
43.159.145.149 - - [23/Nov/2024:20:01:32 +0800] "GET / HTTP/1.1" 301 3997 "http://matador.tw" "Mozilla/5.0 (iPhone; CPU iPhone OS 13_2_3 like Mac OS X) AppleWebKit/605.1.15 (KHTML, like Gecko) Version/13.0.3 Mobile/15E148 Safari/604.1"
43.159.145.149 - - [23/Nov/2024:20:01:35 +0800] "GET / HTTP/1.1" 200 26388 "https://matador.tw/" "Mozilla/5.0 (iPhone; CPU iPhone OS 13_2_3 like Mac OS X) AppleWebKit/605.1.15 (KHTML, like Gecko) Version/13.0.3 Mobile/15E148 Safari/604.1"
220.135.127.108 - - [23/Nov/2024:20:37:57 +0800] "POST /wp-cron.php?doing_wp_cron=1732365477.7091090679168701171875 HTTP/1.1" 200 4061 "-" "WordPress/6.7.1; https://www.matador.tw"
46.4.68.19 - - [23/Nov/2024:20:37:57 +0800] "POST /xmlrpc.php HTTP/1.1" 200 4468 "-" "Mozilla/5.0 (Windows NT 10.0; Win64; x64; rv:85.0) Gecko/20100101 Firefox/85.0"
46.4.68.19 - - [23/Nov/2024:20:37:59 +0800] "POST /xmlrpc.php HTTP/1.1" 200 4468 "-" "Mozilla/5.0 (Windows NT 10.0; Win64; x64; rv:85.0) Gecko/20100101 Firefox/85.0"
220.135.127.108 - - [23/Nov/2024:20:38:21 +0800] "POST /wp-cron.php?doing_wp_cron=1732365501.2874319553375244140625 HTTP/1.1" 200 4061 "-" "WordPress/6.7.1; https://www.matador.tw"
91.212.213.24 - - [23/Nov/2024:20:38:21 +0800] "POST /xmlrpc.php HTTP/1.1" 200 4471 "-" "Mozilla/5.0 (Windows NT 6.1; Win64; x64; rv:25.0) Gecko/20100101 Firefox/29.0"
91.212.213.24 - - [23/Nov/2024:20:38:23 +0800] "POST /xmlrpc.php HTTP/1.1" 200 4471 "-" "Mozilla/5.0 (Windows NT 6.1; Win64; x64; rv:25.0) Gecko/20100101 Firefox/29.0"
49.13.170.156 - - [23/Nov/2024:20:38:32 +0800] "POST /xmlrpc.php HTTP/1.1" 200 4471 "-" "Mozilla/5.0 (Windows NT 6.3; Win64; x64; rv:73.0) Gecko/20100101 Firefox/73.0"
49.13.170.156 - - [23/Nov/2024:20:38:35 +0800] "POST /xmlrpc.php HTTP/1.1" 200 4471 "-" "Mozilla/5.0 (Windows NT 6.3; Win64; x64; rv:73.0) Gecko/20100101 Firefox/73.0"
220.135.127.108 - - [23/Nov/2024:20:38:46 +0800] "POST /wp-cron.php?doing_wp_cron=1732365526.1518011093139648437500 HTTP/1.1" 200 4061 "-" "WordPress/6.7.1; https://www.matador.tw"
82.77.184.46 - - [23/Nov/2024:20:38:45 +0800] "POST /xmlrpc.php HTTP/1.1" 200 4047 "-" "Mozilla/5.0 (Windows NT 10.0; Win64; x64; rv:58.0) Gecko/20100101 Firefox/58.0"
173.236.249.89 - - [23/Nov/2024:20:38:46 +0800] "POST /xmlrpc.php HTTP/1.1" 200 4472 "-" "Mozilla/5.0 (Windows NT 10.0; Win64; x64; rv:84.0) Gecko/20100101 Firefox/84.0"
173.236.249.89 - - [23/Nov/2024:20:38:49 +0800] "POST /xmlrpc.php HTTP/1.1" 200 4472 "-" "Mozilla/5.0 (Windows NT 10.0; Win64; x64; rv:84.0) Gecko/20100101 Firefox/84.0"
82.77.184.46 - - [23/Nov/2024:20:38:49 +0800] "POST /xmlrpc.php HTTP/1.1" 200 4047 "-" "Mozilla/5.0 (Windows NT 10.0; Win64; x64; rv:58.0) Gecko/20100101 Firefox/58.0"
76.98.88.90 - - [23/Nov/2024:20:39:11 +0800] "POST /xmlrpc.php HTTP/1.1" 200 4469 "-" "Mozilla/5.0 (Windows NT 5.1; rv:30.0) Gecko/20100101 Firefox/30.0"
76.98.88.90 - - [23/Nov/2024:20:39:14 +0800] "POST /xmlrpc.php HTTP/1.1" 200 4469 "-" "Mozilla/5.0 (Windows NT 5.1; rv:30.0) Gecko/20100101 Firefox/30.0"
43.229.85.230 - - [23/Nov/2024:20:39:35 +0800] "POST /xmlrpc.php HTTP/1.1" 200 4471 "-" "Mozilla/5.0 (Windows NT 6.3; Win64; x64; rv:73.0) Gecko/20100101 Firefox/73.0"
43.229.85.230 - - [23/Nov/2024:20:39:37 +0800] "POST /xmlrpc.php HTTP/1.1" 200 4471 "-" "Mozilla/5.0 (Windows NT 6.3; Win64; x64; rv:73.0) Gecko/20100101 Firefox/73.0"
8.29.198.26 - - [23/Nov/2024:20:46:14 +0800] "GET /?feed=rss2 HTTP/1.1" 301 554 "-" "Feedly/1.0 (+http://www.feedly.com/fetcher.html; 1 subscribers; )"
220.135.127.108 - - [23/Nov/2024:20:46:15 +0800] "POST /wp-cron.php?doing_wp_cron=1732365975.9414339065551757812500 HTTP/1.1" 200 4061 "-" "WordPress/6.7.1; https://www.matador.tw"
8.29.198.26 - - [23/Nov/2024:20:46:15 +0800] "GET /?feed=rss2 HTTP/1.1" 301 4149 "-" "Feedly/1.0 (+http://www.feedly.com/fetcher.html; 1 subscribers; )"
8.29.198.26 - - [23/Nov/2024:20:46:17 +0800] "GET /feed/ HTTP/1.1" 200 1469 "-" "Feedly/1.0 (+http://www.feedly.com/fetcher.html; 1 subscribers; )"
143.110.146.147 - - [23/Nov/2024:20:46:31 +0800] "GET / HTTP/1.1" 301 503 "-" "Mozilla/5.0 (X11; Linux x86_64) AppleWebKit/537.36 (KHTML, like Gecko) Chrome/129.0.0.0 Safari/537.36"
143.110.146.147 - - [23/Nov/2024:20:46:32 +0800] "GET / HTTP/1.1" 301 3978 "-" "Mozilla/5.0 (X11; Linux x86_64) AppleWebKit/537.36 (KHTML, like Gecko) Chrome/129.0.0.0 Safari/537.36"
110.227.202.138 - - [23/Nov/2024:20:49:07 +0800] "GET /wordpress/wp-login.php HTTP/1.1" 301 603 "-" "Mozilla/5.0 (X11; Ubuntu; Linux x86_64; rv:62.0) Gecko/20100101 Firefox/62.0"
220.135.127.108 - - [23/Nov/2024:20:49:09 +0800] "POST /wp-cron.php?doing_wp_cron=1732366149.1112010478973388671875 HTTP/1.1" 200 4061 "-" "WordPress/6.7.1; https://www.matador.tw"
110.227.202.138 - - [23/Nov/2024:20:49:08 +0800] "GET /wordpress/wp-login.php HTTP/1.1" 301 3445 "http://matador.tw/wordpress/wp-login.php" "Mozilla/5.0 (X11; Ubuntu; Linux x86_64; rv:62.0) Gecko/20100101 Firefox/62.0"
110.227.202.138 - - [23/Nov/2024:20:49:10 +0800] "GET /wordpress/wp-login.php HTTP/1.1" 404 71772 "https://matador.tw/wordpress/wp-login.php" "Mozilla/5.0 (X11; Ubuntu; Linux x86_64; rv:62.0) Gecko/20100101 Firefox/62.0"
220.135.127.108 - - [23/Nov/2024:20:54:53 +0800] "POST /wp-cron.php?doing_wp_cron=1732366493.9614889621734619140625 HTTP/1.1" 200 4061 "-" "WordPress/6.7.1; https://www.matador.tw"
171.244.43.14 - - [23/Nov/2024:20:54:53 +0800] "GET /robots.txt HTTP/1.1" 200 4130 "-" "Mozilla/5.0 (Linux; Android 10; K) AppleWebKit/537.36 (KHTML, like Gecko) Chrome/122.0.0.0 Mobile Safari/537.36"
171.244.43.14 - - [23/Nov/2024:20:54:55 +0800] "GET / HTTP/1.1" 200 22663 "-" "Mozilla/5.0 (Linux; Android 10; K) AppleWebKit/537.36 (KHTML, like Gecko) Chrome/122.0.0.0 Mobile Safari/537.36"
159.203.21.127 - - [23/Nov/2024:20:55:13 +0800] "GET / HTTP/1.1" 301 515 "-" "Mozilla/5.0 (X11; Linux x86_64) AppleWebKit/537.36 (KHTML, like Gecko) Chrome/129.0.0.0 Safari/537.36"
220.135.127.108 - - [23/Nov/2024:20:55:14 +0800] "POST /wp-cron.php?doing_wp_cron=1732366514.5679109096527099609375 HTTP/1.1" 200 4061 "-" "WordPress/6.7.1; https://www.matador.tw"
159.203.21.127 - - [23/Nov/2024:20:55:14 +0800] "GET / HTTP/1.1" 200 26369 "-" "Mozilla/5.0 (X11; Linux x86_64) AppleWebKit/537.36 (KHTML, like Gecko) Chrome/129.0.0.0 Safari/537.36"
159.203.21.127 - - [23/Nov/2024:20:55:19 +0800] "GET /favicon.ico HTTP/1.1" 302 4076 "https://www.matador.tw/" "Mozilla/5.0 (X11; Linux x86_64) AppleWebKit/537.36 (KHTML, like Gecko) Chrome/129.0.0.0 Safari/537.36"
220.135.127.108 - - [23/Nov/2024:21:18:17 +0800] "POST /wp-cron.php?doing_wp_cron=1732367897.2007229328155517578125 HTTP/1.1" 200 4061 "-" "WordPress/6.7.1; https://www.matador.tw"
106.75.132.125 - - [23/Nov/2024:21:18:16 +0800] "GET / HTTP/1.1" 301 3997 "https://webmail.ibk.89-22-115-205.plesk.page" "Mozilla/5.0 (Windows NT 6.1) AppleWebKit/537.36 (KHTML, like Gecko) Chrome/49.0.2623.112 Safari/537.36"
106.75.164.149 - - [23/Nov/2024:21:19:09 +0800] "GET / HTTP/1.1" 200 74461 "http://www.jmlstudio.cn" "Mozilla/5.0 (Windows NT 6.1) AppleWebKit/537.36 (KHTML, like Gecko) Chrome/49.0.2623.112 Safari/537.36"
106.75.173.165 - - [23/Nov/2024:21:19:11 +0800] "GET / HTTP/1.1" 301 522 "http://jnty6702.com" "Mozilla/5.0 (Windows NT 6.1) AppleWebKit/537.36 (KHTML, like Gecko) Chrome/49.0.2623.112 Safari/537.36"
106.75.173.165 - - [23/Nov/2024:21:19:15 +0800] "GET / HTTP/1.1" 301 3997 "http://jnty6702.com" "Mozilla/5.0 (Windows NT 6.1) AppleWebKit/537.36 (KHTML, like Gecko) Chrome/49.0.2623.112 Safari/537.36"
106.75.168.5 - - [23/Nov/2024:21:19:20 +0800] "GET / HTTP/1.1" 301 534 "https://190.119.72.47" "Mozilla/5.0 (Windows NT 6.1) AppleWebKit/537.36 (KHTML, like Gecko) Chrome/49.0.2623.112 Safari/537.36"
106.75.164.149 - - [23/Nov/2024:21:19:20 +0800] "GET /favicon.ico HTTP/1.1" 302 4095 "https://www.matador.tw" "Mozilla/5.0 (Windows NT 6.1) AppleWebKit/537.36 (KHTML, like Gecko) Chrome/49.0.2623.112 Safari/537.36"
106.75.164.149 - - [23/Nov/2024:21:19:22 +0800] "GET /wp-includes/images/w-logo-blue-white-bg.png HTTP/1.1" 200 8119 "https://www.matador.tw" "Mozilla/5.0 (Windows NT 6.1) AppleWebKit/537.36 (KHTML, like Gecko) Chrome/49.0.2623.112 Safari/537.36"
106.75.168.5 - - [23/Nov/2024:21:19:23 +0800] "GET / HTTP/1.1" 200 74461 "https://190.119.72.47" "Mozilla/5.0 (Windows NT 6.1) AppleWebKit/537.36 (KHTML, like Gecko) Chrome/49.0.2623.112 Safari/537.36"
106.75.164.149 - - [23/Nov/2024:21:19:24 +0800] "GET /wp-includes/js/jquery/jquery.min.js?ver=3.7.1 HTTP/1.1" 200 91701 "http://7723sdk.wap.7723.com" "Mozilla/5.0 (Windows NT 6.1) AppleWebKit/537.36 (KHTML, like Gecko) Chrome/49.0.2623.112 Safari/537.36"
106.75.164.149 - - [23/Nov/2024:21:19:26 +0800] "GET /wp-includes/js/jquery/jquery-migrate.min.js?ver=3.4.1 HTTP/1.1" 200 17614 "http://stahlberg-haller.com" "Mozilla/5.0 (Windows NT 6.1) AppleWebKit/537.36 (KHTML, like Gecko) Chrome/49.0.2623.112 Safari/537.36"
106.75.164.149 - - [23/Nov/2024:21:19:28 +0800] "GET /wp-content/themes/twentyseventeen/assets/js/global.js?ver=20211130 HTTP/1.1" 200 11861 "http://stahlberg-haller.com" "Mozilla/5.0 (Windows NT 6.1) AppleWebKit/537.36 (KHTML, like Gecko) Chrome/49.0.2623.112 Safari/537.36"
106.75.168.5 - - [23/Nov/2024:21:19:29 +0800] "GET /favicon.ico HTTP/1.1" 302 4095 "https://www.matador.tw" "Mozilla/5.0 (Windows NT 6.1) AppleWebKit/537.36 (KHTML, like Gecko) Chrome/49.0.2623.112 Safari/537.36"
106.75.164.149 - - [23/Nov/2024:21:19:30 +0800] "GET /wp-content/themes/twentyseventeen/assets/js/jquery.scrollTo.js?ver=2.1.3 HTTP/1.1" 200 9853 "http://stahlberg-haller.com" "Mozilla/5.0 (Windows NT 6.1) AppleWebKit/537.36 (KHTML, like Gecko) Chrome/49.0.2623.112 Safari/537.36"
106.75.168.5 - - [23/Nov/2024:21:19:33 +0800] "GET /wp-includes/images/w-logo-blue-white-bg.png HTTP/1.1" 200 8119 "https://www.matador.tw" "Mozilla/5.0 (Windows NT 6.1) AppleWebKit/537.36 (KHTML, like Gecko) Chrome/49.0.2623.112 Safari/537.36"
106.75.168.5 - - [23/Nov/2024:21:19:43 +0800] "GET /wp-includes/js/jquery/jquery.min.js?ver=3.7.1 HTTP/1.1" 200 91701 "https://webmail.diedrachenreiter.com" "Mozilla/5.0 (Windows NT 6.1) AppleWebKit/537.36 (KHTML, like Gecko) Chrome/49.0.2623.112 Safari/537.36"
220.135.50.250 - - [23/Nov/2024:21:19:48 +0800] "GET /wp-content/uploads/2018/03/f10_b5.jpg?w=640 HTTP/1.1" 200 1303602 "-" "Mozilla/5.0 (Android 12; Mobile; rv:132.0) Gecko/132.0 Firefox/132.0"
220.135.50.250 - - [23/Nov/2024:21:19:48 +0800] "GET /wp-content/uploads/2018/03/f10_b5.jpg HTTP/1.1" 200 1306792 "-" "Mozilla/5.0 (Android 12; Mobile; rv:132.0) Gecko/132.0 Firefox/132.0"
106.75.168.5 - - [23/Nov/2024:21:20:01 +0800] "GET /wp-includes/js/jquery/jquery-migrate.min.js?ver=3.4.1 HTTP/1.1" 200 17614 "https://mail.cobalt.love" "Mozilla/5.0 (Windows NT 6.1) AppleWebKit/537.36 (KHTML, like Gecko) Chrome/49.0.2623.112 Safari/537.36"
106.75.168.5 - - [23/Nov/2024:21:20:03 +0800] "GET /wp-content/themes/twentyseventeen/assets/js/global.js?ver=20211130 HTTP/1.1" 200 11861 "https://babyambassadors.nestle-mena.com" "Mozilla/5.0 (Windows NT 6.1) AppleWebKit/537.36 (KHTML, like Gecko) Chrome/49.0.2623.112 Safari/537.36"
106.75.168.5 - - [23/Nov/2024:21:20:04 +0800] "GET /wp-content/themes/twentyseventeen/assets/js/jquery.scrollTo.js?ver=2.1.3 HTTP/1.1" 200 9853 "http://38.33.154.189:6001" "Mozilla/5.0 (Windows NT 6.1) AppleWebKit/537.36 (KHTML, like Gecko) Chrome/49.0.2623.112 Safari/537.36"
220.135.127.108 - - [23/Nov/2024:21:29:31 +0800] "POST /wp-cron.php?doing_wp_cron=1732368571.2099940776824951171875 HTTP/1.1" 200 4061 "-" "WordPress/6.7.1; https://www.matador.tw"
18.246.252.195 - - [23/Nov/2024:21:29:30 +0800] "GET / HTTP/1.1" 301 3978 "-" "Mozilla/5.0 (compatible; MyCrawler/1.0)"
18.246.252.195 - - [23/Nov/2024:21:29:32 +0800] "GET / HTTP/1.1" 200 74442 "https://matador.tw" "Mozilla/5.0 (compatible; MyCrawler/1.0)"
176.125.230.141 - - [23/Nov/2024:21:31:25 +0800] "GET /favicon.ico HTTP/1.1" 301 525 "-" "Go-http-client/1.1"
98.159.40.4 - - [23/Nov/2024:21:31:27 +0800] "GET /favicon.ico HTTP/1.1" 302 4123 "http://matador.tw:80/favicon.ico" "Go-http-client/1.1"
98.159.40.4 - - [23/Nov/2024:21:31:30 +0800] "GET /wp-includes/images/w-logo-blue-white-bg.png HTTP/1.1" 200 8147 "https://matador.tw/favicon.ico" "Go-http-client/1.1"
220.135.127.108 - - [23/Nov/2024:21:34:37 +0800] "POST /wp-cron.php?doing_wp_cron=1732368877.7008049488067626953125 HTTP/1.1" 200 4061 "-" "WordPress/6.7.1; https://www.matador.tw"
91.90.126.139 - - [23/Nov/2024:21:34:37 +0800] "GET /favicon.ico HTTP/1.1" 302 4123 "-" "Go-http-client/1.1"
173.244.58.8 - - [23/Nov/2024:21:34:40 +0800] "GET /wp-includes/images/w-logo-blue-white-bg.png HTTP/1.1" 200 8147 "https://matador.tw:443/favicon.ico" "Go-http-client/1.1"
220.135.127.108 - - [23/Nov/2024:21:46:50 +0800] "POST /wp-cron.php?doing_wp_cron=1732369610.3924450874328613281250 HTTP/1.1" 200 4061 "-" "WordPress/6.7.1; https://www.matador.tw"
185.191.171.9 - - [23/Nov/2024:21:46:49 +0800] "GET /robots.txt HTTP/1.1" 200 4149 "-" "Mozilla/5.0 (compatible; SemrushBot/7~bl; +http://www.semrush.com/bot.html)"
85.208.96.201 - - [23/Nov/2024:21:46:51 +0800] "GET /n47d20c/ HTTP/1.1" 200 26767 "-" "Mozilla/5.0 (compatible; SemrushBot/7~bl; +http://www.semrush.com/bot.html)"
220.135.127.108 - - [23/Nov/2024:21:49:01 +0800] "POST /wp-cron.php?doing_wp_cron=1732369740.9031400680541992187500 HTTP/1.1" 200 4061 "-" "WordPress/6.7.1; https://www.matador.tw"
85.208.96.197 - - [23/Nov/2024:21:49:00 +0800] "GET /img_1144/ HTTP/1.1" 200 26808 "-" "Mozilla/5.0 (compatible; SemrushBot/7~bl; +http://www.semrush.com/bot.html)"
220.135.127.108 - - [23/Nov/2024:21:56:59 +0800] "POST /wp-cron.php?doing_wp_cron=1732370219.4084939956665039062500 HTTP/1.1" 200 4061 "-" "WordPress/6.7.1; https://www.matador.tw"
117.54.215.10 - - [23/Nov/2024:21:56:59 +0800] "POST /xmlrpc.php HTTP/1.1" 200 4048 "-" "Mozilla/5.0 (Windows NT 10.0; WOW64) AppleWebKit/537.36 (KHTML, like Gecko) Chrome/72.0.3626.121 Safari/537.36"
117.54.215.10 - - [23/Nov/2024:21:57:01 +0800] "POST /xmlrpc.php HTTP/1.1" 200 4048 "-" "Mozilla/5.0 (Windows NT 10.0; WOW64) AppleWebKit/537.36 (KHTML, like Gecko) Chrome/72.0.3626.121 Safari/537.36"
8.218.163.254 - - [23/Nov/2024:21:57:01 +0800] "POST /xmlrpc.php HTTP/1.1" 200 4048 "-" "Mozilla/5.0 (Windows NT 10.0; Win64; x64) AppleWebKit/537.36 (KHTML, like Gecko) Chrome/90.0.4430.93 Safari/537.36"
8.218.163.254 - - [23/Nov/2024:21:57:03 +0800] "POST /xmlrpc.php HTTP/1.1" 200 4048 "-" "Mozilla/5.0 (Windows NT 10.0; Win64; x64) AppleWebKit/537.36 (KHTML, like Gecko) Chrome/90.0.4430.93 Safari/537.36"
117.54.215.10 - - [23/Nov/2024:21:57:20 +0800] "POST /xmlrpc.php HTTP/1.1" 200 4048 "-" "Mozilla/5.0 (Windows NT 10.0; Win64; x64; rv:57.0) Gecko/20100101 Firefox/57.0"
117.54.215.10 - - [23/Nov/2024:21:57:21 +0800] "POST /xmlrpc.php HTTP/1.1" 200 4048 "-" "Mozilla/5.0 (Windows NT 10.0; Win64; x64; rv:57.0) Gecko/20100101 Firefox/57.0"
116.48.52.197 - - [23/Nov/2024:21:57:21 +0800] "POST /xmlrpc.php HTTP/1.1" 200 4471 "-" "Mozilla/5.0 (Windows NT 10.0; Win64; x64) AppleWebKit/537.36 (KHTML, like Gecko) Chrome/79.0.3945.130 Safari/537.36"
116.48.52.197 - - [23/Nov/2024:21:57:28 +0800] "POST /xmlrpc.php HTTP/1.1" 200 4471 "-" "Mozilla/5.0 (Windows NT 10.0; Win64; x64) AppleWebKit/537.36 (KHTML, like Gecko) Chrome/79.0.3945.130 Safari/537.36"
95.216.1.46 - - [23/Nov/2024:21:57:30 +0800] "POST /xmlrpc.php HTTP/1.1" 200 4469 "-" "Mozilla/5.0 (Windows NT 10.0; WOW64) AppleWebKit/537.36 (KHTML, like Gecko) Chrome/72.0.3626.121 Safari/537.36"
95.216.1.46 - - [23/Nov/2024:21:57:33 +0800] "POST /xmlrpc.php HTTP/1.1" 200 4469 "-" "Mozilla/5.0 (Windows NT 10.0; WOW64) AppleWebKit/537.36 (KHTML, like Gecko) Chrome/72.0.3626.121 Safari/537.36"
106.54.51.214 - - [23/Nov/2024:21:57:35 +0800] "POST /xmlrpc.php HTTP/1.1" 200 4048 "-" "Mozilla/5.0 (Macintosh; Intel Mac OS X 11_4) AppleWebKit/537.36 (KHTML, like Gecko) Chrome/91.0.4472.114 Safari/537.36"
82.165.230.7 - - [23/Nov/2024:21:57:36 +0800] "POST /xmlrpc.php HTTP/1.1" 200 4470 "-" "Mozilla/5.0 (Windows NT 10.0; Win64; x64) AppleWebKit/537.36 (KHTML, like Gecko) Chrome/91.0.4472.114 Safari/537.36"
82.165.230.7 - - [23/Nov/2024:21:57:38 +0800] "POST /xmlrpc.php HTTP/1.1" 200 4470 "-" "Mozilla/5.0 (Windows NT 10.0; Win64; x64) AppleWebKit/537.36 (KHTML, like Gecko) Chrome/91.0.4472.114 Safari/537.36"
106.54.51.214 - - [23/Nov/2024:21:57:40 +0800] "POST /xmlrpc.php HTTP/1.1" 200 4048 "-" "Mozilla/5.0 (Macintosh; Intel Mac OS X 11_4) AppleWebKit/537.36 (KHTML, like Gecko) Chrome/91.0.4472.114 Safari/537.36"
159.89.176.50 - - [23/Nov/2024:21:57:43 +0800] "POST /xmlrpc.php HTTP/1.1" 200 4471 "-" "Mozilla/5.0 (Windows NT 10.0; Win64; x64) AppleWebKit/537.36 (KHTML, like Gecko) Chrome/74.0.3729.131 Safari/537.36"
159.89.176.50 - - [23/Nov/2024:21:57:45 +0800] "POST /xmlrpc.php HTTP/1.1" 200 4471 "-" "Mozilla/5.0 (Windows NT 10.0; Win64; x64) AppleWebKit/537.36 (KHTML, like Gecko) Chrome/74.0.3729.131 Safari/537.36"
220.135.127.108 - - [23/Nov/2024:21:57:58 +0800] "POST /wp-cron.php?doing_wp_cron=1732370278.2634379863739013671875 HTTP/1.1" 200 4061 "-" "WordPress/6.7.1; https://www.matador.tw"
178.210.76.189 - - [23/Nov/2024:21:57:57 +0800] "POST /xmlrpc.php HTTP/1.1" 200 4472 "-" "Mozilla/5.0 (Windows NT 10.0; Win64; x64) AppleWebKit/537.36 (KHTML, like Gecko) Chrome/69.0.3497.100 Safari/537.36"
49.13.170.156 - - [23/Nov/2024:21:57:58 +0800] "POST /xmlrpc.php HTTP/1.1" 200 4471 "-" "Mozilla/5.0 (Windows NT 10.0; Win64; x64) AppleWebKit/537.36 (KHTML, like Gecko) Chrome/80.0.3987.149 Safari/537.36"
49.13.170.156 - - [23/Nov/2024:21:58:00 +0800] "POST /xmlrpc.php HTTP/1.1" 200 4471 "-" "Mozilla/5.0 (Windows NT 10.0; Win64; x64) AppleWebKit/537.36 (KHTML, like Gecko) Chrome/80.0.3987.149 Safari/537.36"
178.210.76.189 - - [23/Nov/2024:21:58:00 +0800] "POST /xmlrpc.php HTTP/1.1" 200 4472 "-" "Mozilla/5.0 (Windows NT 10.0; Win64; x64) AppleWebKit/537.36 (KHTML, like Gecko) Chrome/69.0.3497.100 Safari/537.36"
94.130.67.118 - - [23/Nov/2024:21:58:01 +0800] "POST /xmlrpc.php HTTP/1.1" 200 4471 "-" "Mozilla/5.0 (Windows NT 10.0; Win64; x64) AppleWebKit/537.36 (KHTML, like Gecko) Chrome/89.0.4389.90 Safari/537.36"
94.130.67.118 - - [23/Nov/2024:21:58:03 +0800] "POST /xmlrpc.php HTTP/1.1" 200 4471 "-" "Mozilla/5.0 (Windows NT 10.0; Win64; x64) AppleWebKit/537.36 (KHTML, like Gecko) Chrome/89.0.4389.90 Safari/537.36"
220.135.127.108 - - [23/Nov/2024:21:58:18 +0800] "POST /wp-cron.php?doing_wp_cron=1732370298.4107089042663574218750 HTTP/1.1" 200 4061 "-" "WordPress/6.7.1; https://www.matador.tw"
91.212.213.24 - - [23/Nov/2024:21:58:18 +0800] "POST /xmlrpc.php HTTP/1.1" 200 4471 "-" "Mozilla/5.0 (Linux; Android 10; LM-X420) AppleWebKit/537.36 (KHTML, like Gecko) Chrome/91.0.4472.114 Mobile Safari/537.36"
91.212.213.24 - - [23/Nov/2024:21:58:21 +0800] "POST /xmlrpc.php HTTP/1.1" 200 4471 "-" "Mozilla/5.0 (Linux; Android 10; LM-X420) AppleWebKit/537.36 (KHTML, like Gecko) Chrome/91.0.4472.114 Mobile Safari/537.36"
85.208.96.202 - - [23/Nov/2024:21:59:23 +0800] "GET /img_1158_before/ HTTP/1.1" 200 26791 "-" "Mozilla/5.0 (compatible; SemrushBot/7~bl; +http://www.semrush.com/bot.html)"
143.198.35.48 - - [23/Nov/2024:22:00:53 +0800] "GET / HTTP/1.1" 301 515 "-" "Mozilla/5.0 (X11; Linux x86_64) AppleWebKit/537.36 (KHTML, like Gecko) Chrome/129.0.0.0 Safari/537.36"
143.198.35.48 - - [23/Nov/2024:22:00:53 +0800] "GET / HTTP/1.1" 200 26369 "-" "Mozilla/5.0 (X11; Linux x86_64) AppleWebKit/537.36 (KHTML, like Gecko) Chrome/129.0.0.0 Safari/537.36"
143.198.35.48 - - [23/Nov/2024:22:00:58 +0800] "GET /favicon.ico HTTP/1.1" 302 4076 "https://www.matador.tw/" "Mozilla/5.0 (X11; Linux x86_64) AppleWebKit/537.36 (KHTML, like Gecko) Chrome/129.0.0.0 Safari/537.36"
220.135.127.108 - - [23/Nov/2024:22:15:35 +0800] "POST /wp-cron.php?doing_wp_cron=1732371335.4101929664611816406250 HTTP/1.1" 200 4061 "-" "WordPress/6.7.1; https://www.matador.tw"
112.86.225.251 - - [23/Nov/2024:22:15:34 +0800] "GET / HTTP/1.1" 200 26388 "-" "Sogou web spider/4.0(+http://www.sogou.com/docs/help/webmasters.htm#07)"
104.168.151.122 - - [23/Nov/2024:22:31:26 +0800] "GET / HTTP/1.1" 301 571 "http://songshin.com?%E6%AD%90%E7%B8%BD%E8%B2%BF%E6%98%93%E6%9C%89%E9%99%90%E5%85%AC%E5%8F%B8,41" "Mozilla/5.0 (Macintosh; Intel Mac OS X 12_5) AppleWebKit/537.36 (KHTML, like Gecko) Chrome/114.0.0.0 Safari/537.36 Vivaldi/5.3.2679.68"
220.135.127.108 - - [23/Nov/2024:22:31:27 +0800] "POST /wp-cron.php?doing_wp_cron=1732372287.7188920974731445312500 HTTP/1.1" 200 4061 "-" "WordPress/6.7.1; https://www.matador.tw"
104.168.151.122 - - [23/Nov/2024:22:31:27 +0800] "GET / HTTP/1.1" 200 26425 "http://www.matador.tw/" "Mozilla/5.0 (Macintosh; Intel Mac OS X 12_5) AppleWebKit/537.36 (KHTML, like Gecko) Chrome/114.0.0.0 Safari/537.36 Vivaldi/5.3.2679.68"
220.135.127.108 - - [23/Nov/2024:22:38:13 +0800] "POST /wp-cron.php?doing_wp_cron=1732372693.4619009494781494140625 HTTP/1.1" 200 4061 "-" "WordPress/6.7.1; https://www.matador.tw"
185.191.171.9 - - [23/Nov/2024:22:38:12 +0800] "GET /jf08gdiyqh24ebuwhvyd0q/ HTTP/1.1" 200 26829 "-" "Mozilla/5.0 (compatible; SemrushBot/7~bl; +http://www.semrush.com/bot.html)"
220.135.127.108 - - [23/Nov/2024:22:48:17 +0800] "POST /wp-cron.php?doing_wp_cron=1732373297.7864270210266113281250 HTTP/1.1" 200 4061 "-" "WordPress/6.7.1; https://www.matador.tw"
203.161.63.25 - - [23/Nov/2024:22:48:17 +0800] "POST /xmlrpc.php HTTP/1.1" 200 4471 "-" "Mozilla/5.0 (Windows NT 6.1; WOW64; rv:45.0) Gecko/20100101 Firefox/45.0"
203.161.63.25 - - [23/Nov/2024:22:48:20 +0800] "POST /xmlrpc.php HTTP/1.1" 200 4471 "-" "Mozilla/5.0 (Windows NT 6.1; WOW64; rv:45.0) Gecko/20100101 Firefox/45.0"
95.216.1.46 - - [23/Nov/2024:22:48:20 +0800] "POST /xmlrpc.php HTTP/1.1" 200 4469 "-" "Mozilla/5.0 (Windows NT 6.1; Win64; x64) AppleWebKit/537.36 (KHTML, like Gecko) Chrome/60.0.3112.90 Safari/537.36"
95.216.1.46 - - [23/Nov/2024:22:48:22 +0800] "POST /xmlrpc.php HTTP/1.1" 200 4469 "-" "Mozilla/5.0 (Windows NT 6.1; Win64; x64) AppleWebKit/537.36 (KHTML, like Gecko) Chrome/60.0.3112.90 Safari/537.36"
46.4.68.19 - - [23/Nov/2024:22:48:37 +0800] "POST /xmlrpc.php HTTP/1.1" 200 4468 "-" "Mozilla/5.0 (Windows NT 6.3; Win64; x64) AppleWebKit/537.36 (KHTML, like Gecko) Chrome/60.0.3112.113 Safari/537.36"
46.4.68.19 - - [23/Nov/2024:22:48:39 +0800] "POST /xmlrpc.php HTTP/1.1" 200 4468 "-" "Mozilla/5.0 (Windows NT 6.3; Win64; x64) AppleWebKit/537.36 (KHTML, like Gecko) Chrome/60.0.3112.113 Safari/537.36"
106.54.51.214 - - [23/Nov/2024:22:48:43 +0800] "POST /xmlrpc.php HTTP/1.1" 200 4048 "-" "Mozilla/5.0 (Windows NT 5.1; rv:40.0) Gecko/20100101 Firefox/40.0"
79.96.237.49 - - [23/Nov/2024:22:48:43 +0800] "POST /xmlrpc.php HTTP/1.1" 200 4470 "-" "Mozilla/5.0 (Windows NT 10.0; Win64; x64) AppleWebKit/537.36 (KHTML, like Gecko) Chrome/74.0.3729.131 Safari/537.36"
106.54.51.214 - - [23/Nov/2024:22:48:44 +0800] "POST /xmlrpc.php HTTP/1.1" 200 4048 "-" "Mozilla/5.0 (Windows NT 5.1; rv:40.0) Gecko/20100101 Firefox/40.0"
79.96.237.49 - - [23/Nov/2024:22:48:45 +0800] "POST /xmlrpc.php HTTP/1.1" 200 4470 "-" "Mozilla/5.0 (Windows NT 10.0; Win64; x64) AppleWebKit/537.36 (KHTML, like Gecko) Chrome/74.0.3729.131 Safari/537.36"
63.250.40.100 - - [23/Nov/2024:22:48:48 +0800] "POST /xmlrpc.php HTTP/1.1" 200 4471 "-" "Mozilla/5.0 (Windows NT 10.0; Win64; x64; rv:66.0) Gecko/20100101 Firefox/66.0"
63.250.40.100 - - [23/Nov/2024:22:48:50 +0800] "POST /xmlrpc.php HTTP/1.1" 200 4471 "-" "Mozilla/5.0 (Windows NT 10.0; Win64; x64; rv:66.0) Gecko/20100101 Firefox/66.0"
91.212.213.24 - - [23/Nov/2024:22:49:06 +0800] "POST /xmlrpc.php HTTP/1.1" 200 4471 "-" "Mozilla/5.0 (Windows NT 6.1; Win64; x64; rv:61.0) Gecko/20100101 Firefox/61.0"
150.109.22.247 - - [23/Nov/2024:22:49:08 +0800] "POST /xmlrpc.php HTTP/1.1" 200 4049 "-" "Mozilla/5.0 (Windows NT 6.1; WOW64) AppleWebKit/537.1 (KHTML, like Gecko) Chrome/21.0.1180.83 Safari/537.1"
91.212.213.24 - - [23/Nov/2024:22:49:09 +0800] "POST /xmlrpc.php HTTP/1.1" 200 4471 "-" "Mozilla/5.0 (Windows NT 6.1; Win64; x64; rv:61.0) Gecko/20100101 Firefox/61.0"
150.109.22.247 - - [23/Nov/2024:22:49:09 +0800] "POST /xmlrpc.php HTTP/1.1" 200 4049 "-" "Mozilla/5.0 (Windows NT 6.1; WOW64) AppleWebKit/537.1 (KHTML, like Gecko) Chrome/21.0.1180.83 Safari/537.1"
80.239.141.135 - - [23/Nov/2024:22:49:08 +0800] "POST /xmlrpc.php HTTP/1.1" 200 4472 "-" "Mozilla/5.0 (Linux; Android 10; SM-G960U) AppleWebKit/537.36 (KHTML, like Gecko) Chrome/91.0.4472.114 Mobile Safari/537.36"
80.239.141.135 - - [23/Nov/2024:22:49:11 +0800] "POST /xmlrpc.php HTTP/1.1" 200 4472 "-" "Mozilla/5.0 (Linux; Android 10; SM-G960U) AppleWebKit/537.36 (KHTML, like Gecko) Chrome/91.0.4472.114 Mobile Safari/537.36"
104.28.238.119 - - [23/Nov/2024:22:49:21 +0800] "POST /xmlrpc.php HTTP/1.1" 200 4472 "-" "Mozilla/5.0 (Windows NT 6.1; WOW64; rv:17.0) Gecko/20100101 Firefox/17.0"
116.48.52.197 - - [23/Nov/2024:22:49:24 +0800] "POST /xmlrpc.php HTTP/1.1" 200 4471 "-" "Mozilla/5.0 (Windows NT 5.1) AppleWebKit/537.36 (KHTML, like Gecko) Chrome/46.0.2490.71 Safari/537.36"
116.48.52.197 - - [23/Nov/2024:22:49:25 +0800] "POST /xmlrpc.php HTTP/1.1" 200 4471 "-" "Mozilla/5.0 (Windows NT 5.1) AppleWebKit/537.36 (KHTML, like Gecko) Chrome/46.0.2490.71 Safari/537.36"
159.89.176.50 - - [23/Nov/2024:22:49:38 +0800] "POST /xmlrpc.php HTTP/1.1" 200 4471 "-" "Mozilla/5.0 (Windows NT 6.1; Win64; x64) AppleWebKit/537.36 (KHTML, like Gecko) Chrome/79.0.3945.88 Safari/537.36"
159.89.176.50 - - [23/Nov/2024:22:49:40 +0800] "POST /xmlrpc.php HTTP/1.1" 200 4471 "-" "Mozilla/5.0 (Windows NT 6.1; Win64; x64) AppleWebKit/537.36 (KHTML, like Gecko) Chrome/79.0.3945.88 Safari/537.36"
129.226.145.114 - - [23/Nov/2024:22:49:42 +0800] "POST /xmlrpc.php HTTP/1.1" 200 4473 "-" "Mozilla/5.0 (iPad; CPU OS 14_6 like Mac OS X) AppleWebKit/605.1.15 (KHTML, like Gecko) CriOS/91.0.4472.80 Mobile/15E148 Safari/604.1"
129.226.145.114 - - [23/Nov/2024:22:49:43 +0800] "POST /xmlrpc.php HTTP/1.1" 200 4473 "-" "Mozilla/5.0 (iPad; CPU OS 14_6 like Mac OS X) AppleWebKit/605.1.15 (KHTML, like Gecko) CriOS/91.0.4472.80 Mobile/15E148 Safari/604.1"
104.28.238.119 - - [23/Nov/2024:22:49:47 +0800] "POST /xmlrpc.php HTTP/1.1" 200 4472 "-" "Mozilla/5.0 (Windows NT 6.1; WOW64; rv:17.0) Gecko/20100101 Firefox/17.0"
95.216.1.46 - - [23/Nov/2024:22:50:11 +0800] "POST /xmlrpc.php HTTP/1.1" 200 4469 "-" "Mozilla/5.0 (Windows NT 6.2; Win64; x64) AppleWebKit/537.36 (KHTML, like Gecko) Chrome/60.0.3112.90 Safari/537.36"
95.216.1.46 - - [23/Nov/2024:22:50:13 +0800] "POST /xmlrpc.php HTTP/1.1" 200 4469 "-" "Mozilla/5.0 (Windows NT 6.2; Win64; x64) AppleWebKit/537.36 (KHTML, like Gecko) Chrome/60.0.3112.90 Safari/537.36"
180.102.110.148 - - [23/Nov/2024:22:59:33 +0800] "GET / HTTP/1.1" 301 534 "-" "Sogou web spider/4.0(+http://www.sogou.com/docs/help/webmasters.htm#07)"
180.102.110.148 - - [23/Nov/2024:22:59:33 +0800] "GET / HTTP/1.1" 200 26388 "-" "Sogou web spider/4.0(+http://www.sogou.com/docs/help/webmasters.htm#07)"
220.135.127.108 - - [23/Nov/2024:23:11:16 +0800] "POST /wp-cron.php?doing_wp_cron=1732374676.0383601188659667968750 HTTP/1.1" 200 4061 "-" "WordPress/6.7.1; https://www.matador.tw"
45.156.130.23 - - [23/Nov/2024:23:11:15 +0800] "GET / HTTP/1.1" 200 25779 "-" "Mozilla/5.0 (Windows NT 10.0; WOW64) AppleWebKit/537.36 (KHTML, like Gecko) Chrome/66.0.3359.117 Safari/537.36"
220.135.127.108 - - [23/Nov/2024:23:23:40 +0800] "POST /wp-cron.php?doing_wp_cron=1732375419.9954819679260253906250 HTTP/1.1" 200 4061 "-" "WordPress/6.7.1; https://www.matador.tw"
80.85.245.250 - - [23/Nov/2024:23:23:38 +0800] "GET / HTTP/1.1" 301 3997 "-" "Mozilla/5.0 (Windows NT 10.0; Win64; x64) AppleWebKit/537.36 (KHTML, like Gecko) Chrome/120.0.0.0 Safari/537.36"
80.85.245.250 - - [23/Nov/2024:23:23:41 +0800] "GET / HTTP/1.1" 200 26388 "https://matador.tw" "Mozilla/5.0 (Windows NT 10.0; Win64; x64) AppleWebKit/537.36 (KHTML, like Gecko) Chrome/120.0.0.0 Safari/537.36"
80.85.245.250 - - [23/Nov/2024:23:23:42 +0800] "GET /comments/feed/ HTTP/1.1" 200 4576 "-" "Mozilla/5.0 (Windows NT 10.0; Win64; x64) AppleWebKit/537.36 (KHTML, like Gecko) Chrome/120.0.0.0 Safari/537.36"
183.207.45.109 - - [23/Nov/2024:23:28:42 +0800] "GET / HTTP/1.1" 301 571 "-" "Mozilla/5.0 (Windows NT 10.0; Win64; x64) AppleWebKit/537.36 (KHTML, like Gecko) Chrome/107.0.0.0 Safari/537.36"
220.135.127.108 - - [23/Nov/2024:23:28:43 +0800] "POST /wp-cron.php?doing_wp_cron=1732375723.3776099681854248046875 HTTP/1.1" 200 4061 "-" "WordPress/6.7.1; https://www.matador.tw"
183.207.45.109 - - [23/Nov/2024:23:28:43 +0800] "GET / HTTP/1.1" 200 26474 "-" "Mozilla/5.0 (Windows NT 10.0; Win64; x64) AppleWebKit/537.36 (KHTML, like Gecko) Chrome/107.0.0.0 Safari/537.36"
183.207.45.109 - - [23/Nov/2024:23:28:43 +0800] "GET /wp-content/themes/twentyseventeen/assets/js/jquery.scrollTo.js?ver=2.1.3 HTTP/1.1" 200 2831 "-" "Mozilla/5.0 (Windows NT 10.0; Win64; x64) AppleWebKit/537.36 (KHTML, like Gecko) Chrome/107.0.0.0 Safari/537.36"
183.207.45.109 - - [23/Nov/2024:23:28:44 +0800] "GET /wp-content/themes/twentyseventeen/assets/js/global.js?ver=20211130 HTTP/1.1" 200 3637 "-" "Mozilla/5.0 (Windows NT 10.0; Win64; x64) AppleWebKit/537.36 (KHTML, like Gecko) Chrome/107.0.0.0 Safari/537.36"
183.207.45.109 - - [23/Nov/2024:23:28:44 +0800] "GET /wp-includes/js/jquery/jquery-migrate.min.js?ver=3.4.1 HTTP/1.1" 200 5871 "-" "Mozilla/5.0 (Windows NT 10.0; Win64; x64) AppleWebKit/537.36 (KHTML, like Gecko) Chrome/107.0.0.0 Safari/537.36"
183.207.45.109 - - [23/Nov/2024:23:28:44 +0800] "GET /wp-includes/js/jquery/jquery.min.js?ver=3.7.1 HTTP/1.1" 200 31435 "-" "Mozilla/5.0 (Windows NT 10.0; Win64; x64) AppleWebKit/537.36 (KHTML, like Gecko) Chrome/107.0.0.0 Safari/537.36"
183.207.45.109 - - [23/Nov/2024:23:28:44 +0800] "GET /wp-json/oembed/1.0/embed?url=https%3A%2F%2Fwww.matador.tw%2F&format=xml HTTP/1.1" 200 2229 "-" "Mozilla/5.0 (Windows NT 10.0; Win64; x64) AppleWebKit/537.36 (KHTML, like Gecko) Chrome/107.0.0.0 Safari/537.36"
183.207.45.109 - - [23/Nov/2024:23:28:45 +0800] "GET /wp-json/oembed/1.0/embed?url=https%3A%2F%2Fwww.matador.tw%2F HTTP/1.1" 200 2583 "-" "Mozilla/5.0 (Windows NT 10.0; Win64; x64) AppleWebKit/537.36 (KHTML, like Gecko) Chrome/107.0.0.0 Safari/537.36"
183.207.45.109 - - [23/Nov/2024:23:28:46 +0800] "GET /xmlrpc.php?rsd HTTP/1.1" 200 1178 "-" "Mozilla/5.0 (Windows NT 10.0; Win64; x64) AppleWebKit/537.36 (KHTML, like Gecko) Chrome/107.0.0.0 Safari/537.36"
183.207.45.109 - - [23/Nov/2024:23:28:46 +0800] "GET /wp-json/wp/v2/pages/4 HTTP/1.1" 200 2196 "-" "Mozilla/5.0 (Windows NT 10.0; Win64; x64) AppleWebKit/537.36 (KHTML, like Gecko) Chrome/107.0.0.0 Safari/537.36"
183.207.45.109 - - [23/Nov/2024:23:28:47 +0800] "GET /wp-json/ HTTP/1.1" 200 105431 "-" "Mozilla/5.0 (Windows NT 10.0; Win64; x64) AppleWebKit/537.36 (KHTML, like Gecko) Chrome/107.0.0.0 Safari/537.36"
183.207.45.109 - - [23/Nov/2024:23:28:48 +0800] "GET /wp-content/themes/twentyseventeen/assets/css/blocks.css?ver=20220912 HTTP/1.1" 200 2934 "-" "Mozilla/5.0 (Windows NT 10.0; Win64; x64) AppleWebKit/537.36 (KHTML, like Gecko) Chrome/107.0.0.0 Safari/537.36"
183.207.45.109 - - [23/Nov/2024:23:28:48 +0800] "GET /wp-content/themes/twentyseventeen/style.css?ver=20240402 HTTP/1.1" 200 16369 "-" "Mozilla/5.0 (Windows NT 10.0; Win64; x64) AppleWebKit/537.36 (KHTML, like Gecko) Chrome/107.0.0.0 Safari/537.36"
183.207.45.109 - - [23/Nov/2024:23:28:48 +0800] "GET /wp-content/themes/twentyseventeen/assets/fonts/font-libre-franklin.css?ver=20230328 HTTP/1.1" 200 1113 "-" "Mozilla/5.0 (Windows NT 10.0; Win64; x64) AppleWebKit/537.36 (KHTML, like Gecko) Chrome/107.0.0.0 Safari/537.36"
183.207.45.109 - - [23/Nov/2024:23:28:48 +0800] "GET /wp-includes/js/mediaelement/wp-mediaelement.min.css?ver=6.7.1 HTTP/1.1" 200 1515 "-" "Mozilla/5.0 (Windows NT 10.0; Win64; x64) AppleWebKit/537.36 (KHTML, like Gecko) Chrome/107.0.0.0 Safari/537.36"
183.207.45.109 - - [23/Nov/2024:23:28:48 +0800] "GET /wp-includes/js/mediaelement/mediaelementplayer-legacy.min.css?ver=4.2.17 HTTP/1.1" 200 2995 "-" "Mozilla/5.0 (Windows NT 10.0; Win64; x64) AppleWebKit/537.36 (KHTML, like Gecko) Chrome/107.0.0.0 Safari/537.36"
183.207.45.109 - - [23/Nov/2024:23:28:48 +0800] "GET /wp-includes/css/dist/block-library/style.min.css?ver=6.7.1 HTTP/1.1" 200 15604 "-" "Mozilla/5.0 (Windows NT 10.0; Win64; x64) AppleWebKit/537.36 (KHTML, like Gecko) Chrome/107.0.0.0 Safari/537.36"
183.207.45.109 - - [23/Nov/2024:23:28:48 +0800] "GET /comments/feed/ HTTP/1.1" 200 906 "-" "Mozilla/5.0 (Windows NT 10.0; Win64; x64) AppleWebKit/537.36 (KHTML, like Gecko) Chrome/107.0.0.0 Safari/537.36"
183.207.45.109 - - [23/Nov/2024:23:28:48 +0800] "GET /feed/ HTTP/1.1" 200 1538 "-" "Mozilla/5.0 (Windows NT 10.0; Win64; x64) AppleWebKit/537.36 (KHTML, like Gecko) Chrome/107.0.0.0 Safari/537.36"
183.207.45.109 - - [23/Nov/2024:23:28:49 +0800] "GET / HTTP/1.1" 200 23300 "-" "Mozilla/5.0 (Windows NT 10.0; Win64; x64) AppleWebKit/537.36 (KHTML, like Gecko) Chrome/107.0.0.0 Safari/537.36"
183.207.45.109 - - [23/Nov/2024:23:28:50 +0800] "GET / HTTP/1.1" 301 571 "-" "Mozilla/5.0 (Windows NT 10.0; Win64; x64) AppleWebKit/537.36 (KHTML, like Gecko) Chrome/107.0.0.0 Safari/537.36"
183.207.45.109 - - [23/Nov/2024:23:28:50 +0800] "GET / HTTP/1.1" 200 23300 "-" "Mozilla/5.0 (Windows NT 10.0; Win64; x64) AppleWebKit/537.36 (KHTML, like Gecko) Chrome/107.0.0.0 Safari/537.36"
183.207.45.109 - - [23/Nov/2024:23:28:50 +0800] "GET / HTTP/1.1" 200 22718 "-" "Mozilla/5.0 (Windows NT 10.0; Win64; x64) AppleWebKit/537.36 (KHTML, like Gecko) Chrome/107.0.0.0 Safari/537.36"
220.135.127.108 - - [23/Nov/2024:23:48:56 +0800] "POST /wp-cron.php?doing_wp_cron=1732376936.5845329761505126953125 HTTP/1.1" 200 4061 "-" "WordPress/6.7.1; https://www.matador.tw"
