45.148.10.172 - - [24/Nov/2024:06:39:15 +0800] "GET /.env HTTP/1.1" 404 72452 "-" "Mozilla/5.0 (Linux; U; Android 9; en-US; RMX1851 Build/PKQ1.190101.001) AppleWebKit/537.36 (KHTML, like Gecko) Version/4.0 Chrome/57.0.2987.108 UCBrowser/12.12.8.1206 Mobile Safari/537.36"
220.135.127.108 - - [24/Nov/2024:06:44:53 +0800] "POST /wp-cron.php?doing_wp_cron=1732401893.6524419784545898437500 HTTP/1.1" 200 4061 "-" "WordPress/6.7.1; https://www.matador.tw"
120.237.87.26 - - [24/Nov/2024:06:44:52 +0800] "GET /robots.txt HTTP/1.1" 200 4149 "-" "Mozilla/5.0 (Windows NT 10.0; WOW64) AppleWebKit/537.36 (KHTML, like Gecko) Chrome/83.0.2586.80 UBrowser/6.2.3964.2 Safari/537.36"
178.162.194.17 - - [24/Nov/2024:06:52:57 +0800] "GET /wp-content/uploads/2021/01/expect.php?check=1 HTTP/1.1" 200 3436 "-" "Mozilla/5.0 (Windows NT 6.1; rv:17.0) Gecko/17.0 Firefox/17.0"
185.226.197.62 - - [24/Nov/2024:06:56:07 +0800] "GET / HTTP/1.1" 301 503 "-" "Mozilla/5.0 (Windows NT 10.0; Win64; x64) AppleWebKit/537.36 (KHTML, like Gecko) Chrome/60.0.3112.113 Safari/537.36"
220.135.127.108 - - [24/Nov/2024:06:56:09 +0800] "POST /wp-cron.php?doing_wp_cron=1732402569.7696199417114257812500 HTTP/1.1" 200 4061 "-" "WordPress/6.7.1; https://www.matador.tw"
185.226.197.64 - - [24/Nov/2024:06:56:08 +0800] "GET / HTTP/1.1" 301 3360 "http://matador.tw/" "Mozilla/5.0 (Windows NT 10.0; Win64; x64) AppleWebKit/537.36 (KHTML, like Gecko) Chrome/60.0.3112.113 Safari/537.36"
185.226.197.64 - - [24/Nov/2024:06:56:12 +0800] "GET / HTTP/1.1" 200 25779 "https://matador.tw/" "Mozilla/5.0 (Windows NT 10.0; Win64; x64) AppleWebKit/537.36 (KHTML, like Gecko) Chrome/60.0.3112.113 Safari/537.36"
185.226.197.65 - - [24/Nov/2024:06:56:24 +0800] "GET /license.txt HTTP/1.1" 301 525 "-" "Mozilla/5.0 (Windows NT 10.0; Win64; x64) AppleWebKit/537.36 (KHTML, like Gecko) Chrome/60.0.3112.113 Safari/537.36"
185.226.197.65 - - [24/Nov/2024:06:56:26 +0800] "GET /license.txt HTTP/1.1" 200 10749 "http://matador.tw/license.txt" "Mozilla/5.0 (Windows NT 10.0; Win64; x64) AppleWebKit/537.36 (KHTML, like Gecko) Chrome/60.0.3112.113 Safari/537.36"
185.226.197.63 - - [24/Nov/2024:06:56:33 +0800] "GET /wp-content/plugins/wpschoolpress/readme.txt HTTP/1.1" 301 589 "-" "Mozilla/5.0 (Windows NT 10.0; Win64; x64) AppleWebKit/537.36 (KHTML, like Gecko) Chrome/60.0.3112.113 Safari/537.36"
185.226.197.62 - - [24/Nov/2024:06:56:35 +0800] "GET /wp-content/plugins/wpschoolpress/readme.txt HTTP/1.1" 301 3496 "http://matador.tw/wp-content/plugins/wpschoolpress/readme.txt" "Mozilla/5.0 (Windows NT 10.0; Win64; x64) AppleWebKit/537.36 (KHTML, like Gecko) Chrome/60.0.3112.113 Safari/537.36"
185.226.197.63 - - [24/Nov/2024:06:56:38 +0800] "GET /wp-content/plugins/wpschoolpress/readme.txt HTTP/1.1" 404 71906 "https://matador.tw/wp-content/plugins/wpschoolpress/readme.txt" "Mozilla/5.0 (Windows NT 10.0; Win64; x64) AppleWebKit/537.36 (KHTML, like Gecko) Chrome/60.0.3112.113 Safari/537.36"
185.226.197.64 - - [24/Nov/2024:06:56:47 +0800] "GET /wp-content/plugins/wp-central/readme.txt HTTP/1.1" 301 583 "-" "Mozilla/5.0 (Windows NT 10.0; Win64; x64) AppleWebKit/537.36 (KHTML, like Gecko) Chrome/60.0.3112.113 Safari/537.36"
185.226.197.62 - - [24/Nov/2024:06:56:49 +0800] "GET /wp-content/plugins/wp-central/readme.txt HTTP/1.1" 301 3493 "http://matador.tw/wp-content/plugins/wp-central/readme.txt" "Mozilla/5.0 (Windows NT 10.0; Win64; x64) AppleWebKit/537.36 (KHTML, like Gecko) Chrome/60.0.3112.113 Safari/537.36"
185.226.197.64 - - [24/Nov/2024:06:56:52 +0800] "GET /wp-content/plugins/wp-central/readme.txt HTTP/1.1" 404 71906 "https://matador.tw/wp-content/plugins/wp-central/readme.txt" "Mozilla/5.0 (Windows NT 10.0; Win64; x64) AppleWebKit/537.36 (KHTML, like Gecko) Chrome/60.0.3112.113 Safari/537.36"
185.226.197.64 - - [24/Nov/2024:06:56:57 +0800] "GET /wp-content/plugins/wp-video-lightbox/readme.txt HTTP/1.1" 301 597 "-" "Mozilla/5.0 (Windows NT 10.0; Win64; x64) AppleWebKit/537.36 (KHTML, like Gecko) Chrome/60.0.3112.113 Safari/537.36"
185.226.197.64 - - [24/Nov/2024:06:57:00 +0800] "GET /wp-content/plugins/wp-video-lightbox/readme.txt HTTP/1.1" 301 3500 "http://matador.tw/wp-content/plugins/wp-video-lightbox/readme.txt" "Mozilla/5.0 (Windows NT 10.0; Win64; x64) AppleWebKit/537.36 (KHTML, like Gecko) Chrome/60.0.3112.113 Safari/537.36"
185.226.197.65 - - [24/Nov/2024:06:57:02 +0800] "GET /wp-content/plugins/wp-video-lightbox/readme.txt HTTP/1.1" 404 71906 "https://matador.tw/wp-content/plugins/wp-video-lightbox/readme.txt" "Mozilla/5.0 (Windows NT 10.0; Win64; x64) AppleWebKit/537.36 (KHTML, like Gecko) Chrome/60.0.3112.113 Safari/537.36"
185.226.197.65 - - [24/Nov/2024:06:57:10 +0800] "GET /wp-content/plugins/wp-time-capsule/readme.txt HTTP/1.1" 301 593 "-" "Mozilla/5.0 (Windows NT 10.0; Win64; x64) AppleWebKit/537.36 (KHTML, like Gecko) Chrome/60.0.3112.113 Safari/537.36"
185.226.197.64 - - [24/Nov/2024:06:57:11 +0800] "GET /wp-content/plugins/wp-time-capsule/readme.txt HTTP/1.1" 301 3498 "http://matador.tw/wp-content/plugins/wp-time-capsule/readme.txt" "Mozilla/5.0 (Windows NT 10.0; Win64; x64) AppleWebKit/537.36 (KHTML, like Gecko) Chrome/60.0.3112.113 Safari/537.36"
185.226.197.65 - - [24/Nov/2024:06:57:14 +0800] "GET /wp-content/plugins/wp-time-capsule/readme.txt HTTP/1.1" 404 71906 "https://matador.tw/wp-content/plugins/wp-time-capsule/readme.txt" "Mozilla/5.0 (Windows NT 10.0; Win64; x64) AppleWebKit/537.36 (KHTML, like Gecko) Chrome/60.0.3112.113 Safari/537.36"
185.226.197.62 - - [24/Nov/2024:06:57:23 +0800] "GET /wp-content/plugins/code-snippets/readme.txt HTTP/1.1" 301 589 "-" "Mozilla/5.0 (Windows NT 10.0; Win64; x64) AppleWebKit/537.36 (KHTML, like Gecko) Chrome/60.0.3112.113 Safari/537.36"
185.226.197.62 - - [24/Nov/2024:06:57:24 +0800] "GET /wp-content/plugins/code-snippets/readme.txt HTTP/1.1" 301 3496 "http://matador.tw/wp-content/plugins/code-snippets/readme.txt" "Mozilla/5.0 (Windows NT 10.0; Win64; x64) AppleWebKit/537.36 (KHTML, like Gecko) Chrome/60.0.3112.113 Safari/537.36"
185.226.197.65 - - [24/Nov/2024:06:57:27 +0800] "GET /wp-content/plugins/code-snippets/readme.txt HTTP/1.1" 404 71906 "https://matador.tw/wp-content/plugins/code-snippets/readme.txt" "Mozilla/5.0 (Windows NT 10.0; Win64; x64) AppleWebKit/537.36 (KHTML, like Gecko) Chrome/60.0.3112.113 Safari/537.36"
185.226.197.65 - - [24/Nov/2024:06:57:40 +0800] "GET /wp-content/plugins/wp-fastest-cache/readme.txt HTTP/1.1" 301 595 "-" "Mozilla/5.0 (Windows NT 10.0; Win64; x64) AppleWebKit/537.36 (KHTML, like Gecko) Chrome/60.0.3112.113 Safari/537.36"
185.226.197.65 - - [24/Nov/2024:06:57:41 +0800] "GET /wp-content/plugins/wp-fastest-cache/readme.txt HTTP/1.1" 301 3499 "http://matador.tw/wp-content/plugins/wp-fastest-cache/readme.txt" "Mozilla/5.0 (Windows NT 10.0; Win64; x64) AppleWebKit/537.36 (KHTML, like Gecko) Chrome/60.0.3112.113 Safari/537.36"
185.226.197.64 - - [24/Nov/2024:06:57:43 +0800] "GET /wp-content/plugins/wp-fastest-cache/readme.txt HTTP/1.1" 404 71906 "https://matador.tw/wp-content/plugins/wp-fastest-cache/readme.txt" "Mozilla/5.0 (Windows NT 10.0; Win64; x64) AppleWebKit/537.36 (KHTML, like Gecko) Chrome/60.0.3112.113 Safari/537.36"
185.226.197.62 - - [24/Nov/2024:06:57:54 +0800] "GET /wp-content/plugins/iwp-client/readme.txt HTTP/1.1" 301 583 "-" "Mozilla/5.0 (Windows NT 10.0; Win64; x64) AppleWebKit/537.36 (KHTML, like Gecko) Chrome/60.0.3112.113 Safari/537.36"
185.226.197.62 - - [24/Nov/2024:06:57:56 +0800] "GET /wp-content/plugins/iwp-client/readme.txt HTTP/1.1" 301 3493 "http://matador.tw/wp-content/plugins/iwp-client/readme.txt" "Mozilla/5.0 (Windows NT 10.0; Win64; x64) AppleWebKit/537.36 (KHTML, like Gecko) Chrome/60.0.3112.113 Safari/537.36"
220.135.127.108 - - [24/Nov/2024:06:57:58 +0800] "POST /wp-cron.php?doing_wp_cron=1732402678.2925040721893310546875 HTTP/1.1" 200 4061 "-" "WordPress/6.7.1; https://www.matador.tw"
185.226.197.62 - - [24/Nov/2024:06:57:58 +0800] "GET /wp-content/plugins/iwp-client/readme.txt HTTP/1.1" 404 71906 "https://matador.tw/wp-content/plugins/iwp-client/readme.txt" "Mozilla/5.0 (Windows NT 10.0; Win64; x64) AppleWebKit/537.36 (KHTML, like Gecko) Chrome/60.0.3112.113 Safari/537.36"
185.226.197.63 - - [24/Nov/2024:06:58:03 +0800] "GET /wp-content/plugins/fancy-product-designer/readme.txt HTTP/1.1" 301 607 "-" "Mozilla/5.0 (Windows NT 10.0; Win64; x64) AppleWebKit/537.36 (KHTML, like Gecko) Chrome/60.0.3112.113 Safari/537.36"
185.226.197.65 - - [24/Nov/2024:06:58:05 +0800] "GET /wp-content/plugins/fancy-product-designer/readme.txt HTTP/1.1" 301 3505 "http://matador.tw/wp-content/plugins/fancy-product-designer/readme.txt" "Mozilla/5.0 (Windows NT 10.0; Win64; x64) AppleWebKit/537.36 (KHTML, like Gecko) Chrome/60.0.3112.113 Safari/537.36"
185.226.197.63 - - [24/Nov/2024:06:58:08 +0800] "GET /wp-content/plugins/fancy-product-designer/readme.txt HTTP/1.1" 404 71906 "https://matador.tw/wp-content/plugins/fancy-product-designer/readme.txt" "Mozilla/5.0 (Windows NT 10.0; Win64; x64) AppleWebKit/537.36 (KHTML, like Gecko) Chrome/60.0.3112.113 Safari/537.36"
185.226.197.65 - - [24/Nov/2024:06:58:17 +0800] "GET /wp-content/plugins/wp-user-avatar/readme.txt HTTP/1.1" 301 591 "-" "Mozilla/5.0 (Windows NT 10.0; Win64; x64) AppleWebKit/537.36 (KHTML, like Gecko) Chrome/60.0.3112.113 Safari/537.36"
220.135.127.108 - - [24/Nov/2024:06:58:19 +0800] "POST /wp-cron.php?doing_wp_cron=1732402699.4677209854125976562500 HTTP/1.1" 200 4061 "-" "WordPress/6.7.1; https://www.matador.tw"
185.226.197.64 - - [24/Nov/2024:06:58:19 +0800] "GET /wp-content/plugins/wp-user-avatar/readme.txt HTTP/1.1" 301 3497 "http://matador.tw/wp-content/plugins/wp-user-avatar/readme.txt" "Mozilla/5.0 (Windows NT 10.0; Win64; x64) AppleWebKit/537.36 (KHTML, like Gecko) Chrome/60.0.3112.113 Safari/537.36"
185.226.197.63 - - [24/Nov/2024:06:58:21 +0800] "GET /wp-content/plugins/wp-user-avatar/readme.txt HTTP/1.1" 404 71906 "https://matador.tw/wp-content/plugins/wp-user-avatar/readme.txt" "Mozilla/5.0 (Windows NT 10.0; Win64; x64) AppleWebKit/537.36 (KHTML, like Gecko) Chrome/60.0.3112.113 Safari/537.36"
185.226.197.63 - - [24/Nov/2024:06:58:40 +0800] "GET /wp-content/plugins/wordpress-database-reset/readme.txt HTTP/1.1" 301 611 "-" "Mozilla/5.0 (Windows NT 10.0; Win64; x64) AppleWebKit/537.36 (KHTML, like Gecko) Chrome/60.0.3112.113 Safari/537.36"
185.226.197.64 - - [24/Nov/2024:06:58:41 +0800] "GET /wp-content/plugins/wordpress-database-reset/readme.txt HTTP/1.1" 301 3507 "http://matador.tw/wp-content/plugins/wordpress-database-reset/readme.txt" "Mozilla/5.0 (Windows NT 10.0; Win64; x64) AppleWebKit/537.36 (KHTML, like Gecko) Chrome/60.0.3112.113 Safari/537.36"
185.226.197.62 - - [24/Nov/2024:06:58:44 +0800] "GET /wp-content/plugins/wordpress-database-reset/readme.txt HTTP/1.1" 404 71906 "https://matador.tw/wp-content/plugins/wordpress-database-reset/readme.txt" "Mozilla/5.0 (Windows NT 10.0; Win64; x64) AppleWebKit/537.36 (KHTML, like Gecko) Chrome/60.0.3112.113 Safari/537.36"
185.226.197.62 - - [24/Nov/2024:06:58:50 +0800] "GET /wp-content/plugins/optinmonster/readme.txt HTTP/1.1" 301 587 "-" "Mozilla/5.0 (Windows NT 10.0; Win64; x64) AppleWebKit/537.36 (KHTML, like Gecko) Chrome/60.0.3112.113 Safari/537.36"
185.226.197.63 - - [24/Nov/2024:06:58:52 +0800] "GET /wp-content/plugins/optinmonster/readme.txt HTTP/1.1" 301 3495 "http://matador.tw/wp-content/plugins/optinmonster/readme.txt" "Mozilla/5.0 (Windows NT 10.0; Win64; x64) AppleWebKit/537.36 (KHTML, like Gecko) Chrome/60.0.3112.113 Safari/537.36"
185.226.197.65 - - [24/Nov/2024:06:58:53 +0800] "GET /wp-content/plugins/optinmonster/readme.txt HTTP/1.1" 404 71906 "https://matador.tw/wp-content/plugins/optinmonster/readme.txt" "Mozilla/5.0 (Windows NT 10.0; Win64; x64) AppleWebKit/537.36 (KHTML, like Gecko) Chrome/60.0.3112.113 Safari/537.36"
185.226.197.64 - - [24/Nov/2024:06:59:00 +0800] "GET /wp-content/plugins/elementor/readme.txt HTTP/1.1" 301 581 "-" "Mozilla/5.0 (Windows NT 10.0; Win64; x64) AppleWebKit/537.36 (KHTML, like Gecko) Chrome/60.0.3112.113 Safari/537.36"
185.226.197.63 - - [24/Nov/2024:06:59:01 +0800] "GET /wp-content/plugins/elementor/readme.txt HTTP/1.1" 301 3492 "http://matador.tw/wp-content/plugins/elementor/readme.txt" "Mozilla/5.0 (Windows NT 10.0; Win64; x64) AppleWebKit/537.36 (KHTML, like Gecko) Chrome/60.0.3112.113 Safari/537.36"
185.226.197.65 - - [24/Nov/2024:06:59:03 +0800] "GET /wp-content/plugins/elementor/readme.txt HTTP/1.1" 404 71906 "https://matador.tw/wp-content/plugins/elementor/readme.txt" "Mozilla/5.0 (Windows NT 10.0; Win64; x64) AppleWebKit/537.36 (KHTML, like Gecko) Chrome/60.0.3112.113 Safari/537.36"
185.226.197.64 - - [24/Nov/2024:06:59:10 +0800] "GET /wp-content/plugins/kingcomposer/readme.txt HTTP/1.1" 301 587 "-" "Mozilla/5.0 (Windows NT 10.0; Win64; x64) AppleWebKit/537.36 (KHTML, like Gecko) Chrome/60.0.3112.113 Safari/537.36"
185.226.197.64 - - [24/Nov/2024:06:59:11 +0800] "GET /wp-content/plugins/kingcomposer/readme.txt HTTP/1.1" 301 3495 "http://matador.tw/wp-content/plugins/kingcomposer/readme.txt" "Mozilla/5.0 (Windows NT 10.0; Win64; x64) AppleWebKit/537.36 (KHTML, like Gecko) Chrome/60.0.3112.113 Safari/537.36"
185.226.197.62 - - [24/Nov/2024:06:59:14 +0800] "GET /wp-content/plugins/kingcomposer/readme.txt HTTP/1.1" 404 71906 "https://matador.tw/wp-content/plugins/kingcomposer/readme.txt" "Mozilla/5.0 (Windows NT 10.0; Win64; x64) AppleWebKit/537.36 (KHTML, like Gecko) Chrome/60.0.3112.113 Safari/537.36"
185.226.197.62 - - [24/Nov/2024:06:59:25 +0800] "GET /wp-content/plugins/bbpress/readme.txt HTTP/1.1" 301 577 "-" "Mozilla/5.0 (Windows NT 10.0; Win64; x64) AppleWebKit/537.36 (KHTML, like Gecko) Chrome/60.0.3112.113 Safari/537.36"
185.226.197.62 - - [24/Nov/2024:06:59:26 +0800] "GET /wp-content/plugins/bbpress/readme.txt HTTP/1.1" 301 3490 "http://matador.tw/wp-content/plugins/bbpress/readme.txt" "Mozilla/5.0 (Windows NT 10.0; Win64; x64) AppleWebKit/537.36 (KHTML, like Gecko) Chrome/60.0.3112.113 Safari/537.36"
185.226.197.64 - - [24/Nov/2024:06:59:28 +0800] "GET /wp-content/plugins/bbpress/readme.txt HTTP/1.1" 404 71906 "https://matador.tw/wp-content/plugins/bbpress/readme.txt" "Mozilla/5.0 (Windows NT 10.0; Win64; x64) AppleWebKit/537.36 (KHTML, like Gecko) Chrome/60.0.3112.113 Safari/537.36"
185.226.197.62 - - [24/Nov/2024:06:59:35 +0800] "GET /favicon.ico HTTP/1.1" 301 581 "-" "Mozilla/5.0 (Windows NT 10.0; WOW64) AppleWebKit/537.36 (KHTML, like Gecko) Chrome/66.0.3359.117 Safari/537.36"
185.226.197.62 - - [24/Nov/2024:06:59:36 +0800] "GET /favicon.ico HTTP/1.1" 302 4179 "-" "Mozilla/5.0 (Windows NT 10.0; WOW64) AppleWebKit/537.36 (KHTML, like Gecko) Chrome/66.0.3359.117 Safari/537.36"
185.226.197.62 - - [24/Nov/2024:06:59:37 +0800] "GET /wp-includes/images/w-logo-blue-white-bg.png HTTP/1.1" 200 8203 "-" "Mozilla/5.0 (Windows NT 10.0; WOW64) AppleWebKit/537.36 (KHTML, like Gecko) Chrome/66.0.3359.117 Safari/537.36"
185.226.197.64 - - [24/Nov/2024:06:59:38 +0800] "GET / HTTP/1.1" 301 503 "-" "Mozilla/5.0 (Windows NT 10.0; Win64; x64) AppleWebKit/537.36 (KHTML, like Gecko) Chrome/60.0.3112.113 Safari/537.36"
185.226.197.63 - - [24/Nov/2024:06:59:39 +0800] "GET /aspera/faspex/ HTTP/1.1" 301 531 "-" "Mozilla/5.0 (Windows NT 10.0; Win64; x64) AppleWebKit/537.36 (KHTML, like Gecko) Chrome/60.0.3112.113 Safari/537.36"
220.135.127.108 - - [24/Nov/2024:07:07:32 +0800] "POST /wp-cron.php?doing_wp_cron=1732403252.5358390808105468750000 HTTP/1.1" 200 4061 "-" "WordPress/6.7.1; https://www.matador.tw"
112.86.225.202 - - [24/Nov/2024:07:07:31 +0800] "GET / HTTP/1.1" 200 26388 "-" "Sogou web spider/4.0(+http://www.sogou.com/docs/help/webmasters.htm#07)"
220.135.127.108 - - [24/Nov/2024:07:23:32 +0800] "POST /wp-cron.php?doing_wp_cron=1732404212.6881089210510253906250 HTTP/1.1" 200 4061 "-" "WordPress/6.7.1; https://www.matador.tw"
132.148.78.23 - - [24/Nov/2024:07:23:29 +0800] "POST /wp-login.php HTTP/1.1" 401 7601 "-" "ddg_android/5.173.1 (com.duckduckgo.mobile.android; Android API 33)"
121.229.156.85 - - [24/Nov/2024:08:16:57 +0800] "GET / HTTP/1.1" 301 534 "-" "Sogou web spider/4.0(+http://www.sogou.com/docs/help/webmasters.htm#07)"
220.135.127.108 - - [24/Nov/2024:08:16:59 +0800] "POST /wp-cron.php?doing_wp_cron=1732407419.3410909175872802734375 HTTP/1.1" 200 4061 "-" "WordPress/6.7.1; https://www.matador.tw"
121.229.156.85 - - [24/Nov/2024:08:16:57 +0800] "GET / HTTP/1.1" 200 26388 "-" "Sogou web spider/4.0(+http://www.sogou.com/docs/help/webmasters.htm#07)"
220.135.127.108 - - [24/Nov/2024:08:20:28 +0800] "POST /wp-cron.php?doing_wp_cron=1732407628.4868199825286865234375 HTTP/1.1" 200 4061 "-" "WordPress/6.7.1; https://www.matador.tw"
54.36.148.170 - - [24/Nov/2024:08:20:27 +0800] "GET /robots.txt HTTP/1.1" 301 4035 "-" "Mozilla/5.0 (compatible; AhrefsBot/7.0; +http://ahrefs.com/robot/)"
54.36.148.170 - - [24/Nov/2024:08:20:29 +0800] "GET /robots.txt HTTP/1.1" 200 4177 "-" "Mozilla/5.0 (compatible; AhrefsBot/7.0; +http://ahrefs.com/robot/)"
91.134.248.249 - - [24/Nov/2024:08:49:12 +0800] "POST /wp-login.php HTTP/1.1" 200 15948 "-" "Mozilla/5.0 (compatible; DuckDuckGo-Favicons-Bot/1.0; +http://duckduckgo.com)"
72.47.238.247 - - [24/Nov/2024:09:13:08 +0800] "GET /shop/wp-login.php HTTP/1.1" 301 556 "-" "Mozilla/5.0 (X11; Ubuntu; Linux x86_64; rv:62.0) Gecko/20100101 Firefox/62.0"
220.135.127.108 - - [24/Nov/2024:09:13:11 +0800] "POST /wp-cron.php?doing_wp_cron=1732410791.1432030200958251953125 HTTP/1.1" 200 4061 "-" "WordPress/6.7.1; https://www.matador.tw"
72.47.238.247 - - [24/Nov/2024:09:13:09 +0800] "GET /shop/wp-login.php HTTP/1.1" 301 3440 "http://matador.tw/shop/wp-login.php" "Mozilla/5.0 (X11; Ubuntu; Linux x86_64; rv:62.0) Gecko/20100101 Firefox/62.0"
220.135.127.108 - - [24/Nov/2024:09:13:13 +0800] "POST /wp-cron.php?doing_wp_cron=1732410793.5064790248870849609375 HTTP/1.1" 200 4061 "-" "WordPress/6.7.1; https://www.matador.tw"
72.47.238.247 - - [24/Nov/2024:09:13:13 +0800] "GET /shop/wp-login.php HTTP/1.1" 404 71772 "https://matador.tw/shop/wp-login.php" "Mozilla/5.0 (X11; Ubuntu; Linux x86_64; rv:62.0) Gecko/20100101 Firefox/62.0"
37.187.73.123 - - [24/Nov/2024:09:17:52 +0800] "GET /robots.txt HTTP/1.1" 200 3736 "-" "Mozilla/5.0 (compatible; MJ12bot/v1.4.8; http://mj12bot.com/)"
37.187.73.123 - - [24/Nov/2024:09:17:57 +0800] "GET /%E6%81%86%E6%BA%AB%E7%A9%BA%E8%AA%BF%E7%9A%84%E4%BD%BF%E7%94%A8/?share=jetpack-whatsapp HTTP/1.1" 404 68713 "-" "Mozilla/5.0 (compatible; MJ12bot/v1.4.8; http://mj12bot.com/)"
104.207.53.130 - - [24/Nov/2024:09:20:19 +0800] "GET /wp-content/plugins/wp-existing-gell-mann/index.php HTTP/1.1" 200 4110 "-" "Mozilla/5.0 (Windows NT 6.1; rv:31.0) Gecko/20100101 Firefox/31.0"
4.213.117.57 - - [24/Nov/2024:09:50:13 +0800] "GET /wp-content/plugins/helloapx/wp-apxupx.php?apx=upx HTTP/1.1" 301 657 "-" "Mozlila/5.0 (Linux; Android 7.0; SM-G892A Bulid/NRD90M; wv) AppleWebKit/537.36 (KHTML, like Gecko) Version/4.0 Chrome/60.0.3112.107 Moblie Safari/537.36"
4.213.117.57 - - [24/Nov/2024:09:50:19 +0800] "GET /wp-content/plugins/helloapx/wp-apxupx.php?apx=upx HTTP/1.1" 301 3573 "-" "Mozlila/5.0 (Linux; Android 7.0; SM-G892A Bulid/NRD90M; wv) AppleWebKit/537.36 (KHTML, like Gecko) Version/4.0 Chrome/60.0.3112.107 Moblie Safari/537.36"
220.135.127.108 - - [24/Nov/2024:09:50:33 +0800] "POST /wp-cron.php?doing_wp_cron=1732413032.0239989757537841796875 HTTP/1.1" 200 4061 "-" "WordPress/6.7.1; https://www.matador.tw"
4.213.117.57 - - [24/Nov/2024:09:50:41 +0800] "GET /wp-content/plugins/helloapx/wp-apxupx.php?apx=upx HTTP/1.1" 404 71977 "-" "Mozlila/5.0 (Linux; Android 7.0; SM-G892A Bulid/NRD90M; wv) AppleWebKit/537.36 (KHTML, like Gecko) Version/4.0 Chrome/60.0.3112.107 Moblie Safari/537.36"
4.213.117.57 - - [24/Nov/2024:09:50:47 +0800] "GET /wp-content/index.php HTTP/1.1" 301 599 "-" "Mozlila/5.0 (Linux; Android 7.0; SM-G892A Bulid/NRD90M; wv) AppleWebKit/537.36 (KHTML, like Gecko) Version/4.0 Chrome/60.0.3112.107 Moblie Safari/537.36"
4.213.117.57 - - [24/Nov/2024:09:50:53 +0800] "GET /wp-content/index.php HTTP/1.1" 200 3328 "-" "Mozlila/5.0 (Linux; Android 7.0; SM-G892A Bulid/NRD90M; wv) AppleWebKit/537.36 (KHTML, like Gecko) Version/4.0 Chrome/60.0.3112.107 Moblie Safari/537.36"
4.213.117.57 - - [24/Nov/2024:09:51:08 +0800] "GET /wp-content/plugins/dhon/newsfeed.php HTTP/1.1" 301 631 "-" "Mozlila/5.0 (Linux; Android 7.0; SM-G892A Bulid/NRD90M; wv) AppleWebKit/537.36 (KHTML, like Gecko) Version/4.0 Chrome/60.0.3112.107 Moblie Safari/537.36"
4.213.117.57 - - [24/Nov/2024:09:51:15 +0800] "GET /wp-content/plugins/dhon/newsfeed.php HTTP/1.1" 301 3560 "-" "Mozlila/5.0 (Linux; Android 7.0; SM-G892A Bulid/NRD90M; wv) AppleWebKit/537.36 (KHTML, like Gecko) Version/4.0 Chrome/60.0.3112.107 Moblie Safari/537.36"
4.213.117.57 - - [24/Nov/2024:09:51:25 +0800] "GET /wp-content/plugins/dhon/newsfeed.php HTTP/1.1" 404 71977 "-" "Mozlila/5.0 (Linux; Android 7.0; SM-G892A Bulid/NRD90M; wv) AppleWebKit/537.36 (KHTML, like Gecko) Version/4.0 Chrome/60.0.3112.107 Moblie Safari/537.36"
4.213.117.57 - - [24/Nov/2024:09:51:31 +0800] "GET /wp-content/style-css.php HTTP/1.1" 301 607 "-" "Mozlila/5.0 (Linux; Android 7.0; SM-G892A Bulid/NRD90M; wv) AppleWebKit/537.36 (KHTML, like Gecko) Version/4.0 Chrome/60.0.3112.107 Moblie Safari/537.36"
4.213.117.57 - - [24/Nov/2024:09:51:35 +0800] "GET /wp-content/style-css.php HTTP/1.1" 301 3548 "-" "Mozlila/5.0 (Linux; Android 7.0; SM-G892A Bulid/NRD90M; wv) AppleWebKit/537.36 (KHTML, like Gecko) Version/4.0 Chrome/60.0.3112.107 Moblie Safari/537.36"
220.135.127.108 - - [24/Nov/2024:09:51:52 +0800] "POST /wp-cron.php?doing_wp_cron=1732413112.4263730049133300781250 HTTP/1.1" 200 4061 "-" "WordPress/6.7.1; https://www.matador.tw"
4.213.117.57 - - [24/Nov/2024:09:51:50 +0800] "GET /wp-content/style-css.php HTTP/1.1" 404 71977 "-" "Mozlila/5.0 (Linux; Android 7.0; SM-G892A Bulid/NRD90M; wv) AppleWebKit/537.36 (KHTML, like Gecko) Version/4.0 Chrome/60.0.3112.107 Moblie Safari/537.36"
4.213.117.57 - - [24/Nov/2024:09:51:59 +0800] "GET /wp-content/plugins/index.php HTTP/1.1" 301 615 "-" "Mozlila/5.0 (Linux; Android 7.0; SM-G892A Bulid/NRD90M; wv) AppleWebKit/537.36 (KHTML, like Gecko) Version/4.0 Chrome/60.0.3112.107 Moblie Safari/537.36"
4.213.117.57 - - [24/Nov/2024:09:52:05 +0800] "GET /wp-content/plugins/index.php HTTP/1.1" 200 3328 "-" "Mozlila/5.0 (Linux; Android 7.0; SM-G892A Bulid/NRD90M; wv) AppleWebKit/537.36 (KHTML, like Gecko) Version/4.0 Chrome/60.0.3112.107 Moblie Safari/537.36"
4.213.117.57 - - [24/Nov/2024:09:52:10 +0800] "GET /wp-content/themes/index.php HTTP/1.1" 301 613 "-" "Mozlila/5.0 (Linux; Android 7.0; SM-G892A Bulid/NRD90M; wv) AppleWebKit/537.36 (KHTML, like Gecko) Version/4.0 Chrome/60.0.3112.107 Moblie Safari/537.36"
4.213.117.57 - - [24/Nov/2024:09:52:14 +0800] "GET /wp-content/themes/index.php HTTP/1.1" 200 3328 "-" "Mozlila/5.0 (Linux; Android 7.0; SM-G892A Bulid/NRD90M; wv) AppleWebKit/537.36 (KHTML, like Gecko) Version/4.0 Chrome/60.0.3112.107 Moblie Safari/537.36"
4.213.117.57 - - [24/Nov/2024:09:52:17 +0800] "GET /wp-content/plugins/Core-Econ/upH.php HTTP/1.1" 301 631 "-" "Mozlila/5.0 (Linux; Android 7.0; SM-G892A Bulid/NRD90M; wv) AppleWebKit/537.36 (KHTML, like Gecko) Version/4.0 Chrome/60.0.3112.107 Moblie Safari/537.36"
4.213.117.57 - - [24/Nov/2024:09:52:22 +0800] "GET /wp-content/plugins/Core-Econ/upH.php HTTP/1.1" 301 3560 "-" "Mozlila/5.0 (Linux; Android 7.0; SM-G892A Bulid/NRD90M; wv) AppleWebKit/537.36 (KHTML, like Gecko) Version/4.0 Chrome/60.0.3112.107 Moblie Safari/537.36"
4.213.117.57 - - [24/Nov/2024:09:52:42 +0800] "GET /wp-content/plugins/Core-Econ/upH.php HTTP/1.1" 404 71977 "-" "Mozlila/5.0 (Linux; Android 7.0; SM-G892A Bulid/NRD90M; wv) AppleWebKit/537.36 (KHTML, like Gecko) Version/4.0 Chrome/60.0.3112.107 Moblie Safari/537.36"
4.213.117.57 - - [24/Nov/2024:09:52:56 +0800] "GET /wp-content/plugins/phpadmin/acp.php HTTP/1.1" 301 629 "-" "Mozlila/5.0 (Linux; Android 7.0; SM-G892A Bulid/NRD90M; wv) AppleWebKit/537.36 (KHTML, like Gecko) Version/4.0 Chrome/60.0.3112.107 Moblie Safari/537.36"
4.213.117.57 - - [24/Nov/2024:09:53:00 +0800] "GET /wp-content/plugins/phpadmin/acp.php HTTP/1.1" 301 3559 "-" "Mozlila/5.0 (Linux; Android 7.0; SM-G892A Bulid/NRD90M; wv) AppleWebKit/537.36 (KHTML, like Gecko) Version/4.0 Chrome/60.0.3112.107 Moblie Safari/537.36"
4.213.117.57 - - [24/Nov/2024:09:53:13 +0800] "GET /wp-content/plugins/phpadmin/acp.php HTTP/1.1" 404 71977 "-" "Mozlila/5.0 (Linux; Android 7.0; SM-G892A Bulid/NRD90M; wv) AppleWebKit/537.36 (KHTML, like Gecko) Version/4.0 Chrome/60.0.3112.107 Moblie Safari/537.36"
4.213.117.57 - - [24/Nov/2024:09:53:22 +0800] "GET /wp-content/plugins/phpad/acp.php HTTP/1.1" 301 623 "-" "Mozlila/5.0 (Linux; Android 7.0; SM-G892A Bulid/NRD90M; wv) AppleWebKit/537.36 (KHTML, like Gecko) Version/4.0 Chrome/60.0.3112.107 Moblie Safari/537.36"
220.135.127.108 - - [24/Nov/2024:09:53:06 +0800] "POST /wp-cron.php?doing_wp_cron=1732413184.6767048835754394531250 HTTP/1.1" 200 4061 "-" "WordPress/6.7.1; https://www.matador.tw"
4.213.117.57 - - [24/Nov/2024:09:53:26 +0800] "GET /wp-content/plugins/phpad/acp.php HTTP/1.1" 301 3556 "-" "Mozlila/5.0 (Linux; Android 7.0; SM-G892A Bulid/NRD90M; wv) AppleWebKit/537.36 (KHTML, like Gecko) Version/4.0 Chrome/60.0.3112.107 Moblie Safari/537.36"
4.213.117.57 - - [24/Nov/2024:09:53:45 +0800] "GET /wp-content/plugins/phpad/acp.php HTTP/1.1" 404 71977 "-" "Mozlila/5.0 (Linux; Android 7.0; SM-G892A Bulid/NRD90M; wv) AppleWebKit/537.36 (KHTML, like Gecko) Version/4.0 Chrome/60.0.3112.107 Moblie Safari/537.36"
45.159.112.130 - - [24/Nov/2024:10:00:20 +0800] "POST /xmlrpc.php HTTP/1.1" 200 4472 "-" "Mozilla/5.0 (Windows NT 10.0; Win64; x64) AppleWebKit/537.36 (KHTML, like Gecko) Chrome/70.0.3538.102 Safari/537.36"
220.135.127.108 - - [24/Nov/2024:10:00:26 +0800] "POST /wp-cron.php?doing_wp_cron=1732413623.1858370304107666015625 HTTP/1.1" 200 4061 "-" "WordPress/6.7.1; https://www.matador.tw"
35.229.251.37 - - [24/Nov/2024:10:00:17 +0800] "POST /xmlrpc.php HTTP/1.1" 200 4471 "-" "Mozilla/5.0 (Windows NT 10.0; Win64; x64; rv:61.0) Gecko/20100101 Firefox/61.0"
104.28.238.119 - - [24/Nov/2024:10:00:31 +0800] "POST /xmlrpc.php HTTP/1.1" 200 4472 "-" "Mozilla/5.0 (Linux; Android 10; SM-N960U) AppleWebKit/537.36 (KHTML, like Gecko) Chrome/91.0.4472.114 Mobile Safari/537.36"
35.229.251.37 - - [24/Nov/2024:10:00:33 +0800] "POST /xmlrpc.php HTTP/1.1" 200 4471 "-" "Mozilla/5.0 (Windows NT 10.0; Win64; x64; rv:61.0) Gecko/20100101 Firefox/61.0"
45.159.112.130 - - [24/Nov/2024:10:00:35 +0800] "POST /xmlrpc.php HTTP/1.1" 200 4472 "-" "Mozilla/5.0 (Windows NT 10.0; Win64; x64) AppleWebKit/537.36 (KHTML, like Gecko) Chrome/70.0.3538.102 Safari/537.36"
220.135.127.108 - - [24/Nov/2024:10:00:26 +0800] "POST /wp-cron.php?doing_wp_cron=1732413623.1860430240631103515625 HTTP/1.1" 200 4061 "-" "WordPress/6.7.1; https://www.matador.tw"
104.28.238.119 - - [24/Nov/2024:10:00:42 +0800] "POST /xmlrpc.php HTTP/1.1" 200 4472 "-" "Mozilla/5.0 (Linux; Android 10; SM-N960U) AppleWebKit/537.36 (KHTML, like Gecko) Chrome/91.0.4472.114 Mobile Safari/537.36"
209.38.99.228 - - [24/Nov/2024:10:01:14 +0800] "POST /xmlrpc.php HTTP/1.1" 200 4471 "-" "Mozilla/5.0 (Windows NT 10.0; Win64; x64) AppleWebKit/537.36 (KHTML, like Gecko) Chrome/88.0.4324.104 Safari/537.36"
209.38.99.228 - - [24/Nov/2024:10:01:27 +0800] "POST /xmlrpc.php HTTP/1.1" 200 4471 "-" "Mozilla/5.0 (Windows NT 10.0; Win64; x64) AppleWebKit/537.36 (KHTML, like Gecko) Chrome/88.0.4324.104 Safari/537.36"
220.135.127.108 - - [24/Nov/2024:10:04:25 +0800] "POST /wp-cron.php?doing_wp_cron=1732413864.3115820884704589843750 HTTP/1.1" 200 4061 "-" "WordPress/6.7.1; https://www.matador.tw"
15.204.182.106 - - [24/Nov/2024:10:04:18 +0800] "GET / HTTP/1.1" 301 3344 "-" "Mozilla/5.0 (Windows NT 10.0; Win64; x64) AppleWebKit/537.36 (KHTML, like Gecko) Chrome/122.0.0.0 Safari/537.36"
15.204.182.106 - - [24/Nov/2024:10:04:42 +0800] "GET / HTTP/1.1" 200 25731 "https://matador.tw/" "Mozilla/5.0 (Windows NT 10.0; Win64; x64) AppleWebKit/537.36 (KHTML, like Gecko) Chrome/122.0.0.0 Safari/537.36"
220.135.127.108 - - [24/Nov/2024:10:31:34 +0800] "POST /wp-cron.php?doing_wp_cron=1732415494.8032870292663574218750 HTTP/1.1" 200 4061 "-" "WordPress/6.7.1; https://www.matador.tw"
157.7.184.11 - - [24/Nov/2024:10:31:28 +0800] "POST /xmlrpc.php HTTP/1.1" 200 4470 "-" "Mozilla/5.0 (Windows NT 5.1) AppleWebKit/537.36 (KHTML, like Gecko) Chrome/46.0.2490.71 Safari/537.36"
157.7.184.11 - - [24/Nov/2024:10:31:37 +0800] "POST /xmlrpc.php HTTP/1.1" 200 4470 "-" "Mozilla/5.0 (Windows NT 5.1) AppleWebKit/537.36 (KHTML, like Gecko) Chrome/46.0.2490.71 Safari/537.36"
31.214.178.62 - - [24/Nov/2024:10:31:44 +0800] "POST /xmlrpc.php HTTP/1.1" 200 4471 "-" "Mozilla/5.0 (Windows NT 10.0; Win64; x64) AppleWebKit/537.36 (KHTML, like Gecko) Chrome/74.0.3729.131 Safari/537.36"
31.214.178.62 - - [24/Nov/2024:10:31:46 +0800] "POST /xmlrpc.php HTTP/1.1" 200 4471 "-" "Mozilla/5.0 (Windows NT 10.0; Win64; x64) AppleWebKit/537.36 (KHTML, like Gecko) Chrome/74.0.3729.131 Safari/537.36"
188.165.33.227 - - [24/Nov/2024:10:31:54 +0800] "POST /xmlrpc.php HTTP/1.1" 200 4472 "-" "Mozilla/5.0 (Windows NT 10.0; Win64; x64) AppleWebKit/537.36 (KHTML, like Gecko) Chrome/90.0.4430.212 Safari/537.36"
188.165.33.227 - - [24/Nov/2024:10:31:57 +0800] "POST /xmlrpc.php HTTP/1.1" 200 4472 "-" "Mozilla/5.0 (Windows NT 10.0; Win64; x64) AppleWebKit/537.36 (KHTML, like Gecko) Chrome/90.0.4430.212 Safari/537.36"
64.227.180.29 - - [24/Nov/2024:10:31:59 +0800] "POST /xmlrpc.php HTTP/1.1" 200 4471 "-" "Mozilla/5.0 (Linux; Android 6.0.1; RedMi Note 5 Build/RB3N5C; wv) AppleWebKit/537.36 (KHTML, like Gecko) Version/4.0 Chrome/68.0.3440.91 Mobile Safari/537.36"
64.227.180.29 - - [24/Nov/2024:10:32:02 +0800] "POST /xmlrpc.php HTTP/1.1" 200 4471 "-" "Mozilla/5.0 (Linux; Android 6.0.1; RedMi Note 5 Build/RB3N5C; wv) AppleWebKit/537.36 (KHTML, like Gecko) Version/4.0 Chrome/68.0.3440.91 Mobile Safari/537.36"
156.238.231.140 - - [24/Nov/2024:10:32:27 +0800] "POST /xmlrpc.php HTTP/1.1" 200 4050 "-" "Mozilla/5.0 (Windows NT 6.1; WOW64; rv:45.0) Gecko/20100101 Firefox/45.0"
156.238.231.140 - - [24/Nov/2024:10:32:29 +0800] "POST /xmlrpc.php HTTP/1.1" 200 4050 "-" "Mozilla/5.0 (Windows NT 6.1; WOW64; rv:45.0) Gecko/20100101 Firefox/45.0"
34.145.17.124 - - [24/Nov/2024:10:32:35 +0800] "POST /xmlrpc.php HTTP/1.1" 200 4471 "-" "Mozilla/5.0 (Windows NT 10.0; Win64; x64; rv:85.0) Gecko/20100101 Firefox/85.0"
34.145.17.124 - - [24/Nov/2024:10:32:40 +0800] "POST /xmlrpc.php HTTP/1.1" 200 4471 "-" "Mozilla/5.0 (Windows NT 10.0; Win64; x64; rv:85.0) Gecko/20100101 Firefox/85.0"
220.135.127.108 - - [24/Nov/2024:10:52:09 +0800] "POST /wp-cron.php?doing_wp_cron=1732416729.6768019199371337890625 HTTP/1.1" 200 4061 "-" "WordPress/6.7.1; https://www.matador.tw"
15.204.182.106 - - [24/Nov/2024:10:52:06 +0800] "GET / HTTP/1.1" 200 25731 "-" "Mozilla/5.0 (Windows NT 10.0; Win64; x64) AppleWebKit/537.36 (KHTML, like Gecko) Chrome/122.0.0.0 Safari/537.36"
220.135.127.108 - - [24/Nov/2024:11:20:05 +0800] "POST /wp-cron.php?doing_wp_cron=1732418405.8300409317016601562500 HTTP/1.1" 200 4061 "-" "WordPress/6.7.1; https://www.matador.tw"
67.231.245.82 - - [24/Nov/2024:11:20:04 +0800] "POST /xmlrpc.php HTTP/1.1" 200 4471 "-" "Mozilla/5.0 (Windows NT 10.0; Win64; x64) AppleWebKit/537.36 (KHTML, like Gecko) Chrome/91.0.4472.114 Safari/537.36"
67.231.245.82 - - [24/Nov/2024:11:20:08 +0800] "POST /xmlrpc.php HTTP/1.1" 200 4471 "-" "Mozilla/5.0 (Windows NT 10.0; Win64; x64) AppleWebKit/537.36 (KHTML, like Gecko) Chrome/91.0.4472.114 Safari/537.36"
46.4.68.19 - - [24/Nov/2024:11:20:10 +0800] "POST /xmlrpc.php HTTP/1.1" 200 4468 "-" "Mozilla/5.0 (Windows NT 10.0; Win64; x64; rv:67.0) Gecko/20100101 Firefox/67.0"
46.4.68.19 - - [24/Nov/2024:11:20:12 +0800] "POST /xmlrpc.php HTTP/1.1" 200 4468 "-" "Mozilla/5.0 (Windows NT 10.0; Win64; x64; rv:67.0) Gecko/20100101 Firefox/67.0"
82.165.230.7 - - [24/Nov/2024:11:20:23 +0800] "POST /xmlrpc.php HTTP/1.1" 200 4470 "-" "Mozilla/5.0 (Windows NT 10.0; Win64; x64) AppleWebKit/537.36 (KHTML, like Gecko) Chrome/90.0.4430.93 Safari/537.36"
82.165.230.7 - - [24/Nov/2024:11:20:26 +0800] "POST /xmlrpc.php HTTP/1.1" 200 4470 "-" "Mozilla/5.0 (Windows NT 10.0; Win64; x64) AppleWebKit/537.36 (KHTML, like Gecko) Chrome/90.0.4430.93 Safari/537.36"
104.28.238.119 - - [24/Nov/2024:11:20:30 +0800] "POST /xmlrpc.php HTTP/1.1" 200 4472 "-" "Mozilla/5.0 (Windows NT 6.1; Win64; x64) AppleWebKit/537.36 (KHTML, like Gecko) Chrome/63.0.3239.132 Safari/537.36"
104.28.238.119 - - [24/Nov/2024:11:20:39 +0800] "POST /xmlrpc.php HTTP/1.1" 200 4472 "-" "Mozilla/5.0 (Windows NT 6.1; Win64; x64) AppleWebKit/537.36 (KHTML, like Gecko) Chrome/63.0.3239.132 Safari/537.36"
138.201.41.74 - - [24/Nov/2024:11:20:41 +0800] "POST /xmlrpc.php HTTP/1.1" 200 4471 "-" "Mozilla/5.0 (Windows NT 10.0; Win64; x64) AppleWebKit/537.36 (KHTML, like Gecko) Chrome/80.0.3987.132 Safari/537.36"
138.201.41.74 - - [24/Nov/2024:11:20:44 +0800] "POST /xmlrpc.php HTTP/1.1" 200 4471 "-" "Mozilla/5.0 (Windows NT 10.0; Win64; x64) AppleWebKit/537.36 (KHTML, like Gecko) Chrome/80.0.3987.132 Safari/537.36"
197.112.10.45 - - [24/Nov/2024:11:20:50 +0800] "POST /xmlrpc.php HTTP/1.1" 200 4048 "-" "Mozilla/5.0 (Windows NT 10.0; Win64; x64) AppleWebKit/537.36 (KHTML, like Gecko) Chrome/83.0.4103.116 Safari/537.36"
197.112.10.45 - - [24/Nov/2024:11:20:53 +0800] "POST /xmlrpc.php HTTP/1.1" 200 4048 "-" "Mozilla/5.0 (Windows NT 10.0; Win64; x64) AppleWebKit/537.36 (KHTML, like Gecko) Chrome/83.0.4103.116 Safari/537.36"
65.21.18.131 - - [24/Nov/2024:11:21:00 +0800] "POST /xmlrpc.php HTTP/1.1" 200 4470 "-" "Mozilla/5.0 (Windows NT 6.1; Win64; x64) AppleWebKit/537.36 (KHTML, like Gecko) Chrome/60.0.3112.90 Safari/537.36"
65.21.18.131 - - [24/Nov/2024:11:21:03 +0800] "POST /xmlrpc.php HTTP/1.1" 200 4470 "-" "Mozilla/5.0 (Windows NT 6.1; Win64; x64) AppleWebKit/537.36 (KHTML, like Gecko) Chrome/60.0.3112.90 Safari/537.36"
47.100.49.34 - - [24/Nov/2024:11:21:08 +0800] "POST /xmlrpc.php HTTP/1.1" 200 4470 "-" "Mozilla/5.0 (Windows NT 10.0; Win64; x64; rv:61.0) Gecko/20100101 Firefox/61.0"
46.4.68.19 - - [24/Nov/2024:11:21:10 +0800] "POST /xmlrpc.php HTTP/1.1" 200 4468 "-" "Mozilla/5.0 (Windows NT 10.0; WOW64) AppleWebKit/537.36 (KHTML, like Gecko) Chrome/91.0.4472.114 Safari/537.36"
47.100.49.34 - - [24/Nov/2024:11:21:10 +0800] "POST /xmlrpc.php HTTP/1.1" 200 4470 "-" "Mozilla/5.0 (Windows NT 10.0; Win64; x64; rv:61.0) Gecko/20100101 Firefox/61.0"
46.4.68.19 - - [24/Nov/2024:11:21:11 +0800] "POST /xmlrpc.php HTTP/1.1" 200 4468 "-" "Mozilla/5.0 (Windows NT 10.0; WOW64) AppleWebKit/537.36 (KHTML, like Gecko) Chrome/91.0.4472.114 Safari/537.36"
167.71.201.163 - - [24/Nov/2024:11:21:23 +0800] "POST /xmlrpc.php HTTP/1.1" 200 4049 "-" "Mozilla/5.0 (Windows NT 6.1; Win64; x64; rv:61.0) Gecko/20100101 Firefox/61.0"
167.71.201.163 - - [24/Nov/2024:11:21:25 +0800] "POST /xmlrpc.php HTTP/1.1" 200 4049 "-" "Mozilla/5.0 (Windows NT 6.1; Win64; x64; rv:61.0) Gecko/20100101 Firefox/61.0"
82.165.230.7 - - [24/Nov/2024:11:21:44 +0800] "POST /xmlrpc.php HTTP/1.1" 200 4470 "-" "Mozilla/5.0 (Windows NT 10.0; Win64; x64; rv:59.0) Gecko/20100101 Firefox/59.0"
82.165.230.7 - - [24/Nov/2024:11:21:46 +0800] "POST /xmlrpc.php HTTP/1.1" 200 4470 "-" "Mozilla/5.0 (Windows NT 10.0; Win64; x64; rv:59.0) Gecko/20100101 Firefox/59.0"
24.144.88.68 - - [24/Nov/2024:11:21:52 +0800] "POST /xmlrpc.php HTTP/1.1" 200 4470 "-" "Mozilla/5.0 (Linux; Android 10; SM-G960U) AppleWebKit/537.36 (KHTML, like Gecko) Chrome/91.0.4472.114 Mobile Safari/537.36"
24.144.88.68 - - [24/Nov/2024:11:21:54 +0800] "POST /xmlrpc.php HTTP/1.1" 200 4470 "-" "Mozilla/5.0 (Linux; Android 10; SM-G960U) AppleWebKit/537.36 (KHTML, like Gecko) Chrome/91.0.4472.114 Mobile Safari/537.36"
207.46.13.151 - - [24/Nov/2024:11:52:40 +0800] "GET /news-sitemap.xml HTTP/1.1" 200 4346 "-" "Mozilla/5.0 AppleWebKit/537.36 (KHTML, like Gecko; compatible; bingbot/2.0; +http://www.bing.com/bingbot.htm) Chrome/116.0.1938.76 Safari/537.36"
220.135.127.108 - - [24/Nov/2024:12:15:00 +0800] "POST /wp-cron.php?doing_wp_cron=1732421700.2992830276489257812500 HTTP/1.1" 200 4061 "-" "WordPress/6.7.1; https://www.matador.tw"
121.229.156.112 - - [24/Nov/2024:12:14:58 +0800] "GET / HTTP/1.1" 200 26388 "-" "Sogou web spider/4.0(+http://www.sogou.com/docs/help/webmasters.htm#07)"
194.5.82.120 - - [24/Nov/2024:12:19:15 +0800] "GET /85022df0ed31.php HTTP/1.1" 301 535 "-" "Go-http-client/1.1"
220.135.127.108 - - [24/Nov/2024:12:19:15 +0800] "POST /wp-cron.php?doing_wp_cron=1732421955.5882489681243896484375 HTTP/1.1" 200 4061 "-" "WordPress/6.7.1; https://www.matador.tw"
194.5.82.132 - - [24/Nov/2024:12:19:15 +0800] "GET /85022df0ed31.php HTTP/1.1" 301 4134 "http://matador.tw/85022df0ed31.php" "Go-http-client/1.1"
220.135.127.108 - - [24/Nov/2024:12:19:16 +0800] "POST /wp-cron.php?doing_wp_cron=1732421956.5955150127410888671875 HTTP/1.1" 200 4061 "-" "WordPress/6.7.1; https://www.matador.tw"
194.5.82.127 - - [24/Nov/2024:12:19:16 +0800] "GET /85022df0ed31.php HTTP/1.1" 404 72480 "https://matador.tw/85022df0ed31.php" "Go-http-client/1.1"
194.5.82.120 - - [24/Nov/2024:12:19:17 +0800] "GET /mah/function.php HTTP/1.1" 301 535 "-" "Go-http-client/1.1"
220.135.127.108 - - [24/Nov/2024:12:19:17 +0800] "POST /wp-cron.php?doing_wp_cron=1732421957.46454
| ver. 1.4 |
Github
|
.
| PHP 7.4.3-4ubuntu2.24 | Генерация страницы: 0.01 |
proxy
|
phpinfo
|
Настройка