Файловый менеджер - Редактировать - /var/www/matador/log/access.log
Назад
45.156.129.121 - - [23/Nov/2024:10:38:11 +0800] "GET / HTTP/1.1" 301 515 "-" "Mozilla/5.0 (Windows NT 10.0; Win64; x64) AppleWebKit/537.36 (KHTML, like Gecko) Chrome/60.0.3112.113 Safari/537.36"
220.135.127.108 - - [23/Nov/2024:10:38:13 +0800] "POST /wp-cron.php?doing_wp_cron=1732329493.0839090347290039062500 HTTP/1.1" 200 4061 "-" "WordPress/6.7.1; https://www.matador.tw"
45.156.129.122 - - [23/Nov/2024:10:38:12 +0800] "GET / HTTP/1.1" 200 25779 "http://www.matador.tw/" "Mozilla/5.0 (Windows NT 10.0; Win64; x64) AppleWebKit/537.36 (KHTML, like Gecko) Chrome/60.0.3112.113 Safari/537.36"
45.156.129.120 - - [23/Nov/2024:10:38:22 +0800] "GET /favicon.ico HTTP/1.1" 301 593 "-" "Mozilla/5.0 (Windows NT 10.0; WOW64) AppleWebKit/537.36 (KHTML, like Gecko) Chrome/66.0.3359.117 Safari/537.36"
45.156.129.120 - - [23/Nov/2024:10:38:23 +0800] "GET /favicon.ico HTTP/1.1" 302 4179 "-" "Mozilla/5.0 (Windows NT 10.0; WOW64) AppleWebKit/537.36 (KHTML, like Gecko) Chrome/66.0.3359.117 Safari/537.36"
45.156.129.120 - - [23/Nov/2024:10:38:24 +0800] "GET /wp-includes/images/w-logo-blue-white-bg.png HTTP/1.1" 200 4449 "-" "Mozilla/5.0 (Windows NT 10.0; WOW64) AppleWebKit/537.36 (KHTML, like Gecko) Chrome/66.0.3359.117 Safari/537.36"
45.156.129.123 - - [23/Nov/2024:10:38:25 +0800] "GET /license.txt HTTP/1.1" 301 537 "-" "Mozilla/5.0 (Windows NT 10.0; Win64; x64) AppleWebKit/537.36 (KHTML, like Gecko) Chrome/60.0.3112.113 Safari/537.36"
45.156.129.120 - - [23/Nov/2024:10:38:26 +0800] "GET /license.txt HTTP/1.1" 200 10749 "http://www.matador.tw/license.txt" "Mozilla/5.0 (Windows NT 10.0; Win64; x64) AppleWebKit/537.36 (KHTML, like Gecko) Chrome/60.0.3112.113 Safari/537.36"
45.156.129.120 - - [23/Nov/2024:10:38:32 +0800] "GET /wp-content/plugins/kingcomposer/readme.txt HTTP/1.1" 301 599 "-" "Mozilla/5.0 (Windows NT 10.0; Win64; x64) AppleWebKit/537.36 (KHTML, like Gecko) Chrome/60.0.3112.113 Safari/537.36"
45.156.129.121 - - [23/Nov/2024:10:38:33 +0800] "GET /wp-content/plugins/kingcomposer/readme.txt HTTP/1.1" 404 71906 "http://www.matador.tw/wp-content/plugins/kingcomposer/readme.txt" "Mozilla/5.0 (Windows NT 10.0; Win64; x64) AppleWebKit/537.36 (KHTML, like Gecko) Chrome/60.0.3112.113 Safari/537.36"
45.156.129.120 - - [23/Nov/2024:10:38:40 +0800] "GET /wp-content/plugins/iwp-client/readme.txt HTTP/1.1" 301 595 "-" "Mozilla/5.0 (Windows NT 10.0; Win64; x64) AppleWebKit/537.36 (KHTML, like Gecko) Chrome/60.0.3112.113 Safari/537.36"
45.156.129.120 - - [23/Nov/2024:10:38:41 +0800] "GET /wp-content/plugins/iwp-client/readme.txt HTTP/1.1" 404 71906 "http://www.matador.tw/wp-content/plugins/iwp-client/readme.txt" "Mozilla/5.0 (Windows NT 10.0; Win64; x64) AppleWebKit/537.36 (KHTML, like Gecko) Chrome/60.0.3112.113 Safari/537.36"
45.156.129.122 - - [23/Nov/2024:10:38:47 +0800] "GET /wp-content/plugins/wordpress-database-reset/readme.txt HTTP/1.1" 301 623 "-" "Mozilla/5.0 (Windows NT 10.0; Win64; x64) AppleWebKit/537.36 (KHTML, like Gecko) Chrome/60.0.3112.113 Safari/537.36"
220.135.127.108 - - [23/Nov/2024:10:38:49 +0800] "POST /wp-cron.php?doing_wp_cron=1732329529.3659920692443847656250 HTTP/1.1" 200 4061 "-" "WordPress/6.7.1; https://www.matador.tw"
45.156.129.122 - - [23/Nov/2024:10:38:49 +0800] "GET /wp-content/plugins/wordpress-database-reset/readme.txt HTTP/1.1" 404 71906 "http://www.matador.tw/wp-content/plugins/wordpress-database-reset/readme.txt" "Mozilla/5.0 (Windows NT 10.0; Win64; x64) AppleWebKit/537.36 (KHTML, like Gecko) Chrome/60.0.3112.113 Safari/537.36"
45.156.129.123 - - [23/Nov/2024:10:38:55 +0800] "GET /wp-content/plugins/wp-central/readme.txt HTTP/1.1" 301 595 "-" "Mozilla/5.0 (Windows NT 10.0; Win64; x64) AppleWebKit/537.36 (KHTML, like Gecko) Chrome/60.0.3112.113 Safari/537.36"
45.156.129.121 - - [23/Nov/2024:10:38:56 +0800] "GET /wp-content/plugins/wp-central/readme.txt HTTP/1.1" 404 71906 "http://www.matador.tw/wp-content/plugins/wp-central/readme.txt" "Mozilla/5.0 (Windows NT 10.0; Win64; x64) AppleWebKit/537.36 (KHTML, like Gecko) Chrome/60.0.3112.113 Safari/537.36"
45.156.129.123 - - [23/Nov/2024:10:39:04 +0800] "GET /wp-content/plugins/wp-time-capsule/readme.txt HTTP/1.1" 301 605 "-" "Mozilla/5.0 (Windows NT 10.0; Win64; x64) AppleWebKit/537.36 (KHTML, like Gecko) Chrome/60.0.3112.113 Safari/537.36"
45.156.129.121 - - [23/Nov/2024:10:39:05 +0800] "GET /wp-content/plugins/wp-time-capsule/readme.txt HTTP/1.1" 404 71906 "http://www.matador.tw/wp-content/plugins/wp-time-capsule/readme.txt" "Mozilla/5.0 (Windows NT 10.0; Win64; x64) AppleWebKit/537.36 (KHTML, like Gecko) Chrome/60.0.3112.113 Safari/537.36"
45.156.129.121 - - [23/Nov/2024:10:39:11 +0800] "GET /wp-content/plugins/elementor/readme.txt HTTP/1.1" 301 593 "-" "Mozilla/5.0 (Windows NT 10.0; Win64; x64) AppleWebKit/537.36 (KHTML, like Gecko) Chrome/60.0.3112.113 Safari/537.36"
45.156.129.121 - - [23/Nov/2024:10:39:12 +0800] "GET /wp-content/plugins/elementor/readme.txt HTTP/1.1" 404 71906 "http://www.matador.tw/wp-content/plugins/elementor/readme.txt" "Mozilla/5.0 (Windows NT 10.0; Win64; x64) AppleWebKit/537.36 (KHTML, like Gecko) Chrome/60.0.3112.113 Safari/537.36"
45.156.129.123 - - [23/Nov/2024:10:39:19 +0800] "GET /wp-content/plugins/wp-user-avatar/readme.txt HTTP/1.1" 301 603 "-" "Mozilla/5.0 (Windows NT 10.0; Win64; x64) AppleWebKit/537.36 (KHTML, like Gecko) Chrome/60.0.3112.113 Safari/537.36"
45.156.129.123 - - [23/Nov/2024:10:39:20 +0800] "GET /wp-content/plugins/wp-user-avatar/readme.txt HTTP/1.1" 404 71906 "http://www.matador.tw/wp-content/plugins/wp-user-avatar/readme.txt" "Mozilla/5.0 (Windows NT 10.0; Win64; x64) AppleWebKit/537.36 (KHTML, like Gecko) Chrome/60.0.3112.113 Safari/537.36"
45.156.129.121 - - [23/Nov/2024:10:39:25 +0800] "GET /wp-content/plugins/code-snippets/readme.txt HTTP/1.1" 301 601 "-" "Mozilla/5.0 (Windows NT 10.0; Win64; x64) AppleWebKit/537.36 (KHTML, like Gecko) Chrome/60.0.3112.113 Safari/537.36"
45.156.129.123 - - [23/Nov/2024:10:39:27 +0800] "GET /wp-content/plugins/code-snippets/readme.txt HTTP/1.1" 404 71906 "http://www.matador.tw/wp-content/plugins/code-snippets/readme.txt" "Mozilla/5.0 (Windows NT 10.0; Win64; x64) AppleWebKit/537.36 (KHTML, like Gecko) Chrome/60.0.3112.113 Safari/537.36"
45.156.129.121 - - [23/Nov/2024:10:39:32 +0800] "GET /wp-content/plugins/bbpress/readme.txt HTTP/1.1" 301 589 "-" "Mozilla/5.0 (Windows NT 10.0; Win64; x64) AppleWebKit/537.36 (KHTML, like Gecko) Chrome/60.0.3112.113 Safari/537.36"
45.156.129.121 - - [23/Nov/2024:10:39:33 +0800] "GET /wp-content/plugins/bbpress/readme.txt HTTP/1.1" 404 71906 "http://www.matador.tw/wp-content/plugins/bbpress/readme.txt" "Mozilla/5.0 (Windows NT 10.0; Win64; x64) AppleWebKit/537.36 (KHTML, like Gecko) Chrome/60.0.3112.113 Safari/537.36"
45.156.129.122 - - [23/Nov/2024:10:39:40 +0800] "GET /wp-content/plugins/wp-video-lightbox/readme.txt HTTP/1.1" 301 609 "-" "Mozilla/5.0 (Windows NT 10.0; Win64; x64) AppleWebKit/537.36 (KHTML, like Gecko) Chrome/60.0.3112.113 Safari/537.36"
45.156.129.122 - - [23/Nov/2024:10:39:41 +0800] "GET /wp-content/plugins/wp-video-lightbox/readme.txt HTTP/1.1" 404 71906 "http://www.matador.tw/wp-content/plugins/wp-video-lightbox/readme.txt" "Mozilla/5.0 (Windows NT 10.0; Win64; x64) AppleWebKit/537.36 (KHTML, like Gecko) Chrome/60.0.3112.113 Safari/537.36"
45.156.129.122 - - [23/Nov/2024:10:39:50 +0800] "GET /wp-content/plugins/optinmonster/readme.txt HTTP/1.1" 301 599 "-" "Mozilla/5.0 (Windows NT 10.0; Win64; x64) AppleWebKit/537.36 (KHTML, like Gecko) Chrome/60.0.3112.113 Safari/537.36"
45.156.129.121 - - [23/Nov/2024:10:39:52 +0800] "GET /wp-content/plugins/optinmonster/readme.txt HTTP/1.1" 404 71906 "http://www.matador.tw/wp-content/plugins/optinmonster/readme.txt" "Mozilla/5.0 (Windows NT 10.0; Win64; x64) AppleWebKit/537.36 (KHTML, like Gecko) Chrome/60.0.3112.113 Safari/537.36"
45.156.129.122 - - [23/Nov/2024:10:40:00 +0800] "GET /wp-content/plugins/fancy-product-designer/readme.txt HTTP/1.1" 301 619 "-" "Mozilla/5.0 (Windows NT 10.0; Win64; x64) AppleWebKit/537.36 (KHTML, like Gecko) Chrome/60.0.3112.113 Safari/537.36"
45.156.129.122 - - [23/Nov/2024:10:40:01 +0800] "GET /wp-content/plugins/fancy-product-designer/readme.txt HTTP/1.1" 404 71906 "http://www.matador.tw/wp-content/plugins/fancy-product-designer/readme.txt" "Mozilla/5.0 (Windows NT 10.0; Win64; x64) AppleWebKit/537.36 (KHTML, like Gecko) Chrome/60.0.3112.113 Safari/537.36"
45.156.129.122 - - [23/Nov/2024:10:40:10 +0800] "GET /wp-content/plugins/wp-fastest-cache/readme.txt HTTP/1.1" 301 607 "-" "Mozilla/5.0 (Windows NT 10.0; Win64; x64) AppleWebKit/537.36 (KHTML, like Gecko) Chrome/60.0.3112.113 Safari/537.36"
45.156.129.123 - - [23/Nov/2024:10:40:12 +0800] "GET /wp-content/plugins/wp-fastest-cache/readme.txt HTTP/1.1" 404 71906 "http://www.matador.tw/wp-content/plugins/wp-fastest-cache/readme.txt" "Mozilla/5.0 (Windows NT 10.0; Win64; x64) AppleWebKit/537.36 (KHTML, like Gecko) Chrome/60.0.3112.113 Safari/537.36"
45.156.129.121 - - [23/Nov/2024:10:40:21 +0800] "GET /wp-content/plugins/wpschoolpress/readme.txt HTTP/1.1" 301 601 "-" "Mozilla/5.0 (Windows NT 10.0; Win64; x64) AppleWebKit/537.36 (KHTML, like Gecko) Chrome/60.0.3112.113 Safari/537.36"
45.156.129.122 - - [23/Nov/2024:10:40:22 +0800] "GET /wp-content/plugins/wpschoolpress/readme.txt HTTP/1.1" 404 71906 "http://www.matador.tw/wp-content/plugins/wpschoolpress/readme.txt" "Mozilla/5.0 (Windows NT 10.0; Win64; x64) AppleWebKit/537.36 (KHTML, like Gecko) Chrome/60.0.3112.113 Safari/537.36"
45.156.129.122 - - [23/Nov/2024:10:40:28 +0800] "GET / HTTP/1.1" 301 515 "-" "Mozilla/5.0 (Windows NT 10.0; Win64; x64) AppleWebKit/537.36 (KHTML, like Gecko) Chrome/60.0.3112.113 Safari/537.36"
45.156.129.122 - - [23/Nov/2024:10:40:29 +0800] "GET /aspera/faspex/ HTTP/1.1" 301 543 "-" "Mozilla/5.0 (Windows NT 10.0; Win64; x64) AppleWebKit/537.36 (KHTML, like Gecko) Chrome/60.0.3112.113 Safari/537.36"
220.135.127.108 - - [23/Nov/2024:10:43:11 +0800] "POST /wp-cron.php?doing_wp_cron=1732329791.2913670539855957031250 HTTP/1.1" 200 4061 "-" "WordPress/6.7.1; https://www.matador.tw"
203.161.63.25 - - [23/Nov/2024:10:43:11 +0800] "POST /xmlrpc.php HTTP/1.1" 200 4471 "-" "Mozilla/5.0 (X11; Linux x86_64) AppleWebKit/537.36 (KHTML, like Gecko) Chrome/91.0.4472.114 Safari/537.36"
220.135.127.108 - - [23/Nov/2024:10:43:12 +0800] "POST /wp-cron.php?doing_wp_cron=1732329792.6048059463500976562500 HTTP/1.1" 200 4061 "-" "WordPress/6.7.1; https://www.matador.tw"
77.68.64.29 - - [23/Nov/2024:10:43:12 +0800] "POST /xmlrpc.php HTTP/1.1" 200 4046 "-" "Mozilla/5.0 (Windows NT 10.0; Win64; x64) AppleWebKit/537.36 (KHTML, like Gecko) Chrome/87.0.4280.88 Safari/537.36"
203.161.63.25 - - [23/Nov/2024:10:43:14 +0800] "POST /xmlrpc.php HTTP/1.1" 200 4471 "-" "Mozilla/5.0 (X11; Linux x86_64) AppleWebKit/537.36 (KHTML, like Gecko) Chrome/91.0.4472.114 Safari/537.36"
77.68.64.29 - - [23/Nov/2024:10:43:14 +0800] "POST /xmlrpc.php HTTP/1.1" 200 4046 "-" "Mozilla/5.0 (Windows NT 10.0; Win64; x64) AppleWebKit/537.36 (KHTML, like Gecko) Chrome/87.0.4280.88 Safari/537.36"
117.54.215.10 - - [23/Nov/2024:10:43:34 +0800] "POST /xmlrpc.php HTTP/1.1" 200 4048 "-" "Mozilla/5.0 (Linux; Android 10; LM-Q720) AppleWebKit/537.36 (KHTML, like Gecko) Chrome/91.0.4472.114 Mobile Safari/537.36"
117.54.215.10 - - [23/Nov/2024:10:43:37 +0800] "POST /xmlrpc.php HTTP/1.1" 200 4048 "-" "Mozilla/5.0 (Linux; Android 10; LM-Q720) AppleWebKit/537.36 (KHTML, like Gecko) Chrome/91.0.4472.114 Mobile Safari/537.36"
156.238.231.140 - - [23/Nov/2024:10:43:49 +0800] "POST /xmlrpc.php HTTP/1.1" 200 4050 "-" "Mozilla/5.0 (Windows NT 6.1; WOW64; rv:17.0) Gecko/20100101 Firefox/17.0"
63.250.40.100 - - [23/Nov/2024:10:43:50 +0800] "POST /xmlrpc.php HTTP/1.1" 200 4471 "-" "Mozilla/5.0 (Windows NT 10.0; Win64; x64; rv:63.0) Gecko/20100101 Firefox/63.0"
156.238.231.140 - - [23/Nov/2024:10:43:52 +0800] "POST /xmlrpc.php HTTP/1.1" 200 4050 "-" "Mozilla/5.0 (Windows NT 6.1; WOW64; rv:17.0) Gecko/20100101 Firefox/17.0"
63.250.40.100 - - [23/Nov/2024:10:43:52 +0800] "POST /xmlrpc.php HTTP/1.1" 200 4471 "-" "Mozilla/5.0 (Windows NT 10.0; Win64; x64; rv:63.0) Gecko/20100101 Firefox/63.0"
185.10.75.3 - - [23/Nov/2024:10:44:00 +0800] "POST /xmlrpc.php HTTP/1.1" 200 4469 "-" "Mozilla/5.0 (Windows NT 6.1; Win64; x64) AppleWebKit/537.36 (KHTML, like Gecko) Chrome/60.0.3112.90 Safari/537.36"
159.89.176.50 - - [23/Nov/2024:10:44:01 +0800] "POST /xmlrpc.php HTTP/1.1" 200 4471 "-" "Mozilla/5.0 (Windows NT 5.1; Win64; x64) AppleWebKit/537.36 (KHTML, like Gecko) Chrome/60.0.3112.90 Safari/537.36"
185.10.75.3 - - [23/Nov/2024:10:44:03 +0800] "POST /xmlrpc.php HTTP/1.1" 200 4469 "-" "Mozilla/5.0 (Windows NT 6.1; Win64; x64) AppleWebKit/537.36 (KHTML, like Gecko) Chrome/60.0.3112.90 Safari/537.36"
159.89.176.50 - - [23/Nov/2024:10:44:03 +0800] "POST /xmlrpc.php HTTP/1.1" 200 4471 "-" "Mozilla/5.0 (Windows NT 5.1; Win64; x64) AppleWebKit/537.36 (KHTML, like Gecko) Chrome/60.0.3112.90 Safari/537.36"
82.165.230.7 - - [23/Nov/2024:10:44:10 +0800] "POST /xmlrpc.php HTTP/1.1" 200 4470 "-" "Mozilla/5.0 (Linux; Android 10) AppleWebKit/537.36 (KHTML, like Gecko) Chrome/91.0.4472.114 Mobile Safari/537.36"
82.165.230.7 - - [23/Nov/2024:10:44:12 +0800] "POST /xmlrpc.php HTTP/1.1" 200 4470 "-" "Mozilla/5.0 (Linux; Android 10) AppleWebKit/537.36 (KHTML, like Gecko) Chrome/91.0.4472.114 Mobile Safari/537.36"
8.218.163.254 - - [23/Nov/2024:10:44:25 +0800] "POST /xmlrpc.php HTTP/1.1" 200 4048 "-" "Mozilla/5.0 (Windows NT 6.1) AppleWebKit/537.36 (KHTML, like Gecko) Chrome/56.0.2924.76 Safari/537.36"
8.218.163.254 - - [23/Nov/2024:10:44:26 +0800] "POST /xmlrpc.php HTTP/1.1" 200 4048 "-" "Mozilla/5.0 (Windows NT 6.1) AppleWebKit/537.36 (KHTML, like Gecko) Chrome/56.0.2924.76 Safari/537.36"
203.161.63.25 - - [23/Nov/2024:10:44:30 +0800] "POST /xmlrpc.php HTTP/1.1" 200 4471 "-" "Mozilla/5.0 (Windows NT 6.1; Win64; x64) AppleWebKit/537.36 (KHTML, like Gecko) Chrome/74.0.3729.169 Safari/537.36"
203.161.63.25 - - [23/Nov/2024:10:44:32 +0800] "POST /xmlrpc.php HTTP/1.1" 200 4471 "-" "Mozilla/5.0 (Windows NT 6.1; Win64; x64) AppleWebKit/537.36 (KHTML, like Gecko) Chrome/74.0.3729.169 Safari/537.36"
23.94.26.231 - - [23/Nov/2024:10:44:38 +0800] "POST /xmlrpc.php HTTP/1.1" 200 4470 "-" "Mozilla/5.0 (Windows NT 10.0; Win64; x64) AppleWebKit/537.36 (KHTML, like Gecko) Chrome/86.0.4240.198 Safari/537.36"
23.94.26.231 - - [23/Nov/2024:10:44:41 +0800] "POST /xmlrpc.php HTTP/1.1" 200 4470 "-" "Mozilla/5.0 (Windows NT 10.0; Win64; x64) AppleWebKit/537.36 (KHTML, like Gecko) Chrome/86.0.4240.198 Safari/537.36"
43.231.115.89 - - [23/Nov/2024:10:44:51 +0800] "POST /xmlrpc.php HTTP/1.1" 200 4048 "-" "Mozilla/5.0 (Windows NT 10.0; Win64; x64) AppleWebKit/537.36 (KHTML, like Gecko) Chrome/80.0.3987.163 Safari/537.36"
43.231.115.89 - - [23/Nov/2024:10:44:54 +0800] "POST /xmlrpc.php HTTP/1.1" 200 4048 "-" "Mozilla/5.0 (Windows NT 10.0; Win64; x64) AppleWebKit/537.36 (KHTML, like Gecko) Chrome/80.0.3987.163 Safari/537.36"
43.130.40.120 - - [23/Nov/2024:11:03:44 +0800] "GET / HTTP/1.1" 301 534 "-" "Mozilla/5.0 (iPhone; CPU iPhone OS 13_2_3 like Mac OS X) AppleWebKit/605.1.15 (KHTML, like Gecko) Version/13.0.3 Mobile/15E148 Safari/604.1"
220.135.127.108 - - [23/Nov/2024:11:03:45 +0800] "POST /wp-cron.php?doing_wp_cron=1732331025.5861260890960693359375 HTTP/1.1" 200 4061 "-" "WordPress/6.7.1; https://www.matador.tw"
43.130.40.120 - - [23/Nov/2024:11:03:45 +0800] "GET / HTTP/1.1" 200 26388 "http://www.matador.tw" "Mozilla/5.0 (iPhone; CPU iPhone OS 13_2_3 like Mac OS X) AppleWebKit/605.1.15 (KHTML, like Gecko) Version/13.0.3 Mobile/15E148 Safari/604.1"
220.135.127.108 - - [23/Nov/2024:11:28:11 +0800] "POST /wp-cron.php?doing_wp_cron=1732332491.3315460681915283203125 HTTP/1.1" 200 4061 "-" "WordPress/6.7.1; https://www.matador.tw"
114.119.142.12 - - [23/Nov/2024:11:28:10 +0800] "GET /robots.txt HTTP/1.1" 301 4007 "-" "Mozilla/5.0 (compatible;PetalBot;+https://webmaster.petalsearch.com/site/petalbot)"
220.135.127.108 - - [23/Nov/2024:11:28:19 +0800] "POST /wp-cron.php?doing_wp_cron=1732332499.3115639686584472656250 HTTP/1.1" 200 4061 "-" "WordPress/6.7.1; https://www.matador.tw"
114.119.142.12 - - [23/Nov/2024:11:28:19 +0800] "GET /robots.txt HTTP/1.1" 200 4149 "-" "Mozilla/5.0 (compatible;PetalBot;+https://webmaster.petalsearch.com/site/petalbot)"
69.171.249.3 - - [23/Nov/2024:11:58:52 +0800] "GET /robots.txt HTTP/1.1" 200 4251 "-" "facebookexternalhit/1.1 (+http://www.facebook.com/externalhit_uatext.php)"
220.135.127.108 - - [23/Nov/2024:11:58:53 +0800] "POST /wp-cron.php?doing_wp_cron=1732334333.1418259143829345703125 HTTP/1.1" 200 4061 "-" "WordPress/6.7.1; https://www.matador.tw"
69.171.249.114 - - [23/Nov/2024:11:58:52 +0800] "GET /robots.txt HTTP/1.1" 200 4251 "-" "facebookexternalhit/1.1 (+http://www.facebook.com/externalhit_uatext.php)"
220.135.127.108 - - [23/Nov/2024:11:58:53 +0800] "POST /wp-cron.php?doing_wp_cron=1732334333.1419670581817626953125 HTTP/1.1" 200 4061 "-" "WordPress/6.7.1; https://www.matador.tw"
69.171.249.1 - - [23/Nov/2024:11:58:52 +0800] "GET /robots.txt HTTP/1.1" 200 4251 "-" "facebookexternalhit/1.1 (+http://www.facebook.com/externalhit_uatext.php)"
173.252.79.5 - - [23/Nov/2024:11:59:05 +0800] "GET /robots.txt HTTP/1.1" 200 4177 "-" "facebookexternalhit/1.1 (+http://www.facebook.com/externalhit_uatext.php)"
173.252.95.18 - - [23/Nov/2024:11:59:06 +0800] "GET /robots.txt HTTP/1.1" 200 4177 "-" "facebookexternalhit/1.1 (+http://www.facebook.com/externalhit_uatext.php)"
223.109.252.188 - - [23/Nov/2024:12:11:39 +0800] "GET / HTTP/1.1" 301 534 "-" "Sogou web spider/4.0(+http://www.sogou.com/docs/help/webmasters.htm#07)"
220.135.127.108 - - [23/Nov/2024:12:11:39 +0800] "POST /wp-cron.php?doing_wp_cron=1732335099.7025439739227294921875 HTTP/1.1" 200 4061 "-" "WordPress/6.7.1; https://www.matador.tw"
223.109.252.188 - - [23/Nov/2024:12:11:39 +0800] "GET / HTTP/1.1" 200 26388 "-" "Sogou web spider/4.0(+http://www.sogou.com/docs/help/webmasters.htm#07)"
138.246.253.24 - - [23/Nov/2024:12:12:53 +0800] "GET /robots.txt HTTP/1.1" 301 3988 "-" "Mozilla/5.0 (Windows NT 10.0; Win64; x64) AppleWebKit/537.36 (KHTML, like Gecko) Chrome/103.0.5060.134 Safari/537.36"
220.135.127.108 - - [23/Nov/2024:12:14:39 +0800] "POST /wp-cron.php?doing_wp_cron=1732335279.0088679790496826171875 HTTP/1.1" 200 4061 "-" "WordPress/6.7.1; https://www.matador.tw"
185.191.171.9 - - [23/Nov/2024:12:14:38 +0800] "GET /robots.txt HTTP/1.1" 200 4149 "-" "Mozilla/5.0 (compatible; SemrushBot/7~bl; +http://www.semrush.com/bot.html)"
85.208.96.196 - - [23/Nov/2024:12:14:40 +0800] "GET /n4720d_timing_chain/ HTTP/1.1" 200 26825 "-" "Mozilla/5.0 (compatible; SemrushBot/7~bl; +http://www.semrush.com/bot.html)"
178.210.76.189 - - [23/Nov/2024:12:17:21 +0800] "POST /xmlrpc.php HTTP/1.1" 200 4472 "-" "Mozilla/5.0 (Windows NT 10.0; Win64; x64) AppleWebKit/537.36 (KHTML, like Gecko) Chrome/88.0.4324.190 Safari/537.36"
178.210.76.189 - - [23/Nov/2024:12:17:23 +0800] "POST /xmlrpc.php HTTP/1.1" 200 4472 "-" "Mozilla/5.0 (Windows NT 10.0; Win64; x64) AppleWebKit/537.36 (KHTML, like Gecko) Chrome/88.0.4324.190 Safari/537.36"
63.250.38.57 - - [23/Nov/2024:12:17:38 +0800] "POST /xmlrpc.php HTTP/1.1" 200 4470 "-" "Mozilla/5.0 (Windows NT 10.0; Win64; x64; rv:61.0) Gecko/20100101 Firefox/61.0"
63.250.38.57 - - [23/Nov/2024:12:17:40 +0800] "POST /xmlrpc.php HTTP/1.1" 200 4470 "-" "Mozilla/5.0 (Windows NT 10.0; Win64; x64; rv:61.0) Gecko/20100101 Firefox/61.0"
46.242.231.28 - - [23/Nov/2024:12:17:56 +0800] "POST /xmlrpc.php HTTP/1.1" 200 4471 "-" "Mozilla/5.0 (Windows NT 6.1) AppleWebKit/537.36 (KHTML, like Gecko) Chrome/56.0.2924.76 Safari/537.36"
46.242.231.28 - - [23/Nov/2024:12:17:59 +0800] "POST /xmlrpc.php HTTP/1.1" 200 4471 "-" "Mozilla/5.0 (Windows NT 6.1) AppleWebKit/537.36 (KHTML, like Gecko) Chrome/56.0.2924.76 Safari/537.36"
220.135.127.108 - - [23/Nov/2024:12:17:59 +0800] "POST /wp-cron.php?doing_wp_cron=1732335479.1130890846252441406250 HTTP/1.1" 200 4061 "-" "WordPress/6.7.1; https://www.matador.tw"
82.77.184.46 - - [23/Nov/2024:12:17:58 +0800] "POST /xmlrpc.php HTTP/1.1" 200 4047 "-" "Mozilla/5.0 (Linux; Android 10; LM-Q710(FGN)) AppleWebKit/537.36 (KHTML, like Gecko) Chrome/91.0.4472.114 Mobile Safari/537.36"
82.77.184.46 - - [23/Nov/2024:12:18:01 +0800] "POST /xmlrpc.php HTTP/1.1" 200 4047 "-" "Mozilla/5.0 (Linux; Android 10; LM-Q710(FGN)) AppleWebKit/537.36 (KHTML, like Gecko) Chrome/91.0.4472.114 Mobile Safari/537.36"
197.112.10.45 - - [23/Nov/2024:12:18:01 +0800] "POST /xmlrpc.php HTTP/1.1" 200 4048 "-" "Mozilla/5.0 (Windows NT 10.0; Win64; x64) AppleWebKit/537.36 (KHTML, like Gecko) Chrome/87.0.4280.88 Safari/537.36"
197.112.10.45 - - [23/Nov/2024:12:18:05 +0800] "POST /xmlrpc.php HTTP/1.1" 200 4048 "-" "Mozilla/5.0 (Windows NT 10.0; Win64; x64) AppleWebKit/537.36 (KHTML, like Gecko) Chrome/87.0.4280.88 Safari/537.36"
220.135.127.108 - - [23/Nov/2024:12:18:13 +0800] "POST /wp-cron.php?doing_wp_cron=1732335493.4785768985748291015625 HTTP/1.1" 200 4061 "-" "WordPress/6.7.1; https://www.matador.tw"
47.103.1.131 - - [23/Nov/2024:12:18:13 +0800] "POST /xmlrpc.php HTTP/1.1" 200 3926 "-" "Mozilla/5.0 (Windows NT 6.1; rv:52.0) Gecko/20100101 Firefox/52.0"
47.103.1.131 - - [23/Nov/2024:12:18:16 +0800] "POST /xmlrpc.php HTTP/1.1" 200 3926 "-" "Mozilla/5.0 (Windows NT 6.1; rv:52.0) Gecko/20100101 Firefox/52.0"
167.71.201.163 - - [23/Nov/2024:12:18:17 +0800] "POST /xmlrpc.php HTTP/1.1" 200 4049 "-" "Mozilla/5.0 (Windows NT 6.1; Win64; x64; rv:25.0) Gecko/20100101 Firefox/29.0"
167.71.201.163 - - [23/Nov/2024:12:18:18 +0800] "POST /xmlrpc.php HTTP/1.1" 200 4049 "-" "Mozilla/5.0 (Windows NT 6.1; Win64; x64; rv:25.0) Gecko/20100101 Firefox/29.0"
188.225.40.161 - - [23/Nov/2024:12:18:23 +0800] "POST /xmlrpc.php HTTP/1.1" 200 4472 "-" "Mozilla/5.0 (Windows NT 6.1; Win64; x64) AppleWebKit/537.36 (KHTML, like Gecko) Chrome/69.0.3497.100 Safari/537.36"
188.225.40.161 - - [23/Nov/2024:12:18:26 +0800] "POST /xmlrpc.php HTTP/1.1" 200 4472 "-" "Mozilla/5.0 (Windows NT 6.1; Win64; x64) AppleWebKit/537.36 (KHTML, like Gecko) Chrome/69.0.3497.100 Safari/537.36"
197.112.10.45 - - [23/Nov/2024:12:18:30 +0800] "POST /xmlrpc.php HTTP/1.1" 200 4048 "-" "Mozilla/5.0 (Windows NT 6.1; WOW64; rv:17.0) Gecko/20100101 Firefox/17.0"
197.112.10.45 - - [23/Nov/2024:12:18:32 +0800] "POST /xmlrpc.php HTTP/1.1" 200 4048 "-" "Mozilla/5.0 (Windows NT 6.1; WOW64; rv:17.0) Gecko/20100101 Firefox/17.0"
95.216.1.46 - - [23/Nov/2024:12:18:33 +0800] "POST /xmlrpc.php HTTP/1.1" 200 4469 "-" "Mozilla/5.0 (Windows NT 10.0; Win64; x64) AppleWebKit/537.36 (KHTML, like Gecko) Chrome/78.0.3904.108 Safari/537.36"
95.216.1.46 - - [23/Nov/2024:12:18:35 +0800] "POST /xmlrpc.php HTTP/1.1" 200 4469 "-" "Mozilla/5.0 (Windows NT 10.0; Win64; x64) AppleWebKit/537.36 (KHTML, like Gecko) Chrome/78.0.3904.108 Safari/537.36"
85.128.54.15 - - [23/Nov/2024:12:18:36 +0800] "POST /xmlrpc.php HTTP/1.1" 200 4470 "-" "Mozilla/5.0 (Windows NT 5.1; rv:30.0) Gecko/20100101 Firefox/30.0"
85.128.54.15 - - [23/Nov/2024:12:18:38 +0800] "POST /xmlrpc.php HTTP/1.1" 200 4470 "-" "Mozilla/5.0 (Windows NT 5.1; rv:30.0) Gecko/20100101 Firefox/30.0"
95.216.1.46 - - [23/Nov/2024:12:18:40 +0800] "POST /xmlrpc.php HTTP/1.1" 200 4469 "-" "Mozilla/5.0 (Windows NT 10.0; Win64; x64) AppleWebKit/537.36 (KHTML, like Gecko) Chrome/79.0.3945.117 Safari/537.36"
95.216.1.46 - - [23/Nov/2024:12:18:41 +0800] "POST /xmlrpc.php HTTP/1.1" 200 4469 "-" "Mozilla/5.0 (Windows NT 10.0; Win64; x64) AppleWebKit/537.36 (KHTML, like Gecko) Chrome/79.0.3945.117 Safari/537.36"
150.109.22.247 - - [23/Nov/2024:12:18:42 +0800] "POST /xmlrpc.php HTTP/1.1" 200 4049 "-" "Mozilla/5.0 (Windows NT 10.0; Win64; x64) AppleWebKit/537.36 (KHTML, like Gecko) Chrome/80.0.3987.149 Safari/537.36"
150.109.22.247 - - [23/Nov/2024:12:18:44 +0800] "POST /xmlrpc.php HTTP/1.1" 200 4049 "-" "Mozilla/5.0 (Windows NT 10.0; Win64; x64) AppleWebKit/537.36 (KHTML, like Gecko) Chrome/80.0.3987.149 Safari/537.36"
220.135.127.108 - - [23/Nov/2024:12:27:14 +0800] "POST /wp-cron.php?doing_wp_cron=1732336034.0353889465332031250000 HTTP/1.1" 200 4061 "-" "WordPress/6.7.1; https://www.matador.tw"
185.191.171.18 - - [23/Nov/2024:12:27:13 +0800] "GET /2times_intake/ HTTP/1.1" 200 26791 "-" "Mozilla/5.0 (compatible; SemrushBot/7~bl; +http://www.semrush.com/bot.html)"
220.135.127.108 - - [23/Nov/2024:12:32:37 +0800] "POST /wp-cron.php?doing_wp_cron=1732336357.9229650497436523437500 HTTP/1.1" 200 4061 "-" "WordPress/6.7.1; https://www.matador.tw"
34.226.201.24 - - [23/Nov/2024:12:32:37 +0800] "GET / HTTP/1.1" 301 3978 "-" "-"
34.226.201.24 - - [23/Nov/2024:12:32:39 +0800] "GET / HTTP/1.1" 200 74442 "-" "-"
34.226.201.24 - - [23/Nov/2024:12:32:42 +0800] "GET / HTTP/1.1" 301 272 "-" "-"
34.226.201.24 - - [23/Nov/2024:12:32:42 +0800] "GET / HTTP/1.1" 200 70736 "-" "-"
34.226.201.24 - - [23/Nov/2024:12:32:44 +0800] "GET / HTTP/1.1" 301 272 "-" "-"
34.226.201.24 - - [23/Nov/2024:12:32:45 +0800] "GET / HTTP/1.1" 200 70736 "-" "-"
112.86.225.51 - - [23/Nov/2024:13:12:49 +0800] "GET / HTTP/1.1" 200 26388 "-" "Sogou web spider/4.0(+http://www.sogou.com/docs/help/webmasters.htm#07)"
220.135.127.108 - - [23/Nov/2024:13:12:52 +0800] "POST /wp-cron.php HTTP/1.1" 200 4034 "-" "WordPress/6.7.1; https://www.matador.tw"
220.135.127.108 - - [23/Nov/2024:13:12:52 +0800] "GET / HTTP/1.1" 200 26435 "-" "WordPress/6.7.1; https://www.matador.tw"
220.135.127.108 - - [23/Nov/2024:13:12:52 +0800] "GET / HTTP/1.1" 200 26435 "-" "WordPress/6.7.1; https://www.matador.tw"
220.135.127.108 - - [23/Nov/2024:13:12:53 +0800] "GET / HTTP/1.1" 200 26435 "-" "WordPress/6.7.1; https://www.matador.tw"
220.135.127.108 - - [23/Nov/2024:13:12:53 +0800] "GET / HTTP/1.1" 200 26435 "-" "WordPress/6.7.1; https://www.matador.tw"
220.135.127.108 - - [23/Nov/2024:13:12:50 +0800] "POST /wp-cron.php?doing_wp_cron=1732338770.0838439464569091796875 HTTP/1.1" 200 4061 "-" "WordPress/6.7.1; https://www.matador.tw"
220.135.127.108 - - [23/Nov/2024:13:14:34 +0800] "POST /wp-cron.php?doing_wp_cron=1732338874.9488780498504638671875 HTTP/1.1" 200 4061 "-" "WordPress/6.7.1; https://www.matador.tw"
85.208.96.200 - - [23/Nov/2024:13:14:34 +0800] "GET /b3gt3_inservice/ HTTP/1.1" 200 27479 "-" "Mozilla/5.0 (compatible; SemrushBot/7~bl; +http://www.semrush.com/bot.html)"
220.135.127.108 - - [23/Nov/2024:13:19:42 +0800] "POST /wp-cron.php?doing_wp_cron=1732339182.6640160083770751953125 HTTP/1.1" 200 4061 "-" "WordPress/6.7.1; https://www.matador.tw"
103.115.19.90 - - [23/Nov/2024:13:19:42 +0800] "POST /xmlrpc.php HTTP/1.1" 200 4471 "-" "Mozilla/5.0 (Windows NT 10.0; Win64; x64; rv:58.0) Gecko/20100101 Firefox/58.0"
103.115.19.90 - - [23/Nov/2024:13:19:44 +0800] "POST /xmlrpc.php HTTP/1.1" 200 4471 "-" "Mozilla/5.0 (Windows NT 10.0; Win64; x64; rv:58.0) Gecko/20100101 Firefox/58.0"
49.13.170.156 - - [23/Nov/2024:13:19:43 +0800] "POST /xmlrpc.php HTTP/1.1" 200 4471 "-" "Mozilla/5.0 (X11; Linux x86_64) AppleWebKit/537.36 (KHTML, like Gecko) Chrome/91.0.4472.114 Safari/537.36"
49.13.170.156 - - [23/Nov/2024:13:19:46 +0800] "POST /xmlrpc.php HTTP/1.1" 200 4471 "-" "Mozilla/5.0 (X11; Linux x86_64) AppleWebKit/537.36 (KHTML, like Gecko) Chrome/91.0.4472.114 Safari/537.36"
49.13.170.156 - - [23/Nov/2024:13:20:02 +0800] "POST /xmlrpc.php HTTP/1.1" 200 4471 "-" "Mozilla/5.0 (Windows NT 10.0; WOW64; rv:54.0) Gecko/20100101 Firefox/54.0"
49.13.170.156 - - [23/Nov/2024:13:20:04 +0800] "POST /xmlrpc.php HTTP/1.1" 200 4471 "-" "Mozilla/5.0 (Windows NT 10.0; WOW64; rv:54.0) Gecko/20100101 Firefox/54.0"
80.239.141.135 - - [23/Nov/2024:13:20:07 +0800] "POST /xmlrpc.php HTTP/1.1" 200 4472 "-" "Mozilla/5.0 (Windows NT 10.0; Win64; x64) AppleWebKit/537.36 (KHTML, like Gecko) Chrome/74.0.3729.157 Safari/537.36"
80.239.141.135 - - [23/Nov/2024:13:20:10 +0800] "POST /xmlrpc.php HTTP/1.1" 200 4472 "-" "Mozilla/5.0 (Windows NT 10.0; Win64; x64) AppleWebKit/537.36 (KHTML, like Gecko) Chrome/74.0.3729.157 Safari/537.36"
35.229.251.37 - - [23/Nov/2024:13:20:22 +0800] "POST /xmlrpc.php HTTP/1.1" 200 4471 "-" "Mozilla/5.0 (Windows NT 6.1; Win64; x64; rv:58.0) Gecko/20100101 Firefox/58.0"
35.229.251.37 - - [23/Nov/2024:13:20:23 +0800] "POST /xmlrpc.php HTTP/1.1" 200 4471 "-" "Mozilla/5.0 (Windows NT 6.1; Win64; x64; rv:58.0) Gecko/20100101 Firefox/58.0"
74.48.13.87 - - [23/Nov/2024:13:20:44 +0800] "POST /xmlrpc.php HTTP/1.1" 200 4469 "-" "Mozilla/5.0 (X11; Ubuntu; Linux i686; rv:24.0) Gecko/20100101 Firefox/24.0"
74.48.13.87 - - [23/Nov/2024:13:20:46 +0800] "POST /xmlrpc.php HTTP/1.1" 200 4469 "-" "Mozilla/5.0 (X11; Ubuntu; Linux i686; rv:24.0) Gecko/20100101 Firefox/24.0"
76.98.88.90 - - [23/Nov/2024:13:20:51 +0800] "POST /xmlrpc.php HTTP/1.1" 200 4469 "-" "Mozilla/5.0 (Windows NT 10.0; Win64; x64) AppleWebKit/537.36 (KHTML, like Gecko) Chrome/86.0.4240.198 Safari/537.36"
116.48.52.197 - - [23/Nov/2024:13:20:53 +0800] "POST /xmlrpc.php HTTP/1.1" 200 4471 "-" "Mozilla/5.0 (Windows NT 10.0; Win64; x64; rv:63.0) Gecko/20100101 Firefox/63.0"
76.98.88.90 - - [23/Nov/2024:13:20:54 +0800] "POST /xmlrpc.php HTTP/1.1" 200 4469 "-" "Mozilla/5.0 (Windows NT 10.0; Win64; x64) AppleWebKit/537.36 (KHTML, like Gecko) Chrome/86.0.4240.198 Safari/537.36"
116.48.52.197 - - [23/Nov/2024:13:20:54 +0800] "POST /xmlrpc.php HTTP/1.1" 200 4471 "-" "Mozilla/5.0 (Windows NT 10.0; Win64; x64; rv:63.0) Gecko/20100101 Firefox/63.0"
117.54.215.10 - - [23/Nov/2024:13:21:03 +0800] "POST /xmlrpc.php HTTP/1.1" 200 4048 "-" "Mozilla/5.0 (Windows NT 10.0; Win64; x64) AppleWebKit/537.36 (KHTML, like Gecko) Chrome/84.0.4147.135 Safari/537.36"
117.54.215.10 - - [23/Nov/2024:13:21:06 +0800] "POST /xmlrpc.php HTTP/1.1" 200 4048 "-" "Mozilla/5.0 (Windows NT 10.0; Win64; x64) AppleWebKit/537.36 (KHTML, like Gecko) Chrome/84.0.4147.135 Safari/537.36"
220.135.127.108 - - [23/Nov/2024:13:30:43 +0800] "POST /wp-cron.php?doing_wp_cron=1732339843.4141519069671630859375 HTTP/1.1" 200 4061 "-" "WordPress/6.7.1; https://www.matador.tw"
31.11.36.97 - - [23/Nov/2024:13:30:42 +0800] "POST /wp-login.php HTTP/1.1" 401 7601 "-" "ddg_android/5.173.1 (com.duckduckgo.mobile.android; Android API 33)"
52.167.144.65 - - [23/Nov/2024:14:16:43 +0800] "GET /robots.txt HTTP/1.1" 200 4314 "-" "Mozilla/5.0 AppleWebKit/537.36 (KHTML, like Gecko; compatible; bingbot/2.0; +http://www.bing.com/bingbot.htm) Chrome/116.0.1938.76 Safari/537.36"
220.135.127.108 - - [23/Nov/2024:14:16:43 +0800] "POST /wp-cron.php?doing_wp_cron=1732342603.9379980564117431640625 HTTP/1.1" 200 4061 "-" "WordPress/6.7.1; https://www.matador.tw"
207.46.13.157 - - [23/Nov/2024:14:16:48 +0800] "GET /news-sitemap.xml HTTP/1.1" 200 4346 "-" "Mozilla/5.0 AppleWebKit/537.36 (KHTML, like Gecko; compatible; bingbot/2.0; +http://www.bing.com/bingbot.htm) Chrome/116.0.1938.76 Safari/537.36"
220.135.127.108 - - [23/Nov/2024:14:22:18 +0800] "POST /wp-cron.php?doing_wp_cron=1732342938.7078349590301513671875 HTTP/1.1" 200 4061 "-" "WordPress/6.7.1; https://www.matador.tw"
46.4.68.19 - - [23/Nov/2024:14:22:18 +0800] "POST /xmlrpc.php HTTP/1.1" 200 4468 "-" "Mozilla/5.0 (Windows NT 10.0; Win64; x64) AppleWebKit/537.36 (KHTML, like Gecko) Chrome/79.0.3945.88 Safari/537.36"
46.4.68.19 - - [23/Nov/2024:14:22:20 +0800] "POST /xmlrpc.php HTTP/1.1" 200 4468 "-" "Mozilla/5.0 (Windows NT 10.0; Win64; x64) AppleWebKit/537.36 (KHTML, like Gecko) Chrome/79.0.3945.88 Safari/537.36"
173.212.208.138 - - [23/Nov/2024:14:22:33 +0800] "POST /xmlrpc.php HTTP/1.1" 200 4050 "-" "Mozilla/5.0 (Windows NT 5.1; rv:40.0) Gecko/20100101 Firefox/40.0"
173.212.208.138 - - [23/Nov/2024:14:22:36 +0800] "POST /xmlrpc.php HTTP/1.1" 200 4050 "-" "Mozilla/5.0 (Windows NT 5.1; rv:40.0) Gecko/20100101 Firefox/40.0"
159.89.176.50 - - [23/Nov/2024:14:22:38 +0800] "POST /xmlrpc.php HTTP/1.1" 200 4471 "-" "Mozilla/5.0 (Windows NT 10.0; Win64; x64; rv:61.0) Gecko/20100101 Firefox/61.0"
159.89.176.50 - - [23/Nov/2024:14:22:40 +0800] "POST /xmlrpc.php HTTP/1.1" 200 4471 "-" "Mozilla/5.0 (Windows NT 10.0; Win64; x64; rv:61.0) Gecko/20100101 Firefox/61.0"
173.236.208.133 - - [23/Nov/2024:14:22:43 +0800] "POST /xmlrpc.php HTTP/1.1" 200 4473 "-" "Mozilla/5.0 (Windows NT 10.0; Win64; x64) AppleWebKit/537.36 (KHTML, like Gecko) Chrome/86.0.4240.198 Safari/537.36"
173.236.208.133 - - [23/Nov/2024:14:22:45 +0800] "POST /xmlrpc.php HTTP/1.1" 200 4473 "-" "Mozilla/5.0 (Windows NT 10.0; Win64; x64) AppleWebKit/537.36 (KHTML, like Gecko) Chrome/86.0.4240.198 Safari/537.36"
220.135.127.108 - - [23/Nov/2024:14:23:04 +0800] "POST /wp-cron.php?doing_wp_cron=1732342983.9848699569702148437500 HTTP/1.1" 200 4061 "-" "WordPress/6.7.1; https://www.matador.tw"
159.89.176.50 - - [23/Nov/2024:14:23:03 +0800] "POST /xmlrpc.php HTTP/1.1" 200 4471 "-" "Mozilla/5.0 (X11; Ubuntu; Linux i686; rv:24.0) Gecko/20100101 Firefox/24.0"
159.89.176.50 - - [23/Nov/2024:14:23:05 +0800] "POST /xmlrpc.php HTTP/1.1" 200 4471 "-" "Mozilla/5.0 (X11; Ubuntu; Linux i686; rv:24.0) Gecko/20100101 Firefox/24.0"
65.21.18.131 - - [23/Nov/2024:14:23:04 +0800] "POST /xmlrpc.php HTTP/1.1" 200 4470 "-" "Mozilla/5.0 (Windows NT 10.0; Win64; x64; rv:63.0) Gecko/20100101 Firefox/63.0"
65.21.18.131 - - [23/Nov/2024:14:23:07 +0800] "POST /xmlrpc.php HTTP/1.1" 200 4470 "-" "Mozilla/5.0 (Windows NT 10.0; Win64; x64; rv:63.0) Gecko/20100101 Firefox/63.0"
220.135.127.108 - - [23/Nov/2024:14:23:22 +0800] "POST /wp-cron.php?doing_wp_cron=1732343002.1438689231872558593750 HTTP/1.1" 200 4061 "-" "WordPress/6.7.1; https://www.matador.tw"
52.238.252.162 - - [23/Nov/2024:14:23:21 +0800] "POST /xmlrpc.php HTTP/1.1" 200 4472 "-" "Mozilla/5.0 (Windows NT 10.0; Win64; x64) AppleWebKit/537.36 (KHTML, like Gecko) Chrome/60.0.3112.113 Safari/537.36"
52.238.252.162 - - [23/Nov/2024:14:23:24 +0800] "POST /xmlrpc.php HTTP/1.1" 200 4472 "-" "Mozilla/5.0 (Windows NT 10.0; Win64; x64) AppleWebKit/537.36 (KHTML, like Gecko) Chrome/60.0.3112.113 Safari/537.36"
221.146.204.133 - - [23/Nov/2024:14:23:29 +0800] "POST /xmlrpc.php HTTP/1.1" 200 4473 "-" "Mozilla/5.0 (Windows NT 10.0) AppleWebKit/537.36 (KHTML, like Gecko) Chrome/91.0.4472.114 Safari/537.36"
221.146.204.133 - - [23/Nov/2024:14:23:30 +0800] "POST /xmlrpc.php HTTP/1.1" 200 4473 "-" "Mozilla/5.0 (Windows NT 10.0) AppleWebKit/537.36 (KHTML, like Gecko) Chrome/91.0.4472.114 Safari/537.36"
197.112.10.45 - - [23/Nov/2024:14:23:38 +0800] "POST /xmlrpc.php HTTP/1.1" 200 4048 "-" "Mozilla/5.0 (Windows NT 6.1; Win64; x64) AppleWebKit/537.36 (KHTML, like Gecko) Chrome/69.0.3497.100 Safari/537.36"
152.44.47.183 - - [23/Nov/2024:14:23:39 +0800] "POST /xmlrpc.php HTTP/1.1" 200 4471 "-" "Mozilla/5.0 (Windows NT 10.0; Win64; x64) AppleWebKit/537.36 (KHTML, like Gecko) Chrome/60.0.3112.113 Safari/537.36"
152.44.47.183 - - [23/Nov/2024:14:23:41 +0800] "POST /xmlrpc.php HTTP/1.1" 200 4471 "-" "Mozilla/5.0 (Windows NT 10.0; Win64; x64) AppleWebKit/537.36 (KHTML, like Gecko) Chrome/60.0.3112.113 Safari/537.36"
197.112.10.45 - - [23/Nov/2024:14:23:41 +0800] "POST /xmlrpc.php HTTP/1.1" 200 4048 "-" "Mozilla/5.0 (Windows NT 6.1; Win64; x64) AppleWebKit/537.36 (KHTML, like Gecko) Chrome/69.0.3497.100 Safari/537.36"
47.97.74.169 - - [23/Nov/2024:14:23:59 +0800] "POST /xmlrpc.php HTTP/1.1" 200 4047 "-" "Mozilla/5.0 (Windows NT 10.0; Win64; x64; rv:78.0) Gecko/20100101 Firefox/78.0"
47.97.74.169 - - [23/Nov/2024:14:24:01 +0800] "POST /xmlrpc.php HTTP/1.1" 200 4047 "-" "Mozilla/5.0 (Windows NT 10.0; Win64; x64; rv:78.0) Gecko/20100101 Firefox/78.0"
65.21.58.160 - - [23/Nov/2024:14:24:09 +0800] "POST /xmlrpc.php HTTP/1.1" 200 4470 "-" "Mozilla/5.0 (Windows NT 5.1; rv:40.0) Gecko/20100101 Firefox/40.0"
65.21.58.160 - - [23/Nov/2024:14:24:12 +0800] "POST /xmlrpc.php HTTP/1.1" 200 4470 "-" "Mozilla/5.0 (Windows NT 5.1; rv:40.0) Gecko/20100101 Firefox/40.0"
173.252.83.6 - - [23/Nov/2024:14:46:25 +0800] "GET / HTTP/1.1" 200 74545 "-" "facebookexternalhit/1.1 (+http://www.facebook.com/externalhit_uatext.php)"
173.252.83.10 - - [23/Nov/2024:14:46:25 +0800] "GET /meta.json HTTP/1.1" 404 72536 "-" "facebookexternalhit/1.1 (+http://www.facebook.com/externalhit_uatext.php)"
173.252.83.6 - - [23/Nov/2024:14:46:25 +0800] "GET / HTTP/1.1" 200 74545 "-" "facebookexternalhit/1.1 (+http://www.facebook.com/externalhit_uatext.php)"
220.135.127.108 - - [23/Nov/2024:14:46:27 +0800] "GET /wp-json/jetpack/v4/sync/spawn-sync?time=1732344387&request_lock_id=1732344387.0618 HTTP/1.1" 200 4079 "-" "WordPress/6.7.1; https://www.matador.tw"
220.135.127.108 - - [23/Nov/2024:14:46:26 +0800] "POST /wp-cron.php?doing_wp_cron=1732344386.0186769962310791015625 HTTP/1.1" 200 4061 "-" "WordPress/6.7.1; https://www.matador.tw"
220.135.127.108 - - [23/Nov/2024:14:46:38 +0800] "GET /wp-json/jetpack/v4/sync/spawn-sync?time=1732344398&request_lock_id=1732344398.4217 HTTP/1.1" 200 4079 "-" "WordPress/6.7.1; https://www.matador.tw"
180.102.110.140 - - [23/Nov/2024:15:00:21 +0800] "GET / HTTP/1.1" 301 534 "-" "Sogou web spider/4.0(+http://www.sogou.com/docs/help/webmasters.htm#07)"
220.135.127.108 - - [23/Nov/2024:15:00:22 +0800] "POST /wp-cron.php?doing_wp_cron=1732345222.1218330860137939453125 HTTP/1.1" 200 4061 "-" "WordPress/6.7.1; https://www.matador.tw"
180.102.110.140 - - [23/Nov/2024:15:00:21 +0800] "GET / HTTP/1.1" 200 26388 "-" "Sogou web spider/4.0(+http://www.sogou.com/docs/help/webmasters.htm#07)"
220.135.127.108 - - [23/Nov/2024:15:03:59 +0800] "POST /wp-cron.php?doing_wp_cron=1732345439.1091849803924560546875 HTTP/1.1" 200 4061 "-" "WordPress/6.7.1; https://www.matador.tw"
112.86.225.246 - - [23/Nov/2024:15:03:58 +0800] "GET / HTTP/1.1" 200 26388 "-" "Sogou web spider/4.0(+http://www.sogou.com/docs/help/webmasters.htm#07)"
195.191.219.131 - - [23/Nov/2024:15:06:19 +0800] "GET /robots.txt HTTP/1.1" 301 591 "-" "Mozilla/5.0 (compatible; MJ12bot/v1.4.8; http://mj12bot.com/)"
195.191.219.131 - - [23/Nov/2024:15:06:21 +0800] "GET /robots.txt HTTP/1.1" 200 3736 "-" "Mozilla/5.0 (compatible; MJ12bot/v1.4.8; http://mj12bot.com/)"
195.191.219.131 - - [23/Nov/2024:15:06:23 +0800] "GET / HTTP/1.1" 301 515 "-" "Mozilla/5.0 (compatible; MJ12bot/v1.4.8; http://mj12bot.com/)"
195.191.219.131 - - [23/Nov/2024:15:06:26 +0800] "GET / HTTP/1.1" 200 22658 "-" "Mozilla/5.0 (compatible; MJ12bot/v1.4.8; http://mj12bot.com/)"
93.158.91.31 - - [23/Nov/2024:15:07:32 +0800] "GET / HTTP/1.1" 301 3978 "-" "Mozilla/5.0 (Windows NT 10.0; Win64; x64) AppleWebKit/537.36 (KHTML, like Gecko) Chrome/105.0.0.0 Safari/537.36"
93.158.91.31 - - [23/Nov/2024:15:07:34 +0800] "GET / HTTP/1.1" 200 26369 "-" "Mozilla/5.0 (Windows NT 10.0; Win64; x64) AppleWebKit/537.36 (KHTML, like Gecko) Chrome/105.0.0.0 Safari/537.36"
93.158.91.31 - - [23/Nov/2024:15:07:36 +0800] "GET /favicon.ico HTTP/1.1" 302 4076 "-" "Mozilla/5.0 (Windows NT 10.0; Win64; x64) AppleWebKit/537.36 (KHTML, like Gecko) Chrome/105.0.0.0 Safari/537.36"
93.158.91.31 - - [23/Nov/2024:15:07:37 +0800] "GET /wp-includes/images/w-logo-blue-white-bg.png HTTP/1.1" 200 8100 "-" "Mozilla/5.0 (Windows NT 10.0; Win64; x64) AppleWebKit/537.36 (KHTML, like Gecko) Chrome/105.0.0.0 Safari/537.36"
220.135.127.108 - - [23/Nov/2024:15:09:38 +0800] "POST /wp-cron.php?doing_wp_cron=1732345778.4380609989166259765625 HTTP/1.1" 200 4061 "-" "WordPress/6.7.1; https://www.matador.tw"
51.81.46.212 - - [23/Nov/2024:15:09:38 +0800] "GET / HTTP/1.1" 301 3978 "-" "-"
51.81.46.212 - - [23/Nov/2024:15:09:40 +0800] "GET / HTTP/1.1" 200 74442 "-" "-"
220.135.127.108 - - [23/Nov/2024:15:26:17 +0800] "POST /wp-cron.php?doing_wp_cron=1732346777.0063729286193847656250 HTTP/1.1" 200 4061 "-" "WordPress/6.7.1; https://www.matador.tw"
173.212.208.138 - - [23/Nov/2024:15:26:16 +0800] "POST /xmlrpc.php HTTP/1.1" 200 4050 "-" "Mozilla/5.0 (Windows NT 6.1; Win64; x64; rv:57.0) Gecko/20100101 Firefox/57.0"
173.212.208.138 - - [23/Nov/2024:15:26:24 +0800] "POST /xmlrpc.php HTTP/1.1" 200 4050 "-" "Mozilla/5.0 (Windows NT 6.1; Win64; x64; rv:57.0) Gecko/20100101 Firefox/57.0"
95.216.1.46 - - [23/Nov/2024:15:26:40 +0800] "POST /xmlrpc.php HTTP/1.1" 200 4469 "-" "Mozilla/5.0 (Windows NT 5.1; rv:33.0) Gecko/20100101 Firefox/33.0"
95.216.1.46 - - [23/Nov/2024:15:26:43 +0800] "POST /xmlrpc.php HTTP/1.1" 200 4469 "-" "Mozilla/5.0 (Windows NT 5.1; rv:33.0) Gecko/20100101 Firefox/33.0"
197.112.10.45 - - [23/Nov/2024:15:26:49 +0800] "POST /xmlrpc.php HTTP/1.1" 200 4048 "-" "Mozilla/5.0 (Windows NT 6.1; WOW64; rv:50.0) Gecko/20100101 Firefox/50.0"
197.112.10.45 - - [23/Nov/2024:15:26:52 +0800] "POST /xmlrpc.php HTTP/1.1" 200 4048 "-" "Mozilla/5.0 (Windows NT 6.1; WOW64; rv:50.0) Gecko/20100101 Firefox/50.0"
43.231.115.89 - - [23/Nov/2024:15:26:55 +0800] "POST /xmlrpc.php HTTP/1.1" 200 4048 "-" "Mozilla/5.0 (Windows NT 6.1; WOW64; rv:44.0) Gecko/20100101 Firefox/44.0"
185.159.153.119 - - [23/Nov/2024:15:26:57 +0800] "POST /xmlrpc.php HTTP/1.1" 200 4473 "-" "Mozilla/5.0 (Linux; Android 10; LM-Q720) AppleWebKit/537.36 (KHTML, like Gecko) Chrome/91.0.4472.114 Mobile Safari/537.36"
43.231.115.89 - - [23/Nov/2024:15:26:58 +0800] "POST /xmlrpc.php HTTP/1.1" 200 4048 "-" "Mozilla/5.0 (Windows NT 6.1; WOW64; rv:44.0) Gecko/20100101 Firefox/44.0"
185.159.153.119 - - [23/Nov/2024:15:27:00 +0800] "POST /xmlrpc.php HTTP/1.1" 200 4473 "-" "Mozilla/5.0 (Linux; Android 10; LM-Q720) AppleWebKit/537.36 (KHTML, like Gecko) Chrome/91.0.4472.114 Mobile Safari/537.36"
138.201.41.74 - - [23/Nov/2024:15:27:11 +0800] "POST /xmlrpc.php HTTP/1.1" 200 4471 "-" "Mozilla/5.0 (Linux; Android 10; LM-Q720) AppleWebKit/537.36 (KHTML, like Gecko) Chrome/91.0.4472.114 Mobile Safari/537.36"
138.201.41.74 - - [23/Nov/2024:15:27:14 +0800] "POST /xmlrpc.php HTTP/1.1" 200 4471 "-" "Mozilla/5.0 (Linux; Android 10; LM-Q720) AppleWebKit/537.36 (KHTML, like Gecko) Chrome/91.0.4472.114 Mobile Safari/537.36"
79.96.237.49 - - [23/Nov/2024:15:27:31 +0800] "POST /xmlrpc.php HTTP/1.1" 200 4470 "-" "Mozilla/5.0 (Windows NT 10.0; Win64; x64; rv:60.0) Gecko/20100101 Firefox/60.0"
79.96.237.49 - - [23/Nov/2024:15:27:33 +0800] "POST /xmlrpc.php HTTP/1.1" 200 4470 "-" "Mozilla/5.0 (Windows NT 10.0; Win64; x64; rv:60.0) Gecko/20100101 Firefox/60.0"
76.98.88.90 - - [23/Nov/2024:15:27:33 +0800] "POST /xmlrpc.php HTTP/1.1" 200 4469 "-" "Mozilla/5.0 (Windows NT 10.0; Win64; x64; rv:66.0) Gecko/20100101 Firefox/66.0"
76.98.88.90 - - [23/Nov/2024:15:27:36 +0800] "POST /xmlrpc.php HTTP/1.1" 200 4469 "-" "Mozilla/5.0 (Windows NT 10.0; Win64; x64; rv:66.0) Gecko/20100101 Firefox/66.0"
185.191.171.11 - - [23/Nov/2024:15:27:45 +0800] "GET /robots.txt HTTP/1.1" 200 4149 "-" "Mozilla/5.0 (compatible; SemrushBot/7~bl; +http://www.semrush.com/bot.html)"
85.208.96.196 - - [23/Nov/2024:15:27:46 +0800] "GET /f10_n47/ HTTP/1.1" 200 26786 "-" "Mozilla/5.0 (compatible; SemrushBot/7~bl; +http://www.semrush.com/bot.html)"
220.135.127.108 - - [23/Nov/2024:15:48:09 +0800] "POST /wp-cron.php?doing_wp_cron=1732348089.1391189098358154296875 HTTP/1.1" 200 4061 "-" "WordPress/6.7.1; https://www.matador.tw"
165.232.184.115 - - [23/Nov/2024:15:48:08 +0800] "GET / HTTP/1.1" 200 26388 "-" "Mozilla/5.0 (Windows NT 10.0; Win64; x64; rv:88.0) Gecko/20100101 Firefox/88.0"
192.42.116.180 - - [23/Nov/2024:15:51:33 +0800] "GET /manifest.json HTTP/1.1" 301 529 "-" "Mozilla/5.0 (Linux; Android 4.1.1; GT-P5113 Build/JRO03C) AppleWebKit/537.22 (KHTML, like Gecko) Chrome/25.0.1364.169 Safari/537.22"
220.135.127.108 - - [23/Nov/2024:15:51:34 +0800] "POST /wp-cron.php?doing_wp_cron=1732348294.6966199874877929687500 HTTP/1.1" 200 4061 "-" "WordPress/6.7.1; https://www.matador.tw"
192.42.116.180 - - [23/Nov/2024:15:51:34 +0800] "GET /manifest.json HTTP/1.1" 301 4148 "-" "Mozilla/5.0 (Linux; Android 4.1.1; GT-P5113 Build/JRO03C) AppleWebKit/537.22 (KHTML, like Gecko) Chrome/25.0.1364.169 Safari/537.22"
185.220.101.29 - - [23/Nov/2024:15:51:36 +0800] "GET /manifest.json HTTP/1.1" 404 72497 "-" "Mozilla/5.0 (Linux; Android 4.1.1; GT-P5113 Build/JRO03C) AppleWebKit/537.22 (KHTML, like Gecko) Chrome/25.0.1364.169 Safari/537.22"
220.135.127.108 - - [23/Nov/2024:15:54:19 +0800] "POST /wp-cron.php?doing_wp_cron=1732348459.6348679065704345703125 HTTP/1.1" 200 4061 "-" "WordPress/6.7.1; https://www.matador.tw"
207.46.13.157 - - [23/Nov/2024:15:54:19 +0800] "GET /?s=9 HTTP/1.1" 200 26359 "-" "Mozilla/5.0 AppleWebKit/537.36 (KHTML, like Gecko; compatible; bingbot/2.0; +http://www.bing.com/bingbot.htm) Chrome/116.0.1938.76 Safari/537.36"
213.232.87.230 - - [23/Nov/2024:16:22:48 +0800] "GET /wp-admin/setup-config.php HTTP/1.1" 409 6675 "-" "Go-http-client/1.1"
213.232.87.230 - - [23/Nov/2024:16:22:48 +0800] "GET /.env.production HTTP/1.1" 301 4105 "-" "Go-http-client/1.1"
213.232.87.230 - - [23/Nov/2024:16:22:48 +0800] "GET /dump.sql HTTP/1.1" 301 4098 "-" "Go-http-client/1.1"
213.232.87.230 - - [23/Nov/2024:16:22:48 +0800] "GET /backup.sql HTTP/1.1" 301 4100 "-" "Go-http-client/1.1"
213.232.87.230 - - [23/Nov/2024:16:22:48 +0800] "GET /docker-compose.yml HTTP/1.1" 301 4108 "-" "Go-http-client/1.1"
213.232.87.230 - - [23/Nov/2024:16:22:48 +0800] "GET /_vti_pvt/service.pwd HTTP/1.1" 301 4110 "-" "Go-http-client/1.1"
213.232.87.230 - - [23/Nov/2024:16:22:48 +0800] "GET /backup.tar.gz HTTP/1.1" 301 4103 "-" "Go-http-client/1.1"
213.232.87.230 - - [23/Nov/2024:16:22:48 +0800] "GET /config.yml HTTP/1.1" 301 4100 "-" "Go-http-client/1.1"
213.232.87.230 - - [23/Nov/2024:16:22:48 +0800] "GET /.aws/credentials HTTP/1.1" 301 4106 "-" "Go-http-client/1.1"
213.232.87.230 - - [23/Nov/2024:16:22:49 +0800] "GET / HTTP/1.1" 301 3997 "-" "Go-http-client/1.1"
213.232.87.230 - - [23/Nov/2024:16:22:49 +0800] "GET /backup.zip HTTP/1.1" 301 4100 "-" "Go-http-client/1.1"
213.232.87.230 - - [23/Nov/2024:16:22:49 +0800] "GET /server-status HTTP/1.1" 403 4184 "-" "Go-http-client/1.1"
213.232.87.230 - - [23/Nov/2024:16:22:48 +0800] "GET /server.key HTTP/1.1" 301 4100 "-" "Go-http-client/1.1"
213.232.87.230 - - [23/Nov/2024:16:22:49 +0800] "GET /config/database.php HTTP/1.1" 301 4109 "-" "Go-http-client/1.1"
213.232.87.230 - - [23/Nov/2024:16:22:49 +0800] "GET /config.json HTTP/1.1" 301 4101 "-" "Go-http-client/1.1"
213.232.87.230 - - [23/Nov/2024:16:22:49 +0800] "GET /.kube/config HTTP/1.1" 301 4102 "-" "Go-http-client/1.1"
213.232.87.230 - - [23/Nov/2024:16:22:49 +0800] "GET /secrets.json HTTP/1.1" 301 4102 "-" "Go-http-client/1.1"
213.232.87.230 - - [23/Nov/2024:16:22:49 +0800] "GET /.ssh/id_rsa HTTP/1.1" 301 4101 "-" "Go-http-client/1.1"
213.232.87.230 - - [23/Nov/2024:16:22:49 +0800] "GET /etc/ssl/private/server.key HTTP/1.1" 301 4116 "-" "Go-http-client/1.1"
213.232.87.230 - - [23/Nov/2024:16:22:49 +0800] "GET /_vti_pvt/authors.pwd HTTP/1.1" 301 4110 "-" "Go-http-client/1.1"
213.232.87.230 - - [23/Nov/2024:16:22:49 +0800] "GET /phpinfo.php HTTP/1.1" 301 4101 "-" "Go-http-client/1.1"
213.232.87.230 - - [23/Nov/2024:16:22:49 +0800] "GET /_vti_pvt/administrators.pwd HTTP/1.1" 301 4117 "-" "Go-http-client/1.1"
213.232.87.230 - - [23/Nov/2024:16:22:50 +0800] "GET /api/.env HTTP/1.1" 301 4098 "-" "Go-http-client/1.1"
213.232.87.230 - - [23/Nov/2024:16:22:50 +0800] "GET /web.config HTTP/1.1" 301 4100 "-" "Go-http-client/1.1"
213.232.87.230 - - [23/Nov/2024:16:22:50 +0800] "GET /.ssh/id_ecdsa HTTP/1.1" 301 4103 "-" "Go-http-client/1.1"
213.232.87.230 - - [23/Nov/2024:16:22:50 +0800] "GET /wp-config.php HTTP/1.1" 200 3921 "-" "Go-http-client/1.1"
213.232.87.230 - - [23/Nov/2024:16:22:50 +0800] "GET /config/production.json HTTP/1.1" 301 4112 "-" "Go-http-client/1.1"
213.232.87.230 - - [23/Nov/2024:16:22:50 +0800] "GET /.git/HEAD HTTP/1.1" 301 4099 "-" "Go-http-client/1.1"
213.232.87.230 - - [23/Nov/2024:16:22:50 +0800] "GET /etc/shadow HTTP/1.1" 301 4100 "-" "Go-http-client/1.1"
213.232.87.230 - - [23/Nov/2024:16:22:50 +0800] "GET /user_secrets.yml HTTP/1.1" 301 4106 "-" "Go-http-client/1.1"
213.232.87.230 - - [23/Nov/2024:16:22:50 +0800] "GET /config.yaml HTTP/1.1" 301 4101 "-" "Go-http-client/1.1"
213.232.87.230 - - [23/Nov/2024:16:22:50 +0800] "GET /cloud-config.yml HTTP/1.1" 301 4106 "-" "Go-http-client/1.1"
213.232.87.230 - - [23/Nov/2024:16:22:50 +0800] "GET /.svn/wc.db HTTP/1.1" 301 4100 "-" "Go-http-client/1.1"
213.232.87.230 - - [23/Nov/2024:16:22:50 +0800] "GET /.ssh/id_ed25519 HTTP/1.1" 301 4105 "-" "Go-http-client/1.1"
213.232.87.230 - - [23/Nov/2024:16:22:50 +0800] "GET /feed HTTP/1.1" 301 4100 "-" "Go-http-client/1.1"
213.232.87.230 - - [23/Nov/2024:16:22:50 +0800] "GET /.env HTTP/1.1" 301 4094 "-" "Go-http-client/1.1"
213.232.87.230 - - [23/Nov/2024:16:22:50 +0800] "GET /.vscode/sftp.json HTTP/1.1" 301 4107 "-" "Go-http-client/1.1"
109.202.99.41 - - [23/Nov/2024:16:22:51 +0800] "GET /dump.sql HTTP/1.1" 404 72452 "https://matador.tw/dump.sql" "Go-http-client/1.1"
213.232.87.230 - - [23/Nov/2024:16:22:50 +0800] "GET /config.xml HTTP/1.1" 301 4100 "-" "Go-http-client/1.1"
213.232.87.230 - - [23/Nov/2024:16:22:50 +0800] "GET /config.php HTTP/1.1" 301 4100 "-" "Go-http-client/1.1"
213.232.87.230 - - [23/Nov/2024:16:22:50 +0800] "GET /database.sql HTTP/1.1" 301 4102 "-" "Go-http-client/1.1"
109.202.99.41 - - [23/Nov/2024:16:22:51 +0800] "GET /docker-compose.yml HTTP/1.1" 404 72452 "https://matador.tw/docker-compose.yml" "Go-http-client/1.1"
109.202.99.41 - - [23/Nov/2024:16:22:51 +0800] "GET / HTTP/1.1" 200 26388 "https://matador.tw/" "Go-http-client/1.1"
109.202.99.41 - - [23/Nov/2024:16:22:51 +0800] "GET /backup.sql HTTP/1.1" 404 72452 "https://matador.tw/backup.sql" "Go-http-client/1.1"
109.202.99.41 - - [23/Nov/2024:16:22:51 +0800] "GET /config.yml HTTP/1.1" 404 72452 "https://matador.tw/config.yml" "Go-http-client/1.1"
109.202.99.41 - - [23/Nov/2024:16:22:51 +0800] "GET /.env.production HTTP/1.1" 404 72452 "https://matador.tw/.env.production" "Go-http-client/1.1"
109.202.99.41 - - [23/Nov/2024:16:22:51 +0800] "GET /_vti_pvt/service.pwd HTTP/1.1" 404 72452 "https://matador.tw/_vti_pvt/service.pwd" "Go-http-client/1.1"
109.202.99.41 - - [23/Nov/2024:16:22:51 +0800] "GET /.aws/credentials HTTP/1.1" 404 72452 "https://matador.tw/.aws/credentials" "Go-http-client/1.1"
