64.227.155.26 - - [24/Nov/2024:04:38:11 +0800] "POST //xmlrpc.php HTTP/1.1" 200 4048 "-" "Mozilla/5.0 (Windows NT 10.0; Win64; x64) AppleWebKit/537.36 (KHTML, like Gecko) Chrome/80.0.3987.149 Safari/537.36"
220.135.127.108 - - [24/Nov/2024:04:38:14 +0800] "POST /wp-cron.php?doing_wp_cron=1732394294.2618250846862792968750 HTTP/1.1" 200 4061 "-" "WordPress/6.7.1; https://www.matador.tw"
64.227.155.26 - - [24/Nov/2024:04:38:13 +0800] "POST //xmlrpc.php HTTP/1.1" 200 4048 "-" "Mozilla/5.0 (Windows NT 10.0; Win64; x64) AppleWebKit/537.36 (KHTML, like Gecko) Chrome/80.0.3987.149 Safari/537.36"
64.227.155.26 - - [24/Nov/2024:04:38:16 +0800] "POST //xmlrpc.php HTTP/1.1" 200 4048 "-" "Mozilla/5.0 (Windows NT 10.0; Win64; x64) AppleWebKit/537.36 (KHTML, like Gecko) Chrome/80.0.3987.149 Safari/537.36"
64.227.155.26 - - [24/Nov/2024:04:38:18 +0800] "POST //xmlrpc.php HTTP/1.1" 200 4048 "-" "Mozilla/5.0 (Windows NT 10.0; Win64; x64) AppleWebKit/537.36 (KHTML, like Gecko) Chrome/80.0.3987.149 Safari/537.36"
64.227.155.26 - - [24/Nov/2024:04:38:23 +0800] "POST //xmlrpc.php HTTP/1.1" 200 4048 "-" "Mozilla/5.0 (Windows NT 10.0; Win64; x64) AppleWebKit/537.36 (KHTML, like Gecko) Chrome/80.0.3987.149 Safari/537.36"
64.227.155.26 - - [24/Nov/2024:04:38:25 +0800] "POST //xmlrpc.php HTTP/1.1" 200 4048 "-" "Mozilla/5.0 (Windows NT 10.0; Win64; x64) AppleWebKit/537.36 (KHTML, like Gecko) Chrome/80.0.3987.149 Safari/537.36"
64.227.155.26 - - [24/Nov/2024:04:38:27 +0800] "POST //xmlrpc.php HTTP/1.1" 200 4048 "-" "Mozilla/5.0 (Windows NT 10.0; Win64; x64) AppleWebKit/537.36 (KHTML, like Gecko) Chrome/80.0.3987.149 Safari/537.36"
64.227.155.26 - - [24/Nov/2024:04:38:30 +0800] "POST //xmlrpc.php HTTP/1.1" 200 4048 "-" "Mozilla/5.0 (Windows NT 10.0; Win64; x64) AppleWebKit/537.36 (KHTML, like Gecko) Chrome/80.0.3987.149 Safari/537.36"
64.227.155.26 - - [24/Nov/2024:04:38:35 +0800] "POST //xmlrpc.php HTTP/1.1" 200 4048 "-" "Mozilla/5.0 (Windows NT 10.0; Win64; x64) AppleWebKit/537.36 (KHTML, like Gecko) Chrome/80.0.3987.149 Safari/537.36"
64.227.155.26 - - [24/Nov/2024:04:38:40 +0800] "POST //xmlrpc.php HTTP/1.1" 200 4048 "-" "Mozilla/5.0 (Windows NT 10.0; Win64; x64) AppleWebKit/537.36 (KHTML, like Gecko) Chrome/80.0.3987.149 Safari/537.36"
64.227.155.26 - - [24/Nov/2024:04:38:43 +0800] "POST //xmlrpc.php HTTP/1.1" 200 4048 "-" "Mozilla/5.0 (Windows NT 10.0; Win64; x64) AppleWebKit/537.36 (KHTML, like Gecko) Chrome/80.0.3987.149 Safari/537.36"
220.135.127.108 - - [24/Nov/2024:04:38:48 +0800] "POST /wp-cron.php?doing_wp_cron=1732394328.8513441085815429687500 HTTP/1.1" 200 4061 "-" "WordPress/6.7.1; https://www.matador.tw"
64.227.155.26 - - [24/Nov/2024:04:38:48 +0800] "POST //xmlrpc.php HTTP/1.1" 200 4048 "-" "Mozilla/5.0 (Windows NT 10.0; Win64; x64) AppleWebKit/537.36 (KHTML, like Gecko) Chrome/80.0.3987.149 Safari/537.36"
64.227.155.26 - - [24/Nov/2024:04:38:50 +0800] "POST //xmlrpc.php HTTP/1.1" 200 4048 "-" "Mozilla/5.0 (Windows NT 10.0; Win64; x64) AppleWebKit/537.36 (KHTML, like Gecko) Chrome/80.0.3987.149 Safari/537.36"
64.227.155.26 - - [24/Nov/2024:04:38:57 +0800] "POST //xmlrpc.php HTTP/1.1" 200 4048 "-" "Mozilla/5.0 (Windows NT 10.0; Win64; x64) AppleWebKit/537.36 (KHTML, like Gecko) Chrome/80.0.3987.149 Safari/537.36"
64.227.155.26 - - [24/Nov/2024:04:38:59 +0800] "POST //xmlrpc.php HTTP/1.1" 200 4048 "-" "Mozilla/5.0 (Windows NT 10.0; Win64; x64) AppleWebKit/537.36 (KHTML, like Gecko) Chrome/80.0.3987.149 Safari/537.36"
64.227.155.26 - - [24/Nov/2024:04:39:02 +0800] "POST //xmlrpc.php HTTP/1.1" 200 4048 "-" "Mozilla/5.0 (Windows NT 10.0; Win64; x64) AppleWebKit/537.36 (KHTML, like Gecko) Chrome/80.0.3987.149 Safari/537.36"
64.227.155.26 - - [24/Nov/2024:04:39:10 +0800] "POST //xmlrpc.php HTTP/1.1" 200 4048 "-" "Mozilla/5.0 (Windows NT 10.0; Win64; x64) AppleWebKit/537.36 (KHTML, like Gecko) Chrome/80.0.3987.149 Safari/537.36"
64.227.155.26 - - [24/Nov/2024:04:39:12 +0800] "POST //xmlrpc.php HTTP/1.1" 200 4048 "-" "Mozilla/5.0 (Windows NT 10.0; Win64; x64) AppleWebKit/537.36 (KHTML, like Gecko) Chrome/80.0.3987.149 Safari/537.36"
64.227.155.26 - - [24/Nov/2024:04:39:15 +0800] "POST //xmlrpc.php HTTP/1.1" 200 4048 "-" "Mozilla/5.0 (Windows NT 10.0; Win64; x64) AppleWebKit/537.36 (KHTML, like Gecko) Chrome/80.0.3987.149 Safari/537.36"
64.227.155.26 - - [24/Nov/2024:04:39:22 +0800] "POST //xmlrpc.php HTTP/1.1" 200 4048 "-" "Mozilla/5.0 (Windows NT 10.0; Win64; x64) AppleWebKit/537.36 (KHTML, like Gecko) Chrome/80.0.3987.149 Safari/537.36"
64.227.155.26 - - [24/Nov/2024:04:39:23 +0800] "POST //xmlrpc.php HTTP/1.1" 200 4048 "-" "Mozilla/5.0 (Windows NT 10.0; Win64; x64) AppleWebKit/537.36 (KHTML, like Gecko) Chrome/80.0.3987.149 Safari/537.36"
64.227.155.26 - - [24/Nov/2024:04:39:29 +0800] "POST //xmlrpc.php HTTP/1.1" 200 4048 "-" "Mozilla/5.0 (Windows NT 10.0; Win64; x64) AppleWebKit/537.36 (KHTML, like Gecko) Chrome/80.0.3987.149 Safari/537.36"
64.227.155.26 - - [24/Nov/2024:04:39:34 +0800] "POST //xmlrpc.php HTTP/1.1" 200 4048 "-" "Mozilla/5.0 (Windows NT 10.0; Win64; x64) AppleWebKit/537.36 (KHTML, like Gecko) Chrome/80.0.3987.149 Safari/537.36"
64.227.155.26 - - [24/Nov/2024:04:39:43 +0800] "POST //xmlrpc.php HTTP/1.1" 200 4048 "-" "Mozilla/5.0 (Windows NT 10.0; Win64; x64) AppleWebKit/537.36 (KHTML, like Gecko) Chrome/80.0.3987.149 Safari/537.36"
64.227.155.26 - - [24/Nov/2024:04:39:45 +0800] "POST //xmlrpc.php HTTP/1.1" 200 4048 "-" "Mozilla/5.0 (Windows NT 10.0; Win64; x64) AppleWebKit/537.36 (KHTML, like Gecko) Chrome/80.0.3987.149 Safari/537.36"
64.227.155.26 - - [24/Nov/2024:04:39:54 +0800] "POST //xmlrpc.php HTTP/1.1" 200 4048 "-" "Mozilla/5.0 (Windows NT 10.0; Win64; x64) AppleWebKit/537.36 (KHTML, like Gecko) Chrome/80.0.3987.149 Safari/537.36"
64.227.155.26 - - [24/Nov/2024:04:40:01 +0800] "POST //xmlrpc.php HTTP/1.1" 200 4048 "-" "Mozilla/5.0 (Windows NT 10.0; Win64; x64) AppleWebKit/537.36 (KHTML, like Gecko) Chrome/80.0.3987.149 Safari/537.36"
64.227.155.26 - - [24/Nov/2024:04:40:04 +0800] "POST //xmlrpc.php HTTP/1.1" 200 4048 "-" "Mozilla/5.0 (Windows NT 10.0; Win64; x64) AppleWebKit/537.36 (KHTML, like Gecko) Chrome/80.0.3987.149 Safari/537.36"
64.227.155.26 - - [24/Nov/2024:04:40:07 +0800] "POST //xmlrpc.php HTTP/1.1" 200 4048 "-" "Mozilla/5.0 (Windows NT 10.0; Win64; x64) AppleWebKit/537.36 (KHTML, like Gecko) Chrome/80.0.3987.149 Safari/537.36"
64.227.155.26 - - [24/Nov/2024:04:40:10 +0800] "POST //xmlrpc.php HTTP/1.1" 200 4048 "-" "Mozilla/5.0 (Windows NT 10.0; Win64; x64) AppleWebKit/537.36 (KHTML, like Gecko) Chrome/80.0.3987.149 Safari/537.36"
64.227.155.26 - - [24/Nov/2024:04:40:11 +0800] "POST //xmlrpc.php HTTP/1.1" 200 4048 "-" "Mozilla/5.0 (Windows NT 10.0; Win64; x64) AppleWebKit/537.36 (KHTML, like Gecko) Chrome/80.0.3987.149 Safari/537.36"
64.227.155.26 - - [24/Nov/2024:04:40:21 +0800] "POST //xmlrpc.php HTTP/1.1" 200 4048 "-" "Mozilla/5.0 (Windows NT 10.0; Win64; x64) AppleWebKit/537.36 (KHTML, like Gecko) Chrome/80.0.3987.149 Safari/537.36"
64.227.155.26 - - [24/Nov/2024:04:40:23 +0800] "POST //xmlrpc.php HTTP/1.1" 200 4048 "-" "Mozilla/5.0 (Windows NT 10.0; Win64; x64) AppleWebKit/537.36 (KHTML, like Gecko) Chrome/80.0.3987.149 Safari/537.36"
64.227.155.26 - - [24/Nov/2024:04:40:25 +0800] "POST //xmlrpc.php HTTP/1.1" 200 4048 "-" "Mozilla/5.0 (Windows NT 10.0; Win64; x64) AppleWebKit/537.36 (KHTML, like Gecko) Chrome/80.0.3987.149 Safari/537.36"
64.227.155.26 - - [24/Nov/2024:04:40:30 +0800] "POST //xmlrpc.php HTTP/1.1" 200 4048 "-" "Mozilla/5.0 (Windows NT 10.0; Win64; x64) AppleWebKit/537.36 (KHTML, like Gecko) Chrome/80.0.3987.149 Safari/537.36"
64.227.155.26 - - [24/Nov/2024:04:40:32 +0800] "POST //xmlrpc.php HTTP/1.1" 200 4048 "-" "Mozilla/5.0 (Windows NT 10.0; Win64; x64) AppleWebKit/537.36 (KHTML, like Gecko) Chrome/80.0.3987.149 Safari/537.36"
64.227.155.26 - - [24/Nov/2024:04:40:35 +0800] "POST //xmlrpc.php HTTP/1.1" 200 4048 "-" "Mozilla/5.0 (Windows NT 10.0; Win64; x64) AppleWebKit/537.36 (KHTML, like Gecko) Chrome/80.0.3987.149 Safari/537.36"
64.227.155.26 - - [24/Nov/2024:04:40:40 +0800] "POST //xmlrpc.php HTTP/1.1" 200 4048 "-" "Mozilla/5.0 (Windows NT 10.0; Win64; x64) AppleWebKit/537.36 (KHTML, like Gecko) Chrome/80.0.3987.149 Safari/537.36"
64.227.155.26 - - [24/Nov/2024:04:40:45 +0800] "POST //xmlrpc.php HTTP/1.1" 200 4048 "-" "Mozilla/5.0 (Windows NT 10.0; Win64; x64) AppleWebKit/537.36 (KHTML, like Gecko) Chrome/80.0.3987.149 Safari/537.36"
64.227.155.26 - - [24/Nov/2024:04:41:13 +0800] "POST //xmlrpc.php HTTP/1.1" 200 4048 "-" "Mozilla/5.0 (Windows NT 10.0; Win64; x64) AppleWebKit/537.36 (KHTML, like Gecko) Chrome/80.0.3987.149 Safari/537.36"
64.227.155.26 - - [24/Nov/2024:04:41:16 +0800] "POST //xmlrpc.php HTTP/1.1" 200 4048 "-" "Mozilla/5.0 (Windows NT 10.0; Win64; x64) AppleWebKit/537.36 (KHTML, like Gecko) Chrome/80.0.3987.149 Safari/537.36"
64.227.155.26 - - [24/Nov/2024:04:41:18 +0800] "POST //xmlrpc.php HTTP/1.1" 200 4048 "-" "Mozilla/5.0 (Windows NT 10.0; Win64; x64) AppleWebKit/537.36 (KHTML, like Gecko) Chrome/80.0.3987.149 Safari/537.36"
185.114.245.108 - - [24/Nov/2024:04:41:19 +0800] "POST /xmlrpc.php HTTP/1.1" 200 4473 "-" "Mozilla/5.0 (Windows NT 10.0; Win64; x64) AppleWebKit/537.36 (KHTML, like Gecko) Chrome/70.0.3538.102 Safari/537.36"
185.114.245.108 - - [24/Nov/2024:04:41:21 +0800] "POST /xmlrpc.php HTTP/1.1" 200 4473 "-" "Mozilla/5.0 (Windows NT 10.0; Win64; x64) AppleWebKit/537.36 (KHTML, like Gecko) Chrome/70.0.3538.102 Safari/537.36"
64.227.155.26 - - [24/Nov/2024:04:41:23 +0800] "POST //xmlrpc.php HTTP/1.1" 200 4048 "-" "Mozilla/5.0 (Windows NT 10.0; Win64; x64) AppleWebKit/537.36 (KHTML, like Gecko) Chrome/80.0.3987.149 Safari/537.36"
197.112.10.45 - - [24/Nov/2024:04:41:24 +0800] "POST /xmlrpc.php HTTP/1.1" 200 4048 "-" "Mozilla/5.0 (Windows NT 6.1; WOW64; rv:42.0) Gecko/20100101 Firefox/42.0"
117.54.215.10 - - [24/Nov/2024:04:41:25 +0800] "POST /xmlrpc.php HTTP/1.1" 200 4048 "-" "Mozilla/5.0 (Windows NT 10.0; Win64; x64) AppleWebKit/537.36 (KHTML, like Gecko) Chrome/83.0.4103.116 Safari/537.36"
117.54.215.10 - - [24/Nov/2024:04:41:28 +0800] "POST /xmlrpc.php HTTP/1.1" 200 4048 "-" "Mozilla/5.0 (Windows NT 10.0; Win64; x64) AppleWebKit/537.36 (KHTML, like Gecko) Chrome/83.0.4103.116 Safari/537.36"
64.227.155.26 - - [24/Nov/2024:04:41:29 +0800] "POST //xmlrpc.php HTTP/1.1" 200 4048 "-" "Mozilla/5.0 (Windows NT 10.0; Win64; x64) AppleWebKit/537.36 (KHTML, like Gecko) Chrome/80.0.3987.149 Safari/537.36"
64.227.155.26 - - [24/Nov/2024:04:41:31 +0800] "POST //xmlrpc.php HTTP/1.1" 200 4048 "-" "Mozilla/5.0 (Windows NT 10.0; Win64; x64) AppleWebKit/537.36 (KHTML, like Gecko) Chrome/80.0.3987.149 Safari/537.36"
197.112.10.45 - - [24/Nov/2024:04:41:32 +0800] "POST /xmlrpc.php HTTP/1.1" 200 4048 "-" "Mozilla/5.0 (Windows NT 6.1; WOW64; rv:42.0) Gecko/20100101 Firefox/42.0"
64.227.155.26 - - [24/Nov/2024:04:41:34 +0800] "POST //xmlrpc.php HTTP/1.1" 200 4048 "-" "Mozilla/5.0 (Windows NT 10.0; Win64; x64) AppleWebKit/537.36 (KHTML, like Gecko) Chrome/80.0.3987.149 Safari/537.36"
64.227.155.26 - - [24/Nov/2024:04:41:35 +0800] "POST //xmlrpc.php HTTP/1.1" 200 4048 "-" "Mozilla/5.0 (Windows NT 10.0; Win64; x64) AppleWebKit/537.36 (KHTML, like Gecko) Chrome/80.0.3987.149 Safari/537.36"
64.227.155.26 - - [24/Nov/2024:04:41:37 +0800] "POST //xmlrpc.php HTTP/1.1" 200 4048 "-" "Mozilla/5.0 (Windows NT 10.0; Win64; x64) AppleWebKit/537.36 (KHTML, like Gecko) Chrome/80.0.3987.149 Safari/537.36"
188.225.40.161 - - [24/Nov/2024:04:41:37 +0800] "POST /xmlrpc.php HTTP/1.1" 200 4472 "-" "Mozilla/5.0 (Windows NT 10.0; Win64; x64) AppleWebKit/537.36 (KHTML, like Gecko) Chrome/68.0.3440.106 Safari/537.36"
188.225.40.161 - - [24/Nov/2024:04:41:39 +0800] "POST /xmlrpc.php HTTP/1.1" 200 4472 "-" "Mozilla/5.0 (Windows NT 10.0; Win64; x64) AppleWebKit/537.36 (KHTML, like Gecko) Chrome/68.0.3440.106 Safari/537.36"
64.227.155.26 - - [24/Nov/2024:04:41:40 +0800] "POST //xmlrpc.php HTTP/1.1" 200 4048 "-" "Mozilla/5.0 (Windows NT 10.0; Win64; x64) AppleWebKit/537.36 (KHTML, like Gecko) Chrome/80.0.3987.149 Safari/537.36"
64.227.155.26 - - [24/Nov/2024:04:41:43 +0800] "POST //xmlrpc.php HTTP/1.1" 200 4048 "-" "Mozilla/5.0 (Windows NT 10.0; Win64; x64) AppleWebKit/537.36 (KHTML, like Gecko) Chrome/80.0.3987.149 Safari/537.36"
106.54.51.214 - - [24/Nov/2024:04:41:44 +0800] "POST /xmlrpc.php HTTP/1.1" 200 4048 "-" "Mozilla/5.0 (Windows; U; Windows NT 5.1; en-US; rv:1.7.10) Gecko/20050716 Firefox/1.0.6"
106.54.51.214 - - [24/Nov/2024:04:41:45 +0800] "POST /xmlrpc.php HTTP/1.1" 200 4048 "-" "Mozilla/5.0 (Windows; U; Windows NT 5.1; en-US; rv:1.7.10) Gecko/20050716 Firefox/1.0.6"
64.227.155.26 - - [24/Nov/2024:04:41:48 +0800] "POST //xmlrpc.php HTTP/1.1" 200 4048 "-" "Mozilla/5.0 (Windows NT 10.0; Win64; x64) AppleWebKit/537.36 (KHTML, like Gecko) Chrome/80.0.3987.149 Safari/537.36"
64.227.155.26 - - [24/Nov/2024:04:41:50 +0800] "POST //xmlrpc.php HTTP/1.1" 200 4048 "-" "Mozilla/5.0 (Windows NT 10.0; Win64; x64) AppleWebKit/537.36 (KHTML, like Gecko) Chrome/80.0.3987.149 Safari/537.36"
64.227.155.26 - - [24/Nov/2024:04:41:55 +0800] "POST //xmlrpc.php HTTP/1.1" 200 4048 "-" "Mozilla/5.0 (Windows NT 10.0; Win64; x64) AppleWebKit/537.36 (KHTML, like Gecko) Chrome/80.0.3987.149 Safari/537.36"
64.227.155.26 - - [24/Nov/2024:04:41:56 +0800] "POST //xmlrpc.php HTTP/1.1" 200 4048 "-" "Mozilla/5.0 (Windows NT 10.0; Win64; x64) AppleWebKit/537.36 (KHTML, like Gecko) Chrome/80.0.3987.149 Safari/537.36"
64.227.155.26 - - [24/Nov/2024:04:41:59 +0800] "POST //xmlrpc.php HTTP/1.1" 200 4048 "-" "Mozilla/5.0 (Windows NT 10.0; Win64; x64) AppleWebKit/537.36 (KHTML, like Gecko) Chrome/80.0.3987.149 Safari/537.36"
64.227.155.26 - - [24/Nov/2024:04:42:00 +0800] "POST //xmlrpc.php HTTP/1.1" 200 4048 "-" "Mozilla/5.0 (Windows NT 10.0; Win64; x64) AppleWebKit/537.36 (KHTML, like Gecko) Chrome/80.0.3987.149 Safari/537.36"
64.227.155.26 - - [24/Nov/2024:04:42:03 +0800] "POST //xmlrpc.php HTTP/1.1" 200 4048 "-" "Mozilla/5.0 (Windows NT 10.0; Win64; x64) AppleWebKit/537.36 (KHTML, like Gecko) Chrome/80.0.3987.149 Safari/537.36"
64.227.155.26 - - [24/Nov/2024:04:42:06 +0800] "POST //xmlrpc.php HTTP/1.1" 200 4048 "-" "Mozilla/5.0 (Windows NT 10.0; Win64; x64) AppleWebKit/537.36 (KHTML, like Gecko) Chrome/80.0.3987.149 Safari/537.36"
64.227.155.26 - - [24/Nov/2024:04:42:10 +0800] "POST //xmlrpc.php HTTP/1.1" 200 4048 "-" "Mozilla/5.0 (Windows NT 10.0; Win64; x64) AppleWebKit/537.36 (KHTML, like Gecko) Chrome/80.0.3987.149 Safari/537.36"
82.165.230.7 - - [24/Nov/2024:04:42:11 +0800] "POST /xmlrpc.php HTTP/1.1" 200 4470 "-" "Mozilla/5.0 (Windows NT 6.1; WOW64; rv:50.0) Gecko/20100101 Firefox/50.0"
64.227.155.26 - - [24/Nov/2024:04:42:12 +0800] "POST //xmlrpc.php HTTP/1.1" 200 4048 "-" "Mozilla/5.0 (Windows NT 10.0; Win64; x64) AppleWebKit/537.36 (KHTML, like Gecko) Chrome/80.0.3987.149 Safari/537.36"
82.165.230.7 - - [24/Nov/2024:04:42:14 +0800] "POST /xmlrpc.php HTTP/1.1" 200 4470 "-" "Mozilla/5.0 (Windows NT 6.1; WOW64; rv:50.0) Gecko/20100101 Firefox/50.0"
64.227.155.26 - - [24/Nov/2024:04:42:15 +0800] "POST //xmlrpc.php HTTP/1.1" 200 4048 "-" "Mozilla/5.0 (Windows NT 10.0; Win64; x64) AppleWebKit/537.36 (KHTML, like Gecko) Chrome/80.0.3987.149 Safari/537.36"
31.129.96.254 - - [24/Nov/2024:04:42:14 +0800] "POST /xmlrpc.php HTTP/1.1" 200 4471 "-" "Mozilla/5.0 (Linux; Android 10; SM-G960U) AppleWebKit/537.36 (KHTML, like Gecko) Chrome/91.0.4472.114 Mobile Safari/537.36"
31.129.96.254 - - [24/Nov/2024:04:42:17 +0800] "POST /xmlrpc.php HTTP/1.1" 200 4471 "-" "Mozilla/5.0 (Linux; Android 10; SM-G960U) AppleWebKit/537.36 (KHTML, like Gecko) Chrome/91.0.4472.114 Mobile Safari/537.36"
198.54.126.38 - - [24/Nov/2024:04:42:17 +0800] "POST /xmlrpc.php HTTP/1.1" 200 4471 "-" "Mozilla/5.0 (Windows NT 10.0; Win64; x64) AppleWebKit/537.36 (KHTML, like Gecko) Chrome/78.0.3904.108 Safari/537.36"
159.89.176.50 - - [24/Nov/2024:04:42:19 +0800] "POST /xmlrpc.php HTTP/1.1" 200 4471 "-" "Mozilla/5.0 (iPod; CPU iPhone OS 14_6 like Mac OS X) AppleWebKit/605.1.15 (KHTML, like Gecko) CriOS/91.0.4472.80 Mobile/15E148 Safari/604.1"
198.54.126.38 - - [24/Nov/2024:04:42:20 +0800] "POST /xmlrpc.php HTTP/1.1" 200 4471 "-" "Mozilla/5.0 (Windows NT 10.0; Win64; x64) AppleWebKit/537.36 (KHTML, like Gecko) Chrome/78.0.3904.108 Safari/537.36"
159.89.176.50 - - [24/Nov/2024:04:42:20 +0800] "POST /xmlrpc.php HTTP/1.1" 200 4471 "-" "Mozilla/5.0 (iPod; CPU iPhone OS 14_6 like Mac OS X) AppleWebKit/605.1.15 (KHTML, like Gecko) CriOS/91.0.4472.80 Mobile/15E148 Safari/604.1"
64.227.155.26 - - [24/Nov/2024:04:42:23 +0800] "POST //xmlrpc.php HTTP/1.1" 200 4048 "-" "Mozilla/5.0 (Windows NT 10.0; Win64; x64) AppleWebKit/537.36 (KHTML, like Gecko) Chrome/80.0.3987.149 Safari/537.36"
64.227.155.26 - - [24/Nov/2024:04:42:29 +0800] "POST //xmlrpc.php HTTP/1.1" 200 4048 "-" "Mozilla/5.0 (Windows NT 10.0; Win64; x64) AppleWebKit/537.36 (KHTML, like Gecko) Chrome/80.0.3987.149 Safari/537.36"
64.227.155.26 - - [24/Nov/2024:04:42:32 +0800] "POST //xmlrpc.php HTTP/1.1" 200 4048 "-" "Mozilla/5.0 (Windows NT 10.0; Win64; x64) AppleWebKit/537.36 (KHTML, like Gecko) Chrome/80.0.3987.149 Safari/537.36"
92.119.129.240 - - [24/Nov/2024:04:42:40 +0800] "POST /xmlrpc.php HTTP/1.1" 200 4472 "-" "Mozilla/5.0 (Windows NT 10.0; Win64; x64; rv:78.0) Gecko/20100101 Firefox/78.0"
92.119.129.240 - - [24/Nov/2024:04:42:42 +0800] "POST /xmlrpc.php HTTP/1.1" 200 4472 "-" "Mozilla/5.0 (Windows NT 10.0; Win64; x64; rv:78.0) Gecko/20100101 Firefox/78.0"
64.227.155.26 - - [24/Nov/2024:04:42:43 +0800] "POST //xmlrpc.php HTTP/1.1" 200 4048 "-" "Mozilla/5.0 (Windows NT 10.0; Win64; x64) AppleWebKit/537.36 (KHTML, like Gecko) Chrome/80.0.3987.149 Safari/537.36"
95.216.1.46 - - [24/Nov/2024:04:42:44 +0800] "POST /xmlrpc.php HTTP/1.1" 200 4469 "-" "Mozilla/5.0 (Windows NT 10.0; Win64; x64) AppleWebKit/537.36 (KHTML, like Gecko) Chrome/87.0.4280.141 Safari/537.36"
95.216.1.46 - - [24/Nov/2024:04:42:45 +0800] "POST /xmlrpc.php HTTP/1.1" 200 4469 "-" "Mozilla/5.0 (Windows NT 10.0; Win64; x64) AppleWebKit/537.36 (KHTML, like Gecko) Chrome/87.0.4280.141 Safari/537.36"
64.227.155.26 - - [24/Nov/2024:04:42:55 +0800] "POST //xmlrpc.php HTTP/1.1" 200 4048 "-" "Mozilla/5.0 (Windows NT 10.0; Win64; x64) AppleWebKit/537.36 (KHTML, like Gecko) Chrome/80.0.3987.149 Safari/537.36"
220.135.127.108 - - [24/Nov/2024:04:42:58 +0800] "POST /wp-cron.php?doing_wp_cron=1732394578.0157790184020996093750 HTTP/1.1" 200 4061 "-" "WordPress/6.7.1; https://www.matador.tw"
82.165.230.7 - - [24/Nov/2024:04:42:57 +0800] "POST /xmlrpc.php HTTP/1.1" 200 4470 "-" "Mozilla/5.0 (Windows NT 10.0; Win64; x64) AppleWebKit/537.36 (KHTML, like Gecko) Chrome/90.0.4430.212 Safari/537.36"
82.165.230.7 - - [24/Nov/2024:04:42:59 +0800] "POST /xmlrpc.php HTTP/1.1" 200 4470 "-" "Mozilla/5.0 (Windows NT 10.0; Win64; x64) AppleWebKit/537.36 (KHTML, like Gecko) Chrome/90.0.4430.212 Safari/537.36"
64.227.155.26 - - [24/Nov/2024:04:42:59 +0800] "POST //xmlrpc.php HTTP/1.1" 200 4048 "-" "Mozilla/5.0 (Windows NT 10.0; Win64; x64) AppleWebKit/537.36 (KHTML, like Gecko) Chrome/80.0.3987.149 Safari/537.36"
64.227.155.26 - - [24/Nov/2024:04:43:00 +0800] "POST //xmlrpc.php HTTP/1.1" 200 4048 "-" "Mozilla/5.0 (Windows NT 10.0; Win64; x64) AppleWebKit/537.36 (KHTML, like Gecko) Chrome/80.0.3987.149 Safari/537.36"
64.227.155.26 - - [24/Nov/2024:04:43:03 +0800] "POST //xmlrpc.php HTTP/1.1" 200 4048 "-" "Mozilla/5.0 (Windows NT 10.0; Win64; x64) AppleWebKit/537.36 (KHTML, like Gecko) Chrome/80.0.3987.149 Safari/537.36"
52.74.2.9 - - [24/Nov/2024:04:43:03 +0800] "POST /xmlrpc.php HTTP/1.1" 200 4467 "-" "Mozilla/5.0 (Linux; Android 10; LM-Q720) AppleWebKit/537.36 (KHTML, like Gecko) Chrome/91.0.4472.114 Mobile Safari/537.36"
52.74.2.9 - - [24/Nov/2024:04:43:04 +0800] "POST /xmlrpc.php HTTP/1.1" 200 4467 "-" "Mozilla/5.0 (Linux; Android 10; LM-Q720) AppleWebKit/537.36 (KHTML, like Gecko) Chrome/91.0.4472.114 Mobile Safari/537.36"
64.227.155.26 - - [24/Nov/2024:04:43:05 +0800] "POST //xmlrpc.php HTTP/1.1" 200 4048 "-" "Mozilla/5.0 (Windows NT 10.0; Win64; x64) AppleWebKit/537.36 (KHTML, like Gecko) Chrome/80.0.3987.149 Safari/537.36"
64.227.155.26 - - [24/Nov/2024:04:43:07 +0800] "POST //xmlrpc.php HTTP/1.1" 200 4048 "-" "Mozilla/5.0 (Windows NT 10.0; Win64; x64) AppleWebKit/537.36 (KHTML, like Gecko) Chrome/80.0.3987.149 Safari/537.36"
64.227.155.26 - - [24/Nov/2024:04:43:09 +0800] "POST //xmlrpc.php HTTP/1.1" 200 4048 "-" "Mozilla/5.0 (Windows NT 10.0; Win64; x64) AppleWebKit/537.36 (KHTML, like Gecko) Chrome/80.0.3987.149 Safari/537.36"
220.135.127.108 - - [24/Nov/2024:04:43:19 +0800] "POST /wp-cron.php?doing_wp_cron=1732394599.6636269092559814453125 HTTP/1.1" 200 4061 "-" "WordPress/6.7.1; https://www.matador.tw"
64.227.155.26 - - [24/Nov/2024:04:43:19 +0800] "POST //xmlrpc.php HTTP/1.1" 200 4048 "-" "Mozilla/5.0 (Windows NT 10.0; Win64; x64) AppleWebKit/537.36 (KHTML, like Gecko) Chrome/80.0.3987.149 Safari/537.36"
64.227.155.26 - - [24/Nov/2024:04:43:21 +0800] "POST //xmlrpc.php HTTP/1.1" 200 4048 "-" "Mozilla/5.0 (Windows NT 10.0; Win64; x64) AppleWebKit/537.36 (KHTML, like Gecko) Chrome/80.0.3987.149 Safari/537.36"
64.227.155.26 - - [24/Nov/2024:04:43:22 +0800] "POST //xmlrpc.php HTTP/1.1" 200 4048 "-" "Mozilla/5.0 (Windows NT 10.0; Win64; x64) AppleWebKit/537.36 (KHTML, like Gecko) Chrome/80.0.3987.149 Safari/537.36"
64.227.155.26 - - [24/Nov/2024:04:43:26 +0800] "POST //xmlrpc.php HTTP/1.1" 200 4048 "-" "Mozilla/5.0 (Windows NT 10.0; Win64; x64) AppleWebKit/537.36 (KHTML, like Gecko) Chrome/80.0.3987.149 Safari/537.36"
64.227.155.26 - - [24/Nov/2024:04:43:30 +0800] "POST //xmlrpc.php HTTP/1.1" 200 4048 "-" "Mozilla/5.0 (Windows NT 10.0; Win64; x64) AppleWebKit/537.36 (KHTML, like Gecko) Chrome/80.0.3987.149 Safari/537.36"
64.227.155.26 - - [24/Nov/2024:04:43:34 +0800] "POST //xmlrpc.php HTTP/1.1" 200 4048 "-" "Mozilla/5.0 (Windows NT 10.0; Win64; x64) AppleWebKit/537.36 (KHTML, like Gecko) Chrome/80.0.3987.149 Safari/537.36"
64.227.155.26 - - [24/Nov/2024:04:43:35 +0800] "POST //xmlrpc.php HTTP/1.1" 200 4048 "-" "Mozilla/5.0 (Windows NT 10.0; Win64; x64) AppleWebKit/537.36 (KHTML, like Gecko) Chrome/80.0.3987.149 Safari/537.36"
64.227.155.26 - - [24/Nov/2024:04:43:39 +0800] "POST //xmlrpc.php HTTP/1.1" 200 4048 "-" "Mozilla/5.0 (Windows NT 10.0; Win64; x64) AppleWebKit/537.36 (KHTML, like Gecko) Chrome/80.0.3987.149 Safari/537.36"
64.227.155.26 - - [24/Nov/2024:04:43:40 +0800] "POST //xmlrpc.php HTTP/1.1" 200 4048 "-" "Mozilla/5.0 (Windows NT 10.0; Win64; x64) AppleWebKit/537.36 (KHTML, like Gecko) Chrome/80.0.3987.149 Safari/537.36"
64.227.155.26 - - [24/Nov/2024:04:43:47 +0800] "POST //xmlrpc.php HTTP/1.1" 200 4048 "-" "Mozilla/5.0 (Windows NT 10.0; Win64; x64) AppleWebKit/537.36 (KHTML, like Gecko) Chrome/80.0.3987.149 Safari/537.36"
64.227.155.26 - - [24/Nov/2024:04:43:48 +0800] "POST //xmlrpc.php HTTP/1.1" 200 4048 "-" "Mozilla/5.0 (Windows NT 10.0; Win64; x64) AppleWebKit/537.36 (KHTML, like Gecko) Chrome/80.0.3987.149 Safari/537.36"
64.227.155.26 - - [24/Nov/2024:04:43:50 +0800] "POST //xmlrpc.php HTTP/1.1" 200 4048 "-" "Mozilla/5.0 (Windows NT 10.0; Win64; x64) AppleWebKit/537.36 (KHTML, like Gecko) Chrome/80.0.3987.149 Safari/537.36"
64.227.155.26 - - [24/Nov/2024:04:43:56 +0800] "POST //xmlrpc.php HTTP/1.1" 200 4048 "-" "Mozilla/5.0 (Windows NT 10.0; Win64; x64) AppleWebKit/537.36 (KHTML, like Gecko) Chrome/80.0.3987.149 Safari/537.36"
64.227.155.26 - - [24/Nov/2024:04:44:01 +0800] "POST //xmlrpc.php HTTP/1.1" 200 4048 "-" "Mozilla/5.0 (Windows NT 10.0; Win64; x64) AppleWebKit/537.36 (KHTML, like Gecko) Chrome/80.0.3987.149 Safari/537.36"
64.227.155.26 - - [24/Nov/2024:04:44:03 +0800] "POST //xmlrpc.php HTTP/1.1" 200 4048 "-" "Mozilla/5.0 (Windows NT 10.0; Win64; x64) AppleWebKit/537.36 (KHTML, like Gecko) Chrome/80.0.3987.149 Safari/537.36"
64.227.155.26 - - [24/Nov/2024:04:44:05 +0800] "POST //xmlrpc.php HTTP/1.1" 200 4048 "-" "Mozilla/5.0 (Windows NT 10.0; Win64; x64) AppleWebKit/537.36 (KHTML, like Gecko) Chrome/80.0.3987.149 Safari/537.36"
64.227.155.26 - - [24/Nov/2024:04:44:10 +0800] "POST //xmlrpc.php HTTP/1.1" 200 4048 "-" "Mozilla/5.0 (Windows NT 10.0; Win64; x64) AppleWebKit/537.36 (KHTML, like Gecko) Chrome/80.0.3987.149 Safari/537.36"
64.227.155.26 - - [24/Nov/2024:04:44:15 +0800] "POST //xmlrpc.php HTTP/1.1" 200 4048 "-" "Mozilla/5.0 (Windows NT 10.0; Win64; x64) AppleWebKit/537.36 (KHTML, like Gecko) Chrome/80.0.3987.149 Safari/537.36"
64.227.155.26 - - [24/Nov/2024:04:44:18 +0800] "POST //xmlrpc.php HTTP/1.1" 200 4048 "-" "Mozilla/5.0 (Windows NT 10.0; Win64; x64) AppleWebKit/537.36 (KHTML, like Gecko) Chrome/80.0.3987.149 Safari/537.36"
64.227.155.26 - - [24/Nov/2024:04:44:22 +0800] "POST //xmlrpc.php HTTP/1.1" 200 4048 "-" "Mozilla/5.0 (Windows NT 10.0; Win64; x64) AppleWebKit/537.36 (KHTML, like Gecko) Chrome/80.0.3987.149 Safari/537.36"
64.227.155.26 - - [24/Nov/2024:04:44:43 +0800] "POST //xmlrpc.php HTTP/1.1" 200 4048 "-" "Mozilla/5.0 (Windows NT 10.0; Win64; x64) AppleWebKit/537.36 (KHTML, like Gecko) Chrome/80.0.3987.149 Safari/537.36"
64.227.155.26 - - [24/Nov/2024:04:44:46 +0800] "POST //xmlrpc.php HTTP/1.1" 200 4048 "-" "Mozilla/5.0 (Windows NT 10.0; Win64; x64) AppleWebKit/537.36 (KHTML, like Gecko) Chrome/80.0.3987.149 Safari/537.36"
64.227.155.26 - - [24/Nov/2024:04:44:48 +0800] "POST //xmlrpc.php HTTP/1.1" 200 4048 "-" "Mozilla/5.0 (Windows NT 10.0; Win64; x64) AppleWebKit/537.36 (KHTML, like Gecko) Chrome/80.0.3987.149 Safari/537.36"
64.227.155.26 - - [24/Nov/2024:04:44:49 +0800] "POST //xmlrpc.php HTTP/1.1" 200 4048 "-" "Mozilla/5.0 (Windows NT 10.0; Win64; x64) AppleWebKit/537.36 (KHTML, like Gecko) Chrome/80.0.3987.149 Safari/537.36"
64.227.155.26 - - [24/Nov/2024:04:44:51 +0800] "POST //xmlrpc.php HTTP/1.1" 200 4048 "-" "Mozilla/5.0 (Windows NT 10.0; Win64; x64) AppleWebKit/537.36 (KHTML, like Gecko) Chrome/80.0.3987.149 Safari/537.36"
64.227.155.26 - - [24/Nov/2024:04:44:53 +0800] "POST //xmlrpc.php HTTP/1.1" 200 4048 "-" "Mozilla/5.0 (Windows NT 10.0; Win64; x64) AppleWebKit/537.36 (KHTML, like Gecko) Chrome/80.0.3987.149 Safari/537.36"
64.227.155.26 - - [24/Nov/2024:04:44:58 +0800] "POST //xmlrpc.php HTTP/1.1" 200 4048 "-" "Mozilla/5.0 (Windows NT 10.0; Win64; x64) AppleWebKit/537.36 (KHTML, like Gecko) Chrome/80.0.3987.149 Safari/537.36"
64.227.155.26 - - [24/Nov/2024:04:45:02 +0800] "POST //xmlrpc.php HTTP/1.1" 200 4048 "-" "Mozilla/5.0 (Windows NT 10.0; Win64; x64) AppleWebKit/537.36 (KHTML, like Gecko) Chrome/80.0.3987.149 Safari/537.36"
64.227.155.26 - - [24/Nov/2024:04:45:05 +0800] "POST //xmlrpc.php HTTP/1.1" 200 4048 "-" "Mozilla/5.0 (Windows NT 10.0; Win64; x64) AppleWebKit/537.36 (KHTML, like Gecko) Chrome/80.0.3987.149 Safari/537.36"
64.227.155.26 - - [24/Nov/2024:04:45:06 +0800] "POST //xmlrpc.php HTTP/1.1" 200 4048 "-" "Mozilla/5.0 (Windows NT 10.0; Win64; x64) AppleWebKit/537.36 (KHTML, like Gecko) Chrome/80.0.3987.149 Safari/537.36"
64.227.155.26 - - [24/Nov/2024:04:45:10 +0800] "POST //xmlrpc.php HTTP/1.1" 200 4048 "-" "Mozilla/5.0 (Windows NT 10.0; Win64; x64) AppleWebKit/537.36 (KHTML, like Gecko) Chrome/80.0.3987.149 Safari/537.36"
64.227.155.26 - - [24/Nov/2024:04:45:13 +0800] "POST //xmlrpc.php HTTP/1.1" 200 4048 "-" "Mozilla/5.0 (Windows NT 10.0; Win64; x64) AppleWebKit/537.36 (KHTML, like Gecko) Chrome/80.0.3987.149 Safari/537.36"
64.227.155.26 - - [24/Nov/2024:04:45:14 +0800] "POST //xmlrpc.php HTTP/1.1" 200 4048 "-" "Mozilla/5.0 (Windows NT 10.0; Win64; x64) AppleWebKit/537.36 (KHTML, like Gecko) Chrome/80.0.3987.149 Safari/537.36"
64.227.155.26 - - [24/Nov/2024:04:45:44 +0800] "POST //xmlrpc.php HTTP/1.1" 200 4048 "-" "Mozilla/5.0 (Windows NT 10.0; Win64; x64) AppleWebKit/537.36 (KHTML, like Gecko) Chrome/80.0.3987.149 Safari/537.36"
64.227.155.26 - - [24/Nov/2024:04:45:46 +0800] "POST //xmlrpc.php HTTP/1.1" 200 4048 "-" "Mozilla/5.0 (Windows NT 10.0; Win64; x64) AppleWebKit/537.36 (KHTML, like Gecko) Chrome/80.0.3987.149 Safari/537.36"
64.227.155.26 - - [24/Nov/2024:04:45:47 +0800] "POST //xmlrpc.php HTTP/1.1" 200 4048 "-" "Mozilla/5.0 (Windows NT 10.0; Win64; x64) AppleWebKit/537.36 (KHTML, like Gecko) Chrome/80.0.3987.149 Safari/537.36"
64.227.155.26 - - [24/Nov/2024:04:45:53 +0800] "POST //xmlrpc.php HTTP/1.1" 200 4048 "-" "Mozilla/5.0 (Windows NT 10.0; Win64; x64) AppleWebKit/537.36 (KHTML, like Gecko) Chrome/80.0.3987.149 Safari/537.36"
64.227.155.26 - - [24/Nov/2024:04:45:56 +0800] "POST //xmlrpc.php HTTP/1.1" 200 4048 "-" "Mozilla/5.0 (Windows NT 10.0; Win64; x64) AppleWebKit/537.36 (KHTML, like Gecko) Chrome/80.0.3987.149 Safari/537.36"
64.227.155.26 - - [24/Nov/2024:04:45:57 +0800] "POST //xmlrpc.php HTTP/1.1" 200 4048 "-" "Mozilla/5.0 (Windows NT 10.0; Win64; x64) AppleWebKit/537.36 (KHTML, like Gecko) Chrome/80.0.3987.149 Safari/537.36"
64.227.155.26 - - [24/Nov/2024:04:45:59 +0800] "POST //xmlrpc.php HTTP/1.1" 200 4048 "-" "Mozilla/5.0 (Windows NT 10.0; Win64; x64) AppleWebKit/537.36 (KHTML, like Gecko) Chrome/80.0.3987.149 Safari/537.36"
64.227.155.26 - - [24/Nov/2024:04:46:00 +0800] "POST //xmlrpc.php HTTP/1.1" 200 4048 "-" "Mozilla/5.0 (Windows NT 10.0; Win64; x64) AppleWebKit/537.36 (KHTML, like Gecko) Chrome/80.0.3987.149 Safari/537.36"
64.227.155.26 - - [24/Nov/2024:04:46:06 +0800] "POST //xmlrpc.php HTTP/1.1" 200 4048 "-" "Mozilla/5.0 (Windows NT 10.0; Win64; x64) AppleWebKit/537.36 (KHTML, like Gecko) Chrome/80.0.3987.149 Safari/537.36"
64.227.155.26 - - [24/Nov/2024:04:46:11 +0800] "POST //xmlrpc.php HTTP/1.1" 200 4048 "-" "Mozilla/5.0 (Windows NT 10.0; Win64; x64) AppleWebKit/537.36 (KHTML, like Gecko) Chrome/80.0.3987.149 Safari/537.36"
64.227.155.26 - - [24/Nov/2024:04:46:15 +0800] "POST //xmlrpc.php HTTP/1.1" 200 4048 "-" "Mozilla/5.0 (Windows NT 10.0; Win64; x64) AppleWebKit/537.36 (KHTML, like Gecko) Chrome/80.0.3987.149 Safari/537.36"
64.227.155.26 - - [24/Nov/2024:04:46:20 +0800] "POST //xmlrpc.php HTTP/1.1" 200 4048 "-" "Mozilla/5.0 (Windows NT 10.0; Win64; x64) AppleWebKit/537.36 (KHTML, like Gecko) Chrome/80.0.3987.149 Safari/537.36"
64.227.155.26 - - [24/Nov/2024:04:46:26 +0800] "POST //xmlrpc.php HTTP/1.1" 200 4048 "-" "Mozilla/5.0 (Windows NT 10.0; Win64; x64) AppleWebKit/537.36 (KHTML, like Gecko) Chrome/80.0.3987.149 Safari/537.36"
64.227.155.26 - - [24/Nov/2024:04:46:28 +0800] "POST //xmlrpc.php HTTP/1.1" 200 4048 "-" "Mozilla/5.0 (Windows NT 10.0; Win64; x64) AppleWebKit/537.36 (KHTML, like Gecko) Chrome/80.0.3987.149 Safari/537.36"
64.227.155.26 - - [24/Nov/2024:04:46:30 +0800] "POST //xmlrpc.php HTTP/1.1" 200 4048 "-" "Mozilla/5.0 (Windows NT 10.0; Win64; x64) AppleWebKit/537.36 (KHTML, like Gecko) Chrome/80.0.3987.149 Safari/537.36"
64.227.155.26 - - [24/Nov/2024:04:46:39 +0800] "POST //xmlrpc.php HTTP/1.1" 200 4048 "-" "Mozilla/5.0 (Windows NT 10.0; Win64; x64) AppleWebKit/537.36 (KHTML, like Gecko) Chrome/80.0.3987.149 Safari/537.36"
64.227.155.26 - - [24/Nov/2024:04:46:41 +0800] "POST //xmlrpc.php HTTP/1.1" 200 4048 "-" "Mozilla/5.0 (Windows NT 10.0; Win64; x64) AppleWebKit/537.36 (KHTML, like Gecko) Chrome/80.0.3987.149 Safari/537.36"
64.227.155.26 - - [24/Nov/2024:04:46:43 +0800] "POST //xmlrpc.php HTTP/1.1" 200 4048 "-" "Mozilla/5.0 (Windows NT 10.0; Win64; x64) AppleWebKit/537.36 (KHTML, like Gecko) Chrome/80.0.3987.149 Safari/537.36"
64.227.155.26 - - [24/Nov/2024:04:46:50 +0800] "POST //xmlrpc.php HTTP/1.1" 200 4048 "-" "Mozilla/5.0 (Windows NT 10.0; Win64; x64) AppleWebKit/537.36 (KHTML, like Gecko) Chrome/80.0.3987.149 Safari/537.36"
64.227.155.26 - - [24/Nov/2024:04:46:51 +0800] "POST //xmlrpc.php HTTP/1.1" 200 4048 "-" "Mozilla/5.0 (Windows NT 10.0; Win64; x64) AppleWebKit/537.36 (KHTML, like Gecko) Chrome/80.0.3987.149 Safari/537.36"
64.227.155.26 - - [24/Nov/2024:04:46:57 +0800] "POST //xmlrpc.php HTTP/1.1" 200 4048 "-" "Mozilla/5.0 (Windows NT 10.0; Win64; x64) AppleWebKit/537.36 (KHTML, like Gecko) Chrome/80.0.3987.149 Safari/537.36"
64.227.155.26 - - [24/Nov/2024:04:46:58 +0800] "POST //xmlrpc.php HTTP/1.1" 200 4048 "-" "Mozilla/5.0 (Windows NT 10.0; Win64; x64) AppleWebKit/537.36 (KHTML, like Gecko) Chrome/80.0.3987.149 Safari/537.36"
64.227.155.26 - - [24/Nov/2024:04:47:02 +0800] "POST //xmlrpc.php HTTP/1.1" 200 4048 "-" "Mozilla/5.0 (Windows NT 10.0; Win64; x64) AppleWebKit/537.36 (KHTML, like Gecko) Chrome/80.0.3987.149 Safari/537.36"
64.227.155.26 - - [24/Nov/2024:04:47:05 +0800] "POST //xmlrpc.php HTTP/1.1" 200 4048 "-" "Mozilla/5.0 (Windows NT 10.0; Win64; x64) AppleWebKit/537.36 (KHTML, like Gecko) Chrome/80.0.3987.149 Safari/537.36"
64.227.155.26 - - [24/Nov/2024:04:47:07 +0800] "POST //xmlrpc.php HTTP/1.1" 200 4048 "-" "Mozilla/5.0 (Windows NT 10.0; Win64; x64) AppleWebKit/537.36 (KHTML, like Gecko) Chrome/80.0.3987.149 Safari/537.36"
64.227.155.26 - - [24/Nov/2024:04:47:11 +0800] "POST //xmlrpc.php HTTP/1.1" 200 4048 "-" "Mozilla/5.0 (Windows NT 10.0; Win64; x64) AppleWebKit/537.36 (KHTML, like Gecko) Chrome/80.0.3987.149 Safari/537.36"
64.227.155.26 - - [24/Nov/2024:04:47:16 +0800] "POST //xmlrpc.php HTTP/1.1" 200 4048 "-" "Mozilla/5.0 (Windows NT 10.0; Win64; x64) AppleWebKit/537.36 (KHTML, like Gecko) Chrome/80.0.3987.149 Safari/537.36"
64.227.155.26 - - [24/Nov/2024:04:47:21 +0800] "POST //xmlrpc.php HTTP/1.1" 200 4048 "-" "Mozilla/5.0 (Windows NT 10.0; Win64; x64) AppleWebKit/537.36 (KHTML, like Gecko) Chrome/80.0.3987.149 Safari/537.36"
64.227.155.26 - - [24/Nov/2024:04:47:22 +0800] "POST //xmlrpc.php HTTP/1.1" 200 4048 "-" "Mozilla/5.0 (Windows NT 10.0; Win64; x64) AppleWebKit/537.36 (KHTML, like Gecko) Chrome/80.0.3987.149 Safari/537.36"
64.227.155.26 - - [24/Nov/2024:04:47:29 +0800] "POST //xmlrpc.php HTTP/1.1" 200 4048 "-" "Mozilla/5.0 (Windows NT 10.0; Win64; x64) AppleWebKit/537.36 (KHTML, like Gecko) Chrome/80.0.3987.149 Safari/537.36"
64.227.155.26 - - [24/Nov/2024:04:47:31 +0800] "POST //xmlrpc.php HTTP/1.1" 200 4048 "-" "Mozilla/5.0 (Windows NT 10.0; Win64; x64) AppleWebKit/537.36 (KHTML, like Gecko) Chrome/80.0.3987.149 Safari/537.36"
64.227.155.26 - - [24/Nov/2024:04:47:33 +0800] "POST //xmlrpc.php HTTP/1.1" 200 4048 "-" "Mozilla/5.0 (Windows NT 10.0; Win64; x64) AppleWebKit/537.36 (KHTML, like Gecko) Chrome/80.0.3987.149 Safari/537.36"
64.227.155.26 - - [24/Nov/2024:04:47:35 +0800] "POST //xmlrpc.php HTTP/1.1" 200 4048 "-" "Mozilla/5.0 (Windows NT 10.0; Win64; x64) AppleWebKit/537.36 (KHTML, like Gecko) Chrome/80.0.3987.149 Safari/537.36"
64.227.155.26 - - [24/Nov/2024:04:47:41 +0800] "POST //xmlrpc.php HTTP/1.1" 200 4048 "-" "Mozilla/5.0 (Windows NT 10.0; Win64; x64) AppleWebKit/537.36 (KHTML, like Gecko) Chrome/80.0.3987.149 Safari/537.36"
64.227.155.26 - - [24/Nov/2024:04:47:48 +0800] "POST //xmlrpc.php HTTP/1.1" 200 4048 "-" "Mozilla/5.0 (Windows NT 10.0; Win64; x64) AppleWebKit/537.36 (KHTML, like Gecko) Chrome/80.0.3987.149 Safari/537.36"
64.227.155.26 - - [24/Nov/2024:04:47:50 +0800] "POST //xmlrpc.php HTTP/1.1" 200 4048 "-" "Mozilla/5.0 (Windows NT 10.0; Win64; x64) AppleWebKit/537.36 (KHTML, like Gecko) Chrome/80.0.3987.149 Safari/537.36"
64.227.155.26 - - [24/Nov/2024:04:47:52 +0800] "POST //xmlrpc.php HTTP/1.1" 200 4048 "-" "Mozilla/5.0 (Windows NT 10.0; Win64; x64) AppleWebKit/537.36 (KHTML, like Gecko) Chrome/80.0.3987.149 Safari/537.36"
220.135.127.108 - - [24/Nov/2024:04:48:05 +0800] "POST /wp-cron.php?doing_wp_cron=1732394885.1906330585479736328125 HTTP/1.1" 200 4061 "-" "WordPress/6.7.1; https://www.matador.tw"
64.227.155.26 - - [24/Nov/2024:04:48:04 +0800] "POST //xmlrpc.php HTTP/1.1" 200 4048 "-" "Mozilla/5.0 (Windows NT 10.0; Win64; x64) AppleWebKit/537.36 (KHTML, like Gecko) Chrome/80.0.3987.149 Safari/537.36"
64.227.155.26 - - [24/Nov/2024:04:48:10 +0800] "POST //xmlrpc.php HTTP/1.1" 200 4048 "-" "Mozilla/5.0 (Windows NT 10.0; Win64; x64) AppleWebKit/537.36 (KHTML, like Gecko) Chrome/80.0.3987.149 Safari/537.36"
220.135.127.108 - - [24/Nov/2024:04:48:19 +0800] "POST /wp-cron.php?doing_wp_cron=1732394899.1014819145202636718750 HTTP/1.1" 200 4061 "-" "WordPress/6.7.1; https://www.matador.tw"
64.227.155.26 - - [24/Nov/2024:04:48:18 +0800] "POST //xmlrpc.php HTTP/1.1" 200 4048 "-" "Mozilla/5.0 (Windows NT 10.0; Win64; x64) AppleWebKit/537.36 (KHTML, like Gecko) Chrome/80.0.3987.149 Safari/537.36"
64.227.155.26 - - [24/Nov/2024:04:48:23 +0800] "POST //xmlrpc.php HTTP/1.1" 200 4048 "-" "Mozilla/5.0 (Windows NT 10.0; Win64; x64) AppleWebKit/537.36 (KHTML, like Gecko) Chrome/80.0.3987.149 Safari/537.36"
64.227.155.26 - - [24/Nov/2024:04:48:24 +0800] "POST //xmlrpc.php HTTP/1.1" 200 4048 "-" "Mozilla/5.0 (Windows NT 10.0; Win64; x64) AppleWebKit/537.36 (KHTML, like Gecko) Chrome/80.0.3987.149 Safari/537.36"
64.227.155.26 - - [24/Nov/2024:04:48:26 +0800] "POST //xmlrpc.php HTTP/1.1" 200 4048 "-" "Mozilla/5.0 (Windows NT 10.0; Win64; x64) AppleWebKit/537.36 (KHTML, like Gecko) Chrome/80.0.3987.149 Safari/537.36"
64.227.155.26 - - [24/Nov/2024:04:48:28 +0800] "POST //xmlrpc.php HTTP/1.1" 200 4048 "-" "Mozilla/5.0 (Windows NT 10.0; Win64; x64) AppleWebKit/537.36 (KHTML, like Gecko) Chrome/80.0.3987.149 Safari/537.36"
64.227.155.26 - - [24/Nov/2024:04:48:31 +0800] "POST //xmlrpc.php HTTP/1.1" 200 4048 "-" "Mozilla/5.0 (Windows NT 10.0; Win64; x64) AppleWebKit/537.36 (KHTML, like Gecko) Chrome/80.0.3987.149 Safari/537.36"
64.227.155.26 - - [24/Nov/2024:04:48:33 +0800] "POST //xmlrpc.php HTTP/1.1" 200 4048 "-" "Mozilla/5.0 (Windows NT 10.0; Win64; x64) AppleWebKit/537.36 (KHTML, like Gecko) Chrome/80.0.3987.149 Safari/537.36"
64.227.155.26 - - [24/Nov/2024:04:48:35 +0800] "POST //xmlrpc.php HTTP/1.1" 200 4048 "-" "Mozilla/5.0 (Windows NT 10.0; Win64; x64) AppleWebKit/537.36 (KHTML, like Gecko) Chrome/80.0.3987.149 Safari/537.36"
64.227.155.26 - - [24/Nov/2024:04:48:36 +0800] "POST //xmlrpc.php HTTP/1.1" 200 4048 "-" "Mozilla/5.0 (Windows NT 10.0; Win64; x64) AppleWebKit/537.36 (KHTML, like Gecko) Chrome/80.0.3987.149 Safari/537.36"
64.227.155.26 - - [24/Nov/2024:04:48:38 +0800] "POST //xmlrpc.php HTTP/1.1" 200 4048 "-" "Mozilla/5.0 (Windows NT 10.0; Win64; x64) AppleWebKit/537.36 (KHTML, like Gecko) Chrome/80.0.3987.149 Safari/537.36"
64.227.155.26 - - [24/Nov/2024:04:48:42 +0800] "POST //xmlrpc.php HTTP/1.1" 200 4048 "-" "Mozilla/5.0 (Windows NT 10.0; Win64; x64) AppleWebKit/537.36 (KHTML, like Gecko) Chrome/80.0.3987.149 Safari/537.36"
64.227.155.26 - - [24/Nov/2024:04:48:44 +0800] "POST //xmlrpc.php HTTP/1.1" 200 4048 "-" "Mozilla/5.0 (Windows NT 10.0; Win64; x64) AppleWebKit/537.36 (KHTML, like Gecko) Chrome/80.0.3987.149 Safari/537.36"
64.227.155.26 - - [24/Nov/2024:04:48:47 +0800] "POST //xmlrpc.php HTTP/1.1" 200 4048 "-" "Mozilla/5.0 (Windows NT 10.0; Win64; x64) AppleWebKit/537.36 (KHTML, like Gecko) Chrome/80.0.3987.149 Safari/537.36"
64.227.155.26 - - [24/Nov/2024:04:48:48 +0800] "POST //xmlrpc.php HTTP/1.1" 200 4048 "-" "Mozilla/5.0 (Windows NT 10.0; Win64; x64) AppleWebKit/537.36 (KHTML, like Gecko) Chrome/80.0.3987.149 Safari/537.36"
64.227.155.26 - - [24/Nov/2024:04:48:57 +0800] "POST //xmlrpc.php HTTP/1.1" 200 4048 "-" "Mozilla/5.0 (Windows NT 10.0; Win64; x64) AppleWebKit/537.36 (KHTML, like Gecko) Chrome/80.0.3987.149 Safari/537.36"
64.227.155.26 - - [24/Nov/2024:04:48:59 +0800] "POST //xmlrpc.php HTTP/1.1" 200 4048 "-" "Mozilla/5.0 (Windows NT 10.0; Win64; x64) AppleWebKit/537.36 (KHTML, like Gecko) Chrome/80.0.3987.149 Safari/537.36"
64.227.155.26 - - [24/Nov/2024:04:49:09 +0800] "POST //xmlrpc.php HTTP/1.1" 200 4048 "-" "Mozilla/5.0 (Windows NT 10.0; Win64; x64) AppleWebKit/537.36 (KHTML, like Gecko) Chrome/80.0.3987.149 Safari/537.36"
64.227.155.26 - - [24/Nov/2024:04:49:11 +0800] "POST //xmlrpc.php HTTP/1.1" 200 4048 "-" "Mozilla/5.0 (Windows NT 10.0; Win64; x64) AppleWebKit/537.36 (KHTML, like Gecko) Chrome/80.0.3987.149 Safari/537.36"
64.227.155.26 - - [24/Nov/2024:04:49:14 +0800] "POST //xmlrpc.php HTTP/1.1" 200 4048 "-" "Mozilla/5.0 (Windows NT 10.0; Win64; x64) AppleWebKit/537.36 (KHTML, like Gecko) Chrome/80.0.3987.149 Safari/537.36"
64.227.155.26 - - [24/Nov/2024:04:49:19 +0800] "POST //xmlrpc.php HTTP/1.1" 200 4048 "-" "Mozilla/5.0 (Windows NT 10.0; Win64; x64) AppleWebKit/537.36 (KHTML, like Gecko) Chrome/80.0.3987.149 Safari/537.36"
64.227.155.26 - - [24/Nov/2024:04:49:26 +0800] "POST //xmlrpc.php HTTP/1.1" 200 4048 "-" "Mozilla/5.0 (Windows NT 10.0; Win64; x64) AppleWebKit/537.36 (KHTML, like Gecko) Chrome/80.0.3987.149 Safari/537.36"
64.227.155.26 - - [24/Nov/2024:04:49:30 +0800] "POST //xmlrpc.php HTTP/1.1" 200 4048 "-" "Mozilla/5.0 (Windows NT 10.0; Win64; x64) AppleWebKit/537.36 (KHTML, like Gecko) Chrome/80.0.3987.149 Safari/537.36"
64.227.155.26 - - [24/Nov/2024:04:49:32 +0800] "POST //xmlrpc.php HTTP/1.1" 200 4048 "-" "Mozilla/5.0 (Windows NT 10.0; Win64; x64) AppleWebKit/537.36 (KHTML, like Gecko) Chrome/80.0.3987.149 Safari/537.36"
64.227.155.26 - - [24/Nov/2024:04:49:34 +0800] "POST //xmlrpc.php HTTP/1.1" 200 4048 "-" "Mozilla/5.0 (Windows NT 10.0; Win64; x64) AppleWebKit/537.36 (KHTML, like Gecko) Chrome/80.0.3987.149 Safari/537.36"
64.227.155.26 - - [24/Nov/2024:04:49:36 +0800] "POST //xmlrpc.php HTTP/1.1" 200 4048 "-" "Mozilla/5.0 (Windows NT 10.0; Win64; x64) AppleWebKit/537.36 (KHTML, like Gecko) Chrome/80.0.3987.149 Safari/537.36"
64.227.155.26 - - [24/Nov/2024:04:49:39 +0800] "POST //xmlrpc.php HTTP/1.1" 200 4048 "-" "Mozilla/5.0 (Windows NT 10.0; Win64; x64) AppleWebKit/537.36 (KHTML, like Gecko) Chrome/80.0.3987.149 Safari/537.36"
64.227.155.26 - - [24/Nov/2024:04:49:44 +0800] "POST //xmlrpc.php HTTP/1.1" 200 4048 "-" "Mozilla/5.0 (Windows NT 10.0; Win64; x64) AppleWebKit/537.36 (KHTML, like Gecko) Chrome/80.0.3987.149 Safari/537.36"
64.227.155.26 - - [24/Nov/2024:04:49:46 +0800] "POST //xmlrpc.php HTTP/1.1" 200 4048 "-" "Mozilla/5.0 (Windows NT 10.0; Win64; x64) AppleWebKit/537.36 (KHTML, like Gecko) Chrome/80.0.3987.149 Safari/537.36"
64.227.155.26 - - [24/Nov/2024:04:49:48 +0800] "POST //xmlrpc.php HTTP/1.1" 200 4048 "-" "Mozilla/5.0 (Windows NT 10.0; Win64; x64) AppleWebKit/537.36 (KHTML, like Gecko) Chrome/80.0.3987.149 Safari/537.36"
220.135.127.108 - - [24/Nov/2024:05:10:58 +0800] "POST /wp-cron.php?doing_wp_cron=1732396258.3384408950805664062500 HTTP/1.1" 200 4061 "-" "WordPress/6.7.1; https://www.matador.tw"
3.26.48.180 - - [24/Nov/2024:05:10:57 +0800] "GET / HTTP/1.1" 301 3978 "-" "-"
3.26.48.180 - - [24/Nov/2024:05:10:59 +0800] "GET / HTTP/1.1" 200 74442 "-" "-"
3.26.48.180 - - [24/Nov/2024:05:11:01 +0800] "GET / HTTP/1.1" 301 272 "-" "-"
3.26.48.180 - - [24/Nov/2024:05:11:01 +0800] "GET / HTTP/1.1" 200 70736 "-" "-"
3.26.48.180 - - [24/Nov/2024:05:11:03 +0800] "GET / HTTP/1.1" 301 272 "-" "-"
3.26.48.180 - - [24/Nov/2024:05:11:04 +0800] "GET / HTTP/1.1" 200 70736 "-" "-"
17.241.219.211 - - [24/Nov/2024:05:24:50 +0800] "GET /robots.txt HTTP/1.1" 301 535 "-" "Mozilla/5.0 (Macintosh; Intel Mac OS X 10_15_7) AppleWebKit/605.1.15 (KHTML, like Gecko) Version/17.4 Safari/605.1.15 (Applebot/0.1; +http://www.apple.com/go/applebot)"
220.135.127.108 - - [24/Nov/2024:05:24:52 +0800] "POST /wp-cron.php?doing_wp_cron=1732397092.0037550926208496093750 HTTP/1.1" 200 4061 "-" "WordPress/6.7.1; https://www.matador.tw"
17.241.75.176 - - [24/Nov/2024:05:24:50 +0800] "GET /robots.txt HTTP/1.1" 200 4130 "-" "Mozilla/5.0 (Macintosh; Intel Mac OS X 10_15_7) AppleWebKit/605.1.15 (KHTML, like Gecko) Version/17.4 Safari/605.1.15 (Applebot/0.1; +http://www.apple.com/go/applebot)"
17.241.219.211 - - [24/Nov/2024:05:24:52 +0800] "GET / HTTP/1.1" 301 515 "-" "Mozilla/5.0 (Macintosh; Intel Mac OS X 10_15_7) AppleWebKit/605.1.15 (KHTML, like Gecko) Version/17.4 Safari/605.1.15 (Applebot/0.1; +http://www.apple.com/go/applebot)"
17.241.75.176 - - [24/Nov/2024:05:24:52 +0800] "GET / HTTP/1.1" 200 22663 "-" "Mozilla/5.0 (Macintosh; Intel Mac OS X 10_15_7) AppleWebKit/605.1.15 (KHTML, like Gecko) Version/17.4 Safari/605.1.15 (Applebot/0.1; +http://www.apple.com/go/applebot)"
17.22.237.106 - - [24/Nov/2024:05:26:39 +0800] "GET /wp-includes/js/mediaelement/mediaelementplayer-legacy.min.css?ver=4.2.17 HTTP/1.1" 200 6702 "https://www.matador.tw/" "Mozilla/5.0 (Macintosh; Intel Mac OS X 10_15_7) AppleWebKit/605.1.15 (KHTML, like Gecko) Version/17.4 Safari/605.1.15 (Applebot/0.1; +http://www.apple.com/go/applebot)"
17.22.253.105 - - [24/Nov/2024:05:26:39 +0800] "GET /wp-content/themes/twentyseventeen/style.css?ver=20240402 HTTP/1.1" 200 20076 "https://www.matador.tw/" "Mozilla/5.0 (Macintosh; Intel Mac OS X 10_15_7) AppleWebKit/605.1.15 (KHTML, like Gecko) Version/17.4 Safari/605.1.15 (Applebot/0.1; +http://www.apple.com/go/applebot)"
17.22.253.79 - - [24/Nov/2024:05:26:40 +0800] "GET /wp-content/themes/twentyseventeen/assets/css/blocks.css?ver=20220912 HTTP/1.1" 200 6059 "https://www.matador.tw/" "Mozilla/5.0 (Macintosh; Intel Mac OS X 10_15_7) AppleWebKit/605.1.15 (KHTML, like Gecko) Version/17.4 Safari/605.1.15 (Applebot/0.1; +http://www.apple.com/go/applebot)"
17.22.245.138 - - [24/Nov/2024:05:26:40 +0800] "GET /wp-content/themes/twentyseventeen/assets/fonts/font-libre-franklin.css?ver=20230328 HTTP/1.1" 200 4820 "https://www.matador.tw/" "Mozilla/5.0 (Macintosh; Intel Mac OS X 10_15_7) AppleWebKit/605.1.15 (KHTML, like Gecko) Version/17.4 Safari/605.1.15 (Applebot/0.1; +http://www.apple.com/go/applebot)"
17.22.237.65 - - [24/Nov/2024:05:26:41 +0800] "GET /wp-includes/js/mediaelement/wp-mediaelement.min.css?ver=6.7.1 HTTP/1.1" 200 5222 "https://www.matador.tw/" "Mozilla/5.0 (Macintosh; Intel Mac OS X 10_15_7) AppleWebKit/605.1.15 (KHTML, like Gecko) Version/17.4 Safari/605.1.15 (Applebot/0.1; +http://www.apple.com/go/applebot)"
17.22.237.77 - - [24/Nov/2024:05:26:41 +0800] "GET /wp-includes/css/dist/block-library/style.min.css?ver=6.7.1 HTTP/1.1" 200 19311 "https://www.matador.tw/" "Mozilla/5.0 (Macintosh; Intel Mac OS X 10_15_7) AppleWebKit/605.1.15 (KHTML, like Gecko) Version/17.4 Safari/605.1.15 (Applebot/0.1; +http://www.apple.com/go/applebot)"
17.22.245.208 - - [24/Nov/2024:05:26:42 +0800] "GET /wp-includes/js/jquery/jquery.min.js?ver=3.7.1 HTTP/1.1" 200 34560 "https://www.matador.tw/" "Mozilla/5.0 (Macintosh; Intel Mac OS X 10_15_7) AppleWebKit/605.1.15 (KHTML, like Gecko) Version/17.4 Safari/605.1.15 (Applebot/0.1; +http://www.apple.com/go/applebot)"
17.22.245.183 - - [24/Nov/2024:05:26:42 +0800] "GET /wp-includes/js/jquery/jquery-migrate.min.js?ver=3.4.1 HTTP/1.1" 200 8996 "https://www.matador.tw/" "Mozilla/5.0 (Macintosh; Intel Mac OS X 10_15_7) AppleWebKit/605.1.15 (KHTML, like Gecko) Version/17.4 Safari/605.1.15 (Applebot/0.1; +http://www.apple.com/go/applebot)"
17.22.237.65 - - [24/Nov/2024:05:26:43 +0800] "GET /wp-content/themes/twentyseventeen/assets/js/global.js?ver=20211130 HTTP/1.1" 200 6762 "https://www.matador.tw/" "Mozilla/5.0 (Macintosh; Intel Mac OS X 10_15_7) AppleWebKit/605.1.15 (KHTML, like Gecko) Version/17.4 Safari/605.1.15 (Applebot/0.1; +http://www.apple.com/go/applebot)"
17.22.253.177 - - [24/Nov/2024:05:26:43 +0800] "GET /wp-content/themes/twentyseventeen/assets/js/jquery.scrollTo.js?ver=2.1.3 HTTP/1.1" 200 6538 "https://www.matador.tw/" "Mozilla/5.0 (Macintosh; Intel Mac OS X 10_15_7) AppleWebKit/605.1.15 (KHTML, like Gecko) Version/17.4 Safari/605.1.15 (Applebot/0.1; +http://www.apple.com/go/applebot)"
17.22.253.177 - - [24/Nov/2024:05:26:44 +0800] "GET /wp-includes/js/wp-emoji-release.min.js?ver=6.7.1 HTTP/1.1" 200 5479 "https://www.matador.tw/" "Mozilla/5.0 (Macintosh; Intel Mac OS X 10_15_7) AppleWebKit/605.1.15 (KHTML, like Gecko) Version/17.4 Safari/605.1.15 (Applebot/0.1; +http://www.apple.com/go/applebot)"
220.135.127.108 - - [24/Nov/2024:05:30:50 +0800] "POST /wp-cron.php?doing_wp_cron=1732397450.4010059833526611328125 HTTP/1.1" 200 4061 "-" "WordPress/6.7.1; https://www.matador.tw"
66.249.71.199 - - [24/Nov/2024:05:30:50 +0800] "GET /robots.txt HTTP/1.1" 200 4186 "-" "Mozilla/5.0 (compatible; Googlebot/2.1; +http://www.google.com/bot.html)"
66.249.71.197 - - [24/Nov/2024:05:31:02 +0800] "GET /qh4xedkt9ireqofdy5kq/ HTTP/1.1" 200 26863 "-" "Mozilla/5.0 (compatible; Googlebot/2.1; +http://www.google.com/bot.html)"
220.135.127.108 - - [24/Nov/2024:05:54:39 +0800] "POST /wp-cron.php?doing_wp_cron=1732398879.2860329151153564453125 HTTP/1.1" 200 4061 "-" "WordPress/6.7.1; https://www.matador.tw"
45.148.10.172 - - [24/Nov/2024:05:54:37 +0800] "GET /.env HTTP/1.1" 301 4094 "-" "Mozilla/5.0 (Macintosh; U; Intel Mac OS X 10_5_6; en-US) AppleWebKit/528.16 (KHTML, like Gecko, Safari/528.16) OmniWeb/v622.8.0"
179.43.191.19 - - [24/Nov/2024:06:00:25 +0800] "GET /cevrimici-kurs-turkiye-de-kumar-casino HTTP/1.1" 301 598 "https://google.com" "Windows NT"
220.135.127.108 - - [24/Nov/2024:06:00:27 +0800] "POST /wp-cron.php?doing_wp_cron=1732399227.4460189342498779296875 HTTP/1.1" 200 4061 "-" "WordPress/6.7.1; https://www.matador.tw"
179.43.191.19 - - [24/Nov/2024:06:00:26 +0800] "GET /cevrimici-kurs-turkiye-de-kumar-casino HTTP/1.1" 301 4128 "https://google.com" "Windows NT"
179.43.191.19 - - [24/Nov/2024:06:00:28 +0800] "GET /cevrimici-kurs-turkiye-de-kumar-casino HTTP/1.1" 404 72452 "https://google.com" "Windows NT"
129.226.93.214 - - [24/Nov/2024:06:17:33 +0800] "GET / HTTP/1.1" 301 534 "-" "Mozilla/5.0 (iPhone; CPU iPhone OS 13_2_3 like Mac OS X) AppleWebKit/605.1.15 (KHTML, like Gecko) Version/13.0.3 Mobile/15E148 Safari/604.1"
220.135.127.108 - - [24/Nov/2024:06:17:35 +0800] "POST /wp-cron.php?doing_wp_cron=1732400255.9370059967041015625000 HTTP/1.1" 200 4061 "-" "WordPress/6.7.1; https://www.matador.tw"
129.226.93.214 - - [24/Nov/2024:06:17:33 +0800] "GET / HTTP/1.1" 200 26388 "http://www.matador.tw" "Mozilla/5.0 (iPhone; CPU iPhone OS 13_2_3 like Mac OS X) AppleWebKit/605.1.15 (KHTML, like Gecko) Version/13.0.3 Mobile/15E148 Safari/604.1"
220.135.127.108 - - [24/Nov/2024:06:39:16 +0800] "POST /wp-cron.php?doing_wp_cron=1732401556.4488449096679687500000 HTTP/1.1" 200 4061 "-" "WordPress/6.7.1; https://www.matador.tw"
