Файловый менеджер - Редактировать - /var/www/test/log/access.log
Назад
138.199.47.239 - - [20/Nov/2024:01:39:20 +0800] "POST /wp-content/uploads/2021/01/service.php HTTP/1.1" 200 175 "http://test.matador.tw" "Mozilla/5.0 (Windows NT 6.1; Win64; x64) AppleWebKit/537.36 (KHTML, like Gecko) Chrome/66.0.2471.64 Safari/537.36"
216.244.66.232 - - [20/Nov/2024:04:15:33 +0800] "GET /robots.txt HTTP/1.1" 404 438 "-" "Mozilla/5.0 (compatible; DotBot/1.2; +https://opensiteexplorer.org/dotbot; help@moz.com)"
216.244.66.232 - - [20/Nov/2024:04:22:12 +0800] "GET /?p=1620&share=jetpack-whatsapp HTTP/1.1" 200 82742 "-" "Mozilla/5.0 (compatible; DotBot/1.2; +https://opensiteexplorer.org/dotbot; help@moz.com)"
220.135.127.108 - - [20/Nov/2024:04:22:13 +0800] "POST /wp-cron.php?doing_wp_cron=1732047733.8609941005706787109375 HTTP/1.1" 200 259 "-" "WordPress/6.4.3; http://test.matador.tw"
220.135.127.108 - - [20/Nov/2024:04:23:01 +0800] "POST /wp-cron.php?doing_wp_cron=1732047781.4617900848388671875000 HTTP/1.1" 200 259 "-" "WordPress/6.4.3; http://test.matador.tw/?lang=en"
216.244.66.232 - - [20/Nov/2024:04:23:01 +0800] "GET /?page_id=1433&lang=en&share=facebook HTTP/1.1" 302 400 "-" "Mozilla/5.0 (compatible; DotBot/1.2; +https://opensiteexplorer.org/dotbot; help@moz.com)"
216.244.66.232 - - [20/Nov/2024:04:23:26 +0800] "GET /?page_id=1534&lang=zh-hans&share=facebook HTTP/1.1" 302 675 "-" "Mozilla/5.0 (compatible; DotBot/1.2; +https://opensiteexplorer.org/dotbot; help@moz.com)"
216.244.66.232 - - [20/Nov/2024:04:23:32 +0800] "GET /?page_id=609&lang=zh-hans&share=linkedin HTTP/1.1" 302 392 "-" "Mozilla/5.0 (compatible; DotBot/1.2; +https://opensiteexplorer.org/dotbot; help@moz.com)"
216.244.66.232 - - [20/Nov/2024:04:24:15 +0800] "GET /?page_id=592&lang=zh-hans&share=jetpack-whatsapp HTTP/1.1" 200 83048 "-" "Mozilla/5.0 (compatible; DotBot/1.2; +https://opensiteexplorer.org/dotbot; help@moz.com)"
216.244.66.232 - - [20/Nov/2024:05:04:33 +0800] "GET /robots.txt HTTP/1.1" 404 438 "-" "Mozilla/5.0 (compatible; DotBot/1.2; +https://opensiteexplorer.org/dotbot; help@moz.com)"
220.135.127.108 - - [20/Nov/2024:05:09:42 +0800] "POST /wp-cron.php?doing_wp_cron=1732050582.9082338809967041015625 HTTP/1.1" 200 259 "-" "WordPress/6.4.3; http://test.matador.tw"
216.244.66.232 - - [20/Nov/2024:05:09:42 +0800] "GET /?p=1864&share=twitter HTTP/1.1" 302 459 "-" "Mozilla/5.0 (compatible; DotBot/1.2; +https://opensiteexplorer.org/dotbot; help@moz.com)"
216.244.66.232 - - [20/Nov/2024:05:09:47 +0800] "GET /?p=2097&share=facebook HTTP/1.1" 302 367 "-" "Mozilla/5.0 (compatible; DotBot/1.2; +https://opensiteexplorer.org/dotbot; help@moz.com)"
216.244.66.232 - - [20/Nov/2024:05:09:52 +0800] "GET /?p=731&share=facebook HTTP/1.1" 302 579 "-" "Mozilla/5.0 (compatible; DotBot/1.2; +https://opensiteexplorer.org/dotbot; help@moz.com)"
216.244.66.232 - - [20/Nov/2024:05:10:00 +0800] "GET /?page_id=517&share=linkedin HTTP/1.1" 302 375 "-" "Mozilla/5.0 (compatible; DotBot/1.2; +https://opensiteexplorer.org/dotbot; help@moz.com)"
216.244.66.232 - - [20/Nov/2024:05:10:03 +0800] "GET /?page_id=603&lang=zh-hans HTTP/1.1" 200 81719 "-" "Mozilla/5.0 (compatible; DotBot/1.2; +https://opensiteexplorer.org/dotbot; help@moz.com)"
216.244.66.232 - - [20/Nov/2024:05:10:09 +0800] "GET /?page_id=637&lang=zh-hans HTTP/1.1" 200 86798 "-" "Mozilla/5.0 (compatible; DotBot/1.2; +https://opensiteexplorer.org/dotbot; help@moz.com)"
216.244.66.232 - - [20/Nov/2024:05:10:41 +0800] "GET /?page_id=1425&lang=en&share=facebook HTTP/1.1" 302 410 "-" "Mozilla/5.0 (compatible; DotBot/1.2; +https://opensiteexplorer.org/dotbot; help@moz.com)"
216.244.66.232 - - [20/Nov/2024:05:10:56 +0800] "GET /?page_id=1513&lang=zh-hans&share=twitter HTTP/1.1" 302 646 "-" "Mozilla/5.0 (compatible; DotBot/1.2; +https://opensiteexplorer.org/dotbot; help@moz.com)"
216.244.66.232 - - [20/Nov/2024:05:11:04 +0800] "GET /?page_id=660&lang=zh-hans&share=twitter HTTP/1.1" 302 455 "-" "Mozilla/5.0 (compatible; DotBot/1.2; +https://opensiteexplorer.org/dotbot; help@moz.com)"
216.244.66.232 - - [20/Nov/2024:05:11:15 +0800] "GET /?page_id=887&lang=en HTTP/1.1" 200 78166 "-" "Mozilla/5.0 (compatible; DotBot/1.2; +https://opensiteexplorer.org/dotbot; help@moz.com)"
220.135.127.108 - - [20/Nov/2024:05:11:34 +0800] "POST /wp-cron.php?doing_wp_cron=1732050694.6135070323944091796875 HTTP/1.1" 200 259 "-" "WordPress/6.4.3; http://test.matador.tw/?lang=zh-hans"
216.244.66.232 - - [20/Nov/2024:05:11:34 +0800] "GET /?page_id=637&lang=zh-hans&share=jetpack-whatsapp HTTP/1.1" 200 86798 "-" "Mozilla/5.0 (compatible; DotBot/1.2; +https://opensiteexplorer.org/dotbot; help@moz.com)"
216.244.66.232 - - [20/Nov/2024:05:11:51 +0800] "GET /wp-content/uploads/2015/10/12144941_10153317391633635_5705174650386185319_n.jpg HTTP/1.1" 200 87404 "-" "Mozilla/5.0 (compatible; DotBot/1.2; +https://opensiteexplorer.org/dotbot; help@moz.com)"
220.135.127.108 - - [20/Nov/2024:05:17:17 +0800] "POST /wp-cron.php?doing_wp_cron=1732051037.5022211074829101562500 HTTP/1.1" 200 259 "-" "WordPress/6.4.3; http://test.matador.tw/?lang=zh-hans"
216.244.66.232 - - [20/Nov/2024:05:17:15 +0800] "GET /?lang=zh-hans&feed=rss2&page_id=1528 HTTP/1.1" 200 1585 "-" "Mozilla/5.0 (compatible; DotBot/1.2; +https://opensiteexplorer.org/dotbot; help@moz.com)"
220.135.127.108 - - [20/Nov/2024:05:18:22 +0800] "POST /wp-cron.php?doing_wp_cron=1732051102.3564009666442871093750 HTTP/1.1" 200 259 "-" "WordPress/6.4.3; http://test.matador.tw"
216.244.66.232 - - [20/Nov/2024:05:18:22 +0800] "GET /index.php/%E7%B6%B2%E8%AA%8C/doc/html/url.php?url=https%3A%2F%2Fwww.phpmyadmin.net%2F HTTP/1.1" 301 346 "-" "Mozilla/5.0 (compatible; DotBot/1.2; +https://opensiteexplorer.org/dotbot; help@moz.com)"
216.244.66.232 - - [20/Nov/2024:05:51:37 +0800] "GET /robots.txt HTTP/1.1" 404 438 "-" "Mozilla/5.0 (compatible; DotBot/1.2; +https://opensiteexplorer.org/dotbot; help@moz.com)"
220.135.127.108 - - [20/Nov/2024:05:53:39 +0800] "POST /wp-cron.php?doing_wp_cron=1732053219.5304880142211914062500 HTTP/1.1" 200 259 "-" "WordPress/6.4.3; http://test.matador.tw"
216.244.66.232 - - [20/Nov/2024:05:53:39 +0800] "GET /?page_id=537 HTTP/1.1" 200 83321 "-" "Mozilla/5.0 (compatible; DotBot/1.2; +https://opensiteexplorer.org/dotbot; help@moz.com)"
220.135.127.108 - - [20/Nov/2024:05:56:47 +0800] "POST /wp-cron.php?doing_wp_cron=1732053407.8878109455108642578125 HTTP/1.1" 200 259 "-" "WordPress/6.4.3; http://test.matador.tw/?lang=zh-hans"
216.244.66.232 - - [20/Nov/2024:05:56:47 +0800] "GET /?page_id=607&lang=zh-hans HTTP/1.1" 200 80810 "-" "Mozilla/5.0 (compatible; DotBot/1.2; +https://opensiteexplorer.org/dotbot; help@moz.com)"
216.244.66.232 - - [20/Nov/2024:05:59:22 +0800] "GET /wp-content/uploads/2013/11/IMG_2216-1.jpg HTTP/1.1" 200 412160 "-" "Mozilla/5.0 (compatible; DotBot/1.2; +https://opensiteexplorer.org/dotbot; help@moz.com)"
220.135.127.108 - - [20/Nov/2024:06:02:00 +0800] "POST /wp-cron.php?doing_wp_cron=1732053720.0259950160980224609375 HTTP/1.1" 200 259 "-" "WordPress/6.4.3; http://test.matador.tw"
216.244.66.232 - - [20/Nov/2024:06:01:59 +0800] "GET /?feed=rss2&page_id=829 HTTP/1.1" 200 1494 "-" "Mozilla/5.0 (compatible; DotBot/1.2; +https://opensiteexplorer.org/dotbot; help@moz.com)"
220.135.127.108 - - [20/Nov/2024:06:03:50 +0800] "POST /wp-cron.php?doing_wp_cron=1732053830.0935161113739013671875 HTTP/1.1" 200 259 "-" "WordPress/6.4.3; http://test.matador.tw/?lang=en"
216.244.66.232 - - [20/Nov/2024:06:03:49 +0800] "GET /?lang=en&feed=rss2&page_id=1404 HTTP/1.1" 200 1511 "-" "Mozilla/5.0 (compatible; DotBot/1.2; +https://opensiteexplorer.org/dotbot; help@moz.com)"
216.244.66.232 - - [20/Nov/2024:07:27:27 +0800] "GET /robots.txt HTTP/1.1" 404 438 "-" "Mozilla/5.0 (compatible; DotBot/1.2; +https://opensiteexplorer.org/dotbot; help@moz.com)"
220.135.127.108 - - [20/Nov/2024:07:37:49 +0800] "POST /wp-cron.php?doing_wp_cron=1732059469.9559450149536132812500 HTTP/1.1" 200 259 "-" "WordPress/6.4.3; http://test.matador.tw"
216.244.66.232 - - [20/Nov/2024:07:37:49 +0800] "GET /?p=707 HTTP/1.1" 200 84217 "-" "Mozilla/5.0 (compatible; DotBot/1.2; +https://opensiteexplorer.org/dotbot; help@moz.com)"
216.244.66.232 - - [20/Nov/2024:07:39:27 +0800] "GET /wp-content/uploads/2015/09/mb_w204_03.jpg HTTP/1.1" 200 152828 "-" "Mozilla/5.0 (compatible; DotBot/1.2; +https://opensiteexplorer.org/dotbot; help@moz.com)"
216.244.66.232 - - [20/Nov/2024:08:14:08 +0800] "GET /robots.txt HTTP/1.1" 404 438 "-" "Mozilla/5.0 (compatible; DotBot/1.2; +https://opensiteexplorer.org/dotbot; help@moz.com)"
220.135.127.108 - - [20/Nov/2024:08:16:30 +0800] "POST /wp-cron.php?doing_wp_cron=1732061790.8632080554962158203125 HTTP/1.1" 200 259 "-" "WordPress/6.4.3; http://test.matador.tw/?lang=zh-hans"
216.244.66.232 - - [20/Nov/2024:08:16:30 +0800] "GET /?page_id=2201&lang=zh-hans HTTP/1.1" 200 82285 "-" "Mozilla/5.0 (compatible; DotBot/1.2; +https://opensiteexplorer.org/dotbot; help@moz.com)"
216.244.66.232 - - [20/Nov/2024:08:17:12 +0800] "GET /wp-content/uploads/2013/09/IMG_0362_web.jpg HTTP/1.1" 200 267309 "-" "Mozilla/5.0 (compatible; DotBot/1.2; +https://opensiteexplorer.org/dotbot; help@moz.com)"
220.135.127.108 - - [20/Nov/2024:08:17:25 +0800] "POST /wp-cron.php?doing_wp_cron=1732061845.4200758934020996093750 HTTP/1.1" 200 259 "-" "WordPress/6.4.3; http://test.matador.tw/?lang=en"
216.244.66.232 - - [20/Nov/2024:08:17:25 +0800] "GET /?page_id=1369&lang=en HTTP/1.1" 200 80236 "-" "Mozilla/5.0 (compatible; DotBot/1.2; +https://opensiteexplorer.org/dotbot; help@moz.com)"
216.244.66.232 - - [20/Nov/2024:08:17:55 +0800] "GET /wp-content/uploads/2015/09/wrx_04.jpg HTTP/1.1" 200 57778 "-" "Mozilla/5.0 (compatible; DotBot/1.2; +https://opensiteexplorer.org/dotbot; help@moz.com)"
216.244.66.232 - - [20/Nov/2024:11:26:11 +0800] "GET /robots.txt HTTP/1.1" 404 438 "-" "Mozilla/5.0 (compatible; DotBot/1.2; +https://opensiteexplorer.org/dotbot; help@moz.com)"
216.244.66.232 - - [20/Nov/2024:11:30:31 +0800] "GET /?p=1839&share=linkedin HTTP/1.1" 302 323 "-" "Mozilla/5.0 (compatible; DotBot/1.2; +https://opensiteexplorer.org/dotbot; help@moz.com)"
220.135.127.108 - - [20/Nov/2024:11:30:34 +0800] "GET /index.php?rest_route=%2Fjetpack%2Fv4%2Fsync%2Fspawn-sync&time=1732073434&request_lock_id=1732073434.2159 HTTP/1.1" 200 277 "-" "WordPress/6.4.3; http://test.matador.tw"
216.244.66.232 - - [20/Nov/2024:11:30:45 +0800] "GET /?p=2067&share=tumblr HTTP/1.1" 302 406 "-" "Mozilla/5.0 (compatible; DotBot/1.2; +https://opensiteexplorer.org/dotbot; help@moz.com)"
220.135.127.108 - - [20/Nov/2024:11:30:33 +0800] "POST /wp-cron.php?doing_wp_cron=1732073433.1618900299072265625000 HTTP/1.1" 200 259 "-" "WordPress/6.4.3; http://test.matador.tw"
220.135.127.108 - - [20/Nov/2024:11:30:47 +0800] "GET /index.php?rest_route=%2Fjetpack%2Fv4%2Fsync%2Fspawn-sync&time=1732073447&request_lock_id=1732073447.6385 HTTP/1.1" 200 277 "-" "WordPress/6.4.3; http://test.matador.tw"
216.244.66.232 - - [20/Nov/2024:11:30:53 +0800] "GET /?page_id=418&share=tumblr HTTP/1.1" 302 374 "-" "Mozilla/5.0 (compatible; DotBot/1.2; +https://opensiteexplorer.org/dotbot; help@moz.com)"
216.244.66.232 - - [20/Nov/2024:11:31:03 +0800] "GET /?page_id=1981&share=jetpack-whatsapp HTTP/1.1" 200 83095 "-" "Mozilla/5.0 (compatible; DotBot/1.2; +https://opensiteexplorer.org/dotbot; help@moz.com)"
220.135.127.108 - - [20/Nov/2024:11:31:38 +0800] "POST /wp-cron.php?doing_wp_cron=1732073498.8901429176330566406250 HTTP/1.1" 200 259 "-" "WordPress/6.4.3; http://test.matador.tw/?lang=zh-hans"
216.244.66.232 - - [20/Nov/2024:11:31:38 +0800] "GET /?page_id=625&lang=zh-hans&share=twitter HTTP/1.1" 302 506 "-" "Mozilla/5.0 (compatible; DotBot/1.2; +https://opensiteexplorer.org/dotbot; help@moz.com)"
216.244.66.232 - - [20/Nov/2024:11:32:13 +0800] "GET /?page_id=632&lang=zh-hans&share=jetpack-whatsapp HTTP/1.1" 200 82740 "-" "Mozilla/5.0 (compatible; DotBot/1.2; +https://opensiteexplorer.org/dotbot; help@moz.com)"
216.244.66.232 - - [20/Nov/2024:14:43:32 +0800] "GET /robots.txt HTTP/1.1" 404 438 "-" "Mozilla/5.0 (compatible; DotBot/1.2; +https://opensiteexplorer.org/dotbot; help@moz.com)"
216.244.66.232 - - [20/Nov/2024:14:54:39 +0800] "GET /?page_id=1494&lang=zh-hans HTTP/1.1" 200 84913 "-" "Mozilla/5.0 (compatible; DotBot/1.2; +https://opensiteexplorer.org/dotbot; help@moz.com)"
220.135.127.108 - - [20/Nov/2024:14:54:40 +0800] "POST /wp-cron.php?doing_wp_cron=1732085680.5244131088256835937500 HTTP/1.1" 200 259 "-" "WordPress/6.4.3; http://test.matador.tw/?lang=zh-hans"
216.244.66.232 - - [20/Nov/2024:14:54:49 +0800] "GET /index.php/2018/03/08/hello-world/feed/doc/html/index.html HTTP/1.1" 301 318 "-" "Mozilla/5.0 (compatible; DotBot/1.2; +https://opensiteexplorer.org/dotbot; help@moz.com)"
216.244.66.232 - - [20/Nov/2024:14:56:30 +0800] "GET /wp-content/uploads/2013/09/92_m3.jpg HTTP/1.1" 200 197445 "-" "Mozilla/5.0 (compatible; DotBot/1.2; +https://opensiteexplorer.org/dotbot; help@moz.com)"
216.244.66.232 - - [20/Nov/2024:14:57:20 +0800] "GET /wp-content/uploads/2014/06/P_20140611_184638.jpg HTTP/1.1" 200 135373 "-" "Mozilla/5.0 (compatible; DotBot/1.2; +https://opensiteexplorer.org/dotbot; help@moz.com)"
216.244.66.232 - - [20/Nov/2024:14:57:29 +0800] "GET /wp-content/uploads/2014/09/s40_012.jpg HTTP/1.1" 200 241713 "-" "Mozilla/5.0 (compatible; DotBot/1.2; +https://opensiteexplorer.org/dotbot; help@moz.com)"
216.244.66.232 - - [20/Nov/2024:15:30:58 +0800] "GET /robots.txt HTTP/1.1" 404 438 "-" "Mozilla/5.0 (compatible; DotBot/1.2; +https://opensiteexplorer.org/dotbot; help@moz.com)"
220.135.127.108 - - [20/Nov/2024:15:42:29 +0800] "POST /wp-cron.php?doing_wp_cron=1732088549.4671700000762939453125 HTTP/1.1" 200 259 "-" "WordPress/6.4.3; http://test.matador.tw"
216.244.66.232 - - [20/Nov/2024:15:42:29 +0800] "GET /?p=1947&share=twitter HTTP/1.1" 302 435 "-" "Mozilla/5.0 (compatible; DotBot/1.2; +https://opensiteexplorer.org/dotbot; help@moz.com)"
216.244.66.232 - - [20/Nov/2024:15:42:34 +0800] "GET /index.php/comments/feed/doc/html/doc/html/index.html HTTP/1.1" 301 313 "-" "Mozilla/5.0 (compatible; DotBot/1.2; +https://opensiteexplorer.org/dotbot; help@moz.com)"
220.135.127.108 - - [20/Nov/2024:15:42:52 +0800] "POST /wp-cron.php?doing_wp_cron=1732088572.9325690269470214843750 HTTP/1.1" 200 259 "-" "WordPress/6.4.3; http://test.matador.tw"
216.244.66.232 - - [20/Nov/2024:15:42:52 +0800] "GET /?page_id=447&share=linkedin HTTP/1.1" 302 375 "-" "Mozilla/5.0 (compatible; DotBot/1.2; +https://opensiteexplorer.org/dotbot; help@moz.com)"
216.244.66.232 - - [20/Nov/2024:15:42:58 +0800] "GET /?page_id=504&share=tumblr HTTP/1.1" 302 423 "-" "Mozilla/5.0 (compatible; DotBot/1.2; +https://opensiteexplorer.org/dotbot; help@moz.com)"
216.244.66.232 - - [20/Nov/2024:15:43:01 +0800] "GET /?page_id=509&share=facebook HTTP/1.1" 302 442 "-" "Mozilla/5.0 (compatible; DotBot/1.2; +https://opensiteexplorer.org/dotbot; help@moz.com)"
216.244.66.232 - - [20/Nov/2024:15:43:06 +0800] "GET /?page_id=655&lang=zh-hans HTTP/1.1" 200 80356 "-" "Mozilla/5.0 (compatible; DotBot/1.2; +https://opensiteexplorer.org/dotbot; help@moz.com)"
220.135.127.108 - - [20/Nov/2024:15:44:17 +0800] "POST /wp-cron.php?doing_wp_cron=1732088657.3972029685974121093750 HTTP/1.1" 200 259 "-" "WordPress/6.4.3; http://test.matador.tw/?lang=zh-hans"
216.244.66.232 - - [20/Nov/2024:15:44:17 +0800] "GET /?page_id=1494&lang=zh-hans&share=tumblr HTTP/1.1" 302 392 "-" "Mozilla/5.0 (compatible; DotBot/1.2; +https://opensiteexplorer.org/dotbot; help@moz.com)"
216.244.66.232 - - [20/Nov/2024:15:44:22 +0800] "GET /?page_id=1505&lang=zh-hans&share=tumblr HTTP/1.1" 302 506 "-" "Mozilla/5.0 (compatible; DotBot/1.2; +https://opensiteexplorer.org/dotbot; help@moz.com)"
216.244.66.232 - - [20/Nov/2024:15:44:26 +0800] "GET /?page_id=1508&lang=zh-hans&share=linkedin HTTP/1.1" 302 393 "-" "Mozilla/5.0 (compatible; DotBot/1.2; +https://opensiteexplorer.org/dotbot; help@moz.com)"
216.244.66.232 - - [20/Nov/2024:15:44:37 +0800] "GET /?page_id=1404&lang=en&share=jetpack-whatsapp HTTP/1.1" 200 80295 "-" "Mozilla/5.0 (compatible; DotBot/1.2; +https://opensiteexplorer.org/dotbot; help@moz.com)"
216.244.66.232 - - [20/Nov/2024:16:15:54 +0800] "GET /robots.txt HTTP/1.1" 404 438 "-" "Mozilla/5.0 (compatible; DotBot/1.2; +https://opensiteexplorer.org/dotbot; help@moz.com)"
220.135.127.108 - - [20/Nov/2024:16:22:19 +0800] "POST /wp-cron.php?doing_wp_cron=1732090939.2076230049133300781250 HTTP/1.1" 200 259 "-" "WordPress/6.4.3; http://test.matador.tw"
216.244.66.232 - - [20/Nov/2024:16:22:18 +0800] "GET /?p=2005 HTTP/1.1" 200 84324 "-" "Mozilla/5.0 (compatible; DotBot/1.2; +https://opensiteexplorer.org/dotbot; help@moz.com)"
216.244.66.232 - - [20/Nov/2024:16:22:28 +0800] "GET /?p=690 HTTP/1.1" 200 84184 "-" "Mozilla/5.0 (compatible; DotBot/1.2; +https://opensiteexplorer.org/dotbot; help@moz.com)"
216.244.66.232 - - [20/Nov/2024:16:23:34 +0800] "GET /wp-content/uploads/2014/04/image_crv.jpg HTTP/1.1" 200 63368 "-" "Mozilla/5.0 (compatible; DotBot/1.2; +https://opensiteexplorer.org/dotbot; help@moz.com)"
220.135.127.108 - - [20/Nov/2024:16:29:12 +0800] "POST /wp-cron.php?doing_wp_cron=1732091352.8757629394531250000000 HTTP/1.1" 200 259 "-" "WordPress/6.4.3; http://test.matador.tw/?lang=zh-hans"
216.244.66.232 - - [20/Nov/2024:16:29:12 +0800] "GET /?lang=zh-hans&feed=rss2&page_id=1534 HTTP/1.1" 200 1593 "-" "Mozilla/5.0 (compatible; DotBot/1.2; +https://opensiteexplorer.org/dotbot; help@moz.com)"
216.244.66.232 - - [20/Nov/2024:16:29:54 +0800] "GET /?feed=rss2&%3Bcat=13&lang=en HTTP/1.1" 200 1414 "-" "Mozilla/5.0 (compatible; DotBot/1.2; +https://opensiteexplorer.org/dotbot; help@moz.com)"
216.244.66.232 - - [20/Nov/2024:19:24:04 +0800] "GET /robots.txt HTTP/1.1" 404 438 "-" "Mozilla/5.0 (compatible; DotBot/1.2; +https://opensiteexplorer.org/dotbot; help@moz.com)"
220.135.127.108 - - [20/Nov/2024:19:26:25 +0800] "POST /wp-cron.php?doing_wp_cron=1732101985.0962400436401367187500 HTTP/1.1" 200 259 "-" "WordPress/6.4.3; http://test.matador.tw"
216.244.66.232 - - [20/Nov/2024:19:26:24 +0800] "GET /?p=1642&share=twitter HTTP/1.1" 302 362 "-" "Mozilla/5.0 (compatible; DotBot/1.2; +https://opensiteexplorer.org/dotbot; help@moz.com)"
216.244.66.232 - - [20/Nov/2024:19:26:29 +0800] "GET /?p=678&share=linkedin HTTP/1.1" 302 322 "-" "Mozilla/5.0 (compatible; DotBot/1.2; +https://opensiteexplorer.org/dotbot; help@moz.com)"
216.244.66.232 - - [20/Nov/2024:19:26:34 +0800] "GET /?p=750&share=tumblr HTTP/1.1" 302 604 "-" "Mozilla/5.0 (compatible; DotBot/1.2; +https://opensiteexplorer.org/dotbot; help@moz.com)"
216.244.66.232 - - [20/Nov/2024:19:26:38 +0800] "GET /?page_id=129&share=facebook HTTP/1.1" 302 374 "-" "Mozilla/5.0 (compatible; DotBot/1.2; +https://opensiteexplorer.org/dotbot; help@moz.com)"
216.244.66.232 - - [20/Nov/2024:19:26:42 +0800] "GET /?page_id=447&share=twitter HTTP/1.1" 302 436 "-" "Mozilla/5.0 (compatible; DotBot/1.2; +https://opensiteexplorer.org/dotbot; help@moz.com)"
216.244.66.232 - - [20/Nov/2024:19:26:47 +0800] "GET /?page_id=509&share=linkedin HTTP/1.1" 302 375 "-" "Mozilla/5.0 (compatible; DotBot/1.2; +https://opensiteexplorer.org/dotbot; help@moz.com)"
216.244.66.232 - - [20/Nov/2024:19:26:49 +0800] "GET /?page_id=515&share=twitter HTTP/1.1" 302 438 "-" "Mozilla/5.0 (compatible; DotBot/1.2; +https://opensiteexplorer.org/dotbot; help@moz.com)"
216.244.66.232 - - [20/Nov/2024:19:26:52 +0800] "GET /?page_id=517&share=tumblr HTTP/1.1" 302 418 "-" "Mozilla/5.0 (compatible; DotBot/1.2; +https://opensiteexplorer.org/dotbot; help@moz.com)"
216.244.66.232 - - [20/Nov/2024:19:26:54 +0800] "GET /?page_id=814&share=tumblr HTTP/1.1" 302 680 "-" "Mozilla/5.0 (compatible; DotBot/1.2; +https://opensiteexplorer.org/dotbot; help@moz.com)"
216.244.66.232 - - [20/Nov/2024:19:27:05 +0800] "GET /?page_id=603&lang=zh-hans&share=twitter HTTP/1.1" 302 447 "-" "Mozilla/5.0 (compatible; DotBot/1.2; +https://opensiteexplorer.org/dotbot; help@moz.com)"
216.244.66.232 - - [20/Nov/2024:19:27:28 +0800] "GET /?page_id=1516&lang=zh-hans&share=jetpack-whatsapp HTTP/1.1" 200 81269 "-" "Mozilla/5.0 (compatible; DotBot/1.2; +https://opensiteexplorer.org/dotbot; help@moz.com)"
216.244.66.232 - - [20/Nov/2024:19:27:31 +0800] "GET /?page_id=1525&lang=zh-hans&share=jetpack-whatsapp HTTP/1.1" 200 81055 "-" "Mozilla/5.0 (compatible; DotBot/1.2; +https://opensiteexplorer.org/dotbot; help@moz.com)"
220.135.127.108 - - [20/Nov/2024:22:48:56 +0800] "POST /wp-cron.php?doing_wp_cron=1732114136.8278050422668457031250 HTTP/1.1" 200 259 "-" "WordPress/6.4.3; http://test.matador.tw"
114.119.145.88 - - [20/Nov/2024:22:48:56 +0800] "GET /?page_id=504 HTTP/1.1" 200 24288 "http://test.matador.tw/?p=1647" "Mozilla/5.0 (Linux; Android 7.0;) AppleWebKit/537.36 (KHTML, like Gecko) Mobile Safari/537.36 (compatible; PetalBot;+https://webmaster.petalsearch.com/site/petalbot)"
114.119.145.239 - - [20/Nov/2024:22:53:57 +0800] "GET /wp-content/uploads/2016/04/13010065_1212103988807760_57340816_o.jpg HTTP/1.1" 200 357715 "http://test.matador.tw/?author=1" "Mozilla/5.0 (Linux; Android 7.0;) AppleWebKit/537.36 (KHTML, like Gecko) Mobile Safari/537.36 (compatible; PetalBot;+https://webmaster.petalsearch.com/site/petalbot)"
216.244.66.232 - - [21/Nov/2024:00:06:20 +0800] "GET /robots.txt HTTP/1.1" 404 438 "-" "Mozilla/5.0 (compatible; DotBot/1.2; +https://opensiteexplorer.org/dotbot; help@moz.com)"
220.135.127.108 - - [21/Nov/2024:00:11:56 +0800] "POST /wp-cron.php?doing_wp_cron=1732119116.3977389335632324218750 HTTP/1.1" 200 259 "-" "WordPress/6.4.3; http://test.matador.tw"
216.244.66.232 - - [21/Nov/2024:00:11:56 +0800] "GET /?p=697&share=facebook HTTP/1.1" 302 573 "-" "Mozilla/5.0 (compatible; DotBot/1.2; +https://opensiteexplorer.org/dotbot; help@moz.com)"
216.244.66.232 - - [21/Nov/2024:00:12:01 +0800] "GET /?page_id=461&share=facebook HTTP/1.1" 302 479 "-" "Mozilla/5.0 (compatible; DotBot/1.2; +https://opensiteexplorer.org/dotbot; help@moz.com)"
220.135.127.108 - - [21/Nov/2024:00:12:48 +0800] "POST /wp-cron.php?doing_wp_cron=1732119168.3456571102142333984375 HTTP/1.1" 200 259 "-" "WordPress/6.4.3; http://test.matador.tw/?lang=zh-hans"
216.244.66.232 - - [21/Nov/2024:00:12:48 +0800] "GET /?page_id=1502&lang=zh-hans&share=tumblr HTTP/1.1" 302 698 "-" "Mozilla/5.0 (compatible; DotBot/1.2; +https://opensiteexplorer.org/dotbot; help@moz.com)"
216.244.66.232 - - [21/Nov/2024:00:12:52 +0800] "GET /?page_id=603&lang=zh-hans&share=linkedin HTTP/1.1" 302 392 "-" "Mozilla/5.0 (compatible; DotBot/1.2; +https://opensiteexplorer.org/dotbot; help@moz.com)"
220.135.127.108 - - [21/Nov/2024:00:16:27 +0800] "POST /wp-cron.php?doing_wp_cron=1732119387.3047919273376464843750 HTTP/1.1" 200 259 "-" "WordPress/6.4.3; http://test.matador.tw/?lang=zh-hans"
216.244.66.232 - - [21/Nov/2024:00:16:27 +0800] "GET /?page_id=1519&lang=zh-hans HTTP/1.1" 200 81186 "-" "Mozilla/5.0 (compatible; DotBot/1.2; +https://opensiteexplorer.org/dotbot; help@moz.com)"
216.244.66.232 - - [21/Nov/2024:00:16:31 +0800] "GET /?page_id=1543&lang=zh-hans HTTP/1.1" 200 85973 "-" "Mozilla/5.0 (compatible; DotBot/1.2; +https://opensiteexplorer.org/dotbot; help@moz.com)"
216.244.66.232 - - [21/Nov/2024:03:10:22 +0800] "GET /robots.txt HTTP/1.1" 404 438 "-" "Mozilla/5.0 (compatible; DotBot/1.2; +https://opensiteexplorer.org/dotbot; help@moz.com)"
216.244.66.232 - - [21/Nov/2024:03:15:59 +0800] "GET /?p=1647&share=facebook HTTP/1.1" 302 485 "-" "Mozilla/5.0 (compatible; DotBot/1.2; +https://opensiteexplorer.org/dotbot; help@moz.com)"
220.135.127.108 - - [21/Nov/2024:03:15:59 +0800] "POST /wp-cron.php?doing_wp_cron=1732130159.5300529003143310546875 HTTP/1.1" 200 259 "-" "WordPress/6.4.3; http://test.matador.tw"
216.244.66.232 - - [21/Nov/2024:03:16:06 +0800] "GET /?p=1750&share=facebook HTTP/1.1" 302 507 "-" "Mozilla/5.0 (compatible; DotBot/1.2; +https://opensiteexplorer.org/dotbot; help@moz.com)"
216.244.66.232 - - [21/Nov/2024:03:16:11 +0800] "GET /?p=1750&share=linkedin HTTP/1.1" 302 323 "-" "Mozilla/5.0 (compatible; DotBot/1.2; +https://opensiteexplorer.org/dotbot; help@moz.com)"
216.244.66.232 - - [21/Nov/2024:03:16:14 +0800] "GET /?p=1921&share=jetpack-whatsapp HTTP/1.1" 200 83723 "-" "Mozilla/5.0 (compatible; DotBot/1.2; +https://opensiteexplorer.org/dotbot; help@moz.com)"
216.244.66.232 - - [21/Nov/2024:03:16:20 +0800] "GET /?p=2085&share=twitter HTTP/1.1" 302 412 "-" "Mozilla/5.0 (compatible; DotBot/1.2; +https://opensiteexplorer.org/dotbot; help@moz.com)"
220.135.127.108 - - [21/Nov/2024:03:16:25 +0800] "POST /wp-cron.php?doing_wp_cron=1732130185.6817879676818847656250 HTTP/1.1" 200 259 "-" "WordPress/6.4.3; http://test.matador.tw"
216.244.66.232 - - [21/Nov/2024:03:16:25 +0800] "GET /?p=2092&share=twitter HTTP/1.1" 302 353 "-" "Mozilla/5.0 (compatible; DotBot/1.2; +https://opensiteexplorer.org/dotbot; help@moz.com)"
216.244.66.232 - - [21/Nov/2024:03:16:29 +0800] "GET /?p=2124&share=linkedin HTTP/1.1" 302 323 "-" "Mozilla/5.0 (compatible; DotBot/1.2; +https://opensiteexplorer.org/dotbot; help@moz.com)"
216.244.66.232 - - [21/Nov/2024:03:16:31 +0800] "GET /?page_id=862&share=jetpack-whatsapp HTTP/1.1" 200 81099 "-" "Mozilla/5.0 (compatible; DotBot/1.2; +https://opensiteexplorer.org/dotbot; help@moz.com)"
216.244.66.232 - - [21/Nov/2024:03:16:44 +0800] "GET /?page_id=1391&lang=en&share=facebook HTTP/1.1" 302 432 "-" "Mozilla/5.0 (compatible; DotBot/1.2; +https://opensiteexplorer.org/dotbot; help@moz.com)"
216.244.66.232 - - [21/Nov/2024:03:16:46 +0800] "GET /?page_id=1391&lang=en&share=linkedin HTTP/1.1" 302 388 "-" "Mozilla/5.0 (compatible; DotBot/1.2; +https://opensiteexplorer.org/dotbot; help@moz.com)"
216.244.66.232 - - [21/Nov/2024:03:16:47 +0800] "GET /?page_id=651&lang=zh-hans&share=tumblr HTTP/1.1" 302 440 "-" "Mozilla/5.0 (compatible; DotBot/1.2; +https://opensiteexplorer.org/dotbot; help@moz.com)"
66.249.73.196 - - [21/Nov/2024:04:35:57 +0800] "GET /robots.txt HTTP/1.1" 404 494 "-" "Mozilla/5.0 (compatible; Googlebot/2.1; +http://www.google.com/bot.html)"
66.249.71.167 - - [21/Nov/2024:04:35:57 +0800] "GET /wp-content/uploads/2012/10/02.pdf HTTP/1.1" 200 400577 "-" "Mozilla/5.0 (Linux; Android 6.0.1; Nexus 5X Build/MMB29P) AppleWebKit/537.36 (KHTML, like Gecko) Chrome/131.0.6778.69 Mobile Safari/537.36 (compatible; Googlebot/2.1; +http://www.google.com/bot.html)"
5.133.12.16 - - [21/Nov/2024:05:09:02 +0800] "POST /wp-content/uploads/2021/01/service.php HTTP/1.1" 200 175 "http://test.matador.tw" "Mozilla/5.0 (Windows NT 6.1; WOW64) AppleWebKit/537.36 (KHTML, like Gecko) Chrome/68.0.2722.154 Safari/537.36"
220.135.127.108 - - [21/Nov/2024:06:22:52 +0800] "POST /wp-cron.php?doing_wp_cron=1732141372.6694269180297851562500 HTTP/1.1" 200 259 "-" "WordPress/6.4.3; http://test.matador.tw"
114.119.137.43 - - [21/Nov/2024:06:22:51 +0800] "GET /?p=690 HTTP/1.1" 200 26177 "http://test.matador.tw/?paged=3&cat=14" "Mozilla/5.0 (Linux; Android 7.0;) AppleWebKit/537.36 (KHTML, like Gecko) Mobile Safari/537.36 (compatible; PetalBot;+https://webmaster.petalsearch.com/site/petalbot)"
220.135.127.108 - - [21/Nov/2024:06:35:17 +0800] "POST /wp-cron.php?doing_wp_cron=1732142117.7693870067596435546875 HTTP/1.1" 200 259 "-" "WordPress/6.4.3; http://test.matador.tw/?lang=zh-hans"
114.119.153.220 - - [21/Nov/2024:06:35:17 +0800] "GET /?page_id=1550&lang=zh-hans HTTP/1.1" 200 25028 "http://test.matador.tw/?page_id=1459" "Mozilla/5.0 (Linux; Android 7.0;) AppleWebKit/537.36 (KHTML, like Gecko) Mobile Safari/537.36 (compatible; PetalBot;+https://webmaster.petalsearch.com/site/petalbot)"
114.119.137.43 - - [21/Nov/2024:12:25:28 +0800] "GET / HTTP/1.1" 200 25063 "http://test.matador.tw/?p=1647" "Mozilla/5.0 (Linux; Android 7.0;) AppleWebKit/537.36 (KHTML, like Gecko) Mobile Safari/537.36 (compatible; PetalBot;+https://webmaster.petalsearch.com/site/petalbot)"
220.135.127.108 - - [21/Nov/2024:12:25:30 +0800] "POST /wp-cron.php HTTP/1.1" 200 259 "-" "WordPress/6.4.3; http://test.matador.tw"
220.135.127.108 - - [21/Nov/2024:12:25:31 +0800] "GET / HTTP/1.1" 200 25026 "-" "WordPress/6.4.3; http://test.matador.tw"
220.135.127.108 - - [21/Nov/2024:12:25:31 +0800] "GET / HTTP/1.1" 200 25026 "-" "WordPress/6.4.3; http://test.matador.tw"
220.135.127.108 - - [21/Nov/2024:12:25:31 +0800] "GET / HTTP/1.1" 200 25026 "-" "WordPress/6.4.3; http://test.matador.tw"
220.135.127.108 - - [21/Nov/2024:12:25:28 +0800] "POST /wp-cron.php?doing_wp_cron=1732163128.9292891025543212890625 HTTP/1.1" 200 259 "-" "WordPress/6.4.3; http://test.matador.tw"
220.135.127.108 - - [21/Nov/2024:12:25:49 +0800] "GET /index.php?rest_route=%2Fjetpack%2Fv4%2Fsync%2Fspawn-sync&time=1732163149&request_lock_id=1732163149.0122 HTTP/1.1" 200 277 "-" "WordPress/6.4.3; http://test.matador.tw"
220.135.127.108 - - [21/Nov/2024:14:39:20 +0800] "POST /wp-cron.php?doing_wp_cron=1732171160.4759540557861328125000 HTTP/1.1" 200 259 "-" "WordPress/6.4.3; http://test.matador.tw"
114.119.140.79 - - [21/Nov/2024:14:39:19 +0800] "GET /?p=686 HTTP/1.1" 200 25959 "http://test.matador.tw/?paged=3&cat=14" "Mozilla/5.0 (Linux; Android 7.0;) AppleWebKit/537.36 (KHTML, like Gecko) Mobile Safari/537.36 (compatible; PetalBot;+https://webmaster.petalsearch.com/site/petalbot)"
216.244.66.232 - - [21/Nov/2024:16:20:45 +0800] "GET /robots.txt HTTP/1.1" 404 438 "-" "Mozilla/5.0 (compatible; DotBot/1.2; +https://opensiteexplorer.org/dotbot; help@moz.com)"
220.135.127.108 - - [21/Nov/2024:16:22:19 +0800] "POST /wp-cron.php?doing_wp_cron=1732177339.9515509605407714843750 HTTP/1.1" 200 259 "-" "WordPress/6.4.3; http://test.matador.tw"
216.244.66.232 - - [21/Nov/2024:16:22:19 +0800] "GET /?p=672 HTTP/1.1" 200 85005 "-" "Mozilla/5.0 (compatible; DotBot/1.2; +https://opensiteexplorer.org/dotbot; help@moz.com)"
216.244.66.232 - - [21/Nov/2024:16:22:50 +0800] "GET /wp-content/uploads/2013/11/biopower_xc60_d.jpg HTTP/1.1" 200 109158 "-" "Mozilla/5.0 (compatible; DotBot/1.2; +https://opensiteexplorer.org/dotbot; help@moz.com)"
216.244.66.232 - - [21/Nov/2024:20:28:38 +0800] "GET /robots.txt HTTP/1.1" 404 438 "-" "Mozilla/5.0 (compatible; DotBot/1.2; +https://opensiteexplorer.org/dotbot; help@moz.com)"
216.244.66.232 - - [21/Nov/2024:20:32:09 +0800] "GET /index.php/comments/feed/ HTTP/1.1" 301 284 "-" "Mozilla/5.0 (compatible; DotBot/1.2; +https://opensiteexplorer.org/dotbot; help@moz.com)"
220.135.127.108 - - [21/Nov/2024:20:34:51 +0800] "POST /wp-cron.php?doing_wp_cron=1732192491.9261929988861083984375 HTTP/1.1" 200 259 "-" "WordPress/6.4.3; http://test.matador.tw"
216.244.66.232 - - [21/Nov/2024:20:34:51 +0800] "GET /?p=2040&share=twitter HTTP/1.1" 302 456 "-" "Mozilla/5.0 (compatible; DotBot/1.2; +https://opensiteexplorer.org/dotbot; help@moz.com)"
216.244.66.232 - - [21/Nov/2024:20:35:14 +0800] "GET /?p=2067&share=twitter HTTP/1.1" 302 408 "-" "Mozilla/5.0 (compatible; DotBot/1.2; +https://opensiteexplorer.org/dotbot; help@moz.com)"
216.244.66.232 - - [21/Nov/2024:20:35:36 +0800] "GET /?p=2103&share=facebook HTTP/1.1" 302 463 "-" "Mozilla/5.0 (compatible; DotBot/1.2; +https://opensiteexplorer.org/dotbot; help@moz.com)"
216.244.66.232 - - [21/Nov/2024:20:35:57 +0800] "GET /?p=2113&share=twitter HTTP/1.1" 302 417 "-" "Mozilla/5.0 (compatible; DotBot/1.2; +https://opensiteexplorer.org/dotbot; help@moz.com)"
216.244.66.232 - - [21/Nov/2024:20:36:17 +0800] "GET /?page_id=424&share=linkedin HTTP/1.1" 302 375 "-" "Mozilla/5.0 (compatible; DotBot/1.2; +https://opensiteexplorer.org/dotbot; help@moz.com)"
220.135.127.108 - - [21/Nov/2024:20:36:37 +0800] "POST /wp-cron.php?doing_wp_cron=1732192597.1956660747528076171875 HTTP/1.1" 200 259 "-" "WordPress/6.4.3; http://test.matador.tw"
216.244.66.232 - - [21/Nov/2024:20:36:36 +0800] "GET /?page_id=468&share=tumblr HTTP/1.1" 302 488 "-" "Mozilla/5.0 (compatible; DotBot/1.2; +https://opensiteexplorer.org/dotbot; help@moz.com)"
216.244.66.232 - - [21/Nov/2024:20:36:55 +0800] "GET /?page_id=513&share=linkedin HTTP/1.1" 302 375 "-" "Mozilla/5.0 (compatible; DotBot/1.2; +https://opensiteexplorer.org/dotbot; help@moz.com)"
216.244.66.232 - - [21/Nov/2024:20:37:12 +0800] "GET /?page_id=513&share=twitter HTTP/1.1" 302 465 "-" "Mozilla/5.0 (compatible; DotBot/1.2; +https://opensiteexplorer.org/dotbot; help@moz.com)"
216.244.66.232 - - [21/Nov/2024:20:37:28 +0800] "GET /?p=1652&share=jetpack-whatsapp HTTP/1.1" 200 83730 "-" "Mozilla/5.0 (compatible; DotBot/1.2; +https://opensiteexplorer.org/dotbot; help@moz.com)"
220.135.127.108 - - [21/Nov/2024:20:37:44 +0800] "POST /wp-cron.php?doing_wp_cron=1732192664.8307440280914306640625 HTTP/1.1" 200 259 "-" "WordPress/6.4.3; http://test.matador.tw"
216.244.66.232 - - [21/Nov/2024:20:37:44 +0800] "GET /?p=1839&share=jetpack-whatsapp HTTP/1.1" 200 83378 "-" "Mozilla/5.0 (compatible; DotBot/1.2; +https://opensiteexplorer.org/dotbot; help@moz.com)"
216.244.66.232 - - [21/Nov/2024:20:38:01 +0800] "GET /?p=1818 HTTP/1.1" 200 95430 "-" "Mozilla/5.0 (compatible; DotBot/1.2; +https://opensiteexplorer.org/dotbot; help@moz.com)"
216.244.66.232 - - [21/Nov/2024:20:38:17 +0800] "GET /?page_id=632&lang=zh-hans&share=twitter HTTP/1.1" 302 534 "-" "Mozilla/5.0 (compatible; DotBot/1.2; +https://opensiteexplorer.org/dotbot; help@moz.com)"
216.244.66.232 - - [21/Nov/2024:20:38:29 +0800] "GET /?feed=comments-rss2&lang=en HTTP/1.1" 200 1228 "-" "Mozilla/5.0 (compatible; DotBot/1.2; +https://opensiteexplorer.org/dotbot; help@moz.com)"
216.244.66.232 - - [21/Nov/2024:20:38:40 +0800] "GET /?page_id=1474&lang=en HTTP/1.1" 200 81349 "-" "Mozilla/5.0 (compatible; DotBot/1.2; +https://opensiteexplorer.org/dotbot; help@moz.com)"
216.244.66.232 - - [21/Nov/2024:20:38:52 +0800] "GET /wp-content/uploads/2013/10/vwt4_1923.jpg HTTP/1.1" 200 125951 "-" "Mozilla/5.0 (compatible; DotBot/1.2; +https://opensiteexplorer.org/dotbot; help@moz.com)"
216.244.66.232 - - [21/Nov/2024:20:39:03 +0800] "GET /?page_id=1511&lang=zh-hans&share=jetpack-whatsapp HTTP/1.1" 200 80788 "-" "Mozilla/5.0 (compatible; DotBot/1.2; +https://opensiteexplorer.org/dotbot; help@moz.com)"
216.244.66.232 - - [21/Nov/2024:20:39:12 +0800] "GET /wp-content/uploads/2012/10/micro_d_before.jpg HTTP/1.1" 200 144417 "-" "Mozilla/5.0 (compatible; DotBot/1.2; +https://opensiteexplorer.org/dotbot; help@moz.com)"
216.244.66.232 - - [21/Nov/2024:22:15:15 +0800] "GET /robots.txt HTTP/1.1" 404 438 "-" "Mozilla/5.0 (compatible; DotBot/1.2; +https://opensiteexplorer.org/dotbot; help@moz.com)"
220.135.127.108 - - [21/Nov/2024:22:18:03 +0800] "POST /wp-cron.php?doing_wp_cron=1732198683.6512739658355712890625 HTTP/1.1" 200 259 "-" "WordPress/6.4.3; http://test.matador.tw"
216.244.66.232 - - [21/Nov/2024:22:18:03 +0800] "GET /?page_id=519 HTTP/1.1" 200 80206 "-" "Mozilla/5.0 (compatible; DotBot/1.2; +https://opensiteexplorer.org/dotbot; help@moz.com)"
114.119.158.193 - - [21/Nov/2024:22:21:46 +0800] "GET /wp-content/uploads/2012/10/03.pdf HTTP/1.1" 200 267540 "http://test.matador.tw/?page_id=653&lang=zh-hans" "Mozilla/5.0 (Linux; Android 7.0;) AppleWebKit/537.36 (KHTML, like Gecko) Mobile Safari/537.36 (compatible; PetalBot;+https://webmaster.petalsearch.com/site/petalbot)"
220.135.127.108 - - [21/Nov/2024:22:22:03 +0800] "POST /wp-cron.php?doing_wp_cron=1732198923.9789469242095947265625 HTTP/1.1" 200 259 "-" "WordPress/6.4.3; http://test.matador.tw"
216.244.66.232 - - [21/Nov/2024:22:22:03 +0800] "GET /?p=697 HTTP/1.1" 200 84352 "-" "Mozilla/5.0 (compatible; DotBot/1.2; +https://opensiteexplorer.org/dotbot; help@moz.com)"
114.119.145.88 - - [21/Nov/2024:22:26:46 +0800] "GET /wp-content/uploads/2012/10/02.pdf HTTP/1.1" 200 400577 "http://test.matador.tw/?page_id=504" "Mozilla/5.0 (Linux; Android 7.0;) AppleWebKit/537.36 (KHTML, like Gecko) Mobile Safari/537.36 (compatible; PetalBot;+https://webmaster.petalsearch.com/site/petalbot)"
216.244.66.232 - - [21/Nov/2024:22:27:00 +0800] "GET /wp-content/uploads/2019/04/ea27be9ec26f8b4b877c9f0d80dfd1ff.jpg HTTP/1.1" 200 1004925 "-" "Mozilla/5.0 (compatible; DotBot/1.2; +https://opensiteexplorer.org/dotbot; help@moz.com)"
220.135.127.108 - - [21/Nov/2024:22:28:53 +0800] "POST /wp-cron.php?doing_wp_cron=1732199333.0385038852691650390625 HTTP/1.1" 200 259 "-" "WordPress/6.4.3; http://test.matador.tw"
216.244.66.232 - - [21/Nov/2024:22:28:52 +0800] "GET /?feed=rss2&page_id=858 HTTP/1.1" 200 1511 "-" "Mozilla/5.0 (compatible; DotBot/1.2; +https://opensiteexplorer.org/dotbot; help@moz.com)"
220.135.127.108 - - [21/Nov/2024:22:32:24 +0800] "POST /wp-cron.php?doing_wp_cron=1732199544.2978448867797851562500 HTTP/1.1" 200 259 "-" "WordPress/6.4.3; http://test.matador.tw/?lang=zh-hans"
216.244.66.232 - - [21/Nov/2024:22:32:24 +0800] "GET /?lang=zh-hans&feed=rss2&page_id=630 HTTP/1.1" 200 1527 "-" "Mozilla/5.0 (compatible; DotBot/1.2; +https://opensiteexplorer.org/dotbot; help@moz.com)"
220.135.127.108 - - [21/Nov/2024:22:56:45 +0800] "POST /wp-cron.php?doing_wp_cron=1732201005.8735859394073486328125 HTTP/1.1" 200 259 "-" "WordPress/6.4.3; http://test.matador.tw"
114.119.131.42 - - [21/Nov/2024:22:56:45 +0800] "GET /?p=1785 HTTP/1.1" 200 25862 "http://test.matador.tw/?paged=2&author=1" "Mozilla/5.0 (Linux; Android 7.0;) AppleWebKit/537.36 (KHTML, like Gecko) Mobile Safari/537.36 (compatible; PetalBot;+https://webmaster.petalsearch.com/site/petalbot)"
216.244.66.232 - - [21/Nov/2024:23:07:18 +0800] "GET /robots.txt HTTP/1.1" 404 438 "-" "Mozilla/5.0 (compatible; DotBot/1.2; +https://opensiteexplorer.org/dotbot; help@moz.com)"
220.135.127.108 - - [21/Nov/2024:23:09:51 +0800] "POST /wp-cron.php?doing_wp_cron=1732201791.6840600967407226562500 HTTP/1.1" 200 259 "-" "WordPress/6.4.3; http://test.matador.tw"
216.244.66.232 - - [21/Nov/2024:23:09:51 +0800] "GET /?page_id=449 HTTP/1.1" 200 82693 "-" "Mozilla/5.0 (compatible; DotBot/1.2; +https://opensiteexplorer.org/dotbot; help@moz.com)"
220.135.127.108 - - [21/Nov/2024:23:12:45 +0800] "POST /wp-cron.php?doing_wp_cron=1732201965.8220899105072021484375 HTTP/1.1" 200 259 "-" "WordPress/6.4.3; http://test.matador.tw"
216.244.66.232 - - [21/Nov/2024:23:12:45 +0800] "GET /?p=1839&share=facebook HTTP/1.1" 302 358 "-" "Mozilla/5.0 (compatible; DotBot/1.2; +https://opensiteexplorer.org/dotbot; help@moz.com)"
216.244.66.232 - - [21/Nov/2024:23:12:51 +0800] "GET /?p=727&share=facebook HTTP/1.1" 302 594 "-" "Mozilla/5.0 (compatible; DotBot/1.2; +https://opensiteexplorer.org/dotbot; help@moz.com)"
216.244.66.232 - - [21/Nov/2024:23:12:56 +0800] "GET /?page_id=838&share=facebook HTTP/1.1" 302 677 "-" "Mozilla/5.0 (compatible; DotBot/1.2; +https://opensiteexplorer.org/dotbot; help@moz.com)"
216.244.66.232 - - [21/Nov/2024:23:12:59 +0800] "GET /?page_id=854&share=facebook HTTP/1.1" 302 632 "-" "Mozilla/5.0 (compatible; DotBot/1.2; +https://opensiteexplorer.org/dotbot; help@moz.com)"
216.244.66.232 - - [21/Nov/2024:23:13:31 +0800] "GET /?page_id=662&lang=en&share=tumblr HTTP/1.1" 302 375 "-" "Mozilla/5.0 (compatible; DotBot/1.2; +https://opensiteexplorer.org/dotbot; help@moz.com)"
216.244.66.232 - - [21/Nov/2024:23:13:57 +0800] "GET /?page_id=1528&lang=zh-hans&share=facebook HTTP/1.1" 302 665 "-" "Mozilla/5.0 (compatible; DotBot/1.2; +https://opensiteexplorer.org/dotbot; help@moz.com)"
216.244.66.232 - - [21/Nov/2024:23:13:59 +0800] "GET /?page_id=1531&lang=zh-hans&share=facebook HTTP/1.1" 302 650 "-" "Mozilla/5.0 (compatible; DotBot/1.2; +https://opensiteexplorer.org/dotbot; help@moz.com)"
216.244.66.232 - - [21/Nov/2024:23:15:15 +0800] "GET /?page_id=1543&lang=zh-hans&share=jetpack-whatsapp HTTP/1.1" 200 85973 "-" "Mozilla/5.0 (compatible; DotBot/1.2; +https://opensiteexplorer.org/dotbot; help@moz.com)"
220.135.127.108 - - [21/Nov/2024:23:20:12 +0800] "POST /wp-cron.php?doing_wp_cron=1732202412.6013460159301757812500 HTTP/1.1" 200 259 "-" "WordPress/6.4.3; http://test.matador.tw"
216.244.66.232 - - [21/Nov/2024:23:20:12 +0800] "GET /?feed=rss2&page_id=515 HTTP/1.1" 200 1432 "-" "Mozilla/5.0 (compatible; DotBot/1.2; +https://opensiteexplorer.org/dotbot; help@moz.com)"
220.135.127.108 - - [21/Nov/2024:23:23:17 +0800] "POST /wp-cron.php?doing_wp_cron=1732202597.3242900371551513671875 HTTP/1.1" 200 259 "-" "WordPress/6.4.3; http://test.matador.tw/?lang=zh-hans"
216.244.66.232 - - [21/Nov/2024:23:23:17 +0800] "GET /?lang=zh-hans&feed=rss2&page_id=1540 HTTP/1.1" 200 1522 "-" "Mozilla/5.0 (compatible; DotBot/1.2; +https://opensiteexplorer.org/dotbot; help@moz.com)"
114.119.140.79 - - [21/Nov/2024:23:25:13 +0800] "GET /?p=2082 HTTP/1.1" 200 25519 "http://test.matador.tw/?author=1" "Mozilla/5.0 (Linux; Android 7.0;) AppleWebKit/537.36 (KHTML, like Gecko) Mobile Safari/537.36 (compatible; PetalBot;+https://webmaster.petalsearch.com/site/petalbot)"
216.244.66.232 - - [22/Nov/2024:04:10:14 +0800] "GET /robots.txt HTTP/1.1" 404 438 "-" "Mozilla/5.0 (compatible; DotBot/1.2; +https://opensiteexplorer.org/dotbot; help@moz.com)"
216.244.66.232 - - [22/Nov/2024:04:13:04 +0800] "GET /?page_id=461 HTTP/1.1" 200 87756 "-" "Mozilla/5.0 (compatible; DotBot/1.2; +https://opensiteexplorer.org/dotbot; help@moz.com)"
220.135.127.108 - - [22/Nov/2024:04:13:06 +0800] "GET /index.php?rest_route=%2Fjetpack%2Fv4%2Fsync%2Fspawn-sync&time=1732219986&request_lock_id=1732219986.8764 HTTP/1.1" 200 277 "-" "WordPress/6.4.3; http://test.matador.tw"
220.135.127.108 - - [22/Nov/2024:04:13:05 +0800] "POST /wp-cron.php?doing_wp_cron=1732219985.7445290088653564453125 HTTP/1.1" 200 259 "-" "WordPress/6.4.3; http://test.matador.tw"
216.244.66.232 - - [22/Nov/2024:04:15:50 +0800] "GET /?page_id=605&lang=zh-hans HTTP/1.1" 200 81229 "-" "Mozilla/5.0 (compatible; DotBot/1.2; +https://opensiteexplorer.org/dotbot; help@moz.com)"
220.135.127.108 - - [22/Nov/2024:04:25:21 +0800] "POST /wp-cron.php?doing_wp_cron=1732220721.8578600883483886718750 HTTP/1.1" 200 259 "-" "WordPress/6.4.3; http://test.matador.tw/?lang=zh-hans"
216.244.66.232 - - [22/Nov/2024:04:25:21 +0800] "GET /?lang=zh-hans&feed=rss2&page_id=1508 HTTP/1.1" 200 1581 "-" "Mozilla/5.0 (compatible; DotBot/1.2; +https://opensiteexplorer.org/dotbot; help@moz.com)"
216.244.66.232 - - [22/Nov/2024:04:25:28 +0800] "GET /?lang=zh-hans&feed=rss2&page_id=623 HTTP/1.1" 200 1518 "-" "Mozilla/5.0 (compatible; DotBot/1.2; +https://opensiteexplorer.org/dotbot; help@moz.com)"
216.244.66.232 - - [22/Nov/2024:04:25:34 +0800] "GET /?lang=zh-hans&feed=rss2&page_id=642 HTTP/1.1" 200 1489 "-" "Mozilla/5.0 (compatible; DotBot/1.2; +https://opensiteexplorer.org/dotbot; help@moz.com)"
220.135.127.108 - - [22/Nov/2024:04:31:27 +0800] "POST /wp-cron.php?doing_wp_cron=1732221087.7876141071319580078125 HTTP/1.1" 200 259 "-" "WordPress/6.4.3; http://test.matador.tw"
216.244.66.232 - - [22/Nov/2024:04:31:27 +0800] "GET /index.php/%E9%97%9C%E6%96%BC/doc/html/doc/html/url.php?url=https%3A%2F%2Fwww.phpmyadmin.net%2F HTTP/1.1" 301 355 "-" "Mozilla/5.0 (compatible; DotBot/1.2; +https://opensiteexplorer.org/dotbot; help@moz.com)"
216.244.66.232 - - [22/Nov/2024:05:01:29 +0800] "GET /robots.txt HTTP/1.1" 404 438 "-" "Mozilla/5.0 (compatible; DotBot/1.2; +https://opensiteexplorer.org/dotbot; help@moz.com)"
220.135.127.108 - - [22/Nov/2024:05:04:19 +0800] "POST /wp-cron.php?doing_wp_cron=1732223059.0899879932403564453125 HTTP/1.1" 200 259 "-" "WordPress/6.4.3; http://test.matador.tw"
216.244.66.232 - - [22/Nov/2024:05:04:18 +0800] "GET /?feed=comments-rss2 HTTP/1.1" 200 1198 "-" "Mozilla/5.0 (compatible; DotBot/1.2; +https://opensiteexplorer.org/dotbot; help@moz.com)"
220.135.127.108 - - [22/Nov/2024:05:07:37 +0800] "POST /wp-cron.php?doing_wp_cron=1732223257.2601780891418457031250 HTTP/1.1" 200 259 "-" "WordPress/6.4.3; http://test.matador.tw"
216.244.66.232 - - [22/Nov/2024:05:07:36 +0800] "GET /?p=1947&share=jetpack-whatsapp HTTP/1.1" 200 85568 "-" "Mozilla/5.0 (compatible; DotBot/1.2; +https://opensiteexplorer.org/dotbot; help@moz.com)"
220.135.127.108 - - [22/Nov/2024:05:07:46 +0800] "POST /wp-cron.php?doing_wp_cron=1732223266.5386190414428710937500 HTTP/1.1" 200 259 "-" "WordPress/6.4.3; http://test.matador.tw"
216.244.66.232 - - [22/Nov/2024:05:07:46 +0800] "GET /?p=2085&share=facebook HTTP/1.1" 302 410 "-" "Mozilla/5.0 (compatible; DotBot/1.2; +https://opensiteexplorer.org/dotbot; help@moz.com)"
216.244.66.232 - - [22/Nov/2024:05:07:51 +0800] "GET /?p=686&share=tumblr HTTP/1.1" 302 435 "-" "Mozilla/5.0 (compatible; DotBot/1.2; +https://opensiteexplorer.org/dotbot; help@moz.com)"
216.244.66.232 - - [22/Nov/2024:05:07:57 +0800] "GET /?page_id=465&share=twitter HTTP/1.1" 302 403 "-" "Mozilla/5.0 (compatible; DotBot/1.2; +https://opensiteexplorer.org/dotbot; help@moz.com)"
216.244.66.232 - - [22/Nov/2024:05:08:01 +0800] "GET /?page_id=829&share=linkedin HTTP/1.1" 302 375 "-" "Mozilla/5.0 (compatible; DotBot/1.2; +https://opensiteexplorer.org/dotbot; help@moz.com)"
216.244.66.232 - - [22/Nov/2024:05:08:46 +0800] "GET /?page_id=655&lang=zh-hans&share=tumblr HTTP/1.1" 302 602 "-" "Mozilla/5.0 (compatible; DotBot/1.2; +https://opensiteexplorer.org/dotbot; help@moz.com)"
216.244.66.232 - - [22/Nov/2024:05:09:09 +0800] "GET /?page_id=1522&lang=zh-hans&share=twitter HTTP/1.1" 302 592 "-" "Mozilla/5.0 (compatible; DotBot/1.2; +https://opensiteexplorer.org/dotbot; help@moz.com)"
216.244.66.232 - - [22/Nov/2024:05:09:34 +0800] "GET /?page_id=2201&lang=zh-hans&share=jetpack-whatsapp HTTP/1.1" 200 82285 "-" "Mozilla/5.0 (compatible; DotBot/1.2; +https://opensiteexplorer.org/dotbot; help@moz.com)"
146.70.123.107 - - [22/Nov/2024:05:43:10 +0800] "POST /wp-content/uploads/2021/01/service.php HTTP/1.1" 200 175 "http://test.matador.tw" "Opera/9.80 (Android; Opera Mini/7.5.54678/28.2555; U; ru) Presto/2.10.289 Version/12.02"
216.244.66.232 - - [22/Nov/2024:05:52:02 +0800] "GET /robots.txt HTTP/1.1" 404 438 "-" "Mozilla/5.0 (compatible; DotBot/1.2; +https://opensiteexplorer.org/dotbot; help@moz.com)"
220.135.127.108 - - [22/Nov/2024:06:05:13 +0800] "POST /wp-cron.php?doing_wp_cron=1732226713.8607029914855957031250 HTTP/1.1" 200 259 "-" "WordPress/6.4.3; http://test.matador.tw"
216.244.66.232 - - [22/Nov/2024:06:05:13 +0800] "GET /?p=1968 HTTP/1.1" 200 87391 "-" "Mozilla/5.0 (compatible; DotBot/1.2; +https://opensiteexplorer.org/dotbot; help@moz.com)"
216.244.66.232 - - [22/Nov/2024:06:06:03 +0800] "GET /wp-content/uploads/2015/11/w_wo_bio_n47d20_02.jpg HTTP/1.1" 200 938147 "-" "Mozilla/5.0 (compatible; DotBot/1.2; +https://opensiteexplorer.org/dotbot; help@moz.com)"
220.135.127.108 - - [22/Nov/2024:06:13:13 +0800] "POST /wp-cron.php?doing_wp_cron=1732227193.9728000164031982421875 HTTP/1.1" 200 259 "-" "WordPress/6.4.3; http://test.matador.tw"
216.244.66.232 - - [22/Nov/2024:06:13:13 +0800] "GET /?feed=rss2&page_id=454 HTTP/1.1" 200 1448 "-" "Mozilla/5.0 (compatible; DotBot/1.2; +https://opensiteexplorer.org/dotbot; help@moz.com)"
216.244.66.232 - - [22/Nov/2024:06:13:43 +0800] "GET /?feed=rss2&page_id=476 HTTP/1.1" 200 1439 "-" "Mozilla/5.0 (compatible; DotBot/1.2; +https://opensiteexplorer.org/dotbot; help@moz.com)"
220.135.127.108 - - [22/Nov/2024:06:17:00 +0800] "POST /wp-cron.php?doing_wp_cron=1732227420.1427659988403320312500 HTTP/1.1" 200 259 "-" "WordPress/6.4.3; http://test.matador.tw/?lang=zh-hans"
216.244.66.232 - - [22/Nov/2024:06:16:59 +0800] "GET /?lang=zh-hans&feed=rss2&page_id=1547 HTTP/1.1" 200 1572 "-" "Mozilla/5.0 (compatible; DotBot/1.2; +https://opensiteexplorer.org/dotbot; help@moz.com)"
220.135.127.108 - - [22/Nov/2024:06:17:28 +0800] "POST /wp-cron.php?doing_wp_cron=1732227448.2826910018920898437500 HTTP/1.1" 200 259 "-" "WordPress/6.4.3; http://test.matador.tw/?lang=zh-hans"
216.244.66.232 - - [22/Nov/2024:06:17:28 +0800] "GET /?lang=zh-hans&feed=rss2&page_id=1550 HTTP/1.1" 200 1582 "-" "Mozilla/5.0 (compatible; DotBot/1.2; +https://opensiteexplorer.org/dotbot; help@moz.com)"
216.244.66.232 - - [22/Nov/2024:06:39:42 +0800] "GET /robots.txt HTTP/1.1" 404 438 "-" "Mozilla/5.0 (compatible; DotBot/1.2; +https://opensiteexplorer.org/dotbot; help@moz.com)"
220.135.127.108 - - [22/Nov/2024:06:43:11 +0800] "POST /wp-cron.php?doing_wp_cron=1732228991.2364459037780761718750 HTTP/1.1" 200 259 "-" "WordPress/6.4.3; http://test.matador.tw"
216.244.66.232 - - [22/Nov/2024:06:43:10 +0800] "GET /?p=2734 HTTP/1.1" 200 89527 "-" "Mozilla/5.0 (compatible; DotBot/1.2; +https://opensiteexplorer.org/dotbot; help@moz.com)"
220.135.127.108 - - [22/Nov/2024:10:43:02 +0800] "POST /wp-cron.php?doing_wp_cron=1732243382.8800659179687500000000 HTTP/1.1" 200 259 "-" "WordPress/6.4.3; http://test.matador.tw"
205.169.39.16 - - [22/Nov/2024:10:43:02 +0800] "GET / HTTP/1.1" 200 25063 "-" "Mozilla/5.0 (Windows NT 10.0; Win64; x64) AppleWebKit/537.36 (KHTML, like Gecko) Chrome/117.0.5938.132 Safari/537.36"
205.169.39.16 - - [22/Nov/2024:10:43:04 +0800] "GET /wp-includes/js/mediaelement/mediaelementplayer-legacy.min.css?ver=4.2.17 HTTP/1.1" 200 2930 "http://test.matador.tw/" "Mozilla/5.0 (Windows NT 10.0; Win64; x64) AppleWebKit/537.36 (KHTML, like Gecko) Chrome/117.0.5938.132 Safari/537.36"
205.169.39.16 - - [22/Nov/2024:10:43:04 +0800] "GET /wp-includes/css/dist/block-library/style.min.css?ver=6.4.3 HTTP/1.1" 200 14840 "http://test.matador.tw/" "Mozilla/5.0 (Windows NT 10.0; Win64; x64) AppleWebKit/537.36 (KHTML, like Gecko) Chrome/117.0.5938.132 Safari/537.36"
205.169.39.16 - - [22/Nov/2024:10:43:04 +0800] "GET /wp-includes/js/mediaelement/wp-mediaelement.min.css?ver=6.4.3 HTTP/1.1" 200 1494 "http://test.matador.tw/" "Mozilla/5.0 (Windows NT 10.0; Win64; x64) AppleWebKit/537.36 (KHTML, like Gecko) Chrome/117.0.5938.132 Safari/537.36"
205.169.39.16 - - [22/Nov/2024:10:43:04 +0800] "GET /wp-content/plugins/sitepress-multilingual-cms/templates/language-switchers/legacy-dropdown/style.css?ver=1 HTTP/1.1" 200 888 "http://test.matador.tw/" "Mozilla/5.0 (Windows NT 10.0; Win64; x64) AppleWebKit/537.36 (KHTML, like Gecko) Chrome/117.0.5938.132 Safari/537.36"
