150.162.233.150 - - [23/Nov/2024:10:27:16 +0800] "POST /xmlrpc.php HTTP/1.1" 200 725 "-" "Mozilla/5.0 (Windows NT 10.0; Win64; x64) AppleWebKit/537.36 (KHTML, like Gecko) Chrome/80.0.3987.149 Safari/537.36"
220.135.127.108 - - [23/Nov/2024:11:33:32 +0800] "POST /wp-cron.php?doing_wp_cron=1732332812.1146090030670166015625 HTTP/1.1" 200 259 "-" "WordPress/6.4.3; http://test.matador.tw"
42.96.18.14 - - [23/Nov/2024:11:33:31 +0800] "POST /xmlrpc.php HTTP/1.1" 200 721 "-" "Mozilla/5.0 (Windows NT 10.0; Win64; x64; rv:61.0) Gecko/20100101 Firefox/61.0"
42.96.18.14 - - [23/Nov/2024:11:33:33 +0800] "POST /xmlrpc.php HTTP/1.1" 200 721 "-" "Mozilla/5.0 (Windows NT 10.0; Win64; x64; rv:61.0) Gecko/20100101 Firefox/61.0"
185.30.35.42 - - [23/Nov/2024:11:33:52 +0800] "POST /xmlrpc.php HTTP/1.1" 200 722 "-" "Mozilla/5.0 (Windows NT 5.1; rv:30.0) Gecko/20100101 Firefox/30.0"
185.30.35.42 - - [23/Nov/2024:11:33:54 +0800] "POST /xmlrpc.php HTTP/1.1" 200 722 "-" "Mozilla/5.0 (Windows NT 5.1; rv:30.0) Gecko/20100101 Firefox/30.0"
185.44.253.116 - - [23/Nov/2024:11:34:10 +0800] "POST /xmlrpc.php HTTP/1.1" 200 724 "-" "Mozilla/5.0 (Windows; U; Windows NT 5.1; en-US; rv:1.7.12) Gecko/20050915 Firefox/1.0.7"
185.44.253.116 - - [23/Nov/2024:11:34:11 +0800] "POST /xmlrpc.php HTTP/1.1" 200 724 "-" "Mozilla/5.0 (Windows; U; Windows NT 5.1; en-US; rv:1.7.12) Gecko/20050915 Firefox/1.0.7"
220.135.127.108 - - [23/Nov/2024:11:37:06 +0800] "POST /wp-cron.php?doing_wp_cron=1732333026.1082870960235595703125 HTTP/1.1" 200 259 "-" "WordPress/6.4.3; http://test.matador.tw"
205.169.39.14 - - [23/Nov/2024:11:37:05 +0800] "GET / HTTP/1.1" 200 25063 "-" "Mozilla/5.0 (Windows NT 10.0; Win64; x64) AppleWebKit/537.36 (KHTML, like Gecko) Chrome/117.0.5938.132 Safari/537.36"
205.169.39.14 - - [23/Nov/2024:11:37:07 +0800] "GET /wp-includes/js/mediaelement/mediaelementplayer-legacy.min.css?ver=4.2.17 HTTP/1.1" 200 2930 "http://test.matador.tw/" "Mozilla/5.0 (Windows NT 10.0; Win64; x64) AppleWebKit/537.36 (KHTML, like Gecko) Chrome/117.0.5938.132 Safari/537.36"
205.169.39.14 - - [23/Nov/2024:11:37:07 +0800] "GET /wp-includes/css/dist/block-library/style.min.css?ver=6.4.3 HTTP/1.1" 200 14840 "http://test.matador.tw/" "Mozilla/5.0 (Windows NT 10.0; Win64; x64) AppleWebKit/537.36 (KHTML, like Gecko) Chrome/117.0.5938.132 Safari/537.36"
205.169.39.14 - - [23/Nov/2024:11:37:07 +0800] "GET /wp-includes/js/mediaelement/wp-mediaelement.min.css?ver=6.4.3 HTTP/1.1" 200 1494 "http://test.matador.tw/" "Mozilla/5.0 (Windows NT 10.0; Win64; x64) AppleWebKit/537.36 (KHTML, like Gecko) Chrome/117.0.5938.132 Safari/537.36"
205.169.39.14 - - [23/Nov/2024:11:37:07 +0800] "GET /wp-content/plugins/sitepress-multilingual-cms/templates/language-switchers/legacy-dropdown/style.css?ver=1 HTTP/1.1" 200 888 "http://test.matador.tw/" "Mozilla/5.0 (Windows NT 10.0; Win64; x64) AppleWebKit/537.36 (KHTML, like Gecko) Chrome/117.0.5938.132 Safari/537.36"
205.169.39.14 - - [23/Nov/2024:11:37:07 +0800] "GET /wp-content/plugins/sitepress-multilingual-cms/templates/language-switchers/menu-item/style.css?ver=1 HTTP/1.1" 200 473 "http://test.matador.tw/" "Mozilla/5.0 (Windows NT 10.0; Win64; x64) AppleWebKit/537.36 (KHTML, like Gecko) Chrome/117.0.5938.132 Safari/537.36"
205.169.39.14 - - [23/Nov/2024:11:37:07 +0800] "GET /wp-content/themes/twentyseventeen/assets/fonts/font-libre-franklin.css?ver=20230328 HTTP/1.1" 200 1091 "http://test.matador.tw/" "Mozilla/5.0 (Windows NT 10.0; Win64; x64) AppleWebKit/537.36 (KHTML, like Gecko) Chrome/117.0.5938.132 Safari/537.36"
205.169.39.14 - - [23/Nov/2024:11:37:07 +0800] "GET /wp-content/themes/twentyseventeen/assets/css/blocks.css?ver=20220912 HTTP/1.1" 200 2287 "http://test.matador.tw/" "Mozilla/5.0 (Windows NT 10.0; Win64; x64) AppleWebKit/537.36 (KHTML, like Gecko) Chrome/117.0.5938.132 Safari/537.36"
205.169.39.14 - - [23/Nov/2024:11:37:07 +0800] "GET /wp-content/themes/twentyseventeen/style.css?ver=20240116 HTTP/1.1" 200 16281 "http://test.matador.tw/" "Mozilla/5.0 (Windows NT 10.0; Win64; x64) AppleWebKit/537.36 (KHTML, like Gecko) Chrome/117.0.5938.132 Safari/537.36"
205.169.39.14 - - [23/Nov/2024:11:37:07 +0800] "GET /wp-content/plugins/sitepress-multilingual-cms/templates/language-switchers/legacy-dropdown/script.js?ver=1 HTTP/1.1" 200 732 "http://test.matador.tw/" "Mozilla/5.0 (Windows NT 10.0; Win64; x64) AppleWebKit/537.36 (KHTML, like Gecko) Chrome/117.0.5938.132 Safari/537.36"
205.169.39.14 - - [23/Nov/2024:11:37:07 +0800] "GET /wp-includes/js/jquery/jquery-migrate.min.js?ver=3.4.1 HTTP/1.1" 200 5223 "http://test.matador.tw/" "Mozilla/5.0 (Windows NT 10.0; Win64; x64) AppleWebKit/537.36 (KHTML, like Gecko) Chrome/117.0.5938.132 Safari/537.36"
205.169.39.14 - - [23/Nov/2024:11:37:07 +0800] "GET /wp-includes/js/jquery/jquery.min.js?ver=3.7.1 HTTP/1.1" 200 30721 "http://test.matador.tw/" "Mozilla/5.0 (Windows NT 10.0; Win64; x64) AppleWebKit/537.36 (KHTML, like Gecko) Chrome/117.0.5938.132 Safari/537.36"
205.169.39.14 - - [23/Nov/2024:11:37:07 +0800] "GET /wp-content/plugins/sitepress-multilingual-cms/dist/js/browser-redirect/app.js?ver=4.2.3 HTTP/1.1" 200 27641 "http://test.matador.tw/" "Mozilla/5.0 (Windows NT 10.0; Win64; x64) AppleWebKit/537.36 (KHTML, like Gecko) Chrome/117.0.5938.132 Safari/537.36"
205.169.39.14 - - [23/Nov/2024:11:37:07 +0800] "GET /wp-content/uploads/2017/06/cropped-FB_Logo_180.jpg HTTP/1.1" 200 8880 "http://test.matador.tw/" "Mozilla/5.0 (Windows NT 10.0; Win64; x64) AppleWebKit/537.36 (KHTML, like Gecko) Chrome/117.0.5938.132 Safari/537.36"
205.169.39.14 - - [23/Nov/2024:11:37:07 +0800] "GET /wp-content/uploads/2019/11/IMG_5742-768x768.jpeg HTTP/1.1" 200 65851 "http://test.matador.tw/" "Mozilla/5.0 (Windows NT 10.0; Win64; x64) AppleWebKit/537.36 (KHTML, like Gecko) Chrome/117.0.5938.132 Safari/537.36"
205.169.39.14 - - [23/Nov/2024:11:37:08 +0800] "GET /wp-content/themes/twentyseventeen/assets/js/navigation.js?ver=20210122 HTTP/1.1" 200 1511 "http://test.matador.tw/" "Mozilla/5.0 (Windows NT 10.0; Win64; x64) AppleWebKit/537.36 (KHTML, like Gecko) Chrome/117.0.5938.132 Safari/537.36"
205.169.39.14 - - [23/Nov/2024:11:37:08 +0800] "GET /wp-content/themes/twentyseventeen/assets/js/jquery.scrollTo.js?ver=2.1.3 HTTP/1.1" 200 2765 "http://test.matador.tw/" "Mozilla/5.0 (Windows NT 10.0; Win64; x64) AppleWebKit/537.36 (KHTML, like Gecko) Chrome/117.0.5938.132 Safari/537.36"
205.169.39.14 - - [23/Nov/2024:11:37:08 +0800] "GET /wp-content/themes/twentyseventeen/assets/js/global.js?ver=20211130 HTTP/1.1" 200 2989 "http://test.matador.tw/" "Mozilla/5.0 (Windows NT 10.0; Win64; x64) AppleWebKit/537.36 (KHTML, like Gecko) Chrome/117.0.5938.132 Safari/537.36"
205.169.39.14 - - [23/Nov/2024:11:37:08 +0800] "GET /wp-includes/js/wp-emoji-release.min.js?ver=6.4.3 HTTP/1.1" 200 5390 "http://test.matador.tw/" "Mozilla/5.0 (Windows NT 10.0; Win64; x64) AppleWebKit/537.36 (KHTML, like Gecko) Chrome/117.0.5938.132 Safari/537.36"
205.169.39.14 - - [23/Nov/2024:11:37:08 +0800] "GET /?lang=en HTTP/1.1" 200 24063 "http://test.matador.tw/" "Mozilla/5.0 (Windows NT 10.0; Win64; x64) AppleWebKit/537.36 (KHTML, like Gecko) Chrome/117.0.5938.132 Safari/537.36"
205.169.39.14 - - [23/Nov/2024:11:37:09 +0800] "GET /wp-includes/js/mediaelement/mediaelementplayer-legacy.min.css?ver=4.2.17 HTTP/1.1" 200 2929 "http://test.matador.tw/?lang=en" "Mozilla/5.0 (Windows NT 10.0; Win64; x64) AppleWebKit/537.36 (KHTML, like Gecko) Chrome/117.0.5938.132 Safari/537.36"
205.169.39.14 - - [23/Nov/2024:11:37:09 +0800] "GET /wp-content/plugins/sitepress-multilingual-cms/templates/language-switchers/menu-item/style.css?ver=1 HTTP/1.1" 200 473 "http://test.matador.tw/?lang=en" "Mozilla/5.0 (Windows NT 10.0; Win64; x64) AppleWebKit/537.36 (KHTML, like Gecko) Chrome/117.0.5938.132 Safari/537.36"
205.169.39.14 - - [23/Nov/2024:11:37:09 +0800] "GET /wp-content/plugins/sitepress-multilingual-cms/templates/language-switchers/legacy-dropdown/style.css?ver=1 HTTP/1.1" 200 887 "http://test.matador.tw/?lang=en" "Mozilla/5.0 (Windows NT 10.0; Win64; x64) AppleWebKit/537.36 (KHTML, like Gecko) Chrome/117.0.5938.132 Safari/537.36"
205.169.39.14 - - [23/Nov/2024:11:37:09 +0800] "GET /wp-includes/js/mediaelement/wp-mediaelement.min.css?ver=6.4.3 HTTP/1.1" 200 1493 "http://test.matador.tw/?lang=en" "Mozilla/5.0 (Windows NT 10.0; Win64; x64) AppleWebKit/537.36 (KHTML, like Gecko) Chrome/117.0.5938.132 Safari/537.36"
205.169.39.14 - - [23/Nov/2024:11:37:09 +0800] "GET /wp-includes/css/dist/block-library/style.min.css?ver=6.4.3 HTTP/1.1" 200 14840 "http://test.matador.tw/?lang=en" "Mozilla/5.0 (Windows NT 10.0; Win64; x64) AppleWebKit/537.36 (KHTML, like Gecko) Chrome/117.0.5938.132 Safari/537.36"
205.169.39.14 - - [23/Nov/2024:11:37:09 +0800] "GET /wp-content/themes/twentyseventeen/assets/fonts/font-libre-franklin.css?ver=20230328 HTTP/1.1" 200 1092 "http://test.matador.tw/?lang=en" "Mozilla/5.0 (Windows NT 10.0; Win64; x64) AppleWebKit/537.36 (KHTML, like Gecko) Chrome/117.0.5938.132 Safari/537.36"
205.169.39.14 - - [23/Nov/2024:11:37:09 +0800] "GET /wp-content/plugins/sitepress-multilingual-cms/templates/language-switchers/legacy-dropdown/script.js?ver=1 HTTP/1.1" 200 732 "http://test.matador.tw/?lang=en" "Mozilla/5.0 (Windows NT 10.0; Win64; x64) AppleWebKit/537.36 (KHTML, like Gecko) Chrome/117.0.5938.132 Safari/537.36"
205.169.39.14 - - [23/Nov/2024:11:37:09 +0800] "GET /wp-content/themes/twentyseventeen/assets/css/blocks.css?ver=20220912 HTTP/1.1" 200 2286 "http://test.matador.tw/?lang=en" "Mozilla/5.0 (Windows NT 10.0; Win64; x64) AppleWebKit/537.36 (KHTML, like Gecko) Chrome/117.0.5938.132 Safari/537.36"
205.169.39.14 - - [23/Nov/2024:11:37:09 +0800] "GET /wp-content/themes/twentyseventeen/style.css?ver=20240116 HTTP/1.1" 200 16280 "http://test.matador.tw/?lang=en" "Mozilla/5.0 (Windows NT 10.0; Win64; x64) AppleWebKit/537.36 (KHTML, like Gecko) Chrome/117.0.5938.132 Safari/537.36"
205.169.39.14 - - [23/Nov/2024:11:37:09 +0800] "GET /wp-includes/js/jquery/jquery-migrate.min.js?ver=3.4.1 HTTP/1.1" 200 5223 "http://test.matador.tw/?lang=en" "Mozilla/5.0 (Windows NT 10.0; Win64; x64) AppleWebKit/537.36 (KHTML, like Gecko) Chrome/117.0.5938.132 Safari/537.36"
205.169.39.14 - - [23/Nov/2024:11:37:09 +0800] "GET /wp-includes/js/jquery/jquery.min.js?ver=3.7.1 HTTP/1.1" 200 30721 "http://test.matador.tw/?lang=en" "Mozilla/5.0 (Windows NT 10.0; Win64; x64) AppleWebKit/537.36 (KHTML, like Gecko) Chrome/117.0.5938.132 Safari/537.36"
205.169.39.14 - - [23/Nov/2024:11:37:07 +0800] "GET /wp-content/uploads/2017/05/IMG_1195_2000_1200.jpg HTTP/1.1" 200 169158 "http://test.matador.tw/" "Mozilla/5.0 (Windows NT 10.0; Win64; x64) AppleWebKit/537.36 (KHTML, like Gecko) Chrome/117.0.5938.132 Safari/537.36"
205.169.39.14 - - [23/Nov/2024:11:37:09 +0800] "GET /wp-content/plugins/sitepress-multilingual-cms/dist/js/browser-redirect/app.js?ver=4.2.3 HTTP/1.1" 200 27641 "http://test.matador.tw/?lang=en" "Mozilla/5.0 (Windows NT 10.0; Win64; x64) AppleWebKit/537.36 (KHTML, like Gecko) Chrome/117.0.5938.132 Safari/537.36"
205.169.39.14 - - [23/Nov/2024:11:37:09 +0800] "GET /wp-content/uploads/2017/06/cropped-FB_Logo_180.jpg HTTP/1.1" 200 8880 "http://test.matador.tw/?lang=en" "Mozilla/5.0 (Windows NT 10.0; Win64; x64) AppleWebKit/537.36 (KHTML, like Gecko) Chrome/117.0.5938.132 Safari/537.36"
205.169.39.14 - - [23/Nov/2024:11:37:09 +0800] "GET /wp-content/uploads/2013/07/img_0179_550.jpg HTTP/1.1" 200 185784 "http://test.matador.tw/?lang=en" "Mozilla/5.0 (Windows NT 10.0; Win64; x64) AppleWebKit/537.36 (KHTML, like Gecko) Chrome/117.0.5938.132 Safari/537.36"
205.169.39.14 - - [23/Nov/2024:11:37:10 +0800] "GET /wp-content/themes/twentyseventeen/assets/js/global.js?ver=20211130 HTTP/1.1" 200 2989 "http://test.matador.tw/?lang=en" "Mozilla/5.0 (Windows NT 10.0; Win64; x64) AppleWebKit/537.36 (KHTML, like Gecko) Chrome/117.0.5938.132 Safari/537.36"
205.169.39.14 - - [23/Nov/2024:11:37:10 +0800] "GET /wp-content/themes/twentyseventeen/assets/js/jquery.scrollTo.js?ver=2.1.3 HTTP/1.1" 200 2765 "http://test.matador.tw/?lang=en" "Mozilla/5.0 (Windows NT 10.0; Win64; x64) AppleWebKit/537.36 (KHTML, like Gecko) Chrome/117.0.5938.132 Safari/537.36"
205.169.39.14 - - [23/Nov/2024:11:37:10 +0800] "GET /wp-content/themes/twentyseventeen/assets/js/navigation.js?ver=20210122 HTTP/1.1" 200 1511 "http://test.matador.tw/?lang=en" "Mozilla/5.0 (Windows NT 10.0; Win64; x64) AppleWebKit/537.36 (KHTML, like Gecko) Chrome/117.0.5938.132 Safari/537.36"
205.169.39.14 - - [23/Nov/2024:11:37:10 +0800] "GET /wp-content/themes/twentyseventeen/assets/fonts/libre-franklin/libre-franklin-latin-400-normal.woff2?ver=13 HTTP/1.1" 200 14440 "http://test.matador.tw/wp-content/themes/twentyseventeen/assets/fonts/font-libre-franklin.css?ver=20230328" "Mozilla/5.0 (Windows NT 10.0; Win64; x64) AppleWebKit/537.36 (KHTML, like Gecko) Chrome/117.0.5938.132 Safari/537.36"
205.169.39.14 - - [23/Nov/2024:11:37:10 +0800] "GET /wp-content/themes/twentyseventeen/assets/fonts/libre-franklin/libre-franklin-latin-600-normal.woff2?ver=13 HTTP/1.1" 200 14508 "http://test.matador.tw/wp-content/themes/twentyseventeen/assets/fonts/font-libre-franklin.css?ver=20230328" "Mozilla/5.0 (Windows NT 10.0; Win64; x64) AppleWebKit/537.36 (KHTML, like Gecko) Chrome/117.0.5938.132 Safari/537.36"
205.169.39.14 - - [23/Nov/2024:11:37:10 +0800] "GET /wp-content/themes/twentyseventeen/assets/fonts/libre-franklin/libre-franklin-latin-800-normal.woff2?ver=13 HTTP/1.1" 200 14548 "http://test.matador.tw/wp-content/themes/twentyseventeen/assets/fonts/font-libre-franklin.css?ver=20230328" "Mozilla/5.0 (Windows NT 10.0; Win64; x64) AppleWebKit/537.36 (KHTML, like Gecko) Chrome/117.0.5938.132 Safari/537.36"
205.169.39.14 - - [23/Nov/2024:11:37:10 +0800] "GET /wp-includes/js/wp-emoji-release.min.js?ver=6.4.3 HTTP/1.1" 200 5390 "http://test.matador.tw/?lang=en" "Mozilla/5.0 (Windows NT 10.0; Win64; x64) AppleWebKit/537.36 (KHTML, like Gecko) Chrome/117.0.5938.132 Safari/537.36"
205.169.39.14 - - [23/Nov/2024:11:37:09 +0800] "GET /wp-content/uploads/2017/05/IMG_1195_2000_1200.jpg HTTP/1.1" 200 1237309 "http://test.matador.tw/?lang=en" "Mozilla/5.0 (Windows NT 10.0; Win64; x64) AppleWebKit/537.36 (KHTML, like Gecko) Chrome/117.0.5938.132 Safari/537.36"
85.10.158.216 - - [23/Nov/2024:12:38:52 +0800] "POST /xmlrpc.php HTTP/1.1" 200 723 "-" "Mozilla/5.0 (Windows NT 10.0; WOW64) AppleWebKit/537.36 (KHTML, like Gecko) Chrome/72.0.3626.121 Safari/537.36"
85.10.158.216 - - [23/Nov/2024:12:38:54 +0800] "POST /xmlrpc.php HTTP/1.1" 200 723 "-" "Mozilla/5.0 (Windows NT 10.0; WOW64) AppleWebKit/537.36 (KHTML, like Gecko) Chrome/72.0.3626.121 Safari/537.36"
220.135.127.108 - - [23/Nov/2024:12:38:52 +0800] "POST /wp-cron.php?doing_wp_cron=1732336732.2921171188354492187500 HTTP/1.1" 200 259 "-" "WordPress/6.4.3; http://test.matador.tw"
185.180.231.194 - - [23/Nov/2024:12:39:04 +0800] "POST /xmlrpc.php HTTP/1.1" 200 725 "-" "Mozilla/5.0 (Linux; Android 10; SM-N960U) AppleWebKit/537.36 (KHTML, like Gecko) Chrome/91.0.4472.114 Mobile Safari/537.36"
185.180.231.194 - - [23/Nov/2024:12:39:07 +0800] "POST /xmlrpc.php HTTP/1.1" 200 725 "-" "Mozilla/5.0 (Linux; Android 10; SM-N960U) AppleWebKit/537.36 (KHTML, like Gecko) Chrome/91.0.4472.114 Mobile Safari/537.36"
195.85.205.136 - - [23/Nov/2024:12:39:08 +0800] "POST /xmlrpc.php HTTP/1.1" 200 724 "-" "Mozilla/5.0 (Windows NT 6.1; WOW64; rv:43.0) Gecko/20100101 Firefox/43.0"
195.85.205.136 - - [23/Nov/2024:12:39:10 +0800] "POST /xmlrpc.php HTTP/1.1" 200 724 "-" "Mozilla/5.0 (Windows NT 6.1; WOW64; rv:43.0) Gecko/20100101 Firefox/43.0"
67.231.245.82 - - [23/Nov/2024:12:39:38 +0800] "POST /xmlrpc.php HTTP/1.1" 200 723 "-" "Mozilla/5.0 (Windows NT 10.0; Win64; x64) AppleWebKit/537.36 (KHTML, like Gecko) Chrome/85.0.4183.121 Safari/537.36"
67.231.245.82 - - [23/Nov/2024:12:39:39 +0800] "POST /xmlrpc.php HTTP/1.1" 200 723 "-" "Mozilla/5.0 (Windows NT 10.0; Win64; x64) AppleWebKit/537.36 (KHTML, like Gecko) Chrome/85.0.4183.121 Safari/537.36"
188.40.94.109 - - [23/Nov/2024:12:39:45 +0800] "POST /xmlrpc.php HTTP/1.1" 200 723 "-" "Mozilla/5.0 (Windows NT 10.0; Win64; x64) AppleWebKit/537.36 (KHTML, like Gecko) Chrome/68.0.3440.106 Safari/537.36"
188.40.94.109 - - [23/Nov/2024:12:39:46 +0800] "POST /xmlrpc.php HTTP/1.1" 200 723 "-" "Mozilla/5.0 (Windows NT 10.0; Win64; x64) AppleWebKit/537.36 (KHTML, like Gecko) Chrome/68.0.3440.106 Safari/537.36"
194.74.100.18 - - [23/Nov/2024:12:39:50 +0800] "POST /xmlrpc.php HTTP/1.1" 200 723 "-" "Mozilla/5.0 (Windows NT 6.1; Win64; x64; rv:58.0) Gecko/20100101 Firefox/58.0"
194.74.100.18 - - [23/Nov/2024:12:39:52 +0800] "POST /xmlrpc.php HTTP/1.1" 200 723 "-" "Mozilla/5.0 (Windows NT 6.1; Win64; x64; rv:58.0) Gecko/20100101 Firefox/58.0"
93.127.163.58 - - [23/Nov/2024:12:40:01 +0800] "POST /xmlrpc.php HTTP/1.1" 200 723 "-" "Mozilla/5.0 (Windows NT 10.0; Win64; x64) AppleWebKit/537.36 (KHTML, like Gecko) Chrome/80.0.3987.149 Safari/537.36"
93.127.163.58 - - [23/Nov/2024:12:40:05 +0800] "POST /xmlrpc.php HTTP/1.1" 200 723 "-" "Mozilla/5.0 (Windows NT 10.0; Win64; x64) AppleWebKit/537.36 (KHTML, like Gecko) Chrome/80.0.3987.149 Safari/537.36"
193.202.110.29 - - [23/Nov/2024:12:40:05 +0800] "POST /xmlrpc.php HTTP/1.1" 200 724 "-" "Mozilla/5.0 (Windows NT 10.0; WOW64; rv:54.0) Gecko/20100101 Firefox/54.0"
193.202.110.29 - - [23/Nov/2024:12:40:07 +0800] "POST /xmlrpc.php HTTP/1.1" 200 724 "-" "Mozilla/5.0 (Windows NT 10.0; WOW64; rv:54.0) Gecko/20100101 Firefox/54.0"
89.106.206.198 - - [23/Nov/2024:12:40:09 +0800] "POST /xmlrpc.php HTTP/1.1" 200 724 "-" "Mozilla/5.0 (Windows NT 10.0; Win64; x64) AppleWebKit/537.36 (KHTML, like Gecko) Chrome/86.0.4240.198 Safari/537.36"
89.106.206.198 - - [23/Nov/2024:12:40:11 +0800] "POST /xmlrpc.php HTTP/1.1" 200 724 "-" "Mozilla/5.0 (Windows NT 10.0; Win64; x64) AppleWebKit/537.36 (KHTML, like Gecko) Chrome/86.0.4240.198 Safari/537.36"
220.135.127.108 - - [23/Nov/2024:13:05:18 +0800] "POST /wp-cron.php?doing_wp_cron=1732338318.5378909111022949218750 HTTP/1.1" 200 259 "-" "WordPress/6.4.3; http://test.matador.tw"
195.85.205.136 - - [23/Nov/2024:13:05:18 +0800] "POST /xmlrpc.php HTTP/1.1" 200 724 "-" "Mozilla/5.0 (X11; Linux x86_64) AppleWebKit/537.36 (KHTML, like Gecko) Chrome/44.0.2403.157 Safari/537.36"
195.85.205.136 - - [23/Nov/2024:13:05:21 +0800] "POST /xmlrpc.php HTTP/1.1" 200 724 "-" "Mozilla/5.0 (X11; Linux x86_64) AppleWebKit/537.36 (KHTML, like Gecko) Chrome/44.0.2403.157 Safari/537.36"
195.85.205.136 - - [23/Nov/2024:13:05:25 +0800] "POST /xmlrpc.php HTTP/1.1" 200 724 "-" "Mozilla/5.0 (Windows NT 5.1) AppleWebKit/537.36 (KHTML, like Gecko) Chrome/46.0.2490.71 Safari/537.36"
195.85.205.136 - - [23/Nov/2024:13:05:26 +0800] "POST /xmlrpc.php HTTP/1.1" 200 724 "-" "Mozilla/5.0 (Windows NT 5.1) AppleWebKit/537.36 (KHTML, like Gecko) Chrome/46.0.2490.71 Safari/537.36"
92.53.96.139 - - [23/Nov/2024:13:06:18 +0800] "POST /xmlrpc.php HTTP/1.1" 200 722 "-" "Mozilla/5.0 (Linux; Android 10; LM-Q710(FGN)) AppleWebKit/537.36 (KHTML, like Gecko) Chrome/91.0.4472.114 Mobile Safari/537.36"
92.53.96.139 - - [23/Nov/2024:13:06:20 +0800] "POST /xmlrpc.php HTTP/1.1" 200 722 "-" "Mozilla/5.0 (Linux; Android 10; LM-Q710(FGN)) AppleWebKit/537.36 (KHTML, like Gecko) Chrome/91.0.4472.114 Mobile Safari/537.36"
220.135.127.108 - - [23/Nov/2024:13:06:25 +0800] "POST /wp-cron.php?doing_wp_cron=1732338385.8574459552764892578125 HTTP/1.1" 200 259 "-" "WordPress/6.4.3; http://test.matador.tw"
185.107.113.135 - - [23/Nov/2024:13:06:25 +0800] "POST /xmlrpc.php HTTP/1.1" 200 725 "-" "Mozilla/5.0 (X11; Ubuntu; Linux i686; rv:24.0) Gecko/20100101 Firefox/24.0"
185.107.113.135 - - [23/Nov/2024:13:06:27 +0800] "POST /xmlrpc.php HTTP/1.1" 200 725 "-" "Mozilla/5.0 (X11; Ubuntu; Linux i686; rv:24.0) Gecko/20100101 Firefox/24.0"
220.135.127.108 - - [23/Nov/2024:14:49:27 +0800] "POST /wp-cron.php?doing_wp_cron=1732344567.1609170436859130859375 HTTP/1.1" 200 259 "-" "WordPress/6.4.3; http://test.matador.tw"
103.174.102.25 - - [23/Nov/2024:14:49:26 +0800] "POST /xmlrpc.php HTTP/1.1" 200 665 "-" "Mozilla/5.0 (Windows NT 10.0; Win64; x64; rv:57.0) Gecko/20100101 Firefox/57.0"
103.174.102.25 - - [23/Nov/2024:14:49:30 +0800] "POST /xmlrpc.php HTTP/1.1" 200 667 "-" "Mozilla/5.0 (Windows NT 10.0; Win64; x64; rv:57.0) Gecko/20100101 Firefox/57.0"
191.96.52.13 - - [23/Nov/2024:14:49:41 +0800] "POST /xmlrpc.php HTTP/1.1" 200 722 "-" "Mozilla/5.0 (Windows NT 6.1; WOW64; rv:43.0) Gecko/20100101 Firefox/43.0"
191.96.52.13 - - [23/Nov/2024:14:49:43 +0800] "POST /xmlrpc.php HTTP/1.1" 200 722 "-" "Mozilla/5.0 (Windows NT 6.1; WOW64; rv:43.0) Gecko/20100101 Firefox/43.0"
66.179.8.171 - - [23/Nov/2024:14:49:52 +0800] "POST /xmlrpc.php HTTP/1.1" 200 722 "-" "Mozilla/5.0 (Windows NT 10.0; Win64; x64) AppleWebKit/537.36 (KHTML, like Gecko) Chrome/90.0.4430.212 Safari/537.36"
66.179.8.171 - - [23/Nov/2024:14:49:54 +0800] "POST /xmlrpc.php HTTP/1.1" 200 722 "-" "Mozilla/5.0 (Windows NT 10.0; Win64; x64) AppleWebKit/537.36 (KHTML, like Gecko) Chrome/90.0.4430.212 Safari/537.36"
141.98.152.13 - - [23/Nov/2024:14:50:31 +0800] "POST /xmlrpc.php HTTP/1.1" 200 723 "-" "Mozilla/5.0 (Windows NT 10.0; Win64; x64) AppleWebKit/537.36 (KHTML, like Gecko) Chrome/90.0.4430.93 Safari/537.36"
141.98.152.13 - - [23/Nov/2024:14:50:33 +0800] "POST /xmlrpc.php HTTP/1.1" 200 723 "-" "Mozilla/5.0 (Windows NT 10.0; Win64; x64) AppleWebKit/537.36 (KHTML, like Gecko) Chrome/90.0.4430.93 Safari/537.36"
220.135.127.108 - - [23/Nov/2024:15:46:01 +0800] "POST /wp-cron.php?doing_wp_cron=1732347961.3435609340667724609375 HTTP/1.1" 200 259 "-" "WordPress/6.4.3; http://test.matador.tw"
78.47.47.46 - - [23/Nov/2024:15:46:01 +0800] "POST /xmlrpc.php HTTP/1.1" 200 721 "-" "Mozilla/5.0 (Windows NT 10.0; Win64; x64; rv:84.0) Gecko/20100101 Firefox/84.0"
78.47.47.46 - - [23/Nov/2024:15:46:03 +0800] "POST /xmlrpc.php HTTP/1.1" 200 721 "-" "Mozilla/5.0 (Windows NT 10.0; Win64; x64; rv:84.0) Gecko/20100101 Firefox/84.0"
79.96.220.89 - - [23/Nov/2024:15:46:08 +0800] "POST /xmlrpc.php HTTP/1.1" 200 722 "-" "Mozilla/5.0 (Windows NT 10.0; Win64; x64; rv:59.0) Gecko/20100101 Firefox/59.0"
79.96.220.89 - - [23/Nov/2024:15:46:10 +0800] "POST /xmlrpc.php HTTP/1.1" 200 722 "-" "Mozilla/5.0 (Windows NT 10.0; Win64; x64; rv:59.0) Gecko/20100101 Firefox/59.0"
106.15.226.21 - - [23/Nov/2024:15:46:17 +0800] "POST /xmlrpc.php HTTP/1.1" 200 723 "-" "Mozilla/5.0 (Windows NT 10.0; Win64; x64; rv:67.0) Gecko/20100101 Firefox/67.0"
106.15.226.21 - - [23/Nov/2024:15:46:19 +0800] "POST /xmlrpc.php HTTP/1.1" 200 723 "-" "Mozilla/5.0 (Windows NT 10.0; Win64; x64; rv:67.0) Gecko/20100101 Firefox/67.0"
220.135.127.108 - - [23/Nov/2024:15:46:37 +0800] "POST /wp-cron.php?doing_wp_cron=1732347997.5354750156402587890625 HTTP/1.1" 200 259 "-" "WordPress/6.4.3; http://test.matador.tw"
45.114.213.198 - - [23/Nov/2024:15:46:37 +0800] "POST /xmlrpc.php HTTP/1.1" 200 724 "-" "Mozilla/5.0 (Windows; U; Windows NT 5.1; en-US; rv:1.7.12) Gecko/20050915 Firefox/1.0.7"
45.114.213.198 - - [23/Nov/2024:15:46:40 +0800] "POST /xmlrpc.php HTTP/1.1" 200 724 "-" "Mozilla/5.0 (Windows; U; Windows NT 5.1; en-US; rv:1.7.12) Gecko/20050915 Firefox/1.0.7"
103.98.6.153 - - [23/Nov/2024:15:47:29 +0800] "POST /xmlrpc.php HTTP/1.1" 200 722 "-" "Mozilla/5.0 (Linux; Android 10; LM-X420) AppleWebKit/537.36 (KHTML, like Gecko) Chrome/91.0.4472.114 Mobile Safari/537.36"
103.98.6.153 - - [23/Nov/2024:15:47:31 +0800] "POST /xmlrpc.php HTTP/1.1" 200 722 "-" "Mozilla/5.0 (Linux; Android 10; LM-X420) AppleWebKit/537.36 (KHTML, like Gecko) Chrome/91.0.4472.114 Mobile Safari/537.36"
220.135.127.108 - - [23/Nov/2024:15:47:51 +0800] "POST /wp-cron.php?doing_wp_cron=1732348071.3670070171356201171875 HTTP/1.1" 200 259 "-" "WordPress/6.4.3; http://test.matador.tw"
66.179.8.171 - - [23/Nov/2024:15:47:51 +0800] "POST /xmlrpc.php HTTP/1.1" 200 722 "-" "Mozilla/5.0 (Windows NT 10.0; Win64; x64) AppleWebKit/537.36 (KHTML, like Gecko) Chrome/79.0.3945.117 Safari/537.36"
66.179.8.171 - - [23/Nov/2024:15:47:53 +0800] "POST /xmlrpc.php HTTP/1.1" 200 722 "-" "Mozilla/5.0 (Windows NT 10.0; Win64; x64) AppleWebKit/537.36 (KHTML, like Gecko) Chrome/79.0.3945.117 Safari/537.36"
91.134.248.230 - - [23/Nov/2024:15:48:24 +0800] "POST /xmlrpc.php HTTP/1.1" 200 724 "-" "Mozilla/5.0 (Windows NT 10.0; Win64; x64) AppleWebKit/537.36 (KHTML, like Gecko) Chrome/89.0.4389.90 Safari/537.36"
91.134.248.230 - - [23/Nov/2024:15:48:26 +0800] "POST /xmlrpc.php HTTP/1.1" 200 724 "-" "Mozilla/5.0 (Windows NT 10.0; Win64; x64) AppleWebKit/537.36 (KHTML, like Gecko) Chrome/89.0.4389.90 Safari/537.36"
185.206.225.142 - - [23/Nov/2024:16:40:30 +0800] "POST /wp-content/uploads/2021/01/service.php HTTP/1.1" 200 175 "http://test.matador.tw" "Mozilla/5.0 (Windows NT 6.1) AppleWebKit/537.36 (KHTML, like Gecko) Chrome/64.0.2778.87 Safari/537.36"
220.135.127.108 - - [23/Nov/2024:16:48:13 +0800] "POST /wp-cron.php?doing_wp_cron=1732351693.1946399211883544921875 HTTP/1.1" 200 259 "-" "WordPress/6.4.3; http://test.matador.tw"
65.21.251.206 - - [23/Nov/2024:16:48:12 +0800] "POST /xmlrpc.php HTTP/1.1" 200 723 "-" "Mozilla/5.0 (Windows NT 5.1) AppleWebKit/537.36 (KHTML, like Gecko) Chrome/46.0.2490.71 Safari/537.36"
65.21.251.206 - - [23/Nov/2024:16:48:15 +0800] "POST /xmlrpc.php HTTP/1.1" 200 723 "-" "Mozilla/5.0 (Windows NT 5.1) AppleWebKit/537.36 (KHTML, like Gecko) Chrome/46.0.2490.71 Safari/537.36"
185.180.231.194 - - [23/Nov/2024:16:48:22 +0800] "POST /xmlrpc.php HTTP/1.1" 200 725 "-" "Mozilla/5.0 (Linux; Android 10; LM-Q710(FGN)) AppleWebKit/537.36 (KHTML, like Gecko) Chrome/91.0.4472.114 Mobile Safari/537.36"
185.180.231.194 - - [23/Nov/2024:16:48:25 +0800] "POST /xmlrpc.php HTTP/1.1" 200 725 "-" "Mozilla/5.0 (Linux; Android 10; LM-Q710(FGN)) AppleWebKit/537.36 (KHTML, like Gecko) Chrome/91.0.4472.114 Mobile Safari/537.36"
220.135.127.108 - - [23/Nov/2024:17:13:07 +0800] "POST /wp-cron.php?doing_wp_cron=1732353187.4407939910888671875000 HTTP/1.1" 200 259 "-" "WordPress/6.4.3; http://test.matador.tw"
193.106.249.134 - - [23/Nov/2024:17:13:07 +0800] "POST /xmlrpc.php HTTP/1.1" 200 725 "-" "Mozilla/5.0 (Windows NT 10.0; Win64; x64) AppleWebKit/537.36 (KHTML, like Gecko) Chrome/79.0.3945.130 Safari/537.36"
195.117.36.226 - - [23/Nov/2024:17:13:08 +0800] "POST /xmlrpc.php HTTP/1.1" 200 724 "-" "Mozilla/5.0 (Windows NT 10.0; Win64; x64) AppleWebKit/537.36 (KHTML, like Gecko) Chrome/69.0.3497.100 Safari/537.36"
193.106.249.134 - - [23/Nov/2024:17:13:09 +0800] "POST /xmlrpc.php HTTP/1.1" 200 725 "-" "Mozilla/5.0 (Windows NT 10.0; Win64; x64) AppleWebKit/537.36 (KHTML, like Gecko) Chrome/79.0.3945.130 Safari/537.36"
195.117.36.226 - - [23/Nov/2024:17:13:11 +0800] "POST /xmlrpc.php HTTP/1.1" 200 724 "-" "Mozilla/5.0 (Windows NT 10.0; Win64; x64) AppleWebKit/537.36 (KHTML, like Gecko) Chrome/69.0.3497.100 Safari/537.36"
185.44.253.116 - - [23/Nov/2024:17:13:33 +0800] "POST /xmlrpc.php HTTP/1.1" 200 724 "-" "Mozilla/5.0 (Windows NT 10.0; Win64; x64) AppleWebKit/537.36 (KHTML, like Gecko) Chrome/74.0.3729.169 Safari/537.36"
185.44.253.116 - - [23/Nov/2024:17:13:35 +0800] "POST /xmlrpc.php HTTP/1.1" 200 724 "-" "Mozilla/5.0 (Windows NT 10.0; Win64; x64) AppleWebKit/537.36 (KHTML, like Gecko) Chrome/74.0.3729.169 Safari/537.36"
178.156.144.171 - - [23/Nov/2024:17:13:48 +0800] "POST /xmlrpc.php HTTP/1.1" 200 725 "-" "Mozilla/5.0 (Windows NT 10.0; Win64; x64) AppleWebKit/537.36 (KHTML, like Gecko) Chrome/88.0.4324.104 Safari/537.36"
178.156.144.171 - - [23/Nov/2024:17:13:49 +0800] "POST /xmlrpc.php HTTP/1.1" 200 725 "-" "Mozilla/5.0 (Windows NT 10.0; Win64; x64) AppleWebKit/537.36 (KHTML, like Gecko) Chrome/88.0.4324.104 Safari/537.36"
195.117.36.226 - - [23/Nov/2024:17:14:08 +0800] "POST /xmlrpc.php HTTP/1.1" 200 724 "-" "Mozilla/5.0 (Windows NT 6.1; WOW64; rv:38.0) Gecko/20100101 Firefox/38.0"
195.117.36.226 - - [23/Nov/2024:17:14:10 +0800] "POST /xmlrpc.php HTTP/1.1" 200 724 "-" "Mozilla/5.0 (Windows NT 6.1; WOW64; rv:38.0) Gecko/20100101 Firefox/38.0"
65.21.251.206 - - [23/Nov/2024:17:15:22 +0800] "POST /xmlrpc.php HTTP/1.1" 200 723 "-" "Mozilla/5.0 (Windows NT 10.0; Win64; x64) AppleWebKit/537.36 (KHTML, like Gecko) Chrome/65.0.3325.181 Safari/537.36"
65.21.251.206 - - [23/Nov/2024:17:15:24 +0800] "POST /xmlrpc.php HTTP/1.1" 200 723 "-" "Mozilla/5.0 (Windows NT 10.0; Win64; x64) AppleWebKit/537.36 (KHTML, like Gecko) Chrome/65.0.3325.181 Safari/537.36"
216.244.66.232 - - [23/Nov/2024:17:22:26 +0800] "GET /robots.txt HTTP/1.1" 404 438 "-" "Mozilla/5.0 (compatible; DotBot/1.2; +https://opensiteexplorer.org/dotbot; help@moz.com)"
220.135.127.108 - - [23/Nov/2024:17:24:09 +0800] "POST /wp-cron.php?doing_wp_cron=1732353849.5765450000762939453125 HTTP/1.1" 200 259 "-" "WordPress/6.4.3; http://test.matador.tw"
216.244.66.232 - - [23/Nov/2024:17:24:09 +0800] "GET /?p=1972&share=twitter HTTP/1.1" 302 499 "-" "Mozilla/5.0 (compatible; DotBot/1.2; +https://opensiteexplorer.org/dotbot; help@moz.com)"
216.244.66.232 - - [23/Nov/2024:17:24:14 +0800] "GET /?p=686&share=linkedin HTTP/1.1" 302 322 "-" "Mozilla/5.0 (compatible; DotBot/1.2; +https://opensiteexplorer.org/dotbot; help@moz.com)"
216.244.66.232 - - [23/Nov/2024:17:24:18 +0800] "GET /?page_id=119&share=twitter HTTP/1.1" 302 376 "-" "Mozilla/5.0 (compatible; DotBot/1.2; +https://opensiteexplorer.org/dotbot; help@moz.com)"
216.244.66.232 - - [23/Nov/2024:17:24:22 +0800] "GET /?page_id=454&share=facebook HTTP/1.1" 302 488 "-" "Mozilla/5.0 (compatible; DotBot/1.2; +https://opensiteexplorer.org/dotbot; help@moz.com)"
216.244.66.232 - - [23/Nov/2024:17:24:26 +0800] "GET /?page_id=625&lang=zh-hans&share=facebook HTTP/1.1" 302 504 "-" "Mozilla/5.0 (compatible; DotBot/1.2; +https://opensiteexplorer.org/dotbot; help@moz.com)"
216.244.66.232 - - [23/Nov/2024:17:24:28 +0800] "GET /?page_id=660&lang=zh-hans&share=linkedin HTTP/1.1" 302 392 "-" "Mozilla/5.0 (compatible; DotBot/1.2; +https://opensiteexplorer.org/dotbot; help@moz.com)"
178.162.194.17 - - [23/Nov/2024:17:29:33 +0800] "GET /wp-content/uploads/2024/01/module.php?check=1 HTTP/1.1" 200 151 "-" "Mozilla/5.0 (Windows NT 6.1; rv:17.0) Gecko/17.0 Firefox/17.0"
114.119.137.43 - - [23/Nov/2024:17:30:07 +0800] "GET /wp-content/uploads/2016/05/PHISON_201605_dm-722x1024.jpg HTTP/1.1" 200 97508 "http://test.matador.tw/?author=1" "Mozilla/5.0 (Linux; Android 7.0;) AppleWebKit/537.36 (KHTML, like Gecko) Mobile Safari/537.36 (compatible; PetalBot;+https://webmaster.petalsearch.com/site/petalbot)"
220.135.127.108 - - [23/Nov/2024:17:35:08 +0800] "POST /wp-cron.php?doing_wp_cron=1732354508.2062869071960449218750 HTTP/1.1" 200 259 "-" "WordPress/6.4.3; http://test.matador.tw/?lang=zh-hans"
114.119.153.220 - - [23/Nov/2024:17:35:07 +0800] "GET /?page_id=653&lang=zh-hans HTTP/1.1" 200 24236 "http://test.matador.tw/?page_id=609&lang=zh-hans" "Mozilla/5.0 (Linux; Android 7.0;) AppleWebKit/537.36 (KHTML, like Gecko) Mobile Safari/537.36 (compatible; PetalBot;+https://webmaster.petalsearch.com/site/petalbot)"
220.135.127.108 - - [23/Nov/2024:17:40:08 +0800] "POST /wp-cron.php?doing_wp_cron=1732354808.5835580825805664062500 HTTP/1.1" 200 259 "-" "WordPress/6.4.3; http://test.matador.tw/?lang=zh-hans"
114.119.140.79 - - [23/Nov/2024:17:40:08 +0800] "GET /?page_id=2201&lang=zh-hans HTTP/1.1" 200 25121 "http://test.matador.tw/?page_id=609&lang=zh-hans" "Mozilla/5.0 (Linux; Android 7.0;) AppleWebKit/537.36 (KHTML, like Gecko) Mobile Safari/537.36 (compatible; PetalBot;+https://webmaster.petalsearch.com/site/petalbot)"
220.135.127.108 - - [23/Nov/2024:17:45:34 +0800] "POST /wp-cron.php?doing_wp_cron=1732355134.7762889862060546875000 HTTP/1.1" 200 259 "-" "WordPress/6.4.3; http://test.matador.tw"
194.180.176.187 - - [23/Nov/2024:17:45:33 +0800] "GET /wp-login.php HTTP/1.1" 200 3339 "-" "Mozilla/5.0 (X11; Ubuntu; Linux x86_64; rv:62.0) Gecko/20100101 Firefox/62.0"
194.180.176.187 - - [23/Nov/2024:17:45:36 +0800] "GET ///?author=1 HTTP/1.1" 301 251 "-" "Mozilla/5.0 (X11; Ubuntu; Linux x86_64; rv:62.0) Gecko/20100101 Firefox/62.0"
194.180.176.187 - - [23/Nov/2024:17:45:37 +0800] "GET /?author=1 HTTP/1.1" 200 42086 "http://test.matador.tw///?author=1" "Mozilla/5.0 (X11; Ubuntu; Linux x86_64; rv:62.0) Gecko/20100101 Firefox/62.0"
194.180.176.187 - - [23/Nov/2024:17:45:38 +0800] "GET ///wp-json/wp/v2/users/ HTTP/1.1" 404 457 "-" "Mozilla/5.0 (X11; Ubuntu; Linux x86_64; rv:62.0) Gecko/20100101 Firefox/62.0"
194.180.176.187 - - [23/Nov/2024:17:45:39 +0800] "GET ///?author=2 HTTP/1.1" 301 251 "-" "Mozilla/5.0 (X11; Ubuntu; Linux x86_64; rv:62.0) Gecko/20100101 Firefox/62.0"
194.180.176.187 - - [23/Nov/2024:17:45:40 +0800] "GET /?author=2 HTTP/1.1" 200 24655 "http://test.matador.tw///?author=2" "Mozilla/5.0 (X11; Ubuntu; Linux x86_64; rv:62.0) Gecko/20100101 Firefox/62.0"
194.180.176.187 - - [23/Nov/2024:17:45:41 +0800] "GET ///?author=3 HTTP/1.1" 301 344 "-" "Mozilla/5.0 (X11; Ubuntu; Linux x86_64; rv:62.0) Gecko/20100101 Firefox/62.0"
194.180.176.187 - - [23/Nov/2024:17:45:42 +0800] "GET /?author=3 HTTP/1.1" 404 79498 "http://test.matador.tw///?author=3" "Mozilla/5.0 (X11; Ubuntu; Linux x86_64; rv:62.0) Gecko/20100101 Firefox/62.0"
207.46.13.36 - - [23/Nov/2024:17:49:48 +0800] "GET /sitemaps.xml HTTP/1.1" 404 438 "-" "Mozilla/5.0 AppleWebKit/537.36 (KHTML, like Gecko; compatible; bingbot/2.0; +http://www.bing.com/bingbot.htm) Chrome/116.0.1938.76 Safari/537.36"
220.135.127.108 - - [23/Nov/2024:17:51:05 +0800] "POST /wp-cron.php?doing_wp_cron=1732355465.5974900722503662109375 HTTP/1.1" 200 259 "-" "WordPress/6.4.3; http://test.matador.tw/?lang=zh-hans"
114.119.145.239 - - [23/Nov/2024:17:51:05 +0800] "GET /?page_id=607&lang=zh-hans HTTP/1.1" 200 24471 "http://test.matador.tw/?page_id=609&lang=zh-hans" "Mozilla/5.0 (Linux; Android 7.0;) AppleWebKit/537.36 (KHTML, like Gecko) Mobile Safari/537.36 (compatible; PetalBot;+https://webmaster.petalsearch.com/site/petalbot)"
207.46.13.157 - - [23/Nov/2024:18:48:54 +0800] "GET /sitemaps.xml HTTP/1.1" 404 438 "-" "Mozilla/5.0 AppleWebKit/537.36 (KHTML, like Gecko; compatible; bingbot/2.0; +http://www.bing.com/bingbot.htm) Chrome/116.0.1938.76 Safari/537.36"
178.162.194.17 - - [23/Nov/2024:19:00:57 +0800] "GET /wp-content/uploads/2021/01/service.php?check=1 HTTP/1.1" 200 151 "-" "Mozilla/5.0 (Windows NT 6.1; rv:17.0) Gecko/17.0 Firefox/17.0"
220.135.127.108 - - [23/Nov/2024:19:03:47 +0800] "POST /wp-cron.php?doing_wp_cron=1732359827.5904889106750488281250 HTTP/1.1" 200 259 "-" "WordPress/6.4.3; http://test.matador.tw"
114.119.145.239 - - [23/Nov/2024:19:03:47 +0800] "GET /?page_id=515 HTTP/1.1" 200 24334 "http://test.matador.tw/?p=1647" "Mozilla/5.0 (Linux; Android 7.0;) AppleWebKit/537.36 (KHTML, like Gecko) Mobile Safari/537.36 (compatible; PetalBot;+https://webmaster.petalsearch.com/site/petalbot)"
220.135.127.108 - - [23/Nov/2024:19:08:46 +0800] "POST /wp-cron.php?doing_wp_cron=1732360126.6672890186309814453125 HTTP/1.1" 200 259 "-" "WordPress/6.4.3; http://test.matador.tw/?lang=zh-hans"
114.119.158.193 - - [23/Nov/2024:19:08:46 +0800] "GET /?page_id=1502&lang=zh-hans HTTP/1.1" 200 25565 "http://test.matador.tw/?page_id=814" "Mozilla/5.0 (Linux; Android 7.0;) AppleWebKit/537.36 (KHTML, like Gecko) Mobile Safari/537.36 (compatible; PetalBot;+https://webmaster.petalsearch.com/site/petalbot)"
104.28.207.218 - - [23/Nov/2024:19:09:01 +0800] "POST /xmlrpc.php HTTP/1.1" 200 724 "-" "Mozilla/5.0 (Windows NT 6.1; Win64; x64; rv:57.0) Gecko/20100101 Firefox/57.0"
104.28.207.218 - - [23/Nov/2024:19:09:03 +0800] "POST /xmlrpc.php HTTP/1.1" 200 724 "-" "Mozilla/5.0 (Windows NT 6.1; Win64; x64; rv:57.0) Gecko/20100101 Firefox/57.0"
195.201.190.156 - - [23/Nov/2024:19:09:47 +0800] "POST /xmlrpc.php HTTP/1.1" 200 725 "-" "Mozilla/5.0 (Windows NT 10.0; Win64; x64) AppleWebKit/537.36 (KHTML, like Gecko) Chrome/69.0.3497.100 Safari/537.36"
195.201.190.156 - - [23/Nov/2024:19:09:49 +0800] "POST /xmlrpc.php HTTP/1.1" 200 725 "-" "Mozilla/5.0 (Windows NT 10.0; Win64; x64) AppleWebKit/537.36 (KHTML, like Gecko) Chrome/69.0.3497.100 Safari/537.36"
66.165.231.66 - - [23/Nov/2024:19:09:50 +0800] "POST /xmlrpc.php HTTP/1.1" 200 723 "-" "Mozilla/5.0 (Windows NT 10.0; Win64; x64) AppleWebKit/537.36 (KHTML, like Gecko) Chrome/70.0.3538.102 Safari/537.36"
66.165.231.66 - - [23/Nov/2024:19:09:51 +0800] "POST /xmlrpc.php HTTP/1.1" 200 723 "-" "Mozilla/5.0 (Windows NT 10.0; Win64; x64) AppleWebKit/537.36 (KHTML, like Gecko) Chrome/70.0.3538.102 Safari/537.36"
220.135.127.108 - - [23/Nov/2024:20:07:16 +0800] "POST /wp-cron.php?doing_wp_cron=1732363636.6709930896759033203125 HTTP/1.1" 200 259 "-" "WordPress/6.4.3; http://test.matador.tw"
150.158.50.134 - - [23/Nov/2024:20:07:16 +0800] "POST /xmlrpc.php HTTP/1.1" 200 724 "-" "Mozilla/5.0 (Windows NT 10.0; Win64; x64) AppleWebKit/537.36 (KHTML, like Gecko) Chrome/74.0.3729.169 Safari/537.36"
150.158.50.134 - - [23/Nov/2024:20:07:19 +0800] "POST /xmlrpc.php HTTP/1.1" 200 724 "-" "Mozilla/5.0 (Windows NT 10.0; Win64; x64) AppleWebKit/537.36 (KHTML, like Gecko) Chrome/74.0.3729.169 Safari/537.36"
51.195.5.36 - - [23/Nov/2024:20:07:28 +0800] "POST /xmlrpc.php HTTP/1.1" 200 721 "-" "Mozilla/5.0 (X11; Linux x86_64) AppleWebKit/537.36 (KHTML, like Gecko) Chrome/44.0.2403.157 Safari/537.36"
51.195.5.36 - - [23/Nov/2024:20:07:30 +0800] "POST /xmlrpc.php HTTP/1.1" 200 721 "-" "Mozilla/5.0 (X11; Linux x86_64) AppleWebKit/537.36 (KHTML, like Gecko) Chrome/44.0.2403.157 Safari/537.36"
220.135.127.108 - - [23/Nov/2024:21:17:58 +0800] "POST /wp-cron.php?doing_wp_cron=1732367878.7646870613098144531250 HTTP/1.1" 200 259 "-" "WordPress/6.4.3; http://test.matador.tw"
5.188.118.241 - - [23/Nov/2024:21:17:58 +0800] "POST /xmlrpc.php HTTP/1.1" 200 723 "-" "Mozilla/5.0 (Windows NT 10.0; Win64; x64) AppleWebKit/537.36 (KHTML, like Gecko) Chrome/64.0.3282.186 Safari/537.36"
5.188.118.241 - - [23/Nov/2024:21:18:00 +0800] "POST /xmlrpc.php HTTP/1.1" 200 723 "-" "Mozilla/5.0 (Windows NT 10.0; Win64; x64) AppleWebKit/537.36 (KHTML, like Gecko) Chrome/64.0.3282.186 Safari/537.36"
156.239.199.92 - - [23/Nov/2024:21:18:11 +0800] "POST /xmlrpc.php HTTP/1.1" 200 724 "-" "Mozilla/5.0 (Windows NT 5.1; rv:33.0) Gecko/20100101 Firefox/33.0"
156.239.199.92 - - [23/Nov/2024:21:18:13 +0800] "POST /xmlrpc.php HTTP/1.1" 200 724 "-" "Mozilla/5.0 (Windows NT 5.1; rv:33.0) Gecko/20100101 Firefox/33.0"
31.220.151.86 - - [23/Nov/2024:21:18:16 +0800] "POST /xmlrpc.php HTTP/1.1" 200 723 "-" "Mozilla/5.0 (Windows; U; Windows NT 5.1; en-US; rv:1.7.12) Gecko/20050915 Firefox/1.0.7"
31.220.151.86 - - [23/Nov/2024:21:18:19 +0800] "POST /xmlrpc.php HTTP/1.1" 200 723 "-" "Mozilla/5.0 (Windows; U; Windows NT 5.1; en-US; rv:1.7.12) Gecko/20050915 Firefox/1.0.7"
220.135.127.108 - - [23/Nov/2024:22:18:27 +0800] "POST /wp-cron.php?doing_wp_cron=1732371507.2998681068420410156250 HTTP/1.1" 200 259 "-" "WordPress/6.4.3; http://test.matador.tw"
173.236.247.120 - - [23/Nov/2024:22:18:27 +0800] "POST /xmlrpc.php HTTP/1.1" 200 725 "-" "Mozilla/5.0 (Windows NT 10.0; Win64; x64) AppleWebKit/537.36 (KHTML, like Gecko) Chrome/70.0.3538.102 Safari/537.36"
173.236.247.120 - - [23/Nov/2024:22:18:29 +0800] "POST /xmlrpc.php HTTP/1.1" 200 725 "-" "Mozilla/5.0 (Windows NT 10.0; Win64; x64) AppleWebKit/537.36 (KHTML, like Gecko) Chrome/70.0.3538.102 Safari/537.36"
77.55.253.212 - - [23/Nov/2024:22:18:38 +0800] "POST /xmlrpc.php HTTP/1.1" 200 723 "-" "Mozilla/5.0 (Windows NT 10.0; Win64; x64; rv:85.0) Gecko/20100101 Firefox/85.0"
77.55.253.212 - - [23/Nov/2024:22:18:40 +0800] "POST /xmlrpc.php HTTP/1.1" 200 723 "-" "Mozilla/5.0 (Windows NT 10.0; Win64; x64; rv:85.0) Gecko/20100101 Firefox/85.0"
194.233.66.67 - - [23/Nov/2024:22:18:58 +0800] "POST /xmlrpc.php HTTP/1.1" 200 723 "-" "Mozilla/5.0 (Windows NT 6.1; WOW64; rv:45.0) Gecko/20100101 Firefox/45.0"
194.233.66.67 - - [23/Nov/2024:22:19:00 +0800] "POST /xmlrpc.php HTTP/1.1" 200 723 "-" "Mozilla/5.0 (Windows NT 6.1; WOW64; rv:45.0) Gecko/20100101 Firefox/45.0"
93.107.1.136 - - [23/Nov/2024:22:19:18 +0800] "POST /xmlrpc.php HTTP/1.1" 200 722 "-" "Mozilla/5.0 (Windows NT 6.1; WOW64; rv:40.0) Gecko/20100101 Firefox/40.1"
93.107.1.136 - - [23/Nov/2024:22:19:21 +0800] "POST /xmlrpc.php HTTP/1.1" 200 722 "-" "Mozilla/5.0 (Windows NT 6.1; WOW64; rv:40.0) Gecko/20100101 Firefox/40.1"
92.63.169.6 - - [23/Nov/2024:22:19:25 +0800] "POST /xmlrpc.php HTTP/1.1" 200 721 "-" "Mozilla/5.0 (Macintosh; Intel Mac OS X 11_4) AppleWebKit/537.36 (KHTML, like Gecko) Chrome/91.0.4472.114 Safari/537.36"
92.63.169.6 - - [23/Nov/2024:22:19:27 +0800] "POST /xmlrpc.php HTTP/1.1" 200 721 "-" "Mozilla/5.0 (Macintosh; Intel Mac OS X 11_4) AppleWebKit/537.36 (KHTML, like Gecko) Chrome/91.0.4472.114 Safari/537.36"
220.135.127.108 - - [23/Nov/2024:22:47:10 +0800] "POST /wp-cron.php?doing_wp_cron=1732373230.8614630699157714843750 HTTP/1.1" 200 259 "-" "WordPress/6.4.3; http://test.matador.tw"
168.75.102.84 - - [23/Nov/2024:22:47:10 +0800] "POST /xmlrpc.php HTTP/1.1" 200 723 "-" "Mozilla/5.0 (Windows NT 6.1; Win64; x64; rv:61.0) Gecko/20100101 Firefox/61.0"
168.75.102.84 - - [23/Nov/2024:22:47:13 +0800] "POST /xmlrpc.php HTTP/1.1" 200 723 "-" "Mozilla/5.0 (Windows NT 6.1; Win64; x64; rv:61.0) Gecko/20100101 Firefox/61.0"
31.220.151.86 - - [23/Nov/2024:22:47:28 +0800] "POST /xmlrpc.php HTTP/1.1" 200 723 "-" "Mozilla/5.0 (Windows NT 10.0; Win64; x64) AppleWebKit/537.36 (KHTML, like Gecko) Chrome/74.0.3729.157 Safari/537.36"
31.220.151.86 - - [23/Nov/2024:22:47:32 +0800] "POST /xmlrpc.php HTTP/1.1" 200 723 "-" "Mozilla/5.0 (Windows NT 10.0; Win64; x64) AppleWebKit/537.36 (KHTML, like Gecko) Chrome/74.0.3729.157 Safari/537.36"
220.135.127.108 - - [23/Nov/2024:22:48:47 +0800] "POST /wp-cron.php?doing_wp_cron=1732373327.2655749320983886718750 HTTP/1.1" 200 259 "-" "WordPress/6.4.3; http://test.matador.tw"
141.98.152.13 - - [23/Nov/2024:22:48:47 +0800] "POST /xmlrpc.php HTTP/1.1" 200 723 "-" "Mozilla/5.0 (Windows NT 6.1; Win64; x64) AppleWebKit/537.36 (KHTML, like Gecko) Chrome/60.0.3112.90 Safari/537.36"
141.98.152.13 - - [23/Nov/2024:22:48:49 +0800] "POST /xmlrpc.php HTTP/1.1" 200 723 "-" "Mozilla/5.0 (Windows NT 6.1; Win64; x64) AppleWebKit/537.36 (KHTML, like Gecko) Chrome/60.0.3112.90 Safari/537.36"
220.135.127.108 - - [23/Nov/2024:23:33:32 +0800] "POST /wp-cron.php?doing_wp_cron=1732376012.0489370822906494140625 HTTP/1.1" 200 259 "-" "WordPress/6.4.3; http://test.matador.tw"
114.119.137.43 - - [23/Nov/2024:23:33:30 +0800] "GET /?page_id=519 HTTP/1.1" 200 24342 "http://test.matador.tw/?p=1647" "Mozilla/5.0 (Linux; Android 7.0;) AppleWebKit/537.36 (KHTML, like Gecko) Mobile Safari/537.36 (compatible; PetalBot;+https://webmaster.petalsearch.com/site/petalbot)"
220.135.127.108 - - [24/Nov/2024:00:15:13 +0800] "POST /wp-cron.php?doing_wp_cron=1732378513.0065009593963623046875 HTTP/1.1" 200 259 "-" "WordPress/6.4.3; http://test.matador.tw"
114.119.145.88 - - [24/Nov/2024:00:15:12 +0800] "GET /?p=1757 HTTP/1.1" 200 26284 "http://test.matador.tw/?p=1765" "Mozilla/5.0 (Linux; Android 7.0;) AppleWebKit/537.36 (KHTML, like Gecko) Mobile Safari/537.36 (compatible; PetalBot;+https://webmaster.petalsearch.com/site/petalbot)"
103.153.214.232 - - [24/Nov/2024:00:28:47 +0800] "POST /xmlrpc.php HTTP/1.1" 200 663 "-" "Mozilla/5.0 (Windows NT 10.0; Win64; x64) AppleWebKit/537.36 (KHTML, like Gecko) Chrome/74.0.3729.157 Safari/537.36"
220.135.127.108 - - [24/Nov/2024:00:28:47 +0800] "POST /wp-cron.php?doing_wp_cron=1732379327.6188919544219970703125 HTTP/1.1" 200 259 "-" "WordPress/6.4.3; http://test.matador.tw"
67.231.245.82 - - [24/Nov/2024:00:28:51 +0800] "POST /xmlrpc.php HTTP/1.1" 200 723 "-" "Mozilla/5.0 (Linux; Android 10; SM-A102U) AppleWebKit/537.36 (KHTML, like Gecko) Chrome/91.0.4472.114 Mobile Safari/537.36"
103.153.214.232 - - [24/Nov/2024:00:28:51 +0800] "POST /xmlrpc.php HTTP/1.1" 200 665 "-" "Mozilla/5.0 (Windows NT 10.0; Win64; x64) AppleWebKit/537.36 (KHTML, like Gecko) Chrome/74.0.3729.157 Safari/537.36"
67.231.245.82 - - [24/Nov/2024:00:28:52 +0800] "POST /xmlrpc.php HTTP/1.1" 200 723 "-" "Mozilla/5.0 (Linux; Android 10; SM-A102U) AppleWebKit/537.36 (KHTML, like Gecko) Chrome/91.0.4472.114 Mobile Safari/537.36"
141.98.152.13 - - [24/Nov/2024:00:29:03 +0800] "POST /xmlrpc.php HTTP/1.1" 200 723 "-" "Mozilla/5.0 (Windows NT 10.0; Win64; x64) AppleWebKit/537.36 (KHTML, like Gecko) Chrome/90.0.4430.93 Safari/537.36"
216.158.228.239 - - [24/Nov/2024:00:29:05 +0800] "POST /xmlrpc.php HTTP/1.1" 200 725 "-" "Mozilla/5.0 (Windows NT 10.0; Win64; x64) AppleWebKit/537.36 (KHTML, like Gecko) Chrome/90.0.4430.212 Safari/537.36"
141.98.152.13 - - [24/Nov/2024:00:29:06 +0800] "POST /xmlrpc.php HTTP/1.1" 200 723 "-" "Mozilla/5.0 (Windows NT 10.0; Win64; x64) AppleWebKit/537.36 (KHTML, like Gecko) Chrome/90.0.4430.93 Safari/537.36"
216.158.228.239 - - [24/Nov/2024:00:29:07 +0800] "POST /xmlrpc.php HTTP/1.1" 200 725 "-" "Mozilla/5.0 (Windows NT 10.0; Win64; x64) AppleWebKit/537.36 (KHTML, like Gecko) Chrome/90.0.4430.212 Safari/537.36"
75.119.221.53 - - [24/Nov/2024:00:29:33 +0800] "POST /xmlrpc.php HTTP/1.1" 200 723 "-" "Mozilla/5.0 (Windows NT 6.2; Win64; x64) AppleWebKit/537.36 (KHTML, like Gecko) Chrome/60.0.3112.90 Safari/537.36"
75.119.221.53 - - [24/Nov/2024:00:29:35 +0800] "POST /xmlrpc.php HTTP/1.1" 200 723 "-" "Mozilla/5.0 (Windows NT 6.2; Win64; x64) AppleWebKit/537.36 (KHTML, like Gecko) Chrome/60.0.3112.90 Safari/537.36"
220.135.127.108 - - [24/Nov/2024:01:33:33 +0800] "POST /wp-cron.php?doing_wp_cron=1732383213.5638720989227294921875 HTTP/1.1" 200 259 "-" "WordPress/6.4.3; http://test.matador.tw"
51.195.5.36 - - [24/Nov/2024:01:33:31 +0800] "POST /xmlrpc.php HTTP/1.1" 200 721 "-" "Mozilla/5.0 (Windows NT 10.0; Win64; x64) AppleWebKit/537.36 (KHTML, like Gecko) Chrome/69.0.3497.100 Safari/537.36"
51.195.5.36 - - [24/Nov/2024:01:33:35 +0800] "POST /xmlrpc.php HTTP/1.1" 200 721 "-" "Mozilla/5.0 (Windows NT 10.0; Win64; x64) AppleWebKit/537.36 (KHTML, like Gecko) Chrome/69.0.3497.100 Safari/537.36"
95.179.234.251 - - [24/Nov/2024:01:33:43 +0800] "POST /xmlrpc.php HTTP/1.1" 200 724 "-" "Mozilla/5.0 (Windows NT 10.0; Win64; x64) AppleWebKit/537.36 (KHTML, like Gecko) Chrome/64.0.3282.186 Safari/537.36"
95.179.234.251 - - [24/Nov/2024:01:33:45 +0800] "POST /xmlrpc.php HTTP/1.1" 200 724 "-" "Mozilla/5.0 (Windows NT 10.0; Win64; x64) AppleWebKit/537.36 (KHTML, like Gecko) Chrome/64.0.3282.186 Safari/537.36"
216.244.66.232 - - [24/Nov/2024:02:02:19 +0800] "GET /robots.txt HTTP/1.1" 404 438 "-" "Mozilla/5.0 (compatible; DotBot/1.2; +https://opensiteexplorer.org/dotbot; help@moz.com)"
220.135.127.108 - - [24/Nov/2024:02:03:18 +0800] "POST /wp-cron.php?doing_wp_cron=1732384998.1237699985504150390625 HTTP/1.1" 200 259 "-" "WordPress/6.4.3; http://test.matador.tw"
216.244.66.232 - - [24/Nov/2024:02:03:16 +0800] "GET /?p=2124 HTTP/1.1" 200 88365 "-" "Mozilla/5.0 (compatible; DotBot/1.2; +https://opensiteexplorer.org/dotbot; help@moz.com)"
216.244.66.232 - - [24/Nov/2024:02:04:12 +0800] "GET /?p=1769&share=twitter HTTP/1.1" 302 447 "-" "Mozilla/5.0 (compatible; DotBot/1.2; +https://opensiteexplorer.org/dotbot; help@moz.com)"
216.244.66.232 - - [24/Nov/2024:02:04:17 +0800] "GET /?page_id=476&share=tumblr HTTP/1.1" 302 455 "-" "Mozilla/5.0 (compatible; DotBot/1.2; +https://opensiteexplorer.org/dotbot; help@moz.com)"
216.244.66.232 - - [24/Nov/2024:02:04:21 +0800] "GET /?page_id=2655&share=jetpack-whatsapp HTTP/1.1" 200 82992 "-" "Mozilla/5.0 (compatible; DotBot/1.2; +https://opensiteexplorer.org/dotbot; help@moz.com)"
216.244.66.232 - - [24/Nov/2024:02:04:33 +0800] "GET /?page_id=1499&lang=zh-hans&share=linkedin HTTP/1.1" 302 393 "-" "Mozilla/5.0 (compatible; DotBot/1.2; +https://opensiteexplorer.org/dotbot; help@moz.com)"
216.244.66.232 - - [24/Nov/2024:02:04:37 +0800] "GET /?page_id=1528&lang=zh-hans&share=twitter HTTP/1.1" 302 667 "-" "Mozilla/5.0 (compatible; DotBot/1.2; +https://opensiteexplorer.org/dotbot; help@moz.com)"
216.244.66.232 - - [24/Nov/2024:02:04:42 +0800] "GET /?page_id=637&lang=zh-hans&share=twitter HTTP/1.1" 302 507 "-" "Mozilla/5.0 (compatible; DotBot/1.2; +https://opensiteexplorer.org/dotbot; help@moz.com)"
216.244.66.232 - - [24/Nov/2024:02:04:46 +0800] "GET /?page_id=649&lang=zh-hans&share=linkedin HTTP/1.1" 302 392 "-" "Mozilla/5.0 (compatible; DotBot/1.2; +https://opensiteexplorer.org/dotbot; help@moz.com)"
216.244.66.232 - - [24/Nov/2024:02:04:49 +0800] "GET /wp-content/uploads/2013/10/ml350_1921.jpg HTTP/1.1" 200 238692 "-" "Mozilla/5.0 (compatible; DotBot/1.2; +https://opensiteexplorer.org/dotbot; help@moz.com)"
216.244.66.232 - - [24/Nov/2024:02:04:59 +0800] "GET /wp-content/uploads/2016/12/15350531_1287147171347548_954976905092974824_n.jpg HTTP/1.1" 200 46976 "-" "Mozilla/5.0 (compatible; DotBot/1.2; +https://opensiteexplorer.org/dotbot; help@moz.com)"
220.135.127.108 - - [24/Nov/2024:02:12:24 +0800] "POST /wp-cron.php?doing_wp_cron=1732385544.8614239692687988281250 HTTP/1.1" 200 259 "-" "WordPress/6.4.3; http://test.matador.tw"
216.244.66.232 - - [24/Nov/2024:02:12:23 +0800] "GET /index.php/2018/03/08/hello-world/doc/html/url.php?url=https%3A%2F%2Fwww.phpmyadmin.net%2F HTTP/1.1" 301 350 "-" "Mozilla/5.0 (compatible; DotBot/1.2; +https://opensiteexplorer.org/dotbot; help@moz.com)"
220.135.127.108 - - [24/Nov/2024:02:40:53 +0800] "POST /wp-cron.php?doing_wp_cron=1732387253.0210640430450439453125 HTTP/1.1" 200 259 "-" "WordPress/6.4.3; http://test.matador.tw"
77.55.253.212 - - [24/Nov/2024:02:40:51 +0800] "POST /xmlrpc.php HTTP/1.1" 200 723 "-" "Mozilla/5.0 (Windows NT 6.1; WOW64; rv:42.0) Gecko/20100101 Firefox/42.0"
77.55.253.212 - - [24/Nov/2024:02:40:55 +0800] "POST /xmlrpc.php HTTP/1.1" 200 723 "-" "Mozilla/5.0 (Windows NT 6.1; WOW64; rv:42.0) Gecko/20100101 Firefox/42.0"
164.153.35.120 - - [24/Nov/2024:02:41:02 +0800] "POST /xmlrpc.php HTTP/1.1" 200 724 "-" "Mozilla/5.0 (Windows NT 6.1; WOW64; rv:42.0) Gecko/20100101 Firefox/42.0"
164.153.35.120 - - [24/Nov/2024:02:41:04 +0800] "POST /xmlrpc.php HTTP/1.1" 200 724 "-" "Mozilla/5.0 (Windows NT 6.1; WOW64; rv:42.0) Gecko/20100101 Firefox/42.0"
