220.135.127.108 - - [24/Nov/2024:02:41:43 +0800] "POST /wp-cron.php?doing_wp_cron=1732387303.2986168861389160156250 HTTP/1.1" 200 259 "-" "WordPress/6.4.3; http://test.matador.tw"
15.235.166.179 - - [24/Nov/2024:02:41:43 +0800] "POST /xmlrpc.php HTTP/1.1" 200 724 "-" "Mozilla/5.0 (Windows NT 10.0; WOW64) AppleWebKit/537.36 (KHTML, like Gecko) Chrome/91.0.4472.114 Safari/537.36"
15.235.166.179 - - [24/Nov/2024:02:41:44 +0800] "POST /xmlrpc.php HTTP/1.1" 200 724 "-" "Mozilla/5.0 (Windows NT 10.0; WOW64) AppleWebKit/537.36 (KHTML, like Gecko) Chrome/91.0.4472.114 Safari/537.36"
156.228.112.108 - - [24/Nov/2024:03:55:57 +0800] "GET /wp-content/framework.php HTTP/1.1" 200 326 "-" "Mozilla/5.0 (Windows NT 6.2; WOW64) AppleWebKit/537.36 (KHTML, like Gecko) Chrome/32.0.1700.110 Safari/537.36"
154.94.15.20 - - [24/Nov/2024:03:55:59 +0800] "POST /wp-content/framework.php HTTP/1.1" 200 13691 "-" "Mozilla/5.0 (Windows NT 6.2; WOW64) AppleWebKit/537.36 (KHTML, like Gecko) Chrome/32.0.1700.110 Safari/537.36"
156.228.189.143 - - [24/Nov/2024:03:56:02 +0800] "POST /wp-content/framework.php HTTP/1.1" 200 31101 "-" "Mozilla/5.0 (Windows NT 6.2; WOW64) AppleWebKit/537.36 (KHTML, like Gecko) Chrome/32.0.1700.110 Safari/537.36"
220.135.127.108 - - [24/Nov/2024:04:25:22 +0800] "POST /wp-cron.php?doing_wp_cron=1732393522.2408409118652343750000 HTTP/1.1" 200 259 "-" "WordPress/6.4.3; http://test.matador.tw"
52.175.228.235 - - [24/Nov/2024:04:25:19 +0800] "POST /xmlrpc.php HTTP/1.1" 200 724 "-" "Mozilla/5.0 (Windows NT 10.0; Win64; x64) AppleWebKit/537.36 (KHTML, like Gecko) Chrome/74.0.3729.169 Safari/537.36"
52.175.228.235 - - [24/Nov/2024:04:25:24 +0800] "POST /xmlrpc.php HTTP/1.1" 200 724 "-" "Mozilla/5.0 (Windows NT 10.0; Win64; x64) AppleWebKit/537.36 (KHTML, like Gecko) Chrome/74.0.3729.169 Safari/537.36"
185.2.4.76 - - [24/Nov/2024:04:25:24 +0800] "POST /xmlrpc.php HTTP/1.1" 200 720 "-" "Mozilla/5.0 (Windows NT 6.1; WOW64; rv:43.0) Gecko/20100101 Firefox/43.0"
185.2.4.76 - - [24/Nov/2024:04:25:26 +0800] "POST /xmlrpc.php HTTP/1.1" 200 720 "-" "Mozilla/5.0 (Windows NT 6.1; WOW64; rv:43.0) Gecko/20100101 Firefox/43.0"
164.153.35.120 - - [24/Nov/2024:04:25:29 +0800] "POST /xmlrpc.php HTTP/1.1" 200 724 "-" "Mozilla/5.0 (Linux; Android 10) AppleWebKit/537.36 (KHTML, like Gecko) Chrome/91.0.4472.114 Mobile Safari/537.36"
164.153.35.120 - - [24/Nov/2024:04:25:31 +0800] "POST /xmlrpc.php HTTP/1.1" 200 724 "-" "Mozilla/5.0 (Linux; Android 10) AppleWebKit/537.36 (KHTML, like Gecko) Chrome/91.0.4472.114 Mobile Safari/537.36"
198.187.29.33 - - [24/Nov/2024:04:25:40 +0800] "POST /xmlrpc.php HTTP/1.1" 200 723 "-" "Mozilla/5.0 (Windows NT 5.1; rv:36.0) Gecko/20100101 Firefox/36.0"
198.187.29.33 - - [24/Nov/2024:04:25:41 +0800] "POST /xmlrpc.php HTTP/1.1" 200 723 "-" "Mozilla/5.0 (Windows NT 5.1; rv:36.0) Gecko/20100101 Firefox/36.0"
185.44.253.116 - - [24/Nov/2024:04:25:41 +0800] "POST /xmlrpc.php HTTP/1.1" 200 724 "-" "Mozilla/5.0 (iPod; CPU iPhone OS 14_6 like Mac OS X) AppleWebKit/605.1.15 (KHTML, like Gecko) CriOS/91.0.4472.80 Mobile/15E148 Safari/604.1"
185.44.253.116 - - [24/Nov/2024:04:25:44 +0800] "POST /xmlrpc.php HTTP/1.1" 200 724 "-" "Mozilla/5.0 (iPod; CPU iPhone OS 14_6 like Mac OS X) AppleWebKit/605.1.15 (KHTML, like Gecko) CriOS/91.0.4472.80 Mobile/15E148 Safari/604.1"
216.244.66.232 - - [24/Nov/2024:05:07:54 +0800] "GET /robots.txt HTTP/1.1" 404 438 "-" "Mozilla/5.0 (compatible; DotBot/1.2; +https://opensiteexplorer.org/dotbot; help@moz.com)"
220.135.127.108 - - [24/Nov/2024:05:10:39 +0800] "POST /wp-cron.php?doing_wp_cron=1732396239.1878819465637207031250 HTTP/1.1" 200 259 "-" "WordPress/6.4.3; http://test.matador.tw"
216.244.66.232 - - [24/Nov/2024:05:10:38 +0800] "GET /?p=2014&share=twitter HTTP/1.1" 302 412 "-" "Mozilla/5.0 (compatible; DotBot/1.2; +https://opensiteexplorer.org/dotbot; help@moz.com)"
216.244.66.232 - - [24/Nov/2024:05:10:44 +0800] "GET /?page_id=841&share=tumblr HTTP/1.1" 302 572 "-" "Mozilla/5.0 (compatible; DotBot/1.2; +https://opensiteexplorer.org/dotbot; help@moz.com)"
216.244.66.232 - - [24/Nov/2024:05:10:48 +0800] "GET /?page_id=454&share=jetpack-whatsapp HTTP/1.1" 200 83946 "-" "Mozilla/5.0 (compatible; DotBot/1.2; +https://opensiteexplorer.org/dotbot; help@moz.com)"
216.244.66.232 - - [24/Nov/2024:05:10:53 +0800] "GET /?page_id=807&share=jetpack-whatsapp HTTP/1.1" 200 81660 "-" "Mozilla/5.0 (compatible; DotBot/1.2; +https://opensiteexplorer.org/dotbot; help@moz.com)"
216.244.66.232 - - [24/Nov/2024:05:10:57 +0800] "GET /?page_id=818&share=jetpack-whatsapp HTTP/1.1" 200 81089 "-" "Mozilla/5.0 (compatible; DotBot/1.2; +https://opensiteexplorer.org/dotbot; help@moz.com)"
216.244.66.232 - - [24/Nov/2024:05:11:01 +0800] "GET /?page_id=825&share=jetpack-whatsapp HTTP/1.1" 200 80865 "-" "Mozilla/5.0 (compatible; DotBot/1.2; +https://opensiteexplorer.org/dotbot; help@moz.com)"
216.244.66.232 - - [24/Nov/2024:05:11:08 +0800] "GET /?page_id=660&lang=zh-hans&share=tumblr HTTP/1.1" 302 453 "-" "Mozilla/5.0 (compatible; DotBot/1.2; +https://opensiteexplorer.org/dotbot; help@moz.com)"
216.244.66.232 - - [24/Nov/2024:05:55:53 +0800] "GET /robots.txt HTTP/1.1" 404 438 "-" "Mozilla/5.0 (compatible; DotBot/1.2; +https://opensiteexplorer.org/dotbot; help@moz.com)"
220.135.127.108 - - [24/Nov/2024:05:59:20 +0800] "POST /wp-cron.php?doing_wp_cron=1732399160.6449229717254638671875 HTTP/1.1" 200 259 "-" "WordPress/6.4.3; http://test.matador.tw/?lang=zh-hans"
216.244.66.232 - - [24/Nov/2024:05:59:19 +0800] "GET /?page_id=1494&lang=zh-hans&share=facebook HTTP/1.1" 302 392 "-" "Mozilla/5.0 (compatible; DotBot/1.2; +https://opensiteexplorer.org/dotbot; help@moz.com)"
216.244.66.232 - - [24/Nov/2024:05:59:25 +0800] "GET /?page_id=607&lang=zh-hans&share=tumblr HTTP/1.1" 302 391 "-" "Mozilla/5.0 (compatible; DotBot/1.2; +https://opensiteexplorer.org/dotbot; help@moz.com)"
216.244.66.232 - - [24/Nov/2024:05:59:43 +0800] "GET /?page_id=630&lang=zh-hans&share=jetpack-whatsapp HTTP/1.1" 200 83894 "-" "Mozilla/5.0 (compatible; DotBot/1.2; +https://opensiteexplorer.org/dotbot; help@moz.com)"
220.135.127.108 - - [24/Nov/2024:06:05:27 +0800] "POST /wp-cron.php?doing_wp_cron=1732399527.0816059112548828125000 HTTP/1.1" 200 259 "-" "WordPress/6.4.3; http://test.matador.tw"
23.228.113.98 - - [24/Nov/2024:06:05:26 +0800] "POST /xmlrpc.php HTTP/1.1" 200 723 "-" "Mozilla/5.0 (Windows; U; Windows NT 5.1; en-US; rv:1.7.5) Gecko/20041107 Firefox/1.0"
23.228.113.98 - - [24/Nov/2024:06:05:28 +0800] "POST /xmlrpc.php HTTP/1.1" 200 723 "-" "Mozilla/5.0 (Windows; U; Windows NT 5.1; en-US; rv:1.7.5) Gecko/20041107 Firefox/1.0"
200.58.96.140 - - [24/Nov/2024:06:05:35 +0800] "POST /xmlrpc.php HTTP/1.1" 200 723 "-" "Mozilla/5.0 (Windows NT 10.0; Win64; x64; rv:88.0) Gecko/20100101 Firefox/88.0"
200.58.96.140 - - [24/Nov/2024:06:05:37 +0800] "POST /xmlrpc.php HTTP/1.1" 200 723 "-" "Mozilla/5.0 (Windows NT 10.0; Win64; x64; rv:88.0) Gecko/20100101 Firefox/88.0"
144.48.240.203 - - [24/Nov/2024:06:05:38 +0800] "POST /xmlrpc.php HTTP/1.1" 200 724 "-" "Mozilla/5.0 (Windows NT 10.0; Win64; x64; rv:57.0) Gecko/20100101 Firefox/57.0"
144.48.240.203 - - [24/Nov/2024:06:05:39 +0800] "POST /xmlrpc.php HTTP/1.1" 200 724 "-" "Mozilla/5.0 (Windows NT 10.0; Win64; x64; rv:57.0) Gecko/20100101 Firefox/57.0"
185.44.253.116 - - [24/Nov/2024:06:05:44 +0800] "POST /xmlrpc.php HTTP/1.1" 200 724 "-" "Mozilla/5.0 (Windows NT 10.0; WOW64; rv:50.0) Gecko/20100101 Firefox/50.0"
185.44.253.116 - - [24/Nov/2024:06:05:46 +0800] "POST /xmlrpc.php HTTP/1.1" 200 724 "-" "Mozilla/5.0 (Windows NT 10.0; WOW64; rv:50.0) Gecko/20100101 Firefox/50.0"
194.74.100.18 - - [24/Nov/2024:06:05:56 +0800] "POST /xmlrpc.php HTTP/1.1" 200 723 "-" "Mozilla/5.0 (Macintosh; Intel Mac OS X 11_4) AppleWebKit/537.36 (KHTML, like Gecko) Chrome/91.0.4472.114 Safari/537.36"
194.74.100.18 - - [24/Nov/2024:06:05:58 +0800] "POST /xmlrpc.php HTTP/1.1" 200 723 "-" "Mozilla/5.0 (Macintosh; Intel Mac OS X 11_4) AppleWebKit/537.36 (KHTML, like Gecko) Chrome/91.0.4472.114 Safari/537.36"
168.75.102.84 - - [24/Nov/2024:06:06:00 +0800] "POST /xmlrpc.php HTTP/1.1" 200 723 "-" "Mozilla/5.0 (Windows NT 10.0; Win64; x64; rv:79.0) Gecko/20100101 Firefox/79.0"
168.75.102.84 - - [24/Nov/2024:06:06:02 +0800] "POST /xmlrpc.php HTTP/1.1" 200 723 "-" "Mozilla/5.0 (Windows NT 10.0; Win64; x64; rv:79.0) Gecko/20100101 Firefox/79.0"
185.44.253.116 - - [24/Nov/2024:06:06:16 +0800] "POST /xmlrpc.php HTTP/1.1" 200 724 "-" "Mozilla/5.0 (iPhone; CPU iPhone OS 14_6 like Mac OS X) AppleWebKit/605.1.15 (KHTML, like Gecko) CriOS/91.0.4472.80 Mobile/15E148 Safari/604.1"
185.44.253.116 - - [24/Nov/2024:06:06:17 +0800] "POST /xmlrpc.php HTTP/1.1" 200 724 "-" "Mozilla/5.0 (iPhone; CPU iPhone OS 14_6 like Mac OS X) AppleWebKit/605.1.15 (KHTML, like Gecko) CriOS/91.0.4472.80 Mobile/15E148 Safari/604.1"
167.99.192.252 - - [24/Nov/2024:06:06:18 +0800] "POST /xmlrpc.php HTTP/1.1" 200 724 "-" "Mozilla/5.0 (Windows NT 10.0) AppleWebKit/537.36 (KHTML, like Gecko) Chrome/72.0.3626.121 Safari/537.36"
167.99.192.252 - - [24/Nov/2024:06:06:20 +0800] "POST /xmlrpc.php HTTP/1.1" 200 724 "-" "Mozilla/5.0 (Windows NT 10.0) AppleWebKit/537.36 (KHTML, like Gecko) Chrome/72.0.3626.121 Safari/537.36"
168.75.102.84 - - [24/Nov/2024:06:06:21 +0800] "POST /xmlrpc.php HTTP/1.1" 200 723 "-" "Mozilla/5.0 (Linux; Android 10; SM-A205U) AppleWebKit/537.36 (KHTML, like Gecko) Chrome/91.0.4472.114 Mobile Safari/537.36"
168.75.102.84 - - [24/Nov/2024:06:06:23 +0800] "POST /xmlrpc.php HTTP/1.1" 200 723 "-" "Mozilla/5.0 (Linux; Android 10; SM-A205U) AppleWebKit/537.36 (KHTML, like Gecko) Chrome/91.0.4472.114 Mobile Safari/537.36"
220.135.127.108 - - [24/Nov/2024:06:06:26 +0800] "POST /wp-cron.php?doing_wp_cron=1732399586.5214989185333251953125 HTTP/1.1" 200 259 "-" "WordPress/6.4.3; http://test.matador.tw"
51.195.5.36 - - [24/Nov/2024:06:06:26 +0800] "POST /xmlrpc.php HTTP/1.1" 200 721 "-" "Mozilla/5.0 (Windows NT 10.0; Win64; x64) AppleWebKit/537.36 (KHTML, like Gecko) Chrome/80.0.3987.132 Safari/537.36"
193.106.249.134 - - [24/Nov/2024:06:06:27 +0800] "POST /xmlrpc.php HTTP/1.1" 200 725 "-" "Mozilla/5.0 (Windows NT 6.1; WOW64; rv:38.0) Gecko/20100101 Firefox/38.0"
51.195.5.36 - - [24/Nov/2024:06:06:28 +0800] "POST /xmlrpc.php HTTP/1.1" 200 721 "-" "Mozilla/5.0 (Windows NT 10.0; Win64; x64) AppleWebKit/537.36 (KHTML, like Gecko) Chrome/80.0.3987.132 Safari/537.36"
193.106.249.134 - - [24/Nov/2024:06:06:29 +0800] "POST /xmlrpc.php HTTP/1.1" 200 725 "-" "Mozilla/5.0 (Windows NT 6.1; WOW64; rv:38.0) Gecko/20100101 Firefox/38.0"
220.135.127.108 - - [24/Nov/2024:06:14:33 +0800] "POST /wp-cron.php?doing_wp_cron=1732400073.6884961128234863281250 HTTP/1.1" 200 259 "-" "WordPress/6.4.3; http://test.matador.tw/?lang=zh-hans"
114.119.141.53 - - [24/Nov/2024:06:14:32 +0800] "GET /?page_id=627&lang=zh-hans HTTP/1.1" 200 25557 "http://test.matador.tw/?page_id=609&lang=zh-hans" "Mozilla/5.0 (Linux; Android 7.0;) AppleWebKit/537.36 (KHTML, like Gecko) Mobile Safari/537.36 (compatible; PetalBot;+https://webmaster.petalsearch.com/site/petalbot)"
69.163.177.71 - - [24/Nov/2024:06:19:06 +0800] "GET /wp-login.php HTTP/1.1" 200 4825 "-" "Mozilla/5.0 (X11; Ubuntu; Linux x86_64; rv:62.0) Gecko/20100101 Firefox/62.0"
216.244.66.232 - - [24/Nov/2024:06:42:33 +0800] "GET /robots.txt HTTP/1.1" 404 438 "-" "Mozilla/5.0 (compatible; DotBot/1.2; +https://opensiteexplorer.org/dotbot; help@moz.com)"
220.135.127.108 - - [24/Nov/2024:06:47:58 +0800] "POST /wp-cron.php?doing_wp_cron=1732402078.3811149597167968750000 HTTP/1.1" 200 259 "-" "WordPress/6.4.3; http://test.matador.tw"
216.244.66.232 - - [24/Nov/2024:06:47:57 +0800] "GET /?p=1958&share=tumblr HTTP/1.1" 302 496 "-" "Mozilla/5.0 (compatible; DotBot/1.2; +https://opensiteexplorer.org/dotbot; help@moz.com)"
216.244.66.232 - - [24/Nov/2024:06:48:04 +0800] "GET /?p=2005&share=twitter HTTP/1.1" 302 384 "-" "Mozilla/5.0 (compatible; DotBot/1.2; +https://opensiteexplorer.org/dotbot; help@moz.com)"
216.244.66.232 - - [24/Nov/2024:06:48:09 +0800] "GET /?page_id=119&share=facebook HTTP/1.1" 302 374 "-" "Mozilla/5.0 (compatible; DotBot/1.2; +https://opensiteexplorer.org/dotbot; help@moz.com)"
216.244.66.232 - - [24/Nov/2024:06:48:12 +0800] "GET /?page_id=1452&share=linkedin HTTP/1.1" 302 376 "-" "Mozilla/5.0 (compatible; DotBot/1.2; +https://opensiteexplorer.org/dotbot; help@moz.com)"
216.244.66.232 - - [24/Nov/2024:06:48:16 +0800] "GET /?page_id=1981&share=linkedin HTTP/1.1" 302 329 "-" "Mozilla/5.0 (compatible; DotBot/1.2; +https://opensiteexplorer.org/dotbot; help@moz.com)"
216.244.66.232 - - [24/Nov/2024:06:48:19 +0800] "GET /?page_id=458&share=linkedin HTTP/1.1" 302 375 "-" "Mozilla/5.0 (compatible; DotBot/1.2; +https://opensiteexplorer.org/dotbot; help@moz.com)"
216.244.66.232 - - [24/Nov/2024:06:48:22 +0800] "GET /?page_id=834&share=tumblr HTTP/1.1" 302 608 "-" "Mozilla/5.0 (compatible; DotBot/1.2; +https://opensiteexplorer.org/dotbot; help@moz.com)"
216.244.66.232 - - [24/Nov/2024:06:48:44 +0800] "GET /?page_id=1522&lang=zh-hans&share=tumblr HTTP/1.1" 302 590 "-" "Mozilla/5.0 (compatible; DotBot/1.2; +https://opensiteexplorer.org/dotbot; help@moz.com)"
216.244.66.232 - - [24/Nov/2024:06:48:46 +0800] "GET /?page_id=2201&lang=zh-hans&share=linkedin HTTP/1.1" 302 346 "-" "Mozilla/5.0 (compatible; DotBot/1.2; +https://opensiteexplorer.org/dotbot; help@moz.com)"
220.135.127.108 - - [24/Nov/2024:07:04:34 +0800] "POST /wp-cron.php?doing_wp_cron=1732403074.7791740894317626953125 HTTP/1.1" 200 259 "-" "WordPress/6.4.3; http://test.matador.tw"
95.179.234.251 - - [24/Nov/2024:07:04:33 +0800] "POST /xmlrpc.php HTTP/1.1" 200 724 "-" "Mozilla/5.0 (Windows NT 10.0; Win64; x64; rv:63.0) Gecko/20100101 Firefox/63.0"
95.179.234.251 - - [24/Nov/2024:07:04:36 +0800] "POST /xmlrpc.php HTTP/1.1" 200 724 "-" "Mozilla/5.0 (Windows NT 10.0; Win64; x64; rv:63.0) Gecko/20100101 Firefox/63.0"
45.118.151.91 - - [24/Nov/2024:07:04:44 +0800] "POST /xmlrpc.php HTTP/1.1" 200 723 "-" "Mozilla/5.0 (Windows NT 10.0; Win64; x64) AppleWebKit/537.36 (KHTML, like Gecko) Chrome/83.0.4103.116 Safari/537.36"
45.118.151.91 - - [24/Nov/2024:07:04:45 +0800] "POST /xmlrpc.php HTTP/1.1" 200 723 "-" "Mozilla/5.0 (Windows NT 10.0; Win64; x64) AppleWebKit/537.36 (KHTML, like Gecko) Chrome/83.0.4103.116 Safari/537.36"
210.19.68.53 - - [24/Nov/2024:07:04:53 +0800] "POST /xmlrpc.php HTTP/1.1" 200 722 "-" "Mozilla/5.0 (Linux; Android 6.0.1; RedMi Note 5 Build/RB3N5C; wv) AppleWebKit/537.36 (KHTML, like Gecko) Version/4.0 Chrome/68.0.3440.91 Mobile Safari/537.36"
210.19.68.53 - - [24/Nov/2024:07:04:54 +0800] "POST /xmlrpc.php HTTP/1.1" 200 722 "-" "Mozilla/5.0 (Linux; Android 6.0.1; RedMi Note 5 Build/RB3N5C; wv) AppleWebKit/537.36 (KHTML, like Gecko) Version/4.0 Chrome/68.0.3440.91 Mobile Safari/537.36"
195.117.36.226 - - [24/Nov/2024:07:04:57 +0800] "POST /xmlrpc.php HTTP/1.1" 200 724 "-" "Mozilla/5.0 (Windows NT 10.0; Win64; x64) AppleWebKit/537.36 (KHTML, like Gecko) Chrome/91.0.4472.114 Safari/537.36"
195.117.36.226 - - [24/Nov/2024:07:04:59 +0800] "POST /xmlrpc.php HTTP/1.1" 200 724 "-" "Mozilla/5.0 (Windows NT 10.0; Win64; x64) AppleWebKit/537.36 (KHTML, like Gecko) Chrome/91.0.4472.114 Safari/537.36"
185.44.253.116 - - [24/Nov/2024:07:04:58 +0800] "POST /xmlrpc.php HTTP/1.1" 200 724 "-" "Mozilla/5.0 (Windows NT 5.1; rv:36.0) Gecko/20100101 Firefox/36.0"
185.44.253.116 - - [24/Nov/2024:07:05:01 +0800] "POST /xmlrpc.php HTTP/1.1" 200 724 "-" "Mozilla/5.0 (Windows NT 5.1; rv:36.0) Gecko/20100101 Firefox/36.0"
78.47.47.46 - - [24/Nov/2024:07:05:08 +0800] "POST /xmlrpc.php HTTP/1.1" 200 721 "-" "Mozilla/5.0 (Windows NT 6.1; Win64; x64) AppleWebKit/537.36 (KHTML, like Gecko) Chrome/79.0.3945.88 Safari/537.36"
185.44.253.116 - - [24/Nov/2024:07:05:09 +0800] "POST /xmlrpc.php HTTP/1.1" 200 724 "-" "Mozilla/5.0 (Windows NT 6.0; rv:34.0) Gecko/20100101 Firefox/34.0"
78.47.47.46 - - [24/Nov/2024:07:05:10 +0800] "POST /xmlrpc.php HTTP/1.1" 200 721 "-" "Mozilla/5.0 (Windows NT 6.1; Win64; x64) AppleWebKit/537.36 (KHTML, like Gecko) Chrome/79.0.3945.88 Safari/537.36"
185.44.253.116 - - [24/Nov/2024:07:05:11 +0800] "POST /xmlrpc.php HTTP/1.1" 200 724 "-" "Mozilla/5.0 (Windows NT 6.0; rv:34.0) Gecko/20100101 Firefox/34.0"
194.74.100.18 - - [24/Nov/2024:07:05:19 +0800] "POST /xmlrpc.php HTTP/1.1" 200 723 "-" "Mozilla/5.0 (Windows NT 10.0; Win64; x64; rv:60.0) Gecko/20100101 Firefox/60.0"
14.224.141.133 - - [24/Nov/2024:07:05:20 +0800] "POST /xmlrpc.php HTTP/1.1" 200 724 "-" "Mozilla/5.0 (Windows NT 6.1; rv:52.0) Gecko/20100101 Firefox/52.0"
14.224.141.133 - - [24/Nov/2024:07:05:21 +0800] "POST /xmlrpc.php HTTP/1.1" 200 724 "-" "Mozilla/5.0 (Windows NT 6.1; rv:52.0) Gecko/20100101 Firefox/52.0"
194.74.100.18 - - [24/Nov/2024:07:05:21 +0800] "POST /xmlrpc.php HTTP/1.1" 200 723 "-" "Mozilla/5.0 (Windows NT 10.0; Win64; x64; rv:60.0) Gecko/20100101 Firefox/60.0"
195.117.36.226 - - [24/Nov/2024:07:05:28 +0800] "POST /xmlrpc.php HTTP/1.1" 200 724 "-" "Mozilla/5.0 (Windows NT 6.1; Win64; x64) AppleWebKit/537.36 (KHTML, like Gecko) Chrome/60.0.3112.90 Safari/537.36"
195.117.36.226 - - [24/Nov/2024:07:05:30 +0800] "POST /xmlrpc.php HTTP/1.1" 200 724 "-" "Mozilla/5.0 (Windows NT 6.1; Win64; x64) AppleWebKit/537.36 (KHTML, like Gecko) Chrome/60.0.3112.90 Safari/537.36"
8.218.163.254 - - [24/Nov/2024:07:05:32 +0800] "POST /xmlrpc.php HTTP/1.1" 200 723 "-" "Mozilla/5.0 (Windows NT 6.1; Win64; x64; rv:57.0) Gecko/20100101 Firefox/57.0"
8.218.163.254 - - [24/Nov/2024:07:05:33 +0800] "POST /xmlrpc.php HTTP/1.1" 200 723 "-" "Mozilla/5.0 (Windows NT 6.1; Win64; x64; rv:57.0) Gecko/20100101 Firefox/57.0"
194.74.100.18 - - [24/Nov/2024:07:05:40 +0800] "POST /xmlrpc.php HTTP/1.1" 200 723 "-" "Mozilla/5.0 (Windows NT 10.0; Win64; x64) AppleWebKit/537.36 (KHTML, like Gecko) Chrome/57.0.2987.133 Safari/537.36"
194.74.100.18 - - [24/Nov/2024:07:05:41 +0800] "POST /xmlrpc.php HTTP/1.1" 200 723 "-" "Mozilla/5.0 (Windows NT 10.0; Win64; x64) AppleWebKit/537.36 (KHTML, like Gecko) Chrome/57.0.2987.133 Safari/537.36"
220.135.127.108 - - [24/Nov/2024:07:29:51 +0800] "POST /wp-cron.php?doing_wp_cron=1732404591.4705669879913330078125 HTTP/1.1" 200 259 "-" "WordPress/6.4.3; http://test.matador.tw"
114.119.141.53 - - [24/Nov/2024:07:29:49 +0800] "GET /?paged=2&author=1 HTTP/1.1" 200 39409 "http://test.matador.tw/?author=1" "Mozilla/5.0 (Linux; Android 7.0;) AppleWebKit/537.36 (KHTML, like Gecko) Mobile Safari/537.36 (compatible; PetalBot;+https://webmaster.petalsearch.com/site/petalbot)"
185.44.253.116 - - [24/Nov/2024:07:31:06 +0800] "POST /xmlrpc.php HTTP/1.1" 200 724 "-" "Mozilla/5.0 (Linux; Android 6.0.1; RedMi Note 5 Build/RB3N5C; wv) AppleWebKit/537.36 (KHTML, like Gecko) Version/4.0 Chrome/68.0.3440.91 Mobile Safari/537.36"
149.88.80.156 - - [24/Nov/2024:07:31:05 +0800] "POST /xmlrpc.php HTTP/1.1" 200 723 "-" "Mozilla/5.0 (Windows NT 6.1; WOW64; rv:44.0) Gecko/20100101 Firefox/44.0"
149.88.80.156 - - [24/Nov/2024:07:31:08 +0800] "POST /xmlrpc.php HTTP/1.1" 200 723 "-" "Mozilla/5.0 (Windows NT 6.1; WOW64; rv:44.0) Gecko/20100101 Firefox/44.0"
185.44.253.116 - - [24/Nov/2024:07:31:08 +0800] "POST /xmlrpc.php HTTP/1.1" 200 724 "-" "Mozilla/5.0 (Linux; Android 6.0.1; RedMi Note 5 Build/RB3N5C; wv) AppleWebKit/537.36 (KHTML, like Gecko) Version/4.0 Chrome/68.0.3440.91 Mobile Safari/537.36"
65.21.251.206 - - [24/Nov/2024:07:31:08 +0800] "POST /xmlrpc.php HTTP/1.1" 200 723 "-" "Mozilla/5.0 (Windows NT 10.0; Win64; x64) AppleWebKit/537.36 (KHTML, like Gecko) Chrome/64.0.3282.186 Safari/537.36"
65.21.251.206 - - [24/Nov/2024:07:31:10 +0800] "POST /xmlrpc.php HTTP/1.1" 200 723 "-" "Mozilla/5.0 (Windows NT 10.0; Win64; x64) AppleWebKit/537.36 (KHTML, like Gecko) Chrome/64.0.3282.186 Safari/537.36"
216.158.228.239 - - [24/Nov/2024:07:31:11 +0800] "POST /xmlrpc.php HTTP/1.1" 200 725 "-" "Mozilla/5.0 (Windows NT 10.0; Win64; x64) AppleWebKit/537.36 (KHTML, like Gecko) Chrome/70.0.3538.102 Safari/537.36"
216.158.228.239 - - [24/Nov/2024:07:31:13 +0800] "POST /xmlrpc.php HTTP/1.1" 200 725 "-" "Mozilla/5.0 (Windows NT 10.0; Win64; x64) AppleWebKit/537.36 (KHTML, like Gecko) Chrome/70.0.3538.102 Safari/537.36"
220.135.127.108 - - [24/Nov/2024:07:31:26 +0800] "POST /wp-cron.php?doing_wp_cron=1732404686.5179979801177978515625 HTTP/1.1" 200 259 "-" "WordPress/6.4.3; http://test.matador.tw"
123.30.107.59 - - [24/Nov/2024:07:31:26 +0800] "POST /xmlrpc.php HTTP/1.1" 200 723 "-" "Mozilla/5.0 (Windows NT 10.0; Win64; x64) AppleWebKit/537.36 (KHTML, like Gecko) Chrome/67.0.3396.99 Safari/537.36"
123.30.107.59 - - [24/Nov/2024:07:31:27 +0800] "POST /xmlrpc.php HTTP/1.1" 200 723 "-" "Mozilla/5.0 (Windows NT 10.0; Win64; x64) AppleWebKit/537.36 (KHTML, like Gecko) Chrome/67.0.3396.99 Safari/537.36"
45.55.51.78 - - [24/Nov/2024:07:31:37 +0800] "POST /xmlrpc.php HTTP/1.1" 200 721 "-" "Mozilla/5.0 (Windows NT 10.0; Win64; x64) AppleWebKit/537.36 (KHTML, like Gecko) Chrome/81.0.4044.138 Safari/537.36"
45.55.51.78 - - [24/Nov/2024:07:31:39 +0800] "POST /xmlrpc.php HTTP/1.1" 200 721 "-" "Mozilla/5.0 (Windows NT 10.0; Win64; x64) AppleWebKit/537.36 (KHTML, like Gecko) Chrome/81.0.4044.138 Safari/537.36"
168.75.102.84 - - [24/Nov/2024:07:31:43 +0800] "POST /xmlrpc.php HTTP/1.1" 200 723 "-" "Mozilla/5.0 (Macintosh; Intel Mac OS X 10_10; rv:33.0) Gecko/20100101 Firefox/33.0"
168.75.102.84 - - [24/Nov/2024:07:31:46 +0800] "POST /xmlrpc.php HTTP/1.1" 200 723 "-" "Mozilla/5.0 (Macintosh; Intel Mac OS X 10_10; rv:33.0) Gecko/20100101 Firefox/33.0"
200.58.96.140 - - [24/Nov/2024:07:31:46 +0800] "POST /xmlrpc.php HTTP/1.1" 200 723 "-" "Mozilla/5.0 (Windows NT 6.1; WOW64; rv:18.0) Gecko/20100101 Firefox/18.0"
200.58.96.140 - - [24/Nov/2024:07:31:48 +0800] "POST /xmlrpc.php HTTP/1.1" 200 723 "-" "Mozilla/5.0 (Windows NT 6.1; WOW64; rv:18.0) Gecko/20100101 Firefox/18.0"
185.44.253.116 - - [24/Nov/2024:07:31:50 +0800] "POST /xmlrpc.php HTTP/1.1" 200 724 "-" "Mozilla/5.0 (Linux; Android 10; SM-A205U) AppleWebKit/537.36 (KHTML, like Gecko) Chrome/91.0.4472.114 Mobile Safari/537.36"
185.44.253.116 - - [24/Nov/2024:07:31:52 +0800] "POST /xmlrpc.php HTTP/1.1" 200 724 "-" "Mozilla/5.0 (Linux; Android 10; SM-A205U) AppleWebKit/537.36 (KHTML, like Gecko) Chrome/91.0.4472.114 Mobile Safari/537.36"
51.195.5.36 - - [24/Nov/2024:07:31:56 +0800] "POST /xmlrpc.php HTTP/1.1" 200 721 "-" "Mozilla/5.0 (Windows NT 6.1; WOW64; rv:42.0) Gecko/20100101 Firefox/42.0"
51.195.5.36 - - [24/Nov/2024:07:31:58 +0800] "POST /xmlrpc.php HTTP/1.1" 200 721 "-" "Mozilla/5.0 (Windows NT 6.1; WOW64; rv:42.0) Gecko/20100101 Firefox/42.0"
150.158.50.134 - - [24/Nov/2024:07:32:06 +0800] "POST /xmlrpc.php HTTP/1.1" 200 724 "-" "Mozilla/5.0 (Windows NT 10.0) AppleWebKit/537.36 (KHTML, like Gecko) Chrome/72.0.3626.121 Safari/537.36"
150.158.50.134 - - [24/Nov/2024:07:32:08 +0800] "POST /xmlrpc.php HTTP/1.1" 200 724 "-" "Mozilla/5.0 (Windows NT 10.0) AppleWebKit/537.36 (KHTML, like Gecko) Chrome/72.0.3626.121 Safari/537.36"
216.158.228.239 - - [24/Nov/2024:07:32:12 +0800] "POST /xmlrpc.php HTTP/1.1" 200 725 "-" "Mozilla/5.0 (Windows NT 6.1; Win64; x64) AppleWebKit/537.36 (KHTML, like Gecko) Chrome/79.0.3945.88 Safari/537.36"
216.158.228.239 - - [24/Nov/2024:07:32:13 +0800] "POST /xmlrpc.php HTTP/1.1" 200 725 "-" "Mozilla/5.0 (Windows NT 6.1; Win64; x64) AppleWebKit/537.36 (KHTML, like Gecko) Chrome/79.0.3945.88 Safari/537.36"
220.135.127.108 - - [24/Nov/2024:07:34:49 +0800] "POST /wp-cron.php?doing_wp_cron=1732404889.1773700714111328125000 HTTP/1.1" 200 259 "-" "WordPress/6.4.3; http://test.matador.tw/?lang=en"
114.119.137.43 - - [24/Nov/2024:07:34:48 +0800] "GET /?page_id=887&lang=en HTTP/1.1" 200 23718 "http://test.matador.tw/?cat=13&lang=en" "Mozilla/5.0 (Linux; Android 7.0;) AppleWebKit/537.36 (KHTML, like Gecko) Mobile Safari/537.36 (compatible; PetalBot;+https://webmaster.petalsearch.com/site/petalbot)"
156.253.168.195 - - [24/Nov/2024:08:11:19 +0800] "GET /wp-content/framework.php HTTP/1.1" 200 326 "-" "Opera/9.80 (Windows NT 6.1; WOW64; MRA 5.9 (build 4841)) Presto/2.12.388 Version/12.14"
104.207.55.252 - - [24/Nov/2024:08:11:21 +0800] "POST /wp-content/framework.php HTTP/1.1" 200 13693 "-" "Opera/9.80 (Windows NT 6.1; WOW64; MRA 5.9 (build 4841)) Presto/2.12.388 Version/12.14"
156.233.85.3 - - [24/Nov/2024:08:11:23 +0800] "POST /wp-content/framework.php HTTP/1.1" 200 22308 "-" "Opera/9.80 (Windows NT 6.1; WOW64; MRA 5.9 (build 4841)) Presto/2.12.388 Version/12.14"
220.135.127.108 - - [24/Nov/2024:09:10:26 +0800] "POST /wp-cron.php?doing_wp_cron=1732410626.9357900619506835937500 HTTP/1.1" 200 259 "-" "WordPress/6.4.3; http://test.matador.tw"
220.135.127.108 - - [24/Nov/2024:09:10:26 +0800] "POST /wp-cron.php?doing_wp_cron=1732410626.9372000694274902343750 HTTP/1.1" 200 259 "-" "WordPress/6.4.3; http://test.matador.tw"
168.75.102.84 - - [24/Nov/2024:09:10:22 +0800] "POST /xmlrpc.php HTTP/1.1" 200 723 "-" "Mozilla/5.0 (Windows NT 10.0; Win64; x64) AppleWebKit/537.36 (KHTML, like Gecko) Chrome/81.0.4044.138 Safari/537.36"
185.44.253.116 - - [24/Nov/2024:09:10:21 +0800] "POST /xmlrpc.php HTTP/1.1" 200 724 "-" "Mozilla/5.0 (iPod; CPU iPhone OS 14_6 like Mac OS X) AppleWebKit/605.1.15 (KHTML, like Gecko) CriOS/91.0.4472.80 Mobile/15E148 Safari/604.1"
208.113.151.190 - - [24/Nov/2024:09:10:28 +0800] "POST /xmlrpc.php HTTP/1.1" 200 725 "-" "Mozilla/5.0 (Macintosh; Intel Mac OS X 10_10; rv:33.0) Gecko/20100101 Firefox/33.0"
168.75.102.84 - - [24/Nov/2024:09:10:29 +0800] "POST /xmlrpc.php HTTP/1.1" 200 723 "-" "Mozilla/5.0 (Windows NT 10.0; Win64; x64) AppleWebKit/537.36 (KHTML, like Gecko) Chrome/81.0.4044.138 Safari/537.36"
185.44.253.116 - - [24/Nov/2024:09:10:30 +0800] "POST /xmlrpc.php HTTP/1.1" 200 724 "-" "Mozilla/5.0 (iPod; CPU iPhone OS 14_6 like Mac OS X) AppleWebKit/605.1.15 (KHTML, like Gecko) CriOS/91.0.4472.80 Mobile/15E148 Safari/604.1"
208.113.151.190 - - [24/Nov/2024:09:10:30 +0800] "POST /xmlrpc.php HTTP/1.1" 200 725 "-" "Mozilla/5.0 (Macintosh; Intel Mac OS X 10_10; rv:33.0) Gecko/20100101 Firefox/33.0"
65.21.251.206 - - [24/Nov/2024:09:10:42 +0800] "POST /xmlrpc.php HTTP/1.1" 200 723 "-" "Mozilla/5.0 (Windows NT 6.1; WOW64; rv:18.0) Gecko/20100101 Firefox/18.0"
8.218.163.254 - - [24/Nov/2024:09:10:44 +0800] "POST /xmlrpc.php HTTP/1.1" 200 723 "-" "Mozilla/5.0 (Windows NT 10.0; Win64; x64; rv:85.0) Gecko/20100101 Firefox/85.0"
65.21.251.206 - - [24/Nov/2024:09:10:44 +0800] "POST /xmlrpc.php HTTP/1.1" 200 723 "-" "Mozilla/5.0 (Windows NT 6.1; WOW64; rv:18.0) Gecko/20100101 Firefox/18.0"
8.218.163.254 - - [24/Nov/202451.195.5.36 - - [24/Nov/2024:09:11:02 +0800] "POST /xmlrpc.php HTTP/1.1" 200 721 "-" "Mozilla/5.0 (Macintosh; Intel Mac OS X 10_10; rv:33.0) Gecko/20100101 Firefox/33.0"
51.195.5.36 - - [24/Nov/2024:09:11:04 +0800] "POST /xmlrpc.php HTTP/1.1" 200 721 "-" "Mozilla/5.0 (Macintosh; Intel Mac OS X 10_10; rv:33.0) Gecko/20100101 Firefox/33.0"
92.53.96.139 - - [24/Nov/2024:09:11:09 +0800] "POST /xmlrpc.php HTTP/1.1" 200 722 "-" "Mozilla/5.0 (Windows NT 5.1; rv:30.0) Gecko/20100101 Firefox/30.0"
92.53.96.139 - - [24/Nov/2024:09:11:11 +0800] "POST /xmlrpc.php HTTP/1.1" 200 722 "-" "Mozilla/5.0 (Windows NT 5.1; rv:30.0) Gecko/20100101 Firefox/30.0"
185.44.253.116 - - [24/Nov/2024:09:11:13 +0800] "POST /xmlrpc.php HTTP/1.1" 200 724 "-" "Mozilla/5.0 (Windows NT 6.1; WOW64; rv:18.0) Gecko/20100101 Firefox/18.0"
141.98.152.13 - - [24/Nov/2024:09:11:13 +0800] "POST /xmlrpc.php HTTP/1.1" 200 723 "-" "Mozilla/5.0 (Windows NT 10.0; Win64; x64) AppleWebKit/537.36 (KHTML, like Gecko) Chrome/65.0.3325.181 Safari/537.36"
185.44.253.116 - - [24/Nov/2024:09:11:14 +0800] "POST /xmlrpc.php HTTP/1.1" 200 724 "-" "Mozilla/5.0 (Windows NT 6.1; WOW64; rv:18.0) Gecko/20100101 Firefox/18.0"
141.98.152.13 - - [24/Nov/2024:09:11:16 +0800] "POST /xmlrpc.php HTTP/1.1" 200 723 "-" "Mozilla/5.0 (Windows NT 10.0; Win64; x64) AppleWebKit/537.36 (KHTML, like Gecko) Chrome/65.0.3325.181 Safari/537.36"
220.135.127.108 - - [24/Nov/2024:10:02:02 +0800] "POST /wp-cron.php?doing_wp_cron=1732413721.9707899093627929687500 HTTP/1.1" 200 259 "-" "WordPress/6.4.3; http://test.matador.tw"
191.96.52.13 - - [24/Nov/2024:10:01:56 +0800] "POST /xmlrpc.php HTTP/1.1" 200 722 "-" "Mozilla/5.0 (Windows NT 10.0; Win64; x64; rv:84.0) Gecko/20100101 Firefox/84.0"
191.96.52.13 - - [24/Nov/2024:10:02:04 +0800] "POST /xmlrpc.php HTTP/1.1" 200 722 "-" "Mozilla/5.0 (Windows NT 10.0; Win64; x64; rv:84.0) Gecko/20100101 Firefox/84.0"
168.75.102.84 - - [24/Nov/2024:10:02:10 +0800] "POST /xmlrpc.php HTTP/1.1" 200 723 "-" "Mozilla/5.0 (Windows NT 6.2; Win64; x64) AppleWebKit/537.36 (KHTML, like Gecko) Chrome/60.0.3112.90 Safari/537.36"
168.75.102.84 - - [24/Nov/2024:10:02:12 +0800] "POST /xmlrpc.php HTTP/1.1" 200 723 "-" "Mozilla/5.0 (Windows NT 6.2; Win64; x64) AppleWebKit/537.36 (KHTML, like Gecko) Chrome/60.0.3112.90 Safari/537.36"
185.44.253.116 - - [24/Nov/2024:10:02:26 +0800] "POST /xmlrpc.php HTTP/1.1" 200 724 "-" "Mozilla/5.0 (iPhone; CPU iPhone OS 14_6 like Mac OS X) AppleWebKit/605.1.15 (KHTML, like Gecko) CriOS/91.0.4472.80 Mobile/15E148 Safari/604.1"
185.44.253.116 - - [24/Nov/2024:10:02:33 +0800] "POST /xmlrpc.php HTTP/1.1" 200 724 "-" "Mozilla/5.0 (iPhone; CPU iPhone OS 14_6 like Mac OS X) AppleWebKit/605.1.15 (KHTML, like Gecko) CriOS/91.0.4472.80 Mobile/15E148 Safari/604.1"
220.135.127.108 - - [24/Nov/2024:10:02:51 +0800] "POST /wp-cron.php?doing_wp_cron=1732413771.1689939498901367187500 HTTP/1.1" 200 259 "-" "WordPress/6.4.3; http://test.matador.tw"
192.64.117.254 - - [24/Nov/2024:10:02:49 +0800] "POST /xmlrpc.php HTTP/1.1" 200 724 "-" "Mozilla/5.0 (Windows NT 5.1; rv:33.0) Gecko/20100101 Firefox/33.0"
192.64.117.254 - - [24/Nov/2024:10:02:53 +0800] "POST /xmlrpc.php HTTP/1.1" 200 724 "-" "Mozilla/5.0 (Windows NT 5.1; rv:33.0) Gecko/20100101 Firefox/33.0"
185.114.245.108 - - [24/Nov/2024:10:03:14 +0800] "POST /xmlrpc.php HTTP/1.1" 200 725 "-" "Mozilla/5.0 (Windows NT 6.1; Win64; x64) AppleWebKit/537.36 (KHTML, like Gecko) Chrome/79.0.3945.88 Safari/537.36"
185.114.245.108 - - [24/Nov/2024:10:03:17 +0800] "POST /xmlrpc.php HTTP/1.1" 200 725 "-" "Mozilla/5.0 (Windows NT 6.1; Win64; x64) AppleWebKit/537.36 (KHTML, like Gecko) Chrome/79.0.3945.88 Safari/537.36"
194.74.100.18 - - [24/Nov/2024:10:03:26 +0800] "POST /xmlrpc.php HTTP/1.1" 200 723 "-" "Mozilla/5.0 (Windows NT 10.0; Win64; x64; rv:85.0) Gecko/20100101 Firefox/85.0"
194.74.100.18 - - [24/Nov/2024:10:03:28 +0800] "POST /xmlrpc.php HTTP/1.1" 200 723 "-" "Mozilla/5.0 (Windows NT 10.0; Win64; x64; rv:85.0) Gecko/20100101 Firefox/85.0"
89.37.121.214 - - [24/Nov/2024:10:03:36 +0800] "POST /xmlrpc.php HTTP/1.1" 200 723 "-" "Mozilla/5.0 (Linux; Android 6.0.1; RedMi Note 5 Build/RB3N5C; wv) AppleWebKit/537.36 (KHTML, like Gecko) Version/4.0 Chrome/68.0.3440.91 Mobile Safari/537.36"
89.37.121.214 - - [24/Nov/2024:10:03:38 +0800] "POST /xmlrpc.php HTTP/1.1" 200 723 "-" "Mozilla/5.0 (Linux; Android 6.0.1; RedMi Note 5 Build/RB3N5C; wv) AppleWebKit/537.36 (KHTML, like Gecko) Version/4.0 Chrome/68.0.3440.91 Mobile Safari/537.36"
90.156.142.38 - - [24/Nov/2024:10:04:02 +0800] "POST /xmlrpc.php HTTP/1.1" 200 723 "-" "Mozilla/5.0 (Windows NT 6.3; Win64; x64) AppleWebKit/537.36 (KHTML, like Gecko) Chrome/60.0.3112.113 Safari/537.36"
90.156.142.38 - - [24/Nov/2024:10:04:09 +0800] "POST /xmlrpc.php HTTP/1.1" 200 723 "-" "Mozilla/5.0 (Windows NT 6.3; Win64; x64) AppleWebKit/537.36 (KHTML, like Gecko) Chrome/60.0.3112.113 Safari/537.36"
43.224.124.253 - - [24/Nov/2024:10:12:34 +0800] "GET /shop/wp-login.php HTTP/1.1" 404 457 "-" "Mozilla/5.0 (X11; Ubuntu; Linux x86_64; rv:62.0) Gecko/20100101 Firefox/62.0"
220.135.127.108 - - [24/Nov/2024:10:19:24 +0800] "POST /wp-cron.php?doing_wp_cron=1732414764.9314239025115966796875 HTTP/1.1" 200 259 "-" "WordPress/6.4.3; http://test.matador.tw"
114.119.141.53 - - [24/Nov/2024:10:19:23 +0800] "GET /?cat=25 HTTP/1.1" 200 25526 "http://test.matador.tw/?p=1647" "Mozilla/5.0 (Linux; Android 7.0;) AppleWebKit/537.36 (KHTML, like Gecko) Mobile Safari/537.36 (compatible; PetalBot;+https://webmaster.petalsearch.com/site/petalbot)"
216.244.66.232 - - [24/Nov/2024:10:37:46 +0800] "GET /robots.txt HTTP/1.1" 404 438 "-" "Mozilla/5.0 (compatible; DotBot/1.2; +https://opensiteexplorer.org/dotbot; help@moz.com)"
216.244.66.232 - - [24/Nov/2024:10:46:47 +0800] "GET /?p=1637&share=facebook HTTP/1.1" 302 404 "-" "Mozilla/5.0 (compatible; DotBot/1.2; +https://opensiteexplorer.org/dotbot; help@moz.com)"
220.135.127.108 - - [24/Nov/2024:10:46:51 +0800] "POST /wp-cron.php?doing_wp_cron=1732416411.9219520092010498046875 HTTP/1.1" 200 259 "-" "WordPress/6.4.3; http://test.matador.tw"
216.244.66.232 - - [24/Nov/2024:10:47:29 +0800] "GET /?p=1757&share=tumblr HTTP/1.1" 302 541 "-" "Mozilla/5.0 (compatible; DotBot/1.2; +https://opensiteexplorer.org/dotbot; help@moz.com)"
220.135.127.108 - - [24/Nov/2024:10:48:05 +0800] "POST /wp-cron.php?doing_wp_cron=1732416485.3750441074371337890625 HTTP/1.1" 200 259 "-" "WordPress/6.4.3; http://test.matador.tw"
216.244.66.232 - - [24/Nov/2024:10:48:03 +0800] "GET /?p=2030&share=facebook HTTP/1.1" 302 478 "-" "Mozilla/5.0 (compatible; DotBot/1.2; +https://opensiteexplorer.org/dotbot; help@moz.com)"
216.244.66.232 - - [24/Nov/2024:10:48:37 +0800] "GET /?page_id=537&share=tumblr HTTP/1.1" 302 374 "-" "Mozilla/5.0 (compatible; DotBot/1.2; +https://opensiteexplorer.org/dotbot; help@moz.com)"
216.244.66.232 - - [24/Nov/2024:10:49:05 +0800] "GET /?page_id=854&share=linkedin HTTP/1.1" 302 375 "-" "Mozilla/5.0 (compatible; DotBot/1.2; +https://opensiteexplorer.org/dotbot; help@moz.com)"
216.244.66.232 - - [24/Nov/2024:10:49:33 +0800] "GET /?page_id=607&lang=zh-hans&share=linkedin HTTP/1.1" 302 392 "-" "Mozilla/5.0 (compatible; DotBot/1.2; +https://opensiteexplorer.org/dotbot; help@moz.com)"
216.244.66.232 - - [24/Nov/2024:10:50:00 +0800] "GET /?page_id=609&lang=zh-hans&share=twitter HTTP/1.1" 302 448 "-" "Mozilla/5.0 (compatible; DotBot/1.2; +https://opensiteexplorer.org/dotbot; help@moz.com)"
220.135.127.108 - - [24/Nov/2024:11:13:59 +0800] "POST /wp-cron.php?doing_wp_cron=1732418038.9062199592590332031250 HTTP/1.1" 200 259 "-" "WordPress/6.4.3; http://test.matador.tw"
195.85.205.136 - - [24/Nov/2024:11:13:56 +0800] "POST /xmlrpc.php HTTP/1.1" 200 724 "-" "Mozilla/5.0 (Windows NT 6.1; Win64; x64) AppleWebKit/537.36 (KHTML, like Gecko) Chrome/69.0.3497.100 Safari/537.36"
195.85.205.136 - - [24/Nov/2024:11:14:01 +0800] "POST /xmlrpc.php HTTP/1.1" 200 724 "-" "Mozilla/5.0 (Windows NT 6.1; Win64; x64) AppleWebKit/537.36 (KHTML, like Gecko) Chrome/69.0.3497.100 Safari/537.36"
185.44.253.116 - - [24/Nov/2024:11:14:16 +0800] "POST /xmlrpc.php HTTP/1.1" 200 724 "-" "Mozilla/5.0 (Windows NT 10.0; Win64; x64) AppleWebKit/537.36 (KHTML, like Gecko) Chrome/67.0.3396.99 Safari/537.36"
185.44.253.116 - - [24/Nov/2024:11:14:19 +0800] "POST /xmlrpc.php HTTP/1.1" 200 724 "-" "Mozilla/5.0 (Windows NT 10.0; Win64; x64) AppleWebKit/537.36 (KHTML, like Gecko) Chrome/67.0.3396.99 Safari/537.36"
51.195.5.36 - - [24/Nov/2024:11:14:29 +0800] "POST /xmlrpc.php HTTP/1.1" 200 721 "-" "Mozilla/5.0 (Windows NT 6.3; Win64; x64) AppleWebKit/537.36 (KHTML, like Gecko) Chrome/60.0.3112.113 Safari/537.36"
51.195.5.36 - - [24/Nov/2024:11:14:31 +0800] "POST /xmlrpc.php HTTP/1.1" 200 721 "-" "Mozilla/5.0 (Windows NT 6.3; Win64; x64) AppleWebKit/537.36 (KHTML, like Gecko) Chrome/60.0.3112.113 Safari/537.36"
51.195.5.36 - - [24/Nov/2024:11:23:07 +0800] "POST /xmlrpc.php HTTP/1.1" 200 721 "-" "Mozilla/5.0 (Windows NT 5.1; rv:33.0) Gecko/20100101 Firefox/33.0"
51.195.5.36 - - [24/Nov/2024:11:23:13 +0800] "POST /xmlrpc.php HTTP/1.1" 200 721 "-" "Mozilla/5.0 (Windows NT 5.1; rv:33.0) Gecko/20100101 Firefox/33.0"
220.135.127.108 - - [24/Nov/2024:11:23:11 +0800] "GET /index.php?rest_route=%2Fjetpack%2Fv4%2Fsync%2Fspawn-sync&time=1732418591&request_lock_id=1732418591.3792 HTTP/1.1" 200 277 "-" "WordPress/6.4.3; http://test.matador.tw"
220.135.127.108 - - [24/Nov/2024:11:23:10 +0800] "POST /wp-cron.php?doing_wp_cron=1732418590.1793730258941650390625 HTTP/1.1" 200 259 "-" "WordPress/6.4.3; http://test.matador.tw"
220.135.127.108 - - [24/Nov/2024:11:23:22 +0800] "GET /index.php?rest_route=%2Fjetpack%2Fv4%2Fsync%2Fspawn-sync&time=1732418602&request_lock_id=1732418602.9522 HTTP/1.1" 200 277 "-" "WordPress/6.4.3; http://test.matador.tw"
195.117.36.226 - - [24/Nov/2024:11:23:52 +0800] "POST /xmlrpc.php HTTP/1.1" 200 724 "-" "Mozilla/5.0 (X11; Linux x86_64) AppleWebKit/537.36 (KHTML, like Gecko) Chrome/44.0.2403.157 Safari/537.36"
195.117.36.226 - - [24/Nov/2024:11:23:59 +0800] "POST /xmlrpc.php HTTP/1.1" 200 724 "-" "Mozilla/5.0 (X11; Linux x86_64) AppleWebKit/537.36 (KHTML, like Gecko) Chrome/44.0.2403.157 Safari/537.36"
205.169.39.5 - - [24/Nov/2024:11:38:35 +0800] "GET / HTTP/1.1" 200 25063 "-" "Mozilla/5.0 (Windows NT 10.0; Win64; x64) AppleWebKit/537.36 (KHTML, like Gecko) Chrome/117.0.5938.132 Safari/537.36"
220.135.127.108 - - [24/Nov/2024:11:38:48 +0800] "POST /wp-cron.php?doing_wp_cron=1732419526.4111599922180175781250 HTTP/1.1" 200 259 "-" "WordPress/6.4.3; http://test.matador.tw"
51.195.5.36 - - [24/Nov/2024:11:59:27 +0800] "POST /xmlrpc.php HTTP/1.1" 200 721 "-" "Mozilla/5.0 (Windows NT 6.1; Win64; x64; rv:25.0) Gecko/20100101 Firefox/29.0"
220.135.127.108 - - [24/Nov/2024:11:59:39 +0800] "POST /wp-cron.php?doing_wp_cron=1732420779.0689809322357177734375 HTTP/1.1" 200 259 "-" "WordPress/6.4.3; http://test.matador.tw"
51.195.5.36 - - [24/Nov/2024:11:59:41 +0800] "POST /xmlrpc.php HTTP/1.1" 200 721 "-" "Mozilla/5.0 (Windows NT 6.1; Win64; x64; rv:25.0) Gecko/20100101 Firefox/29.0"
51.195.5.36 - - [24/Nov/2024:11:59:57 +0800] "POST /xmlrpc.php HTTP/1.1" 200 721 "-" "Mozilla/5.0 (Windows NT 10.0; Win64; x64; rv:60.0) Gecko/20100101 Firefox/60.0"
141.98.152.13 - - [24/Nov/2024:11:59:53 +0800] "POST /xmlrpc.php HTTP/1.1" 200 723 "-" "Mozilla/5.0 (Linux; Android 10; LM-Q710(FGN)) AppleWebKit/537.36 (KHTML, like Gecko) Chrome/91.0.4472.114 Mobile Safari/537.36"
141.98.152.13 - - [24/Nov/2024:12:00:02 +0800] "POST /xmlrpc.php HTTP/1.1" 200 723 "-" "Mozilla/5.0 (Linux; Android 10; LM-Q710(FGN)) AppleWebKit/537.36 (KHTML, like Gecko) Chrome/91.0.4472.114 Mobile Safari/537.36"
51.195.5.36 - - [24/Nov/2024:12:00:01 +0800] "POST /xmlrpc.php HTTP/1.1" 200 721 "-" "Mozilla/5.0 (Windows NT 10.0; Win64; x64; rv:60.0) Gecko/20100101 Firefox/60.0"
185.44.253.116 - - [24/Nov/2024:12:00:13 +0800] "POST /xmlrpc.php HTTP/1.1" 200 724 "-" "Mozilla/5.0 (Windows NT 10.0; Win64; x64; rv:85.0) Gecko/20100101 Firefox/85.0"
185.44.253.116 - - [24/Nov/2024:12:00:23 +0800] "POST /xmlrpc.php HTTP/1.1" 200 724 "-" "Mozilla/5.0 (Windows NT 10.0; Win64; x64; rv:85.0) Gecko/20100101 Firefox/85.0"
141.98.152.13 - - [24/Nov/2024:12:00:27 +0800] "POST /xmlrpc.php HTTP/1.1" 200 723 "-" "Mozilla/5.0 (Windows NT 10.0; Win64; x64) AppleWebKit/537.36 (KHTML, like Gecko) Chrome/90.0.4430.93 Safari/537.36"
141.98.152.13 - - [24/Nov/2024:12:00:30 +0800] "POST /xmlrpc.php HTTP/1.1" 200 723 "-" "Mozilla/5.0 (Windows NT 10.0; Win64; x64) AppleWebKit/537.36 (KHTML, like Gecko) Chrome/90.0.4430.93 Safari/537.36"
93.127.163.58 - - [24/Nov/2024:12:00:37 +0800] "POST /xmlrpc.php HTTP/1.1" 200 723 "-" "Mozilla/5.0 (Windows NT 6.1; WOW64; rv:43.0) Gecko/20100101 Firefox/43.0"
185.44.253.116 - - [24/Nov/2024:12:00:38 +0800] "POST /xmlrpc.php HTTP/1.1" 200 724 "-" "Mozilla/5.0 (Windows NT 10.0; Win64; x64) AppleWebKit/537.36 (KHTML, like Gecko) Chrome/70.0.3538.102 Safari/537.36"
93.127.163.58 - - [24/Nov/2024:12:00:39 +0800] "POST /xmlrpc.php HTTP/1.1" 200 723 "-" "Mozilla/5.0 (Windows NT 6.1; WOW64; rv:43.0) Gecko/20100101 Firefox/43.0"
185.44.253.116 - - [24/Nov/2024:12:00:39 +0800] "POST /xmlrpc.php HTTP/1.1" 200 724 "-" "Mozilla/5.0 (Windows NT 10.0; Win64; x64) AppleWebKit/537.36 (KHTML, like Gecko) Chrome/70.0.3538.102 Safari/537.36"
191.96.52.13 - - [24/Nov/2024:12:00:43 +0800] "POST /xmlrpc.php HTTP/1.1" 200 722 "-" "Mozilla/5.0 (iPod; CPU iPhone OS 14_6 like Mac OS X) AppleWebKit/605.1.15 (KHTML, like Gecko) CriOS/91.0.4472.80 Mobile/15E148 Safari/604.1"
191.96.52.13 - - [24/Nov/2024:12:00:45 +0800] "POST /xmlrpc.php HTTP/1.1" 200 722 "-" "Mozilla/5.0 (iPod; CPU iPhone OS 14_6 like Mac OS X) AppleWebKit/605.1.15 (KHTML, like Gecko) CriOS/91.0.4472.80 Mobile/15E148 Safari/604.1"
164.153.35.120 - - [24/Nov/2024:12:00:49 +0800] "POST /xmlrpc.php HTTP/1.1" 200 724 "-" "Mozilla/5.0 (Windows NT 10.0; Win64; x64; rv:79.0) Gecko/20100101 Firefox/79.0"
164.153.35.120 - - [24/Nov/2024:12:00:51 +0800] "POST /xmlrpc.php HTTP/1.1" 200 724 "-" "Mozilla/5.0 (Windows NT 10.0; Win64; x64; rv:79.0) Gecko/20100101 Firefox/79.0"
66.249.79.165 - - [24/Nov/2024:12:44:51 +0800] "GET /robots.txt HTTP/1.1" 404 494 "-" "Mozilla/5.0 (compatible; Googlebot/2.1; +http://www.google.com/bot.html)"
66.249.79.165 - - [24/Nov/2024:12:45:29 +0800] "GET /wp-login.php HTTP/1.1" 200 3153 "-" "Mozilla/5.0 (compatible; Googlebot/2.1; +http://www.google.com/bot.html)"
220.135.127.108 - - [24/Nov/2024:12:45:31 +0800] "POST /wp-cron.php?doing_wp_cron=1732423531.0035800933837890625000 HTTP/1.1" 200 259 "-" "WordPress/6.4.3; http://test.matador.tw"
220.135.127.108 - - [24/Nov/2024:12:47:44 +0800] "POST /wp-cron.php?doing_wp_cron=1732423664.9769029617309570312500 HTTP/1.1" 200 259 "-" "WordPress/6.4.3; http://test.matador.tw"
195.85.205.136 - - [24/Nov/2024:12:47:44 +0800] "POST /xmlrpc.php HTTP/1.1" 200 724 "-" "Mozilla/5.0 (Windows NT 10.0; Win64; x64; rv:84.0) Gecko/20100101 Firefox/84.0"
220.135.127.108 - - [24/Nov/2024:12:47:47 +0800] "POST /wp-cron.php?doing_wp_cron=1732423667.7519080638885498046875 HTTP/1.1" 200 259 "-" "WordPress/6.4.3; http://test.matador.tw"
195.85.205.136 - - [24/Nov/2024:12:47:47 +0800] "POST /xmlrpc.php HTTP/1.1" 200 724 "-" "Mozilla/5.0 (Windows NT 10.0; Win64; x64; rv:84.0) Gecko/20100101 Firefox/84.0"
185.112.149.234 - - [24/Nov/2024:12:48:00 +0800] "POST /xmlrpc.php HTTP/1.1" 200 725 "-" "Mozilla/5.0 (Windows NT 6.1; Win64; x64; rv:61.0) Gecko/20100101 Firefox/61.0"
220.135.127.108 - - [24/Nov/2024:12:48:04 +0800] "POST /wp-cron.php?doing_wp_cron=1732423684.4045269489288330078125 HTTP/1.1" 200 259 "-" "WordPress/6.4.3; http://test.matador.tw"
185.112.149.234 - - [24/Nov/2024:12:48:04 +0800] "POST /xmlrpc.php HTTP/1.1" 200 725 "-" "Mozilla/5.0 (Windows NT 6.1; Win64; x64; rv:61.0) Gecko/20100101 Firefox/61.0"
220.135.127.108 - - [24/Nov/2024:12:48:24 +0800] "POST /wp-cron.php?doing_wp_cron=1732423704.4105141162872314453125 HTTP/1.1" 200 259 "-" "WordPress/6.4.3; http://test.matador.tw"
51.195.5.36 - - [24/Nov/2024:12:48:24 +0800] "POST /xmlrpc.php HTTP/1.1" 200 721 "-" "Mozilla/5.0 (Windows NT 10.0; Win64; x64; rv:57.0) Gecko/20100101 Firefox/57.0"
220.135.127.108 - - [24/Nov/2024:12:48:26 +0800] "POST /wp-cron.php?doing_wp_cron=1732423706.6485168933868408203125 HTTP/1.1" 200 259 "-" "WordPress/6.4.3; http://test.matador.tw"
51.195.5.36 - - [24/Nov/2024
| ver. 1.4 |
Github
|
.
| PHP 7.4.3-4ubuntu2.24 | Генерация страницы: 0 |
proxy
|
phpinfo
|
Настройка