205.169.39.16 - - [22/Nov/2024:10:43:04 +0800] "GET /wp-content/plugins/sitepress-multilingual-cms/templates/language-switchers/menu-item/style.css?ver=1 HTTP/1.1" 200 474 "http://test.matador.tw/" "Mozilla/5.0 (Windows NT 10.0; Win64; x64) AppleWebKit/537.36 (KHTML, like Gecko) Chrome/117.0.5938.132 Safari/537.36"
205.169.39.16 - - [22/Nov/2024:10:43:04 +0800] "GET /wp-content/themes/twentyseventeen/assets/fonts/font-libre-franklin.css?ver=20230328 HTTP/1.1" 200 1092 "http://test.matador.tw/" "Mozilla/5.0 (Windows NT 10.0; Win64; x64) AppleWebKit/537.36 (KHTML, like Gecko) Chrome/117.0.5938.132 Safari/537.36"
205.169.39.16 - - [22/Nov/2024:10:43:04 +0800] "GET /wp-content/themes/twentyseventeen/style.css?ver=20240116 HTTP/1.1" 200 16280 "http://test.matador.tw/" "Mozilla/5.0 (Windows NT 10.0; Win64; x64) AppleWebKit/537.36 (KHTML, like Gecko) Chrome/117.0.5938.132 Safari/537.36"
205.169.39.16 - - [22/Nov/2024:10:43:04 +0800] "GET /wp-content/plugins/sitepress-multilingual-cms/templates/language-switchers/legacy-dropdown/script.js?ver=1 HTTP/1.1" 200 732 "http://test.matador.tw/" "Mozilla/5.0 (Windows NT 10.0; Win64; x64) AppleWebKit/537.36 (KHTML, like Gecko) Chrome/117.0.5938.132 Safari/537.36"
205.169.39.16 - - [22/Nov/2024:10:43:04 +0800] "GET /wp-content/themes/twentyseventeen/assets/css/blocks.css?ver=20220912 HTTP/1.1" 200 2286 "http://test.matador.tw/" "Mozilla/5.0 (Windows NT 10.0; Win64; x64) AppleWebKit/537.36 (KHTML, like Gecko) Chrome/117.0.5938.132 Safari/537.36"
205.169.39.16 - - [22/Nov/2024:10:43:04 +0800] "GET /wp-includes/js/jquery/jquery-migrate.min.js?ver=3.4.1 HTTP/1.1" 200 5223 "http://test.matador.tw/" "Mozilla/5.0 (Windows NT 10.0; Win64; x64) AppleWebKit/537.36 (KHTML, like Gecko) Chrome/117.0.5938.132 Safari/537.36"
205.169.39.16 - - [22/Nov/2024:10:43:04 +0800] "GET /wp-includes/js/jquery/jquery.min.js?ver=3.7.1 HTTP/1.1" 200 30721 "http://test.matador.tw/" "Mozilla/5.0 (Windows NT 10.0; Win64; x64) AppleWebKit/537.36 (KHTML, like Gecko) Chrome/117.0.5938.132 Safari/537.36"
205.169.39.16 - - [22/Nov/2024:10:43:04 +0800] "GET /wp-content/plugins/sitepress-multilingual-cms/dist/js/browser-redirect/app.js?ver=4.2.3 HTTP/1.1" 200 27641 "http://test.matador.tw/" "Mozilla/5.0 (Windows NT 10.0; Win64; x64) AppleWebKit/537.36 (KHTML, like Gecko) Chrome/117.0.5938.132 Safari/537.36"
205.169.39.16 - - [22/Nov/2024:10:43:05 +0800] "GET /wp-content/uploads/2017/06/cropped-FB_Logo_180.jpg HTTP/1.1" 200 8880 "http://test.matador.tw/" "Mozilla/5.0 (Windows NT 10.0; Win64; x64) AppleWebKit/537.36 (KHTML, like Gecko) Chrome/117.0.5938.132 Safari/537.36"
205.169.39.16 - - [22/Nov/2024:10:43:05 +0800] "GET /wp-content/uploads/2019/11/IMG_5742-768x768.jpeg HTTP/1.1" 200 65851 "http://test.matador.tw/" "Mozilla/5.0 (Windows NT 10.0; Win64; x64) AppleWebKit/537.36 (KHTML, like Gecko) Chrome/117.0.5938.132 Safari/537.36"
205.169.39.16 - - [22/Nov/2024:10:43:10 +0800] "GET /wp-content/themes/twentyseventeen/assets/js/global.js?ver=20211130 HTTP/1.1" 200 2989 "http://test.matador.tw/" "Mozilla/5.0 (Windows NT 10.0; Win64; x64) AppleWebKit/537.36 (KHTML, like Gecko) Chrome/117.0.5938.132 Safari/537.36"
205.169.39.16 - - [22/Nov/2024:10:43:10 +0800] "GET /wp-content/themes/twentyseventeen/assets/js/jquery.scrollTo.js?ver=2.1.3 HTTP/1.1" 200 2765 "http://test.matador.tw/" "Mozilla/5.0 (Windows NT 10.0; Win64; x64) AppleWebKit/537.36 (KHTML, like Gecko) Chrome/117.0.5938.132 Safari/537.36"
205.169.39.16 - - [22/Nov/2024:10:43:10 +0800] "GET /wp-content/themes/twentyseventeen/assets/js/navigation.js?ver=20210122 HTTP/1.1" 200 1512 "http://test.matador.tw/" "Mozilla/5.0 (Windows NT 10.0; Win64; x64) AppleWebKit/537.36 (KHTML, like Gecko) Chrome/117.0.5938.132 Safari/537.36"
205.169.39.16 - - [22/Nov/2024:10:43:10 +0800] "GET /wp-includes/js/wp-emoji-release.min.js?ver=6.4.3 HTTP/1.1" 200 5390 "http://test.matador.tw/" "Mozilla/5.0 (Windows NT 10.0; Win64; x64) AppleWebKit/537.36 (KHTML, like Gecko) Chrome/117.0.5938.132 Safari/537.36"
205.169.39.16 - - [22/Nov/2024:10:43:10 +0800] "GET /?lang=en HTTP/1.1" 200 24063 "http://test.matador.tw/" "Mozilla/5.0 (Windows NT 10.0; Win64; x64) AppleWebKit/537.36 (KHTML, like Gecko) Chrome/117.0.5938.132 Safari/537.36"
205.169.39.16 - - [22/Nov/2024:10:43:12 +0800] "GET /wp-includes/js/mediaelement/wp-mediaelement.min.css?ver=6.4.3 HTTP/1.1" 200 1494 "http://test.matador.tw/?lang=en" "Mozilla/5.0 (Windows NT 10.0; Win64; x64) AppleWebKit/537.36 (KHTML, like Gecko) Chrome/117.0.5938.132 Safari/537.36"
205.169.39.16 - - [22/Nov/2024:10:43:12 +0800] "GET /wp-includes/js/mediaelement/mediaelementplayer-legacy.min.css?ver=4.2.17 HTTP/1.1" 200 2929 "http://test.matador.tw/?lang=en" "Mozilla/5.0 (Windows NT 10.0; Win64; x64) AppleWebKit/537.36 (KHTML, like Gecko) Chrome/117.0.5938.132 Safari/537.36"
205.169.39.16 - - [22/Nov/2024:10:43:12 +0800] "GET /wp-includes/css/dist/block-library/style.min.css?ver=6.4.3 HTTP/1.1" 200 14840 "http://test.matador.tw/?lang=en" "Mozilla/5.0 (Windows NT 10.0; Win64; x64) AppleWebKit/537.36 (KHTML, like Gecko) Chrome/117.0.5938.132 Safari/537.36"
205.169.39.16 - - [22/Nov/2024:10:43:05 +0800] "GET /wp-content/uploads/2017/05/IMG_1195_2000_1200.jpg HTTP/1.1" 200 933864 "http://test.matador.tw/" "Mozilla/5.0 (Windows NT 10.0; Win64; x64) AppleWebKit/537.36 (KHTML, like Gecko) Chrome/117.0.5938.132 Safari/537.36"
205.169.39.16 - - [22/Nov/2024:10:43:12 +0800] "GET /wp-content/plugins/sitepress-multilingual-cms/templates/language-switchers/legacy-dropdown/style.css?ver=1 HTTP/1.1" 200 888 "http://test.matador.tw/?lang=en" "Mozilla/5.0 (Windows NT 10.0; Win64; x64) AppleWebKit/537.36 (KHTML, like Gecko) Chrome/117.0.5938.132 Safari/537.36"
205.169.39.16 - - [22/Nov/2024:10:43:12 +0800] "GET /wp-content/plugins/sitepress-multilingual-cms/templates/language-switchers/menu-item/style.css?ver=1 HTTP/1.1" 200 473 "http://test.matador.tw/?lang=en" "Mozilla/5.0 (Windows NT 10.0; Win64; x64) AppleWebKit/537.36 (KHTML, like Gecko) Chrome/117.0.5938.132 Safari/537.36"
205.169.39.16 - - [22/Nov/2024:10:43:13 +0800] "GET /wp-content/themes/twentyseventeen/assets/fonts/font-libre-franklin.css?ver=20230328 HTTP/1.1" 200 1091 "http://test.matador.tw/?lang=en" "Mozilla/5.0 (Windows NT 10.0; Win64; x64) AppleWebKit/537.36 (KHTML, like Gecko) Chrome/117.0.5938.132 Safari/537.36"
205.169.39.16 - - [22/Nov/2024:10:43:13 +0800] "GET /wp-content/themes/twentyseventeen/assets/css/blocks.css?ver=20220912 HTTP/1.1" 200 2286 "http://test.matador.tw/?lang=en" "Mozilla/5.0 (Windows NT 10.0; Win64; x64) AppleWebKit/537.36 (KHTML, like Gecko) Chrome/117.0.5938.132 Safari/537.36"
205.169.39.16 - - [22/Nov/2024:10:43:13 +0800] "GET /wp-content/themes/twentyseventeen/style.css?ver=20240116 HTTP/1.1" 200 16280 "http://test.matador.tw/?lang=en" "Mozilla/5.0 (Windows NT 10.0; Win64; x64) AppleWebKit/537.36 (KHTML, like Gecko) Chrome/117.0.5938.132 Safari/537.36"
205.169.39.16 - - [22/Nov/2024:10:43:13 +0800] "GET /wp-content/plugins/sitepress-multilingual-cms/templates/language-switchers/legacy-dropdown/script.js?ver=1 HTTP/1.1" 200 732 "http://test.matador.tw/?lang=en" "Mozilla/5.0 (Windows NT 10.0; Win64; x64) AppleWebKit/537.36 (KHTML, like Gecko) Chrome/117.0.5938.132 Safari/537.36"
205.169.39.16 - - [22/Nov/2024:10:43:13 +0800] "GET /wp-includes/js/jquery/jquery.min.js?ver=3.7.1 HTTP/1.1" 200 30721 "http://test.matador.tw/?lang=en" "Mozilla/5.0 (Windows NT 10.0; Win64; x64) AppleWebKit/537.36 (KHTML, like Gecko) Chrome/117.0.5938.132 Safari/537.36"
205.169.39.16 - - [22/Nov/2024:10:43:13 +0800] "GET /wp-includes/js/jquery/jquery-migrate.min.js?ver=3.4.1 HTTP/1.1" 200 5224 "http://test.matador.tw/?lang=en" "Mozilla/5.0 (Windows NT 10.0; Win64; x64) AppleWebKit/537.36 (KHTML, like Gecko) Chrome/117.0.5938.132 Safari/537.36"
205.169.39.16 - - [22/Nov/2024:10:43:13 +0800] "GET /wp-content/plugins/sitepress-multilingual-cms/dist/js/browser-redirect/app.js?ver=4.2.3 HTTP/1.1" 200 27642 "http://test.matador.tw/?lang=en" "Mozilla/5.0 (Windows NT 10.0; Win64; x64) AppleWebKit/537.36 (KHTML, like Gecko) Chrome/117.0.5938.132 Safari/537.36"
205.169.39.16 - - [22/Nov/2024:10:43:14 +0800] "GET /wp-content/uploads/2017/06/cropped-FB_Logo_180.jpg HTTP/1.1" 200 8880 "http://test.matador.tw/?lang=en" "Mozilla/5.0 (Windows NT 10.0; Win64; x64) AppleWebKit/537.36 (KHTML, like Gecko) Chrome/117.0.5938.132 Safari/537.36"
205.169.39.16 - - [22/Nov/2024:10:43:14 +0800] "GET /wp-content/uploads/2013/07/img_0179_550.jpg HTTP/1.1" 200 185784 "http://test.matador.tw/?lang=en" "Mozilla/5.0 (Windows NT 10.0; Win64; x64) AppleWebKit/537.36 (KHTML, like Gecko) Chrome/117.0.5938.132 Safari/537.36"
205.169.39.16 - - [22/Nov/2024:10:43:17 +0800] "GET /wp-content/themes/twentyseventeen/assets/js/global.js?ver=20211130 HTTP/1.1" 200 2989 "http://test.matador.tw/?lang=en" "Mozilla/5.0 (Windows NT 10.0; Win64; x64) AppleWebKit/537.36 (KHTML, like Gecko) Chrome/117.0.5938.132 Safari/537.36"
205.169.39.16 - - [22/Nov/2024:10:43:17 +0800] "GET /wp-content/themes/twentyseventeen/assets/js/navigation.js?ver=20210122 HTTP/1.1" 200 1511 "http://test.matador.tw/?lang=en" "Mozilla/5.0 (Windows NT 10.0; Win64; x64) AppleWebKit/537.36 (KHTML, like Gecko) Chrome/117.0.5938.132 Safari/537.36"
205.169.39.16 - - [22/Nov/2024:10:43:17 +0800] "GET /wp-content/themes/twentyseventeen/assets/js/jquery.scrollTo.js?ver=2.1.3 HTTP/1.1" 200 2765 "http://test.matador.tw/?lang=en" "Mozilla/5.0 (Windows NT 10.0; Win64; x64) AppleWebKit/537.36 (KHTML, like Gecko) Chrome/117.0.5938.132 Safari/537.36"
205.169.39.16 - - [22/Nov/2024:10:43:17 +0800] "GET /wp-content/themes/twentyseventeen/assets/fonts/libre-franklin/libre-franklin-latin-400-normal.woff2?ver=13 HTTP/1.1" 200 14440 "http://test.matador.tw/wp-content/themes/twentyseventeen/assets/fonts/font-libre-franklin.css?ver=20230328" "Mozilla/5.0 (Windows NT 10.0; Win64; x64) AppleWebKit/537.36 (KHTML, like Gecko) Chrome/117.0.5938.132 Safari/537.36"
205.169.39.16 - - [22/Nov/2024:10:43:17 +0800] "GET /wp-content/themes/twentyseventeen/assets/fonts/libre-franklin/libre-franklin-latin-800-normal.woff2?ver=13 HTTP/1.1" 200 14548 "http://test.matador.tw/wp-content/themes/twentyseventeen/assets/fonts/font-libre-franklin.css?ver=20230328" "Mozilla/5.0 (Windows NT 10.0; Win64; x64) AppleWebKit/537.36 (KHTML, like Gecko) Chrome/117.0.5938.132 Safari/537.36"
205.169.39.16 - - [22/Nov/2024:10:43:17 +0800] "GET /wp-content/themes/twentyseventeen/assets/fonts/libre-franklin/libre-franklin-latin-600-normal.woff2?ver=13 HTTP/1.1" 200 14508 "http://test.matador.tw/wp-content/themes/twentyseventeen/assets/fonts/font-libre-franklin.css?ver=20230328" "Mozilla/5.0 (Windows NT 10.0; Win64; x64) AppleWebKit/537.36 (KHTML, like Gecko) Chrome/117.0.5938.132 Safari/537.36"
205.169.39.16 - - [22/Nov/2024:10:43:14 +0800] "GET /wp-content/uploads/2017/05/IMG_1195_2000_1200.jpg HTTP/1.1" 200 461340 "http://test.matador.tw/?lang=en" "Mozilla/5.0 (Windows NT 10.0; Win64; x64) AppleWebKit/537.36 (KHTML, like Gecko) Chrome/117.0.5938.132 Safari/537.36"
216.244.66.232 - - [22/Nov/2024:10:58:13 +0800] "GET /robots.txt HTTP/1.1" 404 438 "-" "Mozilla/5.0 (compatible; DotBot/1.2; +https://opensiteexplorer.org/dotbot; help@moz.com)"
220.135.127.108 - - [22/Nov/2024:11:04:19 +0800] "POST /wp-cron.php?doing_wp_cron=1732244659.2373440265655517578125 HTTP/1.1" 200 259 "-" "WordPress/6.4.3; http://test.matador.tw/?lang=zh-hans"
216.244.66.232 - - [22/Nov/2024:11:04:18 +0800] "GET /?page_id=625&lang=zh-hans HTTP/1.1" 200 84270 "-" "Mozilla/5.0 (compatible; DotBot/1.2; +https://opensiteexplorer.org/dotbot; help@moz.com)"
216.244.66.232 - - [22/Nov/2024:11:05:40 +0800] "GET /wp-content/uploads/2013/09/t5gp_02.jpg HTTP/1.1" 200 161212 "-" "Mozilla/5.0 (compatible; DotBot/1.2; +https://opensiteexplorer.org/dotbot; help@moz.com)"
216.244.66.232 - - [22/Nov/2024:11:06:21 +0800] "GET /wp-content/uploads/2012/10/ib_04.jpg HTTP/1.1" 200 64788 "-" "Mozilla/5.0 (compatible; DotBot/1.2; +https://opensiteexplorer.org/dotbot; help@moz.com)"
220.135.127.108 - - [22/Nov/2024:11:10:14 +0800] "POST /wp-cron.php?doing_wp_cron=1732245014.8820860385894775390625 HTTP/1.1" 200 259 "-" "WordPress/6.4.3; http://test.matador.tw"
216.244.66.232 - - [22/Nov/2024:11:10:14 +0800] "GET /index.php/feed/url.php?url=https%3A%2F%2Fwww.phpmyadmin.net%2F HTTP/1.1" 301 323 "-" "Mozilla/5.0 (compatible; DotBot/1.2; +https://opensiteexplorer.org/dotbot; help@moz.com)"
66.249.71.166 - - [22/Nov/2024:11:18:31 +0800] "GET /robots.txt HTTP/1.1" 404 494 "-" "Mozilla/5.0 (compatible; Googlebot/2.1; +http://www.google.com/bot.html)"
66.249.79.164 - - [22/Nov/2024:11:18:31 +0800] "GET /wp-content/uploads/2012/10/02.pdf HTTP/1.1" 200 400577 "-" "Mozilla/5.0 (Linux; Android 6.0.1; Nexus 5X Build/MMB29P) AppleWebKit/537.36 (KHTML, like Gecko) Chrome/131.0.6778.69 Mobile Safari/537.36 (compatible; GoogleOther)"
216.244.66.232 - - [22/Nov/2024:16:05:14 +0800] "GET /robots.txt HTTP/1.1" 404 438 "-" "Mozilla/5.0 (compatible; DotBot/1.2; +https://opensiteexplorer.org/dotbot; help@moz.com)"
216.244.66.232 - - [22/Nov/2024:16:19:34 +0800] "GET /?page_id=1410 HTTP/1.1" 200 81608 "-" "Mozilla/5.0 (compatible; DotBot/1.2; +https://opensiteexplorer.org/dotbot; help@moz.com)"
220.135.127.108 - - [22/Nov/2024:16:19:36 +0800] "GET /index.php?rest_route=%2Fjetpack%2Fv4%2Fsync%2Fspawn-sync&time=1732263576&request_lock_id=1732263576.1047 HTTP/1.1" 200 277 "-" "WordPress/6.4.3; http://test.matador.tw"
220.135.127.108 - - [22/Nov/2024:16:19:35 +0800] "POST /wp-cron.php?doing_wp_cron=1732263574.9985311031341552734375 HTTP/1.1" 200 259 "-" "WordPress/6.4.3; http://test.matador.tw"
220.135.127.108 - - [22/Nov/2024:16:19:51 +0800] "GET /index.php?rest_route=%2Fjetpack%2Fv4%2Fsync%2Fspawn-sync&time=1732263591&request_lock_id=1732263591.6451 HTTP/1.1" 200 277 "-" "WordPress/6.4.3; http://test.matador.tw"
220.135.127.108 - - [22/Nov/2024:16:28:35 +0800] "POST /wp-cron.php?doing_wp_cron=1732264115.8093600273132324218750 HTTP/1.1" 200 259 "-" "WordPress/6.4.3; http://test.matador.tw/?lang=zh-hans"
216.244.66.232 - - [22/Nov/2024:16:28:35 +0800] "GET /?lang=zh-hans&feed=rss2&page_id=609 HTTP/1.1" 200 1510 "-" "Mozilla/5.0 (compatible; DotBot/1.2; +https://opensiteexplorer.org/dotbot; help@moz.com)"
216.244.66.232 - - [22/Nov/2024:17:45:22 +0800] "GET /robots.txt HTTP/1.1" 404 438 "-" "Mozilla/5.0 (compatible; DotBot/1.2; +https://opensiteexplorer.org/dotbot; help@moz.com)"
157.55.39.225 - - [22/Nov/2024:18:01:17 +0800] "GET /robots.txt HTTP/1.1" 404 494 "-" "Mozilla/5.0 AppleWebKit/537.36 (KHTML, like Gecko; compatible; bingbot/2.0; +http://www.bing.com/bingbot.htm) Chrome/116.0.1938.76 Safari/537.36"
207.46.13.92 - - [22/Nov/2024:18:01:27 +0800] "GET /sitemap_index.xml HTTP/1.1" 404 438 "-" "Mozilla/5.0 AppleWebKit/537.36 (KHTML, like Gecko; compatible; bingbot/2.0; +http://www.bing.com/bingbot.htm) Chrome/116.0.1938.76 Safari/537.36"
220.135.127.108 - - [22/Nov/2024:18:01:40 +0800] "POST /wp-cron.php?doing_wp_cron=1732269700.0137720108032226562500 HTTP/1.1" 200 259 "-" "WordPress/6.4.3; http://test.matador.tw/?lang=zh-hans"
216.244.66.232 - - [22/Nov/2024:18:01:39 +0800] "GET /?page_id=623&lang=zh-hans HTTP/1.1" 200 83774 "-" "Mozilla/5.0 (compatible; DotBot/1.2; +https://opensiteexplorer.org/dotbot; help@moz.com)"
220.135.127.108 - - [22/Nov/2024:18:10:52 +0800] "POST /wp-cron.php?doing_wp_cron=1732270252.4576990604400634765625 HTTP/1.1" 200 259 "-" "WordPress/6.4.3; http://test.matador.tw"
216.244.66.232 - - [22/Nov/2024:18:10:52 +0800] "GET /?feed=rss2&page_id=517 HTTP/1.1" 200 1426 "-" "Mozilla/5.0 (compatible; DotBot/1.2; +https://opensiteexplorer.org/dotbot; help@moz.com)"
220.135.127.108 - - [22/Nov/2024:18:14:37 +0800] "POST /wp-cron.php?doing_wp_cron=1732270477.6520419120788574218750 HTTP/1.1" 200 259 "-" "WordPress/6.4.3; http://test.matador.tw/?lang=zh-hans"
216.244.66.232 - - [22/Nov/2024:18:14:37 +0800] "GET /?lang=zh-hans&feed=rss2&page_id=1494 HTTP/1.1" 200 1492 "-" "Mozilla/5.0 (compatible; DotBot/1.2; +https://opensiteexplorer.org/dotbot; help@moz.com)"
216.244.66.232 - - [22/Nov/2024:18:14:41 +0800] "GET /?lang=zh-hans&feed=rss2&page_id=634 HTTP/1.1" 200 1521 "-" "Mozilla/5.0 (compatible; DotBot/1.2; +https://opensiteexplorer.org/dotbot; help@moz.com)"
220.135.127.108 - - [22/Nov/2024:18:24:48 +0800] "POST /wp-cron.php?doing_wp_cron=1732271088.7979810237884521484375 HTTP/1.1" 200 259 "-" "WordPress/6.4.3; http://test.matador.tw"
114.119.153.220 - - [22/Nov/2024:18:24:48 +0800] "GET /?p=697 HTTP/1.1" 200 25920 "http://test.matador.tw/?p=1624" "Mozilla/5.0 (Linux; Android 7.0;) AppleWebKit/537.36 (KHTML, like Gecko) Mobile Safari/537.36 (compatible; PetalBot;+https://webmaster.petalsearch.com/site/petalbot)"
220.135.127.108 - - [22/Nov/2024:18:42:33 +0800] "POST /wp-cron.php?doing_wp_cron=1732272153.9021580219268798828125 HTTP/1.1" 200 259 "-" "WordPress/6.4.3; http://test.matador.tw"
114.119.145.239 - - [22/Nov/2024:18:42:33 +0800] "GET /?p=1642 HTTP/1.1" 200 25292 "http://test.matador.tw/?p=1647" "Mozilla/5.0 (Linux; Android 7.0;) AppleWebKit/537.36 (KHTML, like Gecko) Mobile Safari/537.36 (compatible; PetalBot;+https://webmaster.petalsearch.com/site/petalbot)"
114.119.141.52 - - [22/Nov/2024:18:43:52 +0800] "GET /robots.txt HTTP/1.1" 404 494 "-" "Mozilla/5.0 (compatible;PetalBot;+https://webmaster.petalsearch.com/site/petalbot)"
207.46.13.87 - - [22/Nov/2024:19:00:53 +0800] "GET /sitemap_index.xml HTTP/1.1" 404 438 "-" "Mozilla/5.0 AppleWebKit/537.36 (KHTML, like Gecko; compatible; bingbot/2.0; +http://www.bing.com/bingbot.htm) Chrome/116.0.1938.76 Safari/537.36"
220.135.127.108 - - [22/Nov/2024:19:12:01 +0800] "POST /wp-cron.php?doing_wp_cron=1732273921.5315890312194824218750 HTTP/1.1" 200 259 "-" "WordPress/6.4.3; http://test.matador.tw"
114.119.145.88 - - [22/Nov/2024:19:12:01 +0800] "GET /?p=1765 HTTP/1.1" 200 26279 "http://test.matador.tw/?paged=2&cat=14" "Mozilla/5.0 (Linux; Android 7.0;) AppleWebKit/537.36 (KHTML, like Gecko) Mobile Safari/537.36 (compatible; PetalBot;+https://webmaster.petalsearch.com/site/petalbot)"
220.135.127.108 - - [22/Nov/2024:19:25:40 +0800] "POST /wp-cron.php?doing_wp_cron=1732274740.6823511123657226562500 HTTP/1.1" 200 259 "-" "WordPress/6.4.3; http://test.matador.tw"
195.117.36.226 - - [22/Nov/2024:19:25:40 +0800] "POST /xmlrpc.php HTTP/1.1" 200 724 "-" "Mozilla/5.0 (Windows NT 6.1; Win64; x64; rv:57.0) Gecko/20100101 Firefox/57.0"
195.117.36.226 - - [22/Nov/2024:19:25:43 +0800] "POST /xmlrpc.php HTTP/1.1" 200 724 "-" "Mozilla/5.0 (Windows NT 6.1; Win64; x64; rv:57.0) Gecko/20100101 Firefox/57.0"
185.44.253.116 - - [22/Nov/2024:19:25:43 +0800] "POST /xmlrpc.php HTTP/1.1" 200 724 "-" "Mozilla/5.0 (Windows NT 5.1; rv:36.0) Gecko/20100101 Firefox/36.0"
185.44.253.116 - - [22/Nov/2024:19:25:46 +0800] "POST /xmlrpc.php HTTP/1.1" 200 724 "-" "Mozilla/5.0 (Windows NT 5.1; rv:36.0) Gecko/20100101 Firefox/36.0"
194.74.100.18 - - [22/Nov/2024:19:25:47 +0800] "POST /xmlrpc.php HTTP/1.1" 200 723 "-" "Mozilla/5.0 (iPad; CPU OS 14_6 like Mac OS X) AppleWebKit/605.1.15 (KHTML, like Gecko) CriOS/91.0.4472.80 Mobile/15E148 Safari/604.1"
185.44.253.116 - - [22/Nov/2024:19:25:48 +0800] "POST /xmlrpc.php HTTP/1.1" 200 724 "-" "Mozilla/5.0 (Windows NT 6.1; Win64; x64) AppleWebKit/537.36 (KHTML, like Gecko) Chrome/63.0.3239.132 Safari/537.36"
185.44.253.116 - - [22/Nov/2024:19:25:49 +0800] "POST /xmlrpc.php HTTP/1.1" 200 724 "-" "Mozilla/5.0 (Windows NT 6.1; Win64; x64) AppleWebKit/537.36 (KHTML, like Gecko) Chrome/63.0.3239.132 Safari/537.36"
194.74.100.18 - - [22/Nov/2024:19:25:49 +0800] "POST /xmlrpc.php HTTP/1.1" 200 723 "-" "Mozilla/5.0 (iPad; CPU OS 14_6 like Mac OS X) AppleWebKit/605.1.15 (KHTML, like Gecko) CriOS/91.0.4472.80 Mobile/15E148 Safari/604.1"
92.63.169.6 - - [22/Nov/2024:19:25:59 +0800] "POST /xmlrpc.php HTTP/1.1" 200 721 "-" "Mozilla/5.0 (Windows NT 10.0; Win64; x64) AppleWebKit/537.36 (KHTML, like Gecko) Chrome/72.0.3626.121 Safari/537.36"
66.29.132.22 - - [22/Nov/2024:19:26:00 +0800] "POST /xmlrpc.php HTTP/1.1" 200 722 "-" "Mozilla/5.0 (Windows NT 10.0; Win64; x64; rv:65.0) Gecko/20100101 Firefox/65.0"
92.63.169.6 - - [22/Nov/2024:19:26:01 +0800] "POST /xmlrpc.php HTTP/1.1" 200 721 "-" "Mozilla/5.0 (Windows NT 10.0; Win64; x64) AppleWebKit/537.36 (KHTML, like Gecko) Chrome/72.0.3626.121 Safari/537.36"
66.29.132.22 - - [22/Nov/2024:19:26:02 +0800] "POST /xmlrpc.php HTTP/1.1" 200 722 "-" "Mozilla/5.0 (Windows NT 10.0; Win64; x64; rv:65.0) Gecko/20100101 Firefox/65.0"
47.113.108.235 - - [22/Nov/2024:19:26:02 +0800] "POST /xmlrpc.php HTTP/1.1" 200 724 "-" "Mozilla/5.0 (Windows NT 10.0; Win64; x64; rv:63.0) Gecko/20100101 Firefox/63.0"
47.113.108.235 - - [22/Nov/2024:19:26:04 +0800] "POST /xmlrpc.php HTTP/1.1" 200 724 "-" "Mozilla/5.0 (Windows NT 10.0; Win64; x64; rv:63.0) Gecko/20100101 Firefox/63.0"
216.244.66.232 - - [22/Nov/2024:21:50:00 +0800] "GET /robots.txt HTTP/1.1" 404 438 "-" "Mozilla/5.0 (compatible; DotBot/1.2; +https://opensiteexplorer.org/dotbot; help@moz.com)"
220.135.127.108 - - [22/Nov/2024:21:58:46 +0800] "POST /wp-cron.php?doing_wp_cron=1732283926.9615468978881835937500 HTTP/1.1" 200 259 "-" "WordPress/6.4.3; http://test.matador.tw/?lang=zh-hans"
216.244.66.232 - - [22/Nov/2024:21:58:46 +0800] "GET /?page_id=592&lang=zh-hans HTTP/1.1" 200 83048 "-" "Mozilla/5.0 (compatible; DotBot/1.2; +https://opensiteexplorer.org/dotbot; help@moz.com)"
216.244.66.232 - - [22/Nov/2024:22:01:17 +0800] "GET /wp-content/uploads/2012/10/07.pdf HTTP/1.1" 200 1055940 "-" "Mozilla/5.0 (compatible; DotBot/1.2; +https://opensiteexplorer.org/dotbot; help@moz.com)"
216.244.66.232 - - [22/Nov/2024:22:02:50 +0800] "GET /wp-content/uploads/2019/04/338c23c2c0b7bc02284ea35c1791aded.jpg HTTP/1.1" 200 752521 "-" "Mozilla/5.0 (compatible; DotBot/1.2; +https://opensiteexplorer.org/dotbot; help@moz.com)"
220.135.127.108 - - [22/Nov/2024:22:03:09 +0800] "POST /wp-cron.php?doing_wp_cron=1732284189.4299941062927246093750 HTTP/1.1" 200 259 "-" "WordPress/6.4.3; http://test.matador.tw/?lang=zh-hans"
216.244.66.232 - - [22/Nov/2024:22:03:09 +0800] "GET /?page_id=1502&lang=zh-hans HTTP/1.1" 200 82107 "-" "Mozilla/5.0 (compatible; DotBot/1.2; +https://opensiteexplorer.org/dotbot; help@moz.com)"
216.244.66.232 - - [22/Nov/2024:22:04:04 +0800] "GET /?feed=rss2&page_id=834 HTTP/1.1" 200 1488 "-" "Mozilla/5.0 (compatible; DotBot/1.2; +https://opensiteexplorer.org/dotbot; help@moz.com)"
216.244.66.232 - - [22/Nov/2024:22:06:17 +0800] "GET /?lang=zh-hans&feed=rss2&page_id=653 HTTP/1.1" 200 1519 "-" "Mozilla/5.0 (compatible; DotBot/1.2; +https://opensiteexplorer.org/dotbot; help@moz.com)"
220.135.127.108 - - [22/Nov/2024:22:06:45 +0800] "POST /wp-cron.php?doing_wp_cron=1732284405.4668829441070556640625 HTTP/1.1" 200 259 "-" "WordPress/6.4.3; http://test.matador.tw"
216.244.66.232 - - [22/Nov/2024:22:06:45 +0800] "GET /?fbclid=IwAR3xnhJipM-wSEHS0plL-GfqxLJ5OgHFWVaGwvgCrn-MeZ_rIQrd3QQz3g4 HTTP/1.1" 200 83085 "-" "Mozilla/5.0 (compatible; DotBot/1.2; +https://opensiteexplorer.org/dotbot; help@moz.com)"
114.119.153.220 - - [23/Nov/2024:00:44:34 +0800] "GET /wp-content/uploads/2012/10/01.pdf HTTP/1.1" 200 478212 "http://test.matador.tw/?page_id=649&lang=zh-hans" "Mozilla/5.0 (Linux; Android 7.0;) AppleWebKit/537.36 (KHTML, like Gecko) Mobile Safari/537.36 (compatible; PetalBot;+https://webmaster.petalsearch.com/site/petalbot)"
195.201.190.156 - - [23/Nov/2024:01:35:04 +0800] "POST /xmlrpc.php HTTP/1.1" 200 725 "-" "Mozilla/5.0 (Windows NT 10.0; Win64; x64) AppleWebKit/537.36 (KHTML, like Gecko) Chrome/84.0.4147.135 Safari/537.36"
195.201.190.156 - - [23/Nov/2024:01:35:09 +0800] "POST /xmlrpc.php HTTP/1.1" 200 725 "-" "Mozilla/5.0 (Windows NT 10.0; Win64; x64) AppleWebKit/537.36 (KHTML, like Gecko) Chrome/84.0.4147.135 Safari/537.36"
220.135.127.108 - - [23/Nov/2024:01:35:06 +0800] "POST /wp-cron.php?doing_wp_cron=1732296905.6834299564361572265625 HTTP/1.1" 200 259 "-" "WordPress/6.4.3; http://test.matador.tw"
134.213.116.141 - - [23/Nov/2024:01:35:24 +0800] "POST /xmlrpc.php HTTP/1.1" 200 725 "-" "Mozilla/5.0 (Windows NT 10.0; Win64; x64; rv:63.0) Gecko/20100101 Firefox/63.0"
134.213.116.141 - - [23/Nov/2024:01:35:27 +0800] "POST /xmlrpc.php HTTP/1.1" 200 725 "-" "Mozilla/5.0 (Windows NT 10.0; Win64; x64; rv:63.0) Gecko/20100101 Firefox/63.0"
95.179.234.251 - - [23/Nov/2024:01:35:33 +0800] "POST /xmlrpc.php HTTP/1.1" 200 724 "-" "Mozilla/5.0 (Windows NT 10.0; Win64; x64) AppleWebKit/537.36 (KHTML, like Gecko) Chrome/74.0.3729.157 Safari/537.36"
95.179.234.251 - - [23/Nov/2024:01:35:35 +0800] "POST /xmlrpc.php HTTP/1.1" 200 724 "-" "Mozilla/5.0 (Windows NT 10.0; Win64; x64) AppleWebKit/537.36 (KHTML, like Gecko) Chrome/74.0.3729.157 Safari/537.36"
220.135.127.108 - - [23/Nov/2024:01:45:59 +0800] "POST /wp-cron.php?doing_wp_cron=1732297559.1948120594024658203125 HTTP/1.1" 200 259 "-" "WordPress/6.4.3; http://test.matador.tw/?lang=en"
114.119.153.220 - - [23/Nov/2024:01:45:58 +0800] "GET /?lang=en HTTP/1.1" 200 24064 "http://test.matador.tw/?cat=13&lang=en" "Mozilla/5.0 (Linux; Android 7.0;) AppleWebKit/537.36 (KHTML, like Gecko) Mobile Safari/537.36 (compatible; PetalBot;+https://webmaster.petalsearch.com/site/petalbot)"
220.135.127.108 - - [23/Nov/2024:02:39:23 +0800] "POST /wp-cron.php?doing_wp_cron=1732300763.5360720157623291015625 HTTP/1.1" 200 259 "-" "WordPress/6.4.3; http://test.matador.tw"
185.114.245.108 - - [23/Nov/2024:02:39:23 +0800] "POST /xmlrpc.php HTTP/1.1" 200 725 "-" "Mozilla/5.0 (Linux; Android 10) AppleWebKit/537.36 (KHTML, like Gecko) Chrome/91.0.4472.114 Mobile Safari/537.36"
185.114.245.108 - - [23/Nov/2024:02:39:25 +0800] "POST /xmlrpc.php HTTP/1.1" 200 725 "-" "Mozilla/5.0 (Linux; Android 10) AppleWebKit/537.36 (KHTML, like Gecko) Chrome/91.0.4472.114 Mobile Safari/537.36"
8.218.48.219 - - [23/Nov/2024:02:40:17 +0800] "POST /xmlrpc.php HTTP/1.1" 200 722 "-" "Mozilla/5.0 (Windows NT 10.0; WOW64) AppleWebKit/537.36 (KHTML, like Gecko) Chrome/72.0.3626.121 Safari/537.36"
8.218.48.219 - - [23/Nov/2024:02:40:18 +0800] "POST /xmlrpc.php HTTP/1.1" 200 722 "-" "Mozilla/5.0 (Windows NT 10.0; WOW64) AppleWebKit/537.36 (KHTML, like Gecko) Chrome/72.0.3626.121 Safari/537.36"
216.244.66.232 - - [23/Nov/2024:02:42:10 +0800] "GET /robots.txt HTTP/1.1" 404 438 "-" "Mozilla/5.0 (compatible; DotBot/1.2; +https://opensiteexplorer.org/dotbot; help@moz.com)"
220.135.127.108 - - [23/Nov/2024:02:49:30 +0800] "POST /wp-cron.php?doing_wp_cron=1732301370.0241639614105224609375 HTTP/1.1" 200 259 "-" "WordPress/6.4.3; http://test.matador.tw"
216.244.66.232 - - [23/Nov/2024:02:49:29 +0800] "GET /?p=2097&share=twitter HTTP/1.1" 302 369 "-" "Mozilla/5.0 (compatible; DotBot/1.2; +https://opensiteexplorer.org/dotbot; help@moz.com)"
216.244.66.232 - - [23/Nov/2024:02:49:35 +0800] "GET /?p=690&share=facebook HTTP/1.1" 302 566 "-" "Mozilla/5.0 (compatible; DotBot/1.2; +https://opensiteexplorer.org/dotbot; help@moz.com)"
216.244.66.232 - - [23/Nov/2024:02:49:56 +0800] "GET /?p=727&share=jetpack-whatsapp HTTP/1.1" 200 84832 "-" "Mozilla/5.0 (compatible; DotBot/1.2; +https://opensiteexplorer.org/dotbot; help@moz.com)"
216.244.66.232 - - [23/Nov/2024:02:50:01 +0800] "GET /?page_id=449&share=linkedin HTTP/1.1" 302 375 "-" "Mozilla/5.0 (compatible; DotBot/1.2; +https://opensiteexplorer.org/dotbot; help@moz.com)"
216.244.66.232 - - [23/Nov/2024:02:50:06 +0800] "GET /?page_id=458&share=tumblr HTTP/1.1" 302 470 "-" "Mozilla/5.0 (compatible; DotBot/1.2; +https://opensiteexplorer.org/dotbot; help@moz.com)"
216.244.66.232 - - [23/Nov/2024:02:50:09 +0800] "GET /?page_id=570&share=facebook HTTP/1.1" 302 374 "-" "Mozilla/5.0 (compatible; DotBot/1.2; +https://opensiteexplorer.org/dotbot; help@moz.com)"
216.244.66.232 - - [23/Nov/2024:02:50:11 +0800] "GET /?page_id=858&share=twitter HTTP/1.1" 302 659 "-" "Mozilla/5.0 (compatible; DotBot/1.2; +https://opensiteexplorer.org/dotbot; help@moz.com)"
216.244.66.232 - - [23/Nov/2024:02:50:28 +0800] "GET /?page_id=1410&share=jetpack-whatsapp HTTP/1.1" 200 81608 "-" "Mozilla/5.0 (compatible; DotBot/1.2; +https://opensiteexplorer.org/dotbot; help@moz.com)"
216.244.66.232 - - [23/Nov/2024:02:50:36 +0800] "GET /?page_id=458&share=jetpack-whatsapp HTTP/1.1" 200 83041 "-" "Mozilla/5.0 (compatible; DotBot/1.2; +https://opensiteexplorer.org/dotbot; help@moz.com)"
220.135.127.108 - - [23/Nov/2024:02:51:28 +0800] "POST /wp-cron.php?doing_wp_cron=1732301488.4535470008850097656250 HTTP/1.1" 200 259 "-" "WordPress/6.4.3; http://test.matador.tw/?lang=zh-hans"
216.244.66.232 - - [23/Nov/2024:02:51:28 +0800] "GET /?page_id=1540&lang=zh-hans&share=twitter HTTP/1.1" 302 484 "-" "Mozilla/5.0 (compatible; DotBot/1.2; +https://opensiteexplorer.org/dotbot; help@moz.com)"
216.244.66.232 - - [23/Nov/2024:02:51:31 +0800] "GET /?page_id=646&lang=zh-hans&share=facebook HTTP/1.1" 302 435 "-" "Mozilla/5.0 (compatible; DotBot/1.2; +https://opensiteexplorer.org/dotbot; help@moz.com)"
216.244.66.232 - - [23/Nov/2024:02:52:28 +0800] "GET /?page_id=609&lang=zh-hans&share=jetpack-whatsapp HTTP/1.1" 200 83991 "-" "Mozilla/5.0 (compatible; DotBot/1.2; +https://opensiteexplorer.org/dotbot; help@moz.com)"
220.135.127.108 - - [23/Nov/2024:02:52:41 +0800] "POST /wp-cron.php?doing_wp_cron=1732301561.5737628936767578125000 HTTP/1.1" 200 259 "-" "WordPress/6.4.3; http://test.matador.tw/?lang=zh-hans"
216.244.66.232 - - [23/Nov/2024:02:52:41 +0800] "GET /?page_id=634&lang=zh-hans&share=jetpack-whatsapp HTTP/1.1" 200 82928 "-" "Mozilla/5.0 (compatible; DotBot/1.2; +https://opensiteexplorer.org/dotbot; help@moz.com)"
114.119.153.220 - - [23/Nov/2024:03:09:44 +0800] "GET /wp-content/uploads/2013/09/IMG_0362_web.jpg HTTP/1.1" 200 267365 "http://test.matador.tw/?page_id=825" "Mozilla/5.0 (Linux; Android 7.0;) AppleWebKit/537.36 (KHTML, like Gecko) Mobile Safari/537.36 (compatible; PetalBot;+https://webmaster.petalsearch.com/site/petalbot)"
216.244.66.232 - - [23/Nov/2024:03:30:46 +0800] "GET /robots.txt HTTP/1.1" 404 438 "-" "Mozilla/5.0 (compatible; DotBot/1.2; +https://opensiteexplorer.org/dotbot; help@moz.com)"
220.135.127.108 - - [23/Nov/2024:03:41:52 +0800] "POST /wp-cron.php?doing_wp_cron=1732304512.3742809295654296875000 HTTP/1.1" 200 259 "-" "WordPress/6.4.3; http://test.matador.tw"
216.244.66.232 - - [23/Nov/2024:03:41:52 +0800] "GET /?p=1662&share=jetpack-whatsapp HTTP/1.1" 200 84035 "-" "Mozilla/5.0 (compatible; DotBot/1.2; +https://opensiteexplorer.org/dotbot; help@moz.com)"
216.244.66.232 - - [23/Nov/2024:03:42:00 +0800] "GET /?page_id=474&share=twitter HTTP/1.1" 302 489 "-" "Mozilla/5.0 (compatible; DotBot/1.2; +https://opensiteexplorer.org/dotbot; help@moz.com)"
220.135.127.108 - - [23/Nov/2024:03:42:56 +0800] "POST /wp-cron.php?doing_wp_cron=1732304576.2294149398803710937500 HTTP/1.1" 200 259 "-" "WordPress/6.4.3; http://test.matador.tw/?lang=en"
216.244.66.232 - - [23/Nov/2024:03:42:55 +0800] "GET /?page_id=887&lang=en&share=linkedin HTTP/1.1" 302 387 "-" "Mozilla/5.0 (compatible; DotBot/1.2; +https://opensiteexplorer.org/dotbot; help@moz.com)"
216.244.66.232 - - [23/Nov/2024:03:43:28 +0800] "GET /?page_id=1511&lang=zh-hans&share=tumblr HTTP/1.1" 302 410 "-" "Mozilla/5.0 (compatible; DotBot/1.2; +https://opensiteexplorer.org/dotbot; help@moz.com)"
220.135.127.108 - - [23/Nov/2024:03:50:04 +0800] "POST /wp-cron.php?doing_wp_cron=1732305004.6237630844116210937500 HTTP/1.1" 200 259 "-" "WordPress/6.4.3; http://test.matador.tw"
173.236.247.182 - - [23/Nov/2024:03:50:04 +0800] "POST /xmlrpc.php HTTP/1.1" 200 725 "-" "Mozilla/5.0 (Windows NT 6.1; Win64; x64) AppleWebKit/537.36 (KHTML, like Gecko) Chrome/74.0.3729.169 Safari/537.36"
173.236.247.182 - - [23/Nov/2024:03:50:06 +0800] "POST /xmlrpc.php HTTP/1.1" 200 725 "-" "Mozilla/5.0 (Windows NT 6.1; Win64; x64) AppleWebKit/537.36 (KHTML, like Gecko) Chrome/74.0.3729.169 Safari/537.36"
216.244.66.232 - - [23/Nov/2024:04:21:00 +0800] "GET /robots.txt HTTP/1.1" 404 438 "-" "Mozilla/5.0 (compatible; DotBot/1.2; +https://opensiteexplorer.org/dotbot; help@moz.com)"
220.135.127.108 - - [23/Nov/2024:04:24:24 +0800] "POST /wp-cron.php?doing_wp_cron=1732307064.1216399669647216796875 HTTP/1.1" 200 259 "-" "WordPress/6.4.3; http://test.matador.tw"
216.244.66.232 - - [23/Nov/2024:04:24:23 +0800] "GET /?p=1718&share=twitter HTTP/1.1" 302 628 "-" "Mozilla/5.0 (compatible; DotBot/1.2; +https://opensiteexplorer.org/dotbot; help@moz.com)"
216.244.66.232 - - [23/Nov/2024:04:24:29 +0800] "GET /?p=1947&share=linkedin HTTP/1.1" 302 323 "-" "Mozilla/5.0 (compatible; DotBot/1.2; +https://opensiteexplorer.org/dotbot; help@moz.com)"
66.249.77.70 - - [23/Nov/2024:05:33:44 +0800] "GET /robots.txt HTTP/1.1" 404 494 "-" "Mozilla/5.0 (compatible; Googlebot/2.1; +http://www.google.com/bot.html)"
66.249.71.166 - - [23/Nov/2024:05:33:54 +0800] "GET /wp-content/uploads/2012/10/02.pdf HTTP/1.1" 200 400577 "-" "Mozilla/5.0 (Linux; Android 6.0.1; Nexus 5X Build/MMB29P) AppleWebKit/537.36 (KHTML, like Gecko) Chrome/131.0.6778.69 Mobile Safari/537.36 (compatible; GoogleOther)"
220.135.127.108 - - [23/Nov/2024:06:16:32 +0800] "POST /wp-cron.php?doing_wp_cron=1732313792.4047091007232666015625 HTTP/1.1" 200 259 "-" "WordPress/6.4.3; http://test.matador.tw"
178.156.144.171 - - [23/Nov/2024:06:16:32 +0800] "POST /xmlrpc.php HTTP/1.1" 200 725 "-" "Mozilla/5.0 (Windows NT 10.0; Win64; x64) AppleWebKit/537.36 (KHTML, like Gecko) Chrome/65.0.3325.181 Safari/537.36"
178.156.144.171 - - [23/Nov/2024:06:16:34 +0800] "POST /xmlrpc.php HTTP/1.1" 200 725 "-" "Mozilla/5.0 (Windows NT 10.0; Win64; x64) AppleWebKit/537.36 (KHTML, like Gecko) Chrome/65.0.3325.181 Safari/537.36"
220.135.127.108 - - [23/Nov/2024:06:17:16 +0800] "POST /wp-cron.php?doing_wp_cron=1732313836.0973908901214599609375 HTTP/1.1" 200 259 "-" "WordPress/6.4.3; http://test.matador.tw"
159.223.124.0 - - [23/Nov/2024:06:17:15 +0800] "POST /xmlrpc.php HTTP/1.1" 200 723 "-" "Mozilla/5.0 (X11; Linux x86_64) AppleWebKit/537.36 (KHTML, like Gecko) Chrome/44.0.2403.157 Safari/537.36"
159.223.124.0 - - [23/Nov/2024:06:17:17 +0800] "POST /xmlrpc.php HTTP/1.1" 200 723 "-" "Mozilla/5.0 (X11; Linux x86_64) AppleWebKit/537.36 (KHTML, like Gecko) Chrome/44.0.2403.157 Safari/537.36"
220.135.127.108 - - [23/Nov/2024:07:15:26 +0800] "POST /wp-cron.php?doing_wp_cron=1732317326.5779249668121337890625 HTTP/1.1" 200 259 "-" "WordPress/6.4.3; http://test.matador.tw"
185.44.253.116 - - [23/Nov/2024:07:15:26 +0800] "POST /xmlrpc.php HTTP/1.1" 200 724 "-" "Mozilla/5.0 (Windows NT 10.0; Win64; x64) AppleWebKit/537.36 (KHTML, like Gecko) Chrome/74.0.3729.157 Safari/537.36"
185.44.253.116 - - [23/Nov/2024:07:15:28 +0800] "POST /xmlrpc.php HTTP/1.1" 200 724 "-" "Mozilla/5.0 (Windows NT 10.0; Win64; x64) AppleWebKit/537.36 (KHTML, like Gecko) Chrome/74.0.3729.157 Safari/537.36"
208.113.151.190 - - [23/Nov/2024:07:15:37 +0800] "POST /xmlrpc.php HTTP/1.1" 200 725 "-" "Mozilla/5.0 (Windows NT 10.0; Win64; x64; rv:78.0) Gecko/20100101 Firefox/78.0"
208.113.151.190 - - [23/Nov/2024:07:15:40 +0800] "POST /xmlrpc.php HTTP/1.1" 200 725 "-" "Mozilla/5.0 (Windows NT 10.0; Win64; x64; rv:78.0) Gecko/20100101 Firefox/78.0"
185.30.35.42 - - [23/Nov/2024:07:15:58 +0800] "POST /xmlrpc.php HTTP/1.1" 200 722 "-" "Mozilla/5.0 (Windows NT 10.0; Win64; x64) AppleWebKit/537.36 (KHTML, like Gecko) Chrome/88.0.4324.190 Safari/537.36"
185.30.35.42 - - [23/Nov/2024:07:16:01 +0800] "POST /xmlrpc.php HTTP/1.1" 200 722 "-" "Mozilla/5.0 (Windows NT 10.0; Win64; x64) AppleWebKit/537.36 (KHTML, like Gecko) Chrome/88.0.4324.190 Safari/537.36"
8.218.48.219 - - [23/Nov/2024:07:16:13 +0800] "POST /xmlrpc.php HTTP/1.1" 200 722 "-" "Mozilla/5.0 (Windows NT 5.1; rv:52.0) Gecko/20100101 Firefox/52.0"
8.218.48.219 - - [23/Nov/2024:07:16:14 +0800] "POST /xmlrpc.php HTTP/1.1" 200 722 "-" "Mozilla/5.0 (Windows NT 5.1; rv:52.0) Gecko/20100101 Firefox/52.0"
154.94.15.210 - - [23/Nov/2024:07:54:26 +0800] "GET /wp-content/framework.php HTTP/1.1" 200 326 "-" "Mozilla/5.0 (Windows NT 6.3; WOW64) AppleWebKit/537.36 (KHTML, like Gecko) Chrome/32.0.1700.102 YaBrowser/14.2.1700.12403 Safari/537.36"
154.94.15.174 - - [23/Nov/2024:07:54:28 +0800] "POST /wp-content/framework.php HTTP/1.1" 200 13692 "-" "Mozilla/5.0 (Windows NT 6.3; WOW64) AppleWebKit/537.36 (KHTML, like Gecko) Chrome/32.0.1700.102 YaBrowser/14.2.1700.12403 Safari/537.36"
220.135.127.108 - - [23/Nov/2024:07:54:34 +0800] "GET /wp-content/plugins/all-in-one-wp-migration/all-in-one-wp-migration.css?ch=1 HTTP/1.1" 500 805 "-" "-"
220.135.127.108 - - [23/Nov/2024:07:54:34 +0800] "GET /wp-content/uploads/2020/02/02.php?ch=1 HTTP/1.1" 200 181 "-" "-"
220.135.127.108 - - [23/Nov/2024:07:54:37 +0800] "GET /wp-content/uploads/2020/02/02.php?ch=1 HTTP/1.1" 200 181 "-" "-"
156.228.84.183 - - [23/Nov/2024:07:54:31 +0800] "POST /wp-content/framework.php HTTP/1.1" 200 159702 "-" "Mozilla/5.0 (Windows NT 6.3; WOW64) AppleWebKit/537.36 (KHTML, like Gecko) Chrome/32.0.1700.102 YaBrowser/14.2.1700.12403 Safari/537.36"
220.135.127.108 - - [23/Nov/2024:08:14:06 +0800] "POST /wp-cron.php?doing_wp_cron=1732320846.7100338935852050781250 HTTP/1.1" 200 259 "-" "WordPress/6.4.3; http://test.matador.tw"
114.119.131.42 - - [23/Nov/2024:08:14:06 +0800] "GET /?p=2103 HTTP/1.1" 200 26046 "http://test.matador.tw/?p=1647" "Mozilla/5.0 (Linux; Android 7.0;) AppleWebKit/537.36 (KHTML, like Gecko) Mobile Safari/537.36 (compatible; PetalBot;+https://webmaster.petalsearch.com/site/petalbot)"
69.163.140.7 - - [23/Nov/2024:08:15:32 +0800] "POST /xmlrpc.php HTTP/1.1" 200 722 "-" "Mozilla/5.0 (Windows NT 10.0; Win64; x64) AppleWebKit/537.36 (KHTML, like Gecko) Chrome/90.0.4430.93 Safari/537.36"
69.163.140.7 - - [23/Nov/2024:08:15:35 +0800] "POST /xmlrpc.php HTTP/1.1" 200 722 "-" "Mozilla/5.0 (Windows NT 10.0; Win64; x64) AppleWebKit/537.36 (KHTML, like Gecko) Chrome/90.0.4430.93 Safari/537.36"
185.44.253.116 - - [23/Nov/2024:08:15:41 +0800] "POST /xmlrpc.php HTTP/1.1" 200 724 "-" "Mozilla/5.0 (Windows NT 6.1; Win64; x64; rv:61.0) Gecko/20100101 Firefox/61.0"
185.44.253.116 - - [23/Nov/2024:08:15:43 +0800] "POST /xmlrpc.php HTTP/1.1" 200 724 "-" "Mozilla/5.0 (Windows NT 6.1; Win64; x64; rv:61.0) Gecko/20100101 Firefox/61.0"
34.241.246.82 - - [23/Nov/2024:08:15:57 +0800] "POST /xmlrpc.php HTTP/1.1" 200 723 "-" "Mozilla/5.0 (Windows NT 6.3; Win64; x64; rv:73.0) Gecko/20100101 Firefox/73.0"
34.241.246.82 - - [23/Nov/2024:08:15:59 +0800] "POST /xmlrpc.php HTTP/1.1" 200 723 "-" "Mozilla/5.0 (Windows NT 6.3; Win64; x64; rv:73.0) Gecko/20100101 Firefox/73.0"
90.156.142.38 - - [23/Nov/2024:08:15:59 +0800] "POST /xmlrpc.php HTTP/1.1" 200 723 "-" "Mozilla/5.0 (Windows NT 10.0; Win64; x64) AppleWebKit/537.36 (KHTML, like Gecko) Chrome/87.0.4280.141 Safari/537.36"
90.156.142.38 - - [23/Nov/2024:08:16:01 +0800] "POST /xmlrpc.php HTTP/1.1" 200 723 "-" "Mozilla/5.0 (Windows NT 10.0; Win64; x64) AppleWebKit/537.36 (KHTML, like Gecko) Chrome/87.0.4280.141 Safari/537.36"
195.117.36.226 - - [23/Nov/2024:08:16:16 +0800] "POST /xmlrpc.php HTTP/1.1" 200 724 "-" "Mozilla/5.0 (Windows NT 10.0; Win64; x64) AppleWebKit/537.36 (KHTML, like Gecko) Chrome/65.0.3325.181 Safari/537.36"
195.117.36.226 - - [23/Nov/2024:08:16:18 +0800] "POST /xmlrpc.php HTTP/1.1" 200 724 "-" "Mozilla/5.0 (Windows NT 10.0; Win64; x64) AppleWebKit/537.36 (KHTML, like Gecko) Chrome/65.0.3325.181 Safari/537.36"
220.135.127.108 - - [23/Nov/2024:08:30:13 +0800] "POST /wp-cron.php?doing_wp_cron=1732321813.5256519317626953125000 HTTP/1.1" 200 259 "-" "WordPress/6.4.3; http://test.matador.tw"
114.119.158.193 - - [23/Nov/2024:08:30:13 +0800] "GET /?cat=1 HTTP/1.1" 200 34360 "http://test.matador.tw/?cat=13&lang=en" "Mozilla/5.0 (Linux; Android 7.0;) AppleWebKit/537.36 (KHTML, like Gecko) Mobile Safari/537.36 (compatible; PetalBot;+https://webmaster.petalsearch.com/site/petalbot)"
220.135.127.108 - - [23/Nov/2024:08:51:58 +0800] "POST /wp-cron.php?doing_wp_cron=1732323118.5014278888702392578125 HTTP/1.1" 200 259 "-" "WordPress/6.4.3; http://test.matador.tw"
114.119.145.88 - - [23/Nov/2024:08:51:58 +0800] "GET /?page_id=834 HTTP/1.1" 200 25102 "http://test.matador.tw/?page_id=570" "Mozilla/5.0 (Linux; Android 7.0;) AppleWebKit/537.36 (KHTML, like Gecko) Mobile Safari/537.36 (compatible; PetalBot;+https://webmaster.petalsearch.com/site/petalbot)"
220.135.127.108 - - [23/Nov/2024:09:11:33 +0800] "POST /wp-cron.php?doing_wp_cron=1732324293.1763908863067626953125 HTTP/1.1" 200 259 "-" "WordPress/6.4.3; http://test.matador.tw/?lang=en"
114.119.140.79 - - [23/Nov/2024:09:11:32 +0800] "GET /?page_id=1404&lang=en HTTP/1.1" 200 24383 "http://test.matador.tw/?cat=13&lang=en" "Mozilla/5.0 (Linux; Android 7.0;) AppleWebKit/537.36 (KHTML, like Gecko) Mobile Safari/537.36 (compatible; PetalBot;+https://webmaster.petalsearch.com/site/petalbot)"
216.244.66.232 - - [23/Nov/2024:09:14:20 +0800] "GET /robots.txt HTTP/1.1" 404 438 "-" "Mozilla/5.0 (compatible; DotBot/1.2; +https://opensiteexplorer.org/dotbot; help@moz.com)"
220.135.127.108 - - [23/Nov/2024:09:19:30 +0800] "POST /wp-cron.php?doing_wp_cron=1732324770.0982310771942138671875 HTTP/1.1" 200 259 "-" "WordPress/6.4.3; http://test.matador.tw/?lang=zh-hans"
216.244.66.232 - - [23/Nov/2024:09:19:29 +0800] "GET /?lang=zh-hans HTTP/1.1" 200 82944 "-" "Mozilla/5.0 (compatible; DotBot/1.2; +https://opensiteexplorer.org/dotbot; help@moz.com)"
216.244.66.232 - - [23/Nov/2024:09:21:11 +0800] "GET /?p=1620&share=tumblr HTTP/1.1" 302 408 "-" "Mozilla/5.0 (compatible; DotBot/1.2; +https://opensiteexplorer.org/dotbot; help@moz.com)"
216.244.66.232 - - [23/Nov/2024:09:21:16 +0800] "GET /?p=1637&share=linkedin HTTP/1.1" 302 323 "-" "Mozilla/5.0 (compatible; DotBot/1.2; +https://opensiteexplorer.org/dotbot; help@moz.com)"
216.244.66.232 - - [23/Nov/2024:09:21:20 +0800] "GET /?p=1921&share=facebook HTTP/1.1" 302 470 "-" "Mozilla/5.0 (compatible; DotBot/1.2; +https://opensiteexplorer.org/dotbot; help@moz.com)"
220.135.127.108 - - [23/Nov/2024:09:21:31 +0800] "POST /wp-cron.php?doing_wp_cron=1732324891.2677741050720214843750 HTTP/1.1" 200 259 "-" "WordPress/6.4.3; http://test.matador.tw"
216.244.66.232 - - [23/Nov/2024:09:21:31 +0800] "GET /?page_id=500&share=tumblr HTTP/1.1" 302 407 "-" "Mozilla/5.0 (compatible; DotBot/1.2; +https://opensiteexplorer.org/dotbot; help@moz.com)"
216.244.66.232 - - [23/Nov/2024:09:21:35 +0800] "GET /?page_id=838&share=twitter HTTP/1.1" 302 679 "-" "Mozilla/5.0 (compatible; DotBot/1.2; +https://opensiteexplorer.org/dotbot; help@moz.com)"
216.244.66.232 - - [23/Nov/2024:09:21:58 +0800] "GET /?page_id=461&share=jetpack-whatsapp HTTP/1.1" 200 87756 "-" "Mozilla/5.0 (compatible; DotBot/1.2; +https://opensiteexplorer.org/dotbot; help@moz.com)"
216.244.66.232 - - [23/Nov/2024:09:22:38 +0800] "GET /?page_id=592&lang=zh-hans&share=facebook HTTP/1.1" 302 391 "-" "Mozilla/5.0 (compatible; DotBot/1.2; +https://opensiteexplorer.org/dotbot; help@moz.com)"
220.135.127.108 - - [23/Nov/2024:09:22:42 +0800] "POST /wp-cron.php?doing_wp_cron=1732324962.5103719234466552734375 HTTP/1.1" 200 259 "-" "WordPress/6.4.3; http://test.matador.tw/?lang=zh-hans"
216.244.66.232 - - [23/Nov/2024:09:22:42 +0800] "GET /?page_id=627&lang=zh-hans&share=twitter HTTP/1.1" 302 420 "-" "Mozilla/5.0 (compatible; DotBot/1.2; +https://opensiteexplorer.org/dotbot; help@moz.com)"
216.244.66.232 - - [23/Nov/2024:09:22:58 +0800] "GET /?page_id=887&lang=en&share=jetpack-whatsapp HTTP/1.1" 200 78166 "-" "Mozilla/5.0 (compatible; DotBot/1.2; +https://opensiteexplorer.org/dotbot; help@moz.com)"
216.244.66.232 - - [23/Nov/2024:09:23:40 +0800] "GET /wp-content/uploads/2014/04/10253819_624131721005939_6505675214180707452_n.jpg HTTP/1.1" 200 89494 "-" "Mozilla/5.0 (compatible; DotBot/1.2; +https://opensiteexplorer.org/dotbot; help@moz.com)"
216.244.66.232 - - [23/Nov/2024:09:23:45 +0800] "GET /wp-content/uploads/2016/05/640gc_02.png HTTP/1.1" 200 730080 "-" "Mozilla/5.0 (compatible; DotBot/1.2; +https://opensiteexplorer.org/dotbot; help@moz.com)"
220.135.127.108 - - [23/Nov/2024:09:28:19 +0800] "POST /wp-cron.php?doing_wp_cron=1732325299.7442750930786132812500 HTTP/1.1" 200 259 "-" "WordPress/6.4.3; http://test.matador.tw"
89.37.121.214 - - [23/Nov/2024:09:28:19 +0800] "POST /xmlrpc.php HTTP/1.1" 200 723 "-" "Mozilla/5.0 (Windows NT 10.0; Win64; x64) AppleWebKit/537.36 (KHTML, like Gecko) Chrome/65.0.3325.181 Safari/537.36"
89.37.121.214 - - [23/Nov/2024:09:28:21 +0800] "POST /xmlrpc.php HTTP/1.1" 200 723 "-" "Mozilla/5.0 (Windows NT 10.0; Win64; x64) AppleWebKit/537.36 (KHTML, like Gecko) Chrome/65.0.3325.181 Safari/537.36"
85.10.157.22 - - [23/Nov/2024:09:28:30 +0800] "POST /xmlrpc.php HTTP/1.1" 200 722 "-" "Mozilla/5.0 (Windows NT 10.0; Win64; x64) AppleWebKit/537.36 (KHTML, like Gecko) Chrome/79.0.3945.88 Safari/537.36"
85.10.157.22 - - [23/Nov/2024:09:28:32 +0800] "POST /xmlrpc.php HTTP/1.1" 200 722 "-" "Mozilla/5.0 (Windows NT 10.0; Win64; x64) AppleWebKit/537.36 (KHTML, like Gecko) Chrome/79.0.3945.88 Safari/537.36"
66.165.231.66 - - [23/Nov/2024:09:28:39 +0800] "POST /xmlrpc.php HTTP/1.1" 200 723 "-" "Mozilla/5.0 (Windows NT 10.0; Win64; x64; rv:65.0) Gecko/20100101 Firefox/65.0"
66.165.231.66 - - [23/Nov/2024:09:28:40 +0800] "POST /xmlrpc.php HTTP/1.1" 200 723 "-" "Mozilla/5.0 (Windows NT 10.0; Win64; x64; rv:65.0) Gecko/20100101 Firefox/65.0"
66.249.77.71 - - [23/Nov/2024:09:30:44 +0800] "GET /wp-content/uploads/2012/10/02.pdf HTTP/1.1" 304 183 "-" "Mozilla/5.0 (Linux; Android 6.0.1; Nexus 5X Build/MMB29P) AppleWebKit/537.36 (KHTML, like Gecko) Chrome/131.0.6778.69 Mobile Safari/537.36 (compatible; Googlebot/2.1; +http://www.google.com/bot.html)"
220.135.127.108 - - [23/Nov/2024:09:43:40 +0800] "POST /wp-cron.php?doing_wp_cron=1732326220.5366940498352050781250 HTTP/1.1" 200 259 "-" "WordPress/6.4.3; http://test.matador.tw"
114.119.131.42 - - [23/Nov/2024:09:43:40 +0800] "GET /?p=1624 HTTP/1.1" 200 25429 "http://test.matador.tw/?p=697" "Mozilla/5.0 (Linux; Android 7.0;) AppleWebKit/537.36 (KHTML, like Gecko) Mobile Safari/537.36 (compatible; PetalBot;+https://webmaster.petalsearch.com/site/petalbot)"
216.244.66.232 - - [23/Nov/2024:10:03:28 +0800] "GET /robots.txt HTTP/1.1" 404 438 "-" "Mozilla/5.0 (compatible; DotBot/1.2; +https://opensiteexplorer.org/dotbot; help@moz.com)"
220.135.127.108 - - [23/Nov/2024:10:12:31 +0800] "POST /wp-cron.php?doing_wp_cron=1732327951.5424659252166748046875 HTTP/1.1" 200 259 "-" "WordPress/6.4.3; http://test.matador.tw/?lang=en"
216.244.66.232 - - [23/Nov/2024:10:12:31 +0800] "GET /?lang=en HTTP/1.1" 200 79950 "-" "Mozilla/5.0 (compatible; DotBot/1.2; +https://opensiteexplorer.org/dotbot; help@moz.com)"
220.135.127.108 - - [23/Nov/2024:10:13:17 +0800] "POST /wp-cron.php?doing_wp_cron=1732327997.4950869083404541015625 HTTP/1.1" 200 259 "-" "WordPress/6.4.3; http://test.matador.tw"
216.244.66.232 - - [23/Nov/2024:10:13:17 +0800] "GET /?p=2082&share=jetpack-whatsapp HTTP/1.1" 200 83238 "-" "Mozilla/5.0 (compatible; DotBot/1.2; +https://opensiteexplorer.org/dotbot; help@moz.com)"
216.244.66.232 - - [23/Nov/2024:10:13:23 +0800] "GET /?page_id=461&share=linkedin HTTP/1.1" 302 375 "-" "Mozilla/5.0 (compatible; DotBot/1.2; +https://opensiteexplorer.org/dotbot; help@moz.com)"
216.244.66.232 - - [23/Nov/2024:10:13:28 +0800] "GET /?page_id=504&share=facebook HTTP/1.1" 302 423 "-" "Mozilla/5.0 (compatible; DotBot/1.2; +https://opensiteexplorer.org/dotbot; help@moz.com)"
216.244.66.232 - - [23/Nov/2024:10:14:46 +0800] "GET /wp-content/uploads/2013/09/focustdci1.jpg HTTP/1.1" 200 59851 "-" "Mozilla/5.0 (compatible; DotBot/1.2; +https://opensiteexplorer.org/dotbot; help@moz.com)"
220.135.127.108 - - [23/Nov/2024:10:19:07 +0800] "POST /wp-cron.php?doing_wp_cron=1732328347.2933180332183837890625 HTTP/1.1" 200 259 "-" "WordPress/6.4.3; http://test.matador.tw"
216.244.66.232 - - [23/Nov/2024:10:19:07 +0800] "GET /?feed=rss2&page_id=822 HTTP/1.1" 200 1511 "-" "Mozilla/5.0 (compatible; DotBot/1.2; +https://opensiteexplorer.org/dotbot; help@moz.com)"
220.135.127.108 - - [23/Nov/2024:10:26:16 +0800] "POST /wp-cron.php?doing_wp_cron=1732328776.8644111156463623046875 HTTP/1.1" 200 259 "-" "WordPress/6.4.3; http://test.matador.tw"
141.95.243.200 - - [23/Nov/2024:10:26:16 +0800] "POST /xmlrpc.php HTTP/1.1" 200 724 "-" "Mozilla/5.0 (Windows NT 6.1; Win64; x64) AppleWebKit/537.36 (KHTML, like Gecko) Chrome/63.0.3239.132 Safari/537.36"
141.95.243.200 - - [23/Nov/2024:10:26:20 +0800] "POST /xmlrpc.php HTTP/1.1" 200 724 "-" "Mozilla/5.0 (Windows NT 6.1; Win64; x64) AppleWebKit/537.36 (KHTML, like Gecko) Chrome/63.0.3239.132 Safari/537.36"
220.135.127.108 - - [23/Nov/2024:10:26:43 +0800] "POST /wp-cron.php?doing_wp_cron=1732328803.6819589138031005859375 HTTP/1.1" 200 259 "-" "WordPress/6.4.3; http://test.matador.tw"
216.244.66.232 - - [23/Nov/2024:10:26:43 +0800] "GET /index.php/feed/doc/html/doc/html/url.php?url=https%3A%2F%2Fwww.phpmyadmin.net%2F HTTP/1.1" 301 341 "-" "Mozilla/5.0 (compatible; DotBot/1.2; +https://opensiteexplorer.org/dotbot; help@moz.com)"
52.175.228.235 - - [23/Nov/2024:10:26:46 +0800] "POST /xmlrpc.php HTTP/1.1" 200 724 "-" "Mozilla/5.0 (Windows NT 10.0; Win64; x64) AppleWebKit/537.36 (KHTML, like Gecko) Chrome/84.0.4147.105 Safari/537.36"
52.175.228.235 - - [23/Nov/2024:10:26:48 +0800] "POST /xmlrpc.php HTTP/1.1" 200 724 "-" "Mozilla/5.0 (Windows NT 10.0; Win64; x64) AppleWebKit/537.36 (KHTML, like Gecko) Chrome/84.0.4147.105 Safari/537.36"
156.239.199.92 - - [23/Nov/2024:10:26:56 +0800] "POST /xmlrpc.php HTTP/1.1" 200 724 "-" "Mozilla/5.0 (Linux; Android 10; SM-A102U) AppleWebKit/537.36 (KHTML, like Gecko) Chrome/91.0.4472.114 Mobile Safari/537.36"
156.239.199.92 - - [23/Nov/2024:10:26:58 +0800] "POST /xmlrpc.php HTTP/1.1" 200 724 "-" "Mozilla/5.0 (Linux; Android 10; SM-A102U) AppleWebKit/537.36 (KHTML, like Gecko) Chrome/91.0.4472.114 Mobile Safari/537.36"
150.162.233.150 - - [23/Nov/2024:10:27:14 +0800] "POST /xmlrpc.php HTTP/1.1" 200 725 "-" "Mozilla/5.0 (Windows NT 10.0; Win64; x64) AppleWebKit/537.36 (KHTML, like Gecko) Chrome/80.0.3987.149 Safari/537.36"
