4.227.36.9 - - [24/Nov/2024:00:59:50 +0800] "GET /machines/stripping-cutting-machine/embed/ HTTP/1.1" 200 6892 "-" "Mozilla/5.0 AppleWebKit/537.36 (KHTML, like Gecko; compatible; GPTBot/1.2; +https://openai.com/gptbot)"
4.227.36.9 - - [24/Nov/2024:00:59:51 +0800] "GET /connectors/%ef%bd%97ire-to-board/embed/ HTTP/1.1" 200 6888 "-" "Mozilla/5.0 AppleWebKit/537.36 (KHTML, like Gecko; compatible; GPTBot/1.2; +https://openai.com/gptbot)"
4.227.36.9 - - [24/Nov/2024:00:59:52 +0800] "GET /machines/modular-plug-auto-termination-machine/embed/ HTTP/1.1" 200 6897 "-" "Mozilla/5.0 AppleWebKit/537.36 (KHTML, like Gecko; compatible; GPTBot/1.2; +https://openai.com/gptbot)"
4.227.36.9 - - [24/Nov/2024:00:59:55 +0800] "GET /usb-connectors/4-ieee-1394-connector-series/embed/ HTTP/1.1" 200 6899 "-" "Mozilla/5.0 AppleWebKit/537.36 (KHTML, like Gecko; compatible; GPTBot/1.2; +https://openai.com/gptbot)"
4.227.36.9 - - [24/Nov/2024:00:59:57 +0800] "GET /machines/5-injection-molding-machines/embed/ HTTP/1.1" 200 6884 "-" "Mozilla/5.0 AppleWebKit/537.36 (KHTML, like Gecko; compatible; GPTBot/1.2; +https://openai.com/gptbot)"
4.227.36.9 - - [24/Nov/2024:00:59:58 +0800] "GET /usb-connectors/embed/ HTTP/1.1" 200 6856 "-" "Mozilla/5.0 AppleWebKit/537.36 (KHTML, like Gecko; compatible; GPTBot/1.2; +https://openai.com/gptbot)"
4.227.36.9 - - [24/Nov/2024:00:59:59 +0800] "GET /machines/embed/ HTTP/1.1" 200 6841 "-" "Mozilla/5.0 AppleWebKit/537.36 (KHTML, like Gecko; compatible; GPTBot/1.2; +https://openai.com/gptbot)"
4.227.36.9 - - [24/Nov/2024:01:00:00 +0800] "GET /contact/embed/ HTTP/1.1" 200 6841 "-" "Mozilla/5.0 AppleWebKit/537.36 (KHTML, like Gecko; compatible; GPTBot/1.2; +https://openai.com/gptbot)"
4.227.36.9 - - [24/Nov/2024:01:00:01 +0800] "GET /machines/stripping-cutting-machine/embed/ HTTP/1.1" 200 6890 "-" "Mozilla/5.0 AppleWebKit/537.36 (KHTML, like Gecko; compatible; GPTBot/1.2; +https://openai.com/gptbot)"
4.227.36.9 - - [24/Nov/2024:01:00:02 +0800] "GET /machines/semi-auto-crimping-machine/embed/ HTTP/1.1" 200 6889 "-" "Mozilla/5.0 AppleWebKit/537.36 (KHTML, like Gecko; compatible; GPTBot/1.2; +https://openai.com/gptbot)"
4.227.36.9 - - [24/Nov/2024:01:00:03 +0800] "GET /machines/3-cable-tester/embed/ HTTP/1.1" 200 6869 "-" "Mozilla/5.0 AppleWebKit/537.36 (KHTML, like Gecko; compatible; GPTBot/1.2; +https://openai.com/gptbot)"
4.227.36.9 - - [24/Nov/2024:01:00:04 +0800] "GET /machines/modular-plug-auto-termination-machine/embed/ HTTP/1.1" 200 6897 "-" "Mozilla/5.0 AppleWebKit/537.36 (KHTML, like Gecko; compatible; GPTBot/1.2; +https://openai.com/gptbot)"
4.227.36.9 - - [24/Nov/2024:01:00:05 +0800] "GET /connectors/%ef%bd%97ire-to-board/embed/ HTTP/1.1" 200 6887 "-" "Mozilla/5.0 AppleWebKit/537.36 (KHTML, like Gecko; compatible; GPTBot/1.2; +https://openai.com/gptbot)"
114.119.138.32 - - [24/Nov/2024:01:02:05 +0800] "GET /?page_id=152 HTTP/1.1" 301 3987 "https://www.wellpex.tw/?page_id=64" "Mozilla/5.0 (Linux; Android 7.0;) AppleWebKit/537.36 (KHTML, like Gecko) Mobile Safari/537.36 (compatible; PetalBot;+https://webmaster.petalsearch.com/site/petalbot)"
114.119.138.32 - - [24/Nov/2024:01:02:06 +0800] "GET /cable-assembly/5-ffc/ HTTP/1.1" 200 14848 "https://www.wellpex.tw/?page_id=64" "Mozilla/5.0 (Linux; Android 7.0;) AppleWebKit/537.36 (KHTML, like Gecko) Mobile Safari/537.36 (compatible; PetalBot;+https://webmaster.petalsearch.com/site/petalbot)"
114.119.145.151 - - [24/Nov/2024:01:07:02 +0800] "GET /?page_id=140 HTTP/1.1" 301 3987 "https://wellpex.tw/" "Mozilla/5.0 (Linux; Android 7.0;) AppleWebKit/537.36 (KHTML, like Gecko) Mobile Safari/537.36 (compatible; PetalBot;+https://webmaster.petalsearch.com/site/petalbot)"
114.119.145.151 - - [24/Nov/2024:01:07:03 +0800] "GET /connectors/lamp-type/ HTTP/1.1" 200 11999 "https://wellpex.tw/" "Mozilla/5.0 (Linux; Android 7.0;) AppleWebKit/537.36 (KHTML, like Gecko) Mobile Safari/537.36 (compatible; PetalBot;+https://webmaster.petalsearch.com/site/petalbot)"
220.135.127.108 - - [24/Nov/2024:01:10:16 +0800] "POST /wp-cron.php?doing_wp_cron=1732381816.6506168842315673828125 HTTP/1.1" 200 4030 "-" "WordPress/6.7.1; https://www.wellpex.tw"
4.227.36.9 - - [24/Nov/2024:01:10:16 +0800] "GET /usb-connectors/4-ieee-1394-connector-series/embed/ HTTP/1.1" 200 10648 "-" "Mozilla/5.0 AppleWebKit/537.36 (KHTML, like Gecko; compatible; GPTBot/1.2; +https://openai.com/gptbot)"
4.227.36.9 - - [24/Nov/2024:01:10:17 +0800] "GET /machines/5-injection-molding-machines/embed/ HTTP/1.1" 200 6885 "-" "Mozilla/5.0 AppleWebKit/537.36 (KHTML, like Gecko; compatible; GPTBot/1.2; +https://openai.com/gptbot)"
4.227.36.9 - - [24/Nov/2024:01:10:18 +0800] "GET /usb-connectors/embed/ HTTP/1.1" 200 6856 "-" "Mozilla/5.0 AppleWebKit/537.36 (KHTML, like Gecko; compatible; GPTBot/1.2; +https://openai.com/gptbot)"
4.227.36.9 - - [24/Nov/2024:01:10:19 +0800] "GET /machines/embed/ HTTP/1.1" 200 6840 "-" "Mozilla/5.0 AppleWebKit/537.36 (KHTML, like Gecko; compatible; GPTBot/1.2; +https://openai.com/gptbot)"
4.227.36.9 - - [24/Nov/2024:01:10:20 +0800] "GET /machines/semi-auto-crimping-machine/embed/ HTTP/1.1" 200 6888 "-" "Mozilla/5.0 AppleWebKit/537.36 (KHTML, like Gecko; compatible; GPTBot/1.2; +https://openai.com/gptbot)"
4.227.36.9 - - [24/Nov/2024:01:10:21 +0800] "GET /machines/modular-plug-auto-termination-machine/embed/ HTTP/1.1" 200 6900 "-" "Mozilla/5.0 AppleWebKit/537.36 (KHTML, like Gecko; compatible; GPTBot/1.2; +https://openai.com/gptbot)"
4.227.36.9 - - [24/Nov/2024:01:10:22 +0800] "GET /connectors/%ef%bd%97ire-to-board/embed/ HTTP/1.1" 200 6888 "-" "Mozilla/5.0 AppleWebKit/537.36 (KHTML, like Gecko; compatible; GPTBot/1.2; +https://openai.com/gptbot)"
4.227.36.9 - - [24/Nov/2024:01:10:23 +0800] "GET /machines/stripping-cutting-machine/embed/ HTTP/1.1" 200 6893 "-" "Mozilla/5.0 AppleWebKit/537.36 (KHTML, like Gecko; compatible; GPTBot/1.2; +https://openai.com/gptbot)"
4.227.36.9 - - [24/Nov/2024:01:10:24 +0800] "GET /contact/embed/ HTTP/1.1" 200 6842 "-" "Mozilla/5.0 AppleWebKit/537.36 (KHTML, like Gecko; compatible; GPTBot/1.2; +https://openai.com/gptbot)"
4.227.36.9 - - [24/Nov/2024:01:10:26 +0800] "GET /machines/3-cable-tester/embed/ HTTP/1.1" 200 6869 "-" "Mozilla/5.0 AppleWebKit/537.36 (KHTML, like Gecko; compatible; GPTBot/1.2; +https://openai.com/gptbot)"
216.244.66.248 - - [24/Nov/2024:01:17:43 +0800] "GET /robots.txt HTTP/1.1" 301 535 "-" "Mozilla/5.0 (compatible; DotBot/1.2; +https://opensiteexplorer.org/dotbot; help@moz.com)"
216.244.66.248 - - [24/Nov/2024:01:17:43 +0800] "GET /robots.txt HTTP/1.1" 200 3461 "-" "Mozilla/5.0 (compatible; DotBot/1.2; +https://opensiteexplorer.org/dotbot; help@moz.com)"
4.227.36.9 - - [24/Nov/2024:01:20:26 +0800] "GET /usb-connectors/embed/ HTTP/1.1" 200 10604 "-" "Mozilla/5.0 AppleWebKit/537.36 (KHTML, like Gecko; compatible; GPTBot/1.2; +https://openai.com/gptbot)"
4.227.36.9 - - [24/Nov/2024:01:20:27 +0800] "GET /machines/embed/ HTTP/1.1" 200 6841 "-" "Mozilla/5.0 AppleWebKit/537.36 (KHTML, like Gecko; compatible; GPTBot/1.2; +https://openai.com/gptbot)"
4.227.36.9 - - [24/Nov/2024:01:20:28 +0800] "GET /usb-connectors/4-ieee-1394-connector-series/embed/ HTTP/1.1" 200 6899 "-" "Mozilla/5.0 AppleWebKit/537.36 (KHTML, like Gecko; compatible; GPTBot/1.2; +https://openai.com/gptbot)"
4.227.36.9 - - [24/Nov/2024:01:20:29 +0800] "GET /machines/stripping-cutting-machine/embed/ HTTP/1.1" 200 6891 "-" "Mozilla/5.0 AppleWebKit/537.36 (KHTML, like Gecko; compatible; GPTBot/1.2; +https://openai.com/gptbot)"
4.227.36.9 - - [24/Nov/2024:01:20:30 +0800] "GET /machines/semi-auto-crimping-machine/embed/ HTTP/1.1" 200 6888 "-" "Mozilla/5.0 AppleWebKit/537.36 (KHTML, like Gecko; compatible; GPTBot/1.2; +https://openai.com/gptbot)"
4.227.36.9 - - [24/Nov/2024:01:20:31 +0800] "GET /machines/5-injection-molding-machines/embed/ HTTP/1.1" 200 6886 "-" "Mozilla/5.0 AppleWebKit/537.36 (KHTML, like Gecko; compatible; GPTBot/1.2; +https://openai.com/gptbot)"
4.227.36.9 - - [24/Nov/2024:01:20:32 +0800] "GET /contact/embed/ HTTP/1.1" 200 6842 "-" "Mozilla/5.0 AppleWebKit/537.36 (KHTML, like Gecko; compatible; GPTBot/1.2; +https://openai.com/gptbot)"
4.227.36.9 - - [24/Nov/2024:01:20:34 +0800] "GET /machines/modular-plug-auto-termination-machine/embed/ HTTP/1.1" 200 6897 "-" "Mozilla/5.0 AppleWebKit/537.36 (KHTML, like Gecko; compatible; GPTBot/1.2; +https://openai.com/gptbot)"
4.227.36.9 - - [24/Nov/2024:01:20:35 +0800] "GET /machines/3-cable-tester/embed/ HTTP/1.1" 200 6869 "-" "Mozilla/5.0 AppleWebKit/537.36 (KHTML, like Gecko; compatible; GPTBot/1.2; +https://openai.com/gptbot)"
4.227.36.9 - - [24/Nov/2024:01:20:36 +0800] "GET /connectors/%ef%bd%97ire-to-board/embed/ HTTP/1.1" 200 6888 "-" "Mozilla/5.0 AppleWebKit/537.36 (KHTML, like Gecko; compatible; GPTBot/1.2; +https://openai.com/gptbot)"
216.244.66.248 - - [24/Nov/2024:01:24:10 +0800] "GET /cable-assembly/3-wire-harness/ HTTP/1.1" 200 72857 "-" "Mozilla/5.0 (compatible; DotBot/1.2; +https://opensiteexplorer.org/dotbot; help@moz.com)"
4.227.36.9 - - [24/Nov/2024:01:30:46 +0800] "GET /usb-connectors/embed/ HTTP/1.1" 200 10605 "-" "Mozilla/5.0 AppleWebKit/537.36 (KHTML, like Gecko; compatible; GPTBot/1.2; +https://openai.com/gptbot)"
4.227.36.9 - - [24/Nov/2024:01:30:47 +0800] "GET /machines/embed/ HTTP/1.1" 200 6841 "-" "Mozilla/5.0 AppleWebKit/537.36 (KHTML, like Gecko; compatible; GPTBot/1.2; +https://openai.com/gptbot)"
4.227.36.9 - - [24/Nov/2024:01:30:48 +0800] "GET /usb-connectors/4-ieee-1394-connector-series/embed/ HTTP/1.1" 200 6899 "-" "Mozilla/5.0 AppleWebKit/537.36 (KHTML, like Gecko; compatible; GPTBot/1.2; +https://openai.com/gptbot)"
4.227.36.9 - - [24/Nov/2024:01:30:49 +0800] "GET /machines/semi-auto-crimping-machine/embed/ HTTP/1.1" 200 6887 "-" "Mozilla/5.0 AppleWebKit/537.36 (KHTML, like Gecko; compatible; GPTBot/1.2; +https://openai.com/gptbot)"
4.227.36.9 - - [24/Nov/2024:01:30:50 +0800] "GET /machines/stripping-cutting-machine/embed/ HTTP/1.1" 200 6892 "-" "Mozilla/5.0 AppleWebKit/537.36 (KHTML, like Gecko; compatible; GPTBot/1.2; +https://openai.com/gptbot)"
4.227.36.9 - - [24/Nov/2024:01:30:52 +0800] "GET /machines/modular-plug-auto-termination-machine/embed/ HTTP/1.1" 200 6898 "-" "Mozilla/5.0 AppleWebKit/537.36 (KHTML, like Gecko; compatible; GPTBot/1.2; +https://openai.com/gptbot)"
4.227.36.9 - - [24/Nov/2024:01:30:53 +0800] "GET /machines/5-injection-molding-machines/embed/ HTTP/1.1" 200 6886 "-" "Mozilla/5.0 AppleWebKit/537.36 (KHTML, like Gecko; compatible; GPTBot/1.2; +https://openai.com/gptbot)"
4.227.36.9 - - [24/Nov/2024:01:30:54 +0800] "GET /connectors/%ef%bd%97ire-to-board/embed/ HTTP/1.1" 200 6889 "-" "Mozilla/5.0 AppleWebKit/537.36 (KHTML, like Gecko; compatible; GPTBot/1.2; +https://openai.com/gptbot)"
4.227.36.9 - - [24/Nov/2024:01:30:55 +0800] "GET /contact/embed/ HTTP/1.1" 200 6841 "-" "Mozilla/5.0 AppleWebKit/537.36 (KHTML, like Gecko; compatible; GPTBot/1.2; +https://openai.com/gptbot)"
4.227.36.9 - - [24/Nov/2024:01:30:56 +0800] "GET /machines/3-cable-tester/embed/ HTTP/1.1" 200 6871 "-" "Mozilla/5.0 AppleWebKit/537.36 (KHTML, like Gecko; compatible; GPTBot/1.2; +https://openai.com/gptbot)"
20.171.207.235 - - [24/Nov/2024:01:41:07 +0800] "GET /robots.txt HTTP/1.1" 200 4144 "-" "Mozilla/5.0 AppleWebKit/537.36 (KHTML, like Gecko; compatible; GPTBot/1.2; +https://openai.com/gptbot)"
4.227.36.9 - - [24/Nov/2024:01:41:08 +0800] "GET /usb-connectors/embed/ HTTP/1.1" 200 10605 "-" "Mozilla/5.0 AppleWebKit/537.36 (KHTML, like Gecko; compatible; GPTBot/1.2; +https://openai.com/gptbot)"
4.227.36.9 - - [24/Nov/2024:01:41:08 +0800] "GET /machines/embed/ HTTP/1.1" 200 6840 "-" "Mozilla/5.0 AppleWebKit/537.36 (KHTML, like Gecko; compatible; GPTBot/1.2; +https://openai.com/gptbot)"
4.227.36.9 - - [24/Nov/2024:01:41:09 +0800] "GET /usb-connectors/4-ieee-1394-connector-series/embed/ HTTP/1.1" 200 6896 "-" "Mozilla/5.0 AppleWebKit/537.36 (KHTML, like Gecko; compatible; GPTBot/1.2; +https://openai.com/gptbot)"
4.227.36.9 - - [24/Nov/2024:01:41:10 +0800] "GET /machines/semi-auto-crimping-machine/embed/ HTTP/1.1" 200 6887 "-" "Mozilla/5.0 AppleWebKit/537.36 (KHTML, like Gecko; compatible; GPTBot/1.2; +https://openai.com/gptbot)"
4.227.36.9 - - [24/Nov/2024:01:41:11 +0800] "GET /machines/modular-plug-auto-termination-machine/embed/ HTTP/1.1" 200 6898 "-" "Mozilla/5.0 AppleWebKit/537.36 (KHTML, like Gecko; compatible; GPTBot/1.2; +https://openai.com/gptbot)"
4.227.36.9 - - [24/Nov/2024:01:41:13 +0800] "GET /machines/stripping-cutting-machine/embed/ HTTP/1.1" 200 6892 "-" "Mozilla/5.0 AppleWebKit/537.36 (KHTML, like Gecko; compatible; GPTBot/1.2; +https://openai.com/gptbot)"
4.227.36.9 - - [24/Nov/2024:01:41:14 +0800] "GET /connectors/%ef%bd%97ire-to-board/embed/ HTTP/1.1" 200 6891 "-" "Mozilla/5.0 AppleWebKit/537.36 (KHTML, like Gecko; compatible; GPTBot/1.2; +https://openai.com/gptbot)"
4.227.36.9 - - [24/Nov/2024:01:41:15 +0800] "GET /machines/5-injection-molding-machines/embed/ HTTP/1.1" 200 6884 "-" "Mozilla/5.0 AppleWebKit/537.36 (KHTML, like Gecko; compatible; GPTBot/1.2; +https://openai.com/gptbot)"
4.227.36.9 - - [24/Nov/2024:01:41:16 +0800] "GET /machines/3-cable-tester/embed/ HTTP/1.1" 200 6871 "-" "Mozilla/5.0 AppleWebKit/537.36 (KHTML, like Gecko; compatible; GPTBot/1.2; +https://openai.com/gptbot)"
4.227.36.9 - - [24/Nov/2024:01:41:17 +0800] "GET /contact/embed/ HTTP/1.1" 200 6839 "-" "Mozilla/5.0 AppleWebKit/537.36 (KHTML, like Gecko; compatible; GPTBot/1.2; +https://openai.com/gptbot)"
4.227.36.9 - - [24/Nov/2024:01:51:28 +0800] "GET /usb-connectors/embed/ HTTP/1.1" 200 10603 "-" "Mozilla/5.0 AppleWebKit/537.36 (KHTML, like Gecko; compatible; GPTBot/1.2; +https://openai.com/gptbot)"
4.227.36.9 - - [24/Nov/2024:01:51:29 +0800] "GET /usb-connectors/4-ieee-1394-connector-series/embed/ HTTP/1.1" 200 6899 "-" "Mozilla/5.0 AppleWebKit/537.36 (KHTML, like Gecko; compatible; GPTBot/1.2; +https://openai.com/gptbot)"
4.227.36.9 - - [24/Nov/2024:01:51:31 +0800] "GET /machines/embed/ HTTP/1.1" 200 6842 "-" "Mozilla/5.0 AppleWebKit/537.36 (KHTML, like Gecko; compatible; GPTBot/1.2; +https://openai.com/gptbot)"
4.227.36.9 - - [24/Nov/2024:01:51:33 +0800] "GET /machines/modular-plug-auto-termination-machine/embed/ HTTP/1.1" 200 6901 "-" "Mozilla/5.0 AppleWebKit/537.36 (KHTML, like Gecko; compatible; GPTBot/1.2; +https://openai.com/gptbot)"
4.227.36.9 - - [24/Nov/2024:01:51:34 +0800] "GET /machines/stripping-cutting-machine/embed/ HTTP/1.1" 200 6890 "-" "Mozilla/5.0 AppleWebKit/537.36 (KHTML, like Gecko; compatible; GPTBot/1.2; +https://openai.com/gptbot)"
4.227.36.9 - - [24/Nov/2024:01:51:35 +0800] "GET /machines/semi-auto-crimping-machine/embed/ HTTP/1.1" 200 6886 "-" "Mozilla/5.0 AppleWebKit/537.36 (KHTML, like Gecko; compatible; GPTBot/1.2; +https://openai.com/gptbot)"
4.227.36.9 - - [24/Nov/2024:01:51:36 +0800] "GET /connectors/%ef%bd%97ire-to-board/embed/ HTTP/1.1" 200 6890 "-" "Mozilla/5.0 AppleWebKit/537.36 (KHTML, like Gecko; compatible; GPTBot/1.2; +https://openai.com/gptbot)"
4.227.36.9 - - [24/Nov/2024:01:51:38 +0800] "GET /machines/5-injection-molding-machines/embed/ HTTP/1.1" 200 6883 "-" "Mozilla/5.0 AppleWebKit/537.36 (KHTML, like Gecko; compatible; GPTBot/1.2; +https://openai.com/gptbot)"
4.227.36.9 - - [24/Nov/2024:01:51:39 +0800] "GET /machines/3-cable-tester/embed/ HTTP/1.1" 200 6870 "-" "Mozilla/5.0 AppleWebKit/537.36 (KHTML, like Gecko; compatible; GPTBot/1.2; +https://openai.com/gptbot)"
4.227.36.9 - - [24/Nov/2024:01:51:40 +0800] "GET /contact/embed/ HTTP/1.1" 200 6841 "-" "Mozilla/5.0 AppleWebKit/537.36 (KHTML, like Gecko; compatible; GPTBot/1.2; +https://openai.com/gptbot)"
106.54.51.214 - - [24/Nov/2024:01:57:32 +0800] "POST /xmlrpc.php HTTP/1.1" 200 3902 "-" "Mozilla/5.0 (Windows NT 6.1; Win64; x64; rv:61.0) Gecko/20100101 Firefox/61.0"
106.54.51.214 - - [24/Nov/2024:01:57:33 +0800] "POST /xmlrpc.php HTTP/1.1" 200 3902 "-" "Mozilla/5.0 (Windows NT 6.1; Win64; x64; rv:61.0) Gecko/20100101 Firefox/61.0"
49.234.23.207 - - [24/Nov/2024:01:57:38 +0800] "POST /xmlrpc.php HTTP/1.1" 200 3894 "-" "Mozilla/5.0 (Windows; U; Windows NT 5.1; en-US; rv:1.7.5) Gecko/20041107 Firefox/1.0"
195.231.50.119 - - [24/Nov/2024:01:57:38 +0800] "POST /xmlrpc.php HTTP/1.1" 200 4325 "-" "Mozilla/5.0 (Windows NT 10.0; WOW64; rv:50.0) Gecko/20100101 Firefox/50.0"
49.234.23.207 - - [24/Nov/2024:01:57:39 +0800] "POST /xmlrpc.php HTTP/1.1" 200 3894 "-" "Mozilla/5.0 (Windows; U; Windows NT 5.1; en-US; rv:1.7.5) Gecko/20041107 Firefox/1.0"
195.231.50.119 - - [24/Nov/2024:01:57:39 +0800] "POST /xmlrpc.php HTTP/1.1" 200 4325 "-" "Mozilla/5.0 (Windows NT 10.0; WOW64; rv:50.0) Gecko/20100101 Firefox/50.0"
173.212.208.138 - - [24/Nov/2024:01:57:46 +0800] "POST /xmlrpc.php HTTP/1.1" 200 3902 "-" "Mozilla/5.0 (Windows NT 10.0; Win64; x64) AppleWebKit/537.36 (KHTML, like Gecko) Chrome/88.0.4324.104 Safari/537.36"
173.212.208.138 - - [24/Nov/2024:01:57:52 +0800] "POST /xmlrpc.php HTTP/1.1" 200 3902 "-" "Mozilla/5.0 (Windows NT 10.0; Win64; x64) AppleWebKit/537.36 (KHTML, like Gecko) Chrome/88.0.4324.104 Safari/537.36"
85.128.54.15 - - [24/Nov/2024:01:57:56 +0800] "POST /xmlrpc.php HTTP/1.1" 200 4325 "-" "Mozilla/5.0 (Windows NT 6.1) AppleWebKit/537.36 (KHTML, like Gecko) Chrome/56.0.2924.76 Safari/537.36"
85.128.54.15 - - [24/Nov/2024:01:57:57 +0800] "POST /xmlrpc.php HTTP/1.1" 200 4325 "-" "Mozilla/5.0 (Windows NT 6.1) AppleWebKit/537.36 (KHTML, like Gecko) Chrome/56.0.2924.76 Safari/537.36"
197.112.10.45 - - [24/Nov/2024:01:58:08 +0800] "POST /xmlrpc.php HTTP/1.1" 200 3902 "-" "Mozilla/5.0 (Windows NT 6.2; Win64; x64) AppleWebKit/537.36 (KHTML, like Gecko) Chrome/60.0.3112.90 Safari/537.36"
159.89.176.50 - - [24/Nov/2024:01:58:08 +0800] "POST /xmlrpc.php HTTP/1.1" 200 4325 "-" "Mozilla/5.0 (Windows NT 10.0; Win64; x64) AppleWebKit/537.36 (KHTML, like Gecko) Chrome/89.0.4389.90 Safari/537.36"
159.89.176.50 - - [24/Nov/2024:01:58:09 +0800] "POST /xmlrpc.php HTTP/1.1" 200 4325 "-" "Mozilla/5.0 (Windows NT 10.0; Win64; x64) AppleWebKit/537.36 (KHTML, like Gecko) Chrome/89.0.4389.90 Safari/537.36"
197.112.10.45 - - [24/Nov/2024:01:58:10 +0800] "POST /xmlrpc.php HTTP/1.1" 200 3902 "-" "Mozilla/5.0 (Windows NT 6.2; Win64; x64) AppleWebKit/537.36 (KHTML, like Gecko) Chrome/60.0.3112.90 Safari/537.36"
8.218.22.143 - - [24/Nov/2024:01:58:14 +0800] "POST /xmlrpc.php HTTP/1.1" 200 4325 "-" "Mozilla/5.0 (Windows NT 6.1; WOW64; rv:41.0) Gecko/20100101 Firefox/41.0"
8.218.22.143 - - [24/Nov/2024:01:58:15 +0800] "POST /xmlrpc.php HTTP/1.1" 200 4325 "-" "Mozilla/5.0 (Windows NT 6.1; WOW64; rv:41.0) Gecko/20100101 Firefox/41.0"
173.212.208.138 - - [24/Nov/2024:01:58:23 +0800] "POST /xmlrpc.php HTTP/1.1" 200 3902 "-" "Mozilla/5.0 (Windows NT 10.0; Win64; x64) AppleWebKit/537.36 (KHTML, like Gecko) Chrome/87.0.4280.88 Safari/537.36"
173.212.208.138 - - [24/Nov/2024:01:58:30 +0800] "POST /xmlrpc.php HTTP/1.1" 200 3902 "-" "Mozilla/5.0 (Windows NT 10.0; Win64; x64) AppleWebKit/537.36 (KHTML, like Gecko) Chrome/87.0.4280.88 Safari/537.36"
173.212.208.138 - - [24/Nov/2024:01:58:34 +0800] "POST /xmlrpc.php HTTP/1.1" 200 3902 "-" "Mozilla/5.0 (Linux; Android 10; SM-G960U) AppleWebKit/537.36 (KHTML, like Gecko) Chrome/91.0.4472.114 Mobile Safari/537.36"
173.212.208.138 - - [24/Nov/2024:01:58:36 +0800] "POST /xmlrpc.php HTTP/1.1" 200 3902 "-" "Mozilla/5.0 (Linux; Android 10; SM-G960U) AppleWebKit/537.36 (KHTML, like Gecko) Chrome/91.0.4472.114 Mobile Safari/537.36"
92.119.129.240 - - [24/Nov/2024:01:58:44 +0800] "POST /xmlrpc.php HTTP/1.1" 200 4325 "-" "Mozilla/5.0 (Linux; Android 6.0.1; RedMi Note 5 Build/RB3N5C; wv) AppleWebKit/537.36 (KHTML, like Gecko) Version/4.0 Chrome/68.0.3440.91 Mobile Safari/537.36"
92.119.129.240 - - [24/Nov/2024:01:58:45 +0800] "POST /xmlrpc.php HTTP/1.1" 200 4325 "-" "Mozilla/5.0 (Linux; Android 6.0.1; RedMi Note 5 Build/RB3N5C; wv) AppleWebKit/537.36 (KHTML, like Gecko) Version/4.0 Chrome/68.0.3440.91 Mobile Safari/537.36"
173.212.208.138 - - [24/Nov/2024:01:58:47 +0800] "POST /xmlrpc.php HTTP/1.1" 200 3902 "-" "Mozilla/5.0 (Windows NT 10.0; Win64; x64) AppleWebKit/537.36 (KHTML, like Gecko) Chrome/87.0.4280.141 Safari/537.36"
173.212.208.138 - - [24/Nov/2024:01:58:48 +0800] "POST /xmlrpc.php HTTP/1.1" 200 3902 "-" "Mozilla/5.0 (Windows NT 10.0; Win64; x64) AppleWebKit/537.36 (KHTML, like Gecko) Chrome/87.0.4280.141 Safari/537.36"
138.201.41.74 - - [24/Nov/2024:01:59:12 +0800] "POST /xmlrpc.php HTTP/1.1" 200 4325 "-" "Mozilla/5.0 (Windows NT 10.0; Win64; x64) AppleWebKit/537.36 (KHTML, like Gecko) Chrome/80.0.3987.163 Safari/537.36"
138.201.41.74 - - [24/Nov/2024:01:59:13 +0800] "POST /xmlrpc.php HTTP/1.1" 200 4325 "-" "Mozilla/5.0 (Windows NT 10.0; Win64; x64) AppleWebKit/537.36 (KHTML, like Gecko) Chrome/80.0.3987.163 Safari/537.36"
4.227.36.9 - - [24/Nov/2024:02:01:41 +0800] "GET /machines/modular-plug-auto-termination-machine/embed/ HTTP/1.1" 200 10648 "-" "Mozilla/5.0 AppleWebKit/537.36 (KHTML, like Gecko; compatible; GPTBot/1.2; +https://openai.com/gptbot)"
4.227.36.9 - - [24/Nov/2024:02:01:41 +0800] "GET /usb-connectors/embed/ HTTP/1.1" 200 6856 "-" "Mozilla/5.0 AppleWebKit/537.36 (KHTML, like Gecko; compatible; GPTBot/1.2; +https://openai.com/gptbot)"
4.227.36.9 - - [24/Nov/2024:02:01:42 +0800] "GET /machines/embed/ HTTP/1.1" 200 6841 "-" "Mozilla/5.0 AppleWebKit/537.36 (KHTML, like Gecko; compatible; GPTBot/1.2; +https://openai.com/gptbot)"
4.227.36.9 - - [24/Nov/2024:02:01:43 +0800] "GET /usb-connectors/4-ieee-1394-connector-series/embed/ HTTP/1.1" 200 6897 "-" "Mozilla/5.0 AppleWebKit/537.36 (KHTML, like Gecko; compatible; GPTBot/1.2; +https://openai.com/gptbot)"
4.227.36.9 - - [24/Nov/2024:02:01:44 +0800] "GET /machines/semi-auto-crimping-machine/embed/ HTTP/1.1" 200 6887 "-" "Mozilla/5.0 AppleWebKit/537.36 (KHTML, like Gecko; compatible; GPTBot/1.2; +https://openai.com/gptbot)"
4.227.36.9 - - [24/Nov/2024:02:01:46 +0800] "GET /machines/stripping-cutting-machine/embed/ HTTP/1.1" 200 6892 "-" "Mozilla/5.0 AppleWebKit/537.36 (KHTML, like Gecko; compatible; GPTBot/1.2; +https://openai.com/gptbot)"
4.227.36.9 - - [24/Nov/2024:02:01:47 +0800] "GET /connectors/%ef%bd%97ire-to-board/embed/ HTTP/1.1" 200 6891 "-" "Mozilla/5.0 AppleWebKit/537.36 (KHTML, like Gecko; compatible; GPTBot/1.2; +https://openai.com/gptbot)"
4.227.36.9 - - [24/Nov/2024:02:01:48 +0800] "GET /machines/5-injection-molding-machines/embed/ HTTP/1.1" 200 6884 "-" "Mozilla/5.0 AppleWebKit/537.36 (KHTML, like Gecko; compatible; GPTBot/1.2; +https://openai.com/gptbot)"
4.227.36.9 - - [24/Nov/2024:02:01:49 +0800] "GET /machines/3-cable-tester/embed/ HTTP/1.1" 200 6870 "-" "Mozilla/5.0 AppleWebKit/537.36 (KHTML, like Gecko; compatible; GPTBot/1.2; +https://openai.com/gptbot)"
4.227.36.9 - - [24/Nov/2024:02:01:50 +0800] "GET /contact/embed/ HTTP/1.1" 200 6842 "-" "Mozilla/5.0 AppleWebKit/537.36 (KHTML, like Gecko; compatible; GPTBot/1.2; +https://openai.com/gptbot)"
156.59.198.135 - - [24/Nov/2024:02:08:30 +0800] "GET /wp-content/uploads/3.00mm-.11822-Pitch-C30001.jpg HTTP/1.1" 200 1016154 "-" "Mozilla/5.0 (Linux; Android 5.0) AppleWebKit/537.36 (KHTML, like Gecko) Mobile Safari/537.36 (compatible; Bytespider; spider-feedback@bytedance.com)"
220.135.127.108 - - [24/Nov/2024:02:12:01 +0800] "POST /wp-cron.php?doing_wp_cron=1732385521.3968970775604248046875 HTTP/1.1" 200 4030 "-" "WordPress/6.7.1; https://www.wellpex.tw"
4.227.36.9 - - [24/Nov/2024:02:12:01 +0800] "GET /machines/modular-plug-auto-termination-machine/embed/ HTTP/1.1" 200 10646 "-" "Mozilla/5.0 AppleWebKit/537.36 (KHTML, like Gecko; compatible; GPTBot/1.2; +https://openai.com/gptbot)"
4.227.36.9 - - [24/Nov/2024:02:12:01 +0800] "GET /machines/semi-auto-crimping-machine/embed/ HTTP/1.1" 200 6889 "-" "Mozilla/5.0 AppleWebKit/537.36 (KHTML, like Gecko; compatible; GPTBot/1.2; +https://openai.com/gptbot)"
4.227.36.9 - - [24/Nov/2024:02:12:02 +0800] "GET /connectors/%ef%bd%97ire-to-board/embed/ HTTP/1.1" 200 6888 "-" "Mozilla/5.0 AppleWebKit/537.36 (KHTML, like Gecko; compatible; GPTBot/1.2; +https://openai.com/gptbot)"
4.227.36.9 - - [24/Nov/2024:02:12:04 +0800] "GET /machines/stripping-cutting-machine/embed/ HTTP/1.1" 200 6891 "-" "Mozilla/5.0 AppleWebKit/537.36 (KHTML, like Gecko; compatible; GPTBot/1.2; +https://openai.com/gptbot)"
4.227.36.9 - - [24/Nov/2024:02:12:05 +0800] "GET /usb-connectors/embed/ HTTP/1.1" 200 6854 "-" "Mozilla/5.0 AppleWebKit/537.36 (KHTML, like Gecko; compatible; GPTBot/1.2; +https://openai.com/gptbot)"
4.227.36.9 - - [24/Nov/2024:02:12:06 +0800] "GET /machines/5-injection-molding-machines/embed/ HTTP/1.1" 200 6884 "-" "Mozilla/5.0 AppleWebKit/537.36 (KHTML, like Gecko; compatible; GPTBot/1.2; +https://openai.com/gptbot)"
4.227.36.9 - - [24/Nov/2024:02:12:07 +0800] "GET /machines/embed/ HTTP/1.1" 200 6838 "-" "Mozilla/5.0 AppleWebKit/537.36 (KHTML, like Gecko; compatible; GPTBot/1.2; +https://openai.com/gptbot)"
4.227.36.9 - - [24/Nov/2024:02:12:08 +0800] "GET /usb-connectors/4-ieee-1394-connector-series/embed/ HTTP/1.1" 200 6899 "-" "Mozilla/5.0 AppleWebKit/537.36 (KHTML, like Gecko; compatible; GPTBot/1.2; +https://openai.com/gptbot)"
4.227.36.9 - - [24/Nov/2024:02:12:09 +0800] "GET /contact/embed/ HTTP/1.1" 200 6838 "-" "Mozilla/5.0 AppleWebKit/537.36 (KHTML, like Gecko; compatible; GPTBot/1.2; +https://openai.com/gptbot)"
4.227.36.9 - - [24/Nov/2024:02:12:10 +0800] "GET /machines/3-cable-tester/embed/ HTTP/1.1" 200 6871 "-" "Mozilla/5.0 AppleWebKit/537.36 (KHTML, like Gecko; compatible; GPTBot/1.2; +https://openai.com/gptbot)"
47.128.43.132 - - [24/Nov/2024:02:12:32 +0800] "GET /robots.txt HTTP/1.1" 200 3693 "-" "Mozilla/5.0 (Linux; Android 5.0) AppleWebKit/537.36 (KHTML, like Gecko) Mobile Safari/537.36 (compatible; Bytespider; spider-feedback@bytedance.com)"
114.119.143.152 - - [24/Nov/2024:02:18:47 +0800] "GET /usb-connectors/6-hdmi-connector-series/ HTTP/1.1" 200 14730 "https://wellpex.tw/" "Mozilla/5.0 (Linux; Android 7.0;) AppleWebKit/537.36 (KHTML, like Gecko) Mobile Safari/537.36 (compatible; PetalBot;+https://webmaster.petalsearch.com/site/petalbot)"
4.227.36.9 - - [24/Nov/2024:02:22:11 +0800] "GET /machines/modular-plug-auto-termination-machine/embed/ HTTP/1.1" 200 10647 "-" "Mozilla/5.0 AppleWebKit/537.36 (KHTML, like Gecko; compatible; GPTBot/1.2; +https://openai.com/gptbot)"
4.227.36.9 - - [24/Nov/2024:02:22:12 +0800] "GET /machines/semi-auto-crimping-machine/embed/ HTTP/1.1" 200 6889 "-" "Mozilla/5.0 AppleWebKit/537.36 (KHTML, like Gecko; compatible; GPTBot/1.2; +https://openai.com/gptbot)"
4.227.36.9 - - [24/Nov/2024:02:22:13 +0800] "GET /machines/stripping-cutting-machine/embed/ HTTP/1.1" 200 6890 "-" "Mozilla/5.0 AppleWebKit/537.36 (KHTML, like Gecko; compatible; GPTBot/1.2; +https://openai.com/gptbot)"
4.227.36.9 - - [24/Nov/2024:02:22:14 +0800] "GET /connectors/%ef%bd%97ire-to-board/embed/ HTTP/1.1" 200 6890 "-" "Mozilla/5.0 AppleWebKit/537.36 (KHTML, like Gecko; compatible; GPTBot/1.2; +https://openai.com/gptbot)"
4.227.36.9 - - [24/Nov/2024:02:22:15 +0800] "GET /machines/embed/ HTTP/1.1" 200 6842 "-" "Mozilla/5.0 AppleWebKit/537.36 (KHTML, like Gecko; compatible; GPTBot/1.2; +https://openai.com/gptbot)"
4.227.36.9 - - [24/Nov/2024:02:22:16 +0800] "GET /usb-connectors/4-ieee-1394-connector-series/embed/ HTTP/1.1" 200 6899 "-" "Mozilla/5.0 AppleWebKit/537.36 (KHTML, like Gecko; compatible; GPTBot/1.2; +https://openai.com/gptbot)"
4.227.36.9 - - [24/Nov/2024:02:22:17 +0800] "GET /usb-connectors/embed/ HTTP/1.1" 200 6854 "-" "Mozilla/5.0 AppleWebKit/537.36 (KHTML, like Gecko; compatible; GPTBot/1.2; +https://openai.com/gptbot)"
4.227.36.9 - - [24/Nov/2024:02:22:18 +0800] "GET /contact/embed/ HTTP/1.1" 200 6841 "-" "Mozilla/5.0 AppleWebKit/537.36 (KHTML, like Gecko; compatible; GPTBot/1.2; +https://openai.com/gptbot)"
4.227.36.9 - - [24/Nov/2024:02:22:19 +0800] "GET /machines/5-injection-molding-machines/embed/ HTTP/1.1" 200 6886 "-" "Mozilla/5.0 AppleWebKit/537.36 (KHTML, like Gecko; compatible; GPTBot/1.2; +https://openai.com/gptbot)"
4.227.36.9 - - [24/Nov/2024:02:22:20 +0800] "GET /machines/3-cable-tester/embed/ HTTP/1.1" 200 6869 "-" "Mozilla/5.0 AppleWebKit/537.36 (KHTML, like Gecko; compatible; GPTBot/1.2; +https://openai.com/gptbot)"
114.119.138.32 - - [24/Nov/2024:02:23:47 +0800] "GET /?page_id=192 HTTP/1.1" 301 4013 "https://www.wellpex.tw/?page_id=66" "Mozilla/5.0 (Linux; Android 7.0;) AppleWebKit/537.36 (KHTML, like Gecko) Mobile Safari/537.36 (compatible; PetalBot;+https://webmaster.petalsearch.com/site/petalbot)"
114.119.138.32 - - [24/Nov/2024:02:23:48 +0800] "GET /machines/modular-plug-auto-termination-machine/ HTTP/1.1" 200 15267 "https://www.wellpex.tw/?page_id=66" "Mozilla/5.0 (Linux; Android 7.0;) AppleWebKit/537.36 (KHTML, like Gecko) Mobile Safari/537.36 (compatible; PetalBot;+https://webmaster.petalsearch.com/site/petalbot)"
4.227.36.9 - - [24/Nov/2024:02:32:21 +0800] "GET /machines/modular-plug-auto-termination-machine/embed/ HTTP/1.1" 200 10648 "-" "Mozilla/5.0 AppleWebKit/537.36 (KHTML, like Gecko; compatible; GPTBot/1.2; +https://openai.com/gptbot)"
4.227.36.9 - - [24/Nov/2024:02:32:22 +0800] "GET /usb-connectors/4-ieee-1394-connector-series/embed/ HTTP/1.1" 200 6896 "-" "Mozilla/5.0 AppleWebKit/537.36 (KHTML, like Gecko; compatible; GPTBot/1.2; +https://openai.com/gptbot)"
4.227.36.9 - - [24/Nov/2024:02:32:23 +0800] "GET /usb-connectors/embed/ HTTP/1.1" 200 6853 "-" "Mozilla/5.0 AppleWebKit/537.36 (KHTML, like Gecko; compatible; GPTBot/1.2; +https://openai.com/gptbot)"
4.227.36.9 - - [24/Nov/2024:02:32:24 +0800] "GET /machines/3-cable-tester/embed/ HTTP/1.1" 200 6868 "-" "Mozilla/5.0 AppleWebKit/537.36 (KHTML, like Gecko; compatible; GPTBot/1.2; +https://openai.com/gptbot)"
4.227.36.9 - - [24/Nov/2024:02:32:25 +0800] "GET /machines/stripping-cutting-machine/embed/ HTTP/1.1" 200 6890 "-" "Mozilla/5.0 AppleWebKit/537.36 (KHTML, like Gecko; compatible; GPTBot/1.2; +https://openai.com/gptbot)"
4.227.36.9 - - [24/Nov/2024:02:32:26 +0800] "GET /machines/5-injection-molding-machines/embed/ HTTP/1.1" 200 6884 "-" "Mozilla/5.0 AppleWebKit/537.36 (KHTML, like Gecko; compatible; GPTBot/1.2; +https://openai.com/gptbot)"
4.227.36.9 - - [24/Nov/2024:02:32:27 +0800] "GET /contact/embed/ HTTP/1.1" 200 6840 "-" "Mozilla/5.0 AppleWebKit/537.36 (KHTML, like Gecko; compatible; GPTBot/1.2; +https://openai.com/gptbot)"
4.227.36.9 - - [24/Nov/2024:02:32:28 +0800] "GET /connectors/%ef%bd%97ire-to-board/embed/ HTTP/1.1" 200 6886 "-" "Mozilla/5.0 AppleWebKit/537.36 (KHTML, like Gecko; compatible; GPTBot/1.2; +https://openai.com/gptbot)"
4.227.36.9 - - [24/Nov/2024:02:32:29 +0800] "GET /machines/embed/ HTTP/1.1" 200 6842 "-" "Mozilla/5.0 AppleWebKit/537.36 (KHTML, like Gecko; compatible; GPTBot/1.2; +https://openai.com/gptbot)"
4.227.36.9 - - [24/Nov/2024:02:32:31 +0800] "GET /machines/semi-auto-crimping-machine/embed/ HTTP/1.1" 200 6890 "-" "Mozilla/5.0 AppleWebKit/537.36 (KHTML, like Gecko; compatible; GPTBot/1.2; +https://openai.com/gptbot)"
107.189.3.107 - - [24/Nov/2024:02:58:55 +0800] "GET /wp-login.php HTTP/1.1" 200 13197 "-" "Mozilla/5.0 (Macintosh; Intel Mac OS X 10_6_8) AppleWebKit/534.59.10 (KHTML, like Gecko) Version/5.1.9 Safari/534.59.10"
107.189.3.107 - - [24/Nov/2024:02:58:57 +0800] "POST /wp-login.php HTTP/1.1" 200 10556 "-" "Mozilla/5.0 (Macintosh; Intel Mac OS X 10_6_8) AppleWebKit/534.59.10 (KHTML, like Gecko) Version/5.1.9 Safari/534.59.10"
8.218.72.170 - - [24/Nov/2024:02:59:14 +0800] "POST /xmlrpc.php HTTP/1.1" 200 3902 "-" "Mozilla/5.0 (iPod; CPU iPhone OS 14_6 like Mac OS X) AppleWebKit/605.1.15 (KHTML, like Gecko) CriOS/91.0.4472.80 Mobile/15E148 Safari/604.1"
8.218.72.170 - - [24/Nov/2024:02:59:14 +0800] "POST /xmlrpc.php HTTP/1.1" 200 3902 "-" "Mozilla/5.0 (iPod; CPU iPhone OS 14_6 like Mac OS X) AppleWebKit/605.1.15 (KHTML, like Gecko) CriOS/91.0.4472.80 Mobile/15E148 Safari/604.1"
103.112.139.163 - - [24/Nov/2024:02:59:20 +0800] "POST /xmlrpc.php HTTP/1.1" 200 4325 "-" "Mozilla/5.0 (Windows NT 10.0; Win64; x64) AppleWebKit/537.36 (KHTML, like Gecko) Chrome/79.0.3945.88 Safari/537.36"
138.201.41.74 - - [24/Nov/2024:02:59:20 +0800] "POST /xmlrpc.php HTTP/1.1" 200 4325 "-" "Mozilla/5.0 (Macintosh; Intel Mac OS X 11_4) AppleWebKit/537.36 (KHTML, like Gecko) Chrome/91.0.4472.114 Safari/537.36"
103.112.139.163 - - [24/Nov/2024:02:59:21 +0800] "POST /xmlrpc.php HTTP/1.1" 200 4325 "-" "Mozilla/5.0 (Windows NT 10.0; Win64; x64) AppleWebKit/537.36 (KHTML, like Gecko) Chrome/79.0.3945.88 Safari/537.36"
138.201.41.74 - - [24/Nov/2024:02:59:22 +0800] "POST /xmlrpc.php HTTP/1.1" 200 4325 "-" "Mozilla/5.0 (Macintosh; Intel Mac OS X 11_4) AppleWebKit/537.36 (KHTML, like Gecko) Chrome/91.0.4472.114 Safari/537.36"
64.227.180.29 - - [24/Nov/2024:02:59:32 +0800] "POST /xmlrpc.php HTTP/1.1" 200 4325 "-" "Mozilla/5.0 (Windows NT 10.0; Win64; x64) AppleWebKit/537.36 (KHTML, like Gecko) Chrome/70.0.3538.102 Safari/537.36"
64.227.180.29 - - [24/Nov/2024:02:59:34 +0800] "POST /xmlrpc.php HTTP/1.1" 200 4325 "-" "Mozilla/5.0 (Windows NT 10.0; Win64; x64) AppleWebKit/537.36 (KHTML, like Gecko) Chrome/70.0.3538.102 Safari/537.36"
95.216.1.46 - - [24/Nov/2024:02:59:54 +0800] "POST /xmlrpc.php HTTP/1.1" 200 4325 "-" "Mozilla/5.0 (Windows NT 6.1; Win64; x64) AppleWebKit/537.36 (KHTML, like Gecko) Chrome/79.0.3945.88 Safari/537.36"
95.216.1.46 - - [24/Nov/2024:02:59:56 +0800] "POST /xmlrpc.php HTTP/1.1" 200 4325 "-" "Mozilla/5.0 (Windows NT 6.1; Win64; x64) AppleWebKit/537.36 (KHTML, like Gecko) Chrome/79.0.3945.88 Safari/537.36"
46.4.68.19 - - [24/Nov/2024:03:00:05 +0800] "POST /xmlrpc.php HTTP/1.1" 200 4325 "-" "Mozilla/5.0 (Windows NT 10.0; Win64; x64) AppleWebKit/537.36 (KHTML, like Gecko) Chrome/63.0.3239.132 Safari/537.36"
46.4.68.19 - - [24/Nov/2024:03:00:06 +0800] "POST /xmlrpc.php HTTP/1.1" 200 4325 "-" "Mozilla/5.0 (Windows NT 10.0; Win64; x64) AppleWebKit/537.36 (KHTML, like Gecko) Chrome/63.0.3239.132 Safari/537.36"
116.48.52.197 - - [24/Nov/2024:03:00:14 +0800] "POST /xmlrpc.php HTTP/1.1" 200 4325 "-" "Mozilla/5.0 (Windows NT 10.0; Win64; x64; rv:65.0) Gecko/20100101 Firefox/65.0"
116.48.52.197 - - [24/Nov/2024:03:00:14 +0800] "POST /xmlrpc.php HTTP/1.1" 200 4325 "-" "Mozilla/5.0 (Windows NT 10.0; Win64; x64; rv:65.0) Gecko/20100101 Firefox/65.0"
49.13.170.156 - - [24/Nov/2024:03:00:29 +0800] "POST /xmlrpc.php HTTP/1.1" 200 4325 "-" "Mozilla/5.0 (Windows NT 10.0; Win64; x64; rv:67.0) Gecko/20100101 Firefox/67.0"
49.13.170.156 - - [24/Nov/2024:03:00:31 +0800] "POST /xmlrpc.php HTTP/1.1" 200 4325 "-" "Mozilla/5.0 (Windows NT 10.0; Win64; x64; rv:67.0) Gecko/20100101 Firefox/67.0"
195.231.50.119 - - [24/Nov/2024:03:00:40 +0800] "POST /xmlrpc.php HTTP/1.1" 200 4325 "-" "Mozilla/5.0 (Windows NT 10.0; Win64; x64; rv:67.0) Gecko/20100101 Firefox/67.0"
195.231.50.119 - - [24/Nov/2024:03:00:42 +0800] "POST /xmlrpc.php HTTP/1.1" 200 4325 "-" "Mozilla/5.0 (Windows NT 10.0; Win64; x64; rv:67.0) Gecko/20100101 Firefox/67.0"
49.13.170.156 - - [24/Nov/2024:03:00:47 +0800] "POST /xmlrpc.php HTTP/1.1" 200 4325 "-" "Mozilla/5.0 (Windows NT 5.1; Win64; x64) AppleWebKit/537.36 (KHTML, like Gecko) Chrome/60.0.3112.90 Safari/537.36"
49.13.170.156 - - [24/Nov/2024:03:00:48 +0800] "POST /xmlrpc.php HTTP/1.1" 200 4325 "-" "Mozilla/5.0 (Windows NT 5.1; Win64; x64) AppleWebKit/537.36 (KHTML, like Gecko) Chrome/60.0.3112.90 Safari/537.36"
95.216.1.46 - - [24/Nov/2024:03:00:50 +0800] "POST /xmlrpc.php HTTP/1.1" 200 4325 "-" "Mozilla/5.0 (Windows NT 10.0; Win64; x64) AppleWebKit/537.36 (KHTML, like Gecko) Chrome/79.0.3945.117 Safari/537.36"
95.216.1.46 - - [24/Nov/2024:03:00:52 +0800] "POST /xmlrpc.php HTTP/1.1" 200 4325 "-" "Mozilla/5.0 (Windows NT 10.0; Win64; x64) AppleWebKit/537.36 (KHTML, like Gecko) Chrome/79.0.3945.117 Safari/537.36"
103.112.139.163 - - [24/Nov/2024:03:01:04 +0800] "POST /xmlrpc.php HTTP/1.1" 200 4325 "-" "Mozilla/5.0 (iPhone; CPU iPhone OS 14_6 like Mac OS X) AppleWebKit/605.1.15 (KHTML, like Gecko) CriOS/91.0.4472.80 Mobile/15E148 Safari/604.1"
103.112.139.163 - - [24/Nov/2024:03:01:05 +0800] "POST /xmlrpc.php HTTP/1.1" 200 4325 "-" "Mozilla/5.0 (iPhone; CPU iPhone OS 14_6 like Mac OS X) AppleWebKit/605.1.15 (KHTML, like Gecko) CriOS/91.0.4472.80 Mobile/15E148 Safari/604.1"
220.135.127.108 - - [24/Nov/2024:03:28:18 +0800] "POST /wp-cron.php?doing_wp_cron=1732390097.9726719856262207031250 HTTP/1.1" 200 4030 "-" "WordPress/6.7.1; https://www.wellpex.tw"
194.247.173.99 - - [24/Nov/2024:03:28:17 +0800] "GET /robots.txt HTTP/1.1" 200 3667 "-" "Mozilla/5.0 (compatible; MJ12bot/v1.4.8; http://mj12bot.com/)"
194.247.173.99 - - [24/Nov/2024:03:28:19 +0800] "GET /connectors/%EF%BD%97ire-to-board/ HTTP/1.1" 200 15972 "-" "Mozilla/5.0 (compatible; MJ12bot/v1.4.8; http://mj12bot.com/)"
81.201.216.41 - - [24/Nov/2024:03:33:29 +0800] "HEAD / HTTP/1.1" 301 235 "-" "Mozilla/5.0 (X11; Linux x86_64) AppleWebKit/537.36 (KHTML, like Gecko) Chrome/96.0.4664.45 Safari/537.36"
81.201.216.41 - - [24/Nov/2024:03:33:30 +0800] "HEAD / HTTP/1.1" 301 4031 "http://wellpex.tw/" "Mozilla/5.0 (X11; Linux x86_64) AppleWebKit/537.36 (KHTML, like Gecko) Chrome/96.0.4664.45 Safari/537.36"
81.201.216.41 - - [24/Nov/2024:03:33:31 +0800] "HEAD / HTTP/1.1" 200 4181 "https://wellpex.tw/" "Mozilla/5.0 (X11; Linux x86_64) AppleWebKit/537.36 (KHTML, like Gecko) Chrome/96.0.4664.45 Safari/537.36"
81.201.216.41 - - [24/Nov/2024:03:45:04 +0800] "HEAD /wordpress HTTP/1.1" 301 244 "-" "Mozilla/5.0 (X11; Linux x86_64) AppleWebKit/537.36 (KHTML, like Gecko) Chrome/96.0.4664.45 Safari/537.36"
81.201.216.41 - - [24/Nov/2024:03:45:05 +0800] "HEAD /wordpress HTTP/1.1" 301 4133 "http://wellpex.tw/wordpress" "Mozilla/5.0 (X11; Linux x86_64) AppleWebKit/537.36 (KHTML, like Gecko) Chrome/96.0.4664.45 Safari/537.36"
81.201.216.41 - - [24/Nov/2024:03:45:06 +0800] "HEAD /wordpress HTTP/1.1" 404 4122 "https://wellpex.tw/wordpress" "Mozilla/5.0 (X11; Linux x86_64) AppleWebKit/537.36 (KHTML, like Gecko) Chrome/96.0.4664.45 Safari/537.36"
81.201.216.41 - - [24/Nov/2024:03:48:22 +0800] "HEAD /Wordpress HTTP/1.1" 301 244 "-" "Mozilla/5.0 (X11; Linux x86_64) AppleWebKit/537.36 (KHTML, like Gecko) Chrome/96.0.4664.45 Safari/537.36"
81.201.216.41 - - [24/Nov/2024:03:48:23 +0800] "HEAD /Wordpress HTTP/1.1" 301 4133 "http://wellpex.tw/Wordpress" "Mozilla/5.0 (X11; Linux x86_64) AppleWebKit/537.36 (KHTML, like Gecko) Chrome/96.0.4664.45 Safari/537.36"
81.201.216.41 - - [24/Nov/2024:03:48:26 +0800] "HEAD /Wordpress HTTP/1.1" 404 4122 "https://wellpex.tw/Wordpress" "Mozilla/5.0 (X11; Linux x86_64) AppleWebKit/537.36 (KHTML, like Gecko) Chrome/96.0.4664.45 Safari/537.36"
81.201.216.41 - - [24/Nov/2024:03:56:03 +0800] "HEAD /WORDPRESS HTTP/1.1" 301 244 "-" "Mozilla/5.0 (X11; Linux x86_64) AppleWebKit/537.36 (KHTML, like Gecko) Chrome/96.0.4664.45 Safari/537.36"
81.201.216.41 - - [24/Nov/2024:03:56:04 +0800] "HEAD /WORDPRESS HTTP/1.1" 301 4133 "http://wellpex.tw/WORDPRESS" "Mozilla/5.0 (X11; Linux x86_64) AppleWebKit/537.36 (KHTML, like Gecko) Chrome/96.0.4664.45 Safari/537.36"
81.201.216.41 - - [24/Nov/2024:03:56:05 +0800] "HEAD /WORDPRESS HTTP/1.1" 404 4122 "https://wellpex.tw/WORDPRESS" "Mozilla/5.0 (X11; Linux x86_64) AppleWebKit/537.36 (KHTML, like Gecko) Chrome/96.0.4664.45 Safari/537.36"
81.201.216.41 - - [24/Nov/2024:04:03:33 +0800] "HEAD /WordPress HTTP/1.1" 301 244 "-" "Mozilla/5.0 (X11; Linux x86_64) AppleWebKit/537.36 (KHTML, like Gecko) Chrome/96.0.4664.45 Safari/537.36"
81.201.216.41 - - [24/Nov/2024:04:03:35 +0800] "HEAD /WordPress HTTP/1.1" 301 4133 "http://wellpex.tw/WordPress" "Mozilla/5.0 (X11; Linux x86_64) AppleWebKit/537.36 (KHTML, like Gecko) Chrome/96.0.4664.45 Safari/537.36"
81.201.216.41 - - [24/Nov/2024:04:03:47 +0800] "HEAD /WordPress HTTP/1.1" 404 4122 "https://wellpex.tw/WordPress" "Mozilla/5.0 (X11; Linux x86_64) AppleWebKit/537.36 (KHTML, like Gecko) Chrome/96.0.4664.45 Safari/537.36"
81.201.216.41 - - [24/Nov/2024:04:06:33 +0800] "HEAD /wp HTTP/1.1" 301 237 "-" "Mozilla/5.0 (X11; Linux x86_64) AppleWebKit/537.36 (KHTML, like Gecko) Chrome/96.0.4664.45 Safari/537.36"
81.201.216.41 - - [24/Nov/2024:04:06:34 +0800] "HEAD /wp HTTP/1.1" 301 4126 "http://wellpex.tw/wp" "Mozilla/5.0 (X11; Linux x86_64) AppleWebKit/537.36 (KHTML, like Gecko) Chrome/96.0.4664.45 Safari/537.36"
81.201.216.41 - - [24/Nov/2024:04:06:36 +0800] "HEAD /wp HTTP/1.1" 404 4122 "https://wellpex.tw/wp" "Mozilla/5.0 (X11; Linux x86_64) AppleWebKit/537.36 (KHTML, like Gecko) Chrome/96.0.4664.45 Safari/537.36"
63.250.40.100 - - [24/Nov/2024:04:06:35 +0800] "POST /xmlrpc.php HTTP/1.1" 200 4325 "-" "Mozilla/5.0 (Linux; Android 6.0.1; RedMi Note 5 Build/RB3N5C; wv) AppleWebKit/537.36 (KHTML, like Gecko) Version/4.0 Chrome/68.0.3440.91 Mobile Safari/537.36"
63.250.40.100 - - [24/Nov/2024:04:06:39 +0800] "POST /xmlrpc.php HTTP/1.1" 200 4325 "-" "Mozilla/5.0 (Linux; Android 6.0.1; RedMi Note 5 Build/RB3N5C; wv) AppleWebKit/537.36 (KHTML, like Gecko) Version/4.0 Chrome/68.0.3440.91 Mobile Safari/537.36"
46.4.68.19 - - [24/Nov/2024:04:06:44 +0800] "POST /xmlrpc.php HTTP/1.1" 200 4325 "-" "Mozilla/5.0 (Windows NT 10.0; Win64; x64) AppleWebKit/537.36 (KHTML, like Gecko) Chrome/68.0.3440.106 Safari/537.36"
85.128.54.15 - - [24/Nov/2024:04:06:45 +0800] "POST /xmlrpc.php HTTP/1.1" 200 4325 "-" "Mozilla/5.0 (Windows NT 6.1; WOW64; rv:52.0) Gecko/20100101 Firefox/52.0"
46.4.68.19 - - [24/Nov/2024:04:06:45 +0800] "POST /xmlrpc.php HTTP/1.1" 200 4325 "-" "Mozilla/5.0 (Windows NT 10.0; Win64; x64) AppleWebKit/537.36 (KHTML, like Gecko) Chrome/68.0.3440.106 Safari/537.36"
85.128.54.15 - - [24/Nov/2024:04:06:46 +0800] "POST /xmlrpc.php HTTP/1.1" 200 4325 "-" "Mozilla/5.0 (Windows NT 6.1; WOW64; rv:52.0) Gecko/20100101 Firefox/52.0"
178.210.76.189 - - [24/Nov/2024:04:06:53 +0800] "POST /xmlrpc.php HTTP/1.1" 200 4325 "-" "Mozilla/5.0 (Windows NT 6.2; Win64; x64) AppleWebKit/537.36 (KHTML, like Gecko) Chrome/60.0.3112.90 Safari/537.36"
178.210.76.189 - - [24/Nov/2024:04:06:55 +0800] "POST /xmlrpc.php HTTP/1.1" 200 4325 "-" "Mozilla/5.0 (Windows NT 6.2; Win64; x64) AppleWebKit/537.36 (KHTML, like Gecko) Chrome/60.0.3112.90 Safari/537.36"
159.89.176.50 - - [24/Nov/2024:04:06:59 +0800] "POST /xmlrpc.php HTTP/1.1" 200 4325 "-" "Mozilla/5.0 (Windows NT 10.0) AppleWebKit/537.36 (KHTML, like Gecko) Chrome/72.0.3626.121 Safari/537.36"
159.89.176.50 - - [24/Nov/2024:04:07:01 +0800] "POST /xmlrpc.php HTTP/1.1" 200 4325 "-" "Mozilla/5.0 (Windows NT 10.0) AppleWebKit/537.36 (KHTML, like Gecko) Chrome/72.0.3626.121 Safari/537.36"
103.115.19.90 - - [24/Nov/2024:04:07:13 +0800] "POST /xmlrpc.php HTTP/1.1" 200 4325 "-" "Mozilla/5.0 (Windows NT 10.0; Win64; x64) AppleWebKit/537.36 (KHTML, like Gecko) Chrome/80.0.3987.163 Safari/537.36"
173.212.208.138 - - [24/Nov/2024:04:07:11 +0800] "POST /xmlrpc.php HTTP/1.1" 200 3902 "-" "Mozilla/5.0 (Windows NT 6.1; Win64; x64) AppleWebKit/537.36 (KHTML, like Gecko) Chrome/74.0.3729.169 Safari/537.36"
103.115.19.90 - - [24/Nov/2024:04:07:22 +0800] "POST /xmlrpc.php HTTP/1.1" 200 4325 "-" "Mozilla/5.0 (Windows NT 10.0; Win64; x64) AppleWebKit/537.36 (KHTML, like Gecko) Chrome/80.0.3987.163 Safari/537.36"
173.212.208.138 - - [24/Nov/2024:04:07:23 +0800] "POST /xmlrpc.php HTTP/1.1" 200 3902 "-" "Mozilla/5.0 (Windows NT 6.1; Win64; x64) AppleWebKit/537.36 (KHTML, like Gecko) Chrome/74.0.3729.169 Safari/537.36"
49.13.170.156 - - [24/Nov/2024:04:07:38 +0800] "POST /xmlrpc.php HTTP/1.1" 200 4325 "-" "Mozilla/5.0 (Windows NT 6.1; WOW64; rv:52.0) Gecko/20100101 Firefox/52.0"
185.88.177.165 - - [24/Nov/2024:04:07:46 +0800] "POST /xmlrpc.php HTTP/1.1" 200 4325 "-" "Mozilla/5.0 (Windows NT 10.0; Win64; x64) AppleWebKit/537.36 (KHTML, like Gecko) Chrome/80.0.3987.149 Safari/537.36"
49.13.170.156 - - [24/Nov/2024:04:07:46 +0800] "POST /xmlrpc.php HTTP/1.1" 200 4325 "-" "Mozilla/5.0 (Windows NT 6.1; WOW64; rv:52.0) Gecko/20100101 Firefox/52.0"
185.88.177.165 - - [24/Nov/2024:04:07:54 +0800] "POST /xmlrpc.php HTTP/1.1" 200 4325 "-" "Mozilla/5.0 (Windows NT 10.0; Win64; x64) AppleWebKit/537.36 (KHTML, like Gecko) Chrome/80.0.3987.149 Safari/537.36"
219.94.155.173 - - [24/Nov/2024:04:08:08 +0800] "POST /xmlrpc.php HTTP/1.1" 200 3902 "-" "Mozilla/5.0 (Windows NT 10.0; Win64; x64) AppleWebKit/537.36 (KHTML, like Gecko) Chrome/87.0.4280.141 Safari/537.36"
219.94.155.173 - - [24/Nov/2024:04:08:09 +0800] "POST /xmlrpc.php HTTP/1.1" 200 3902 "-" "Mozilla/5.0 (Windows NT 10.0; Win64; x64) AppleWebKit/537.36 (KHTML, like Gecko) Chrome/87.0.4280.141 Safari/537.36"
81.201.216.41 - - [24/Nov/2024:04:10:54 +0800] "HEAD /Wp HTTP/1.1" 301 237 "-" "Mozilla/5.0 (X11; Linux x86_64) AppleWebKit/537.36 (KHTML, like Gecko) Chrome/96.0.4664.45 Safari/537.36"
81.201.216.41 - - [24/Nov/2024:04:10:55 +0800] "HEAD /Wp HTTP/1.1" 301 4126 "http://wellpex.tw/Wp" "Mozilla/5.0 (X11; Linux x86_64) AppleWebKit/537.36 (KHTML, like Gecko) Chrome/96.0.4664.45 Safari/537.36"
220.135.127.108 - - [24/Nov/2024:04:10:59 +0800] "POST /wp-cron.php?doing_wp_cron=1732392657.0808029174804687500000 HTTP/1.1" 200 4030 "-" "WordPress/6.7.1; https://www.wellpex.tw"
81.201.216.41 - - [24/Nov/2024:04:11:01 +0800] "HEAD /Wp HTTP/1.1" 404 4122 "https://wellpex.tw/Wp" "Mozilla/5.0 (X11; Linux x86_64) AppleWebKit/537.36 (KHTML, like Gecko) Chrome/96.0.4664.45 Safari/537.36"
179.43.191.19 - - [24/Nov/2024:04:15:46 +0800] "GET /online-course-seo-for-gambling HTTP/1.1" 301 582 "https://google.com" "Windows NT"
179.43.191.19 - - [24/Nov/2024:04:15:47 +0800] "GET /online-course-seo-for-gambling HTTP/1.1" 301 4089 "https://google.com" "Windows NT"
179.43.191.19 - - [24/Nov/2024:04:15:48 +0800] "GET /online-course-seo-for-gambling HTTP/1.1" 404 42549 "https://google.com" "Windows NT"
81.201.216.41 - - [24/Nov/2024:04:18:12 +0800] "HEAD /WP HTTP/1.1" 301 237 "-" "Mozilla/5.0 (X11; Linux x86_64) AppleWebKit/537.36 (KHTML, like Gecko) Chrome/96.0.4664.45 Safari/537.36"
81.201.216.41 - - [24/Nov/2024:04:18:13 +0800] "HEAD /WP HTTP/1.1" 301 4126 "http://wellpex.tw/WP" "Mozilla/5.0 (X11; Linux x86_64) AppleWebKit/537.36 (KHTML, like Gecko) Chrome/96.0.4664.45 Safari/537.36"
81.201.216.41 - - [24/Nov/2024:04:18:14 +0800] "HEAD /WP HTTP/1.1" 404 4122 "https://wellpex.tw/WP" "Mozilla/5.0 (X11; Linux x86_64) AppleWebKit/537.36 (KHTML, like Gecko) Chrome/96.0.4664.45 Safari/537.36"
81.201.216.41 - - [24/Nov/2024:04:21:41 +0800] "HEAD /old HTTP/1.1" 301 238 "-" "Mozilla/5.0 (X11; Linux x86_64) AppleWebKit/537.36 (KHTML, like Gecko) Chrome/96.0.4664.45 Safari/537.36"
81.201.216.41 - - [24/Nov/2024:04:21:42 +0800] "HEAD /old HTTP/1.1" 301 4127 "http://wellpex.tw/old" "Mozilla/5.0 (X11; Linux x86_64) AppleWebKit/537.36 (KHTML, like Gecko) Chrome/96.0.4664.45 Safari/537.36"
81.201.216.41 - - [24/Nov/2024:04:21:43 +0800] "HEAD /old HTTP/1.1" 404 4122 "https://wellpex.tw/old" "Mozilla/5.0 (X11; Linux x86_64) AppleWebKit/537.36 (KHTML, like Gecko) Chrome/96.0.4664.45 Safari/537.36"
81.201.216.41 - - [24/Nov/2024:04:26:36 +0800] "HEAD /Old HTTP/1.1" 301 238 "-" "Mozilla/5.0 (X11; Linux x86_64) AppleWebKit/537.36 (KHTML, like Gecko) Chrome/96.0.4664.45 Safari/537.36"
81.201.216.41 - - [24/Nov/2024:04:26:37 +0800] "HEAD /Old HTTP/1.1" 301 4127 "http://wellpex.tw/Old" "Mozilla/5.0 (X11; Linux x86_64) AppleWebKit/537.36 (KHTML, like Gecko) Chrome/96.0.4664.45 Safari/537.36"
81.201.216.41 - - [24/Nov/2024:04:26:38 +0800] "HEAD /Old HTTP/1.1" 404 4122 "https://wellpex.tw/Old" "Mozilla/5.0 (X11; Linux x86_64) AppleWebKit/537.36 (KHTML, like Gecko) Chrome/96.0.4664.45 Safari/537.36"
81.201.216.41 - - [24/Nov/2024:04:32:05 +0800] "HEAD /OLD HTTP/1.1" 301 238 "-" "Mozilla/5.0 (X11; Linux x86_64) AppleWebKit/537.36 (KHTML, like Gecko) Chrome/96.0.4664.45 Safari/537.36"
81.201.216.41 - - [24/Nov/2024:04:32:06 +0800] "HEAD /OLD HTTP/1.1" 301 4127 "http://wellpex.tw/OLD" "Mozilla/5.0 (X11; Linux x86_64) AppleWebKit/537.36 (KHTML, like Gecko) Chrome/96.0.4664.45 Safari/537.36"
81.201.216.41 - - [24/Nov/2024:04:32:08 +0800] "HEAD /OLD HTTP/1.1" 404 4122 "https://wellpex.tw/OLD" "Mozilla/5.0 (X11; Linux x86_64) AppleWebKit/537.36 (KHTML, like Gecko) Chrome/96.0.4664.45 Safari/537.36"
81.201.216.41 - - [24/Nov/2024:04:38:25 +0800] "HEAD /oldsite HTTP/1.1" 301 242 "-" "Mozilla/5.0 (X11; Linux x86_64) AppleWebKit/537.36 (KHTML, like Gecko) Chrome/96.0.4664.45 Safari/537.36"
81.201.216.41 - - [24/Nov/2024:04:38:26 +0800] "HEAD /oldsite HTTP/1.1" 301 4131 "http://wellpex.tw/oldsite" "Mozilla/5.0 (X11; Linux x86_64) AppleWebKit/537.36 (KHTML, like Gecko) Chrome/96.0.4664.45 Safari/537.36"
81.201.216.41 - - [24/Nov/2024:04:38:28 +0800] "HEAD /oldsite HTTP/1.1" 404 4122 "https://wellpex.tw/oldsite" "Mozilla/5.0 (X11; Linux x86_64) AppleWebKit/537.36 (KHTML, like Gecko) Chrome/96.0.4664.45 Safari/537.36"
81.201.216.41 - - [24/Nov/2024:04:43:55 +0800] "HEAD /new HTTP/1.1" 301 238 "-" "Mozilla/5.0 (X11; Linux x86_64) AppleWebKit/537.36 (KHTML, like Gecko) Chrome/96.0.4664.45 Safari/537.36"
81.201.216.41 - - [24/Nov/2024:04:43:56 +0800] "HEAD /new HTTP/1.1" 301 4127 "http://wellpex.tw/new" "Mozilla/5.0 (X11; Linux x86_64) AppleWebKit/537.36 (KHTML, like Gecko) Chrome/96.0.4664.45 Safari/537.36"
81.201.216.41 - - [24/Nov/2024:04:43:57 +0800] "HEAD /new HTTP/1.1" 404 4122 "https://wellpex.tw/new" "Mozilla/5.0 (X11; Linux x86_64) AppleWebKit/537.36 (KHTML, like Gecko) Chrome/96.0.4664.45 Safari/537.36"
81.201.216.41 - - [24/Nov/2024:04:47:11 +0800] "HEAD /New HTTP/1.1" 301 238 "-" "Mozilla/5.0 (X11; Linux x86_64) AppleWebKit/537.36 (KHTML, like Gecko) Chrome/96.0.4664.45 Safari/537.36"
81.201.216.41 - - [24/Nov/2024:04:47:12 +0800] "HEAD /New HTTP/1.1" 301 4127 "http://wellpex.tw/New" "Mozilla/5.0 (X11; Linux x86_64) AppleWebKit/537.36 (KHTML, like Gecko) Chrome/96.0.4664.45 Safari/537.36"
81.201.216.41 - - [24/Nov/2024:04:47:13 +0800] "HEAD /New HTTP/1.1" 404 4122 "https://wellpex.tw/New" "Mozilla/5.0 (X11; Linux x86_64) AppleWebKit/537.36 (KHTML, like Gecko) Chrome/96.0.4664.45 Safari/537.36"
81.201.216.41 - - [24/Nov/2024:04:54:33 +0800] "HEAD /NEW HTTP/1.1" 301 238 "-" "Mozilla/5.0 (X11; Linux x86_64) AppleWebKit/537.36 (KHTML, like Gecko) Chrome/96.0.4664.45 Safari/537.36"
