81.201.216.41 - - [24/Nov/2024:07:04:09 +0800] "HEAD /sitio HTTP/1.1" 404 4122 "https://wellpex.tw/sitio" "Mozilla/5.0 (X11; Linux x86_64) AppleWebKit/537.36 (KHTML, like Gecko) Chrome/96.0.4664.45 Safari/537.36"
81.201.216.41 - - [24/Nov/2024:07:09:05 +0800] "HEAD /bac HTTP/1.1" 301 238 "-" "Mozilla/5.0 (X11; Linux x86_64) AppleWebKit/537.36 (KHTML, like Gecko) Chrome/96.0.4664.45 Safari/537.36"
220.135.127.108 - - [24/Nov/2024:07:09:07 +0800] "POST /wp-cron.php?doing_wp_cron=1732403347.0010008811950683593750 HTTP/1.1" 200 4030 "-" "WordPress/6.7.1; https://www.wellpex.tw"
81.201.216.41 - - [24/Nov/2024:07:09:06 +0800] "HEAD /bac HTTP/1.1" 301 4127 "http://wellpex.tw/bac" "Mozilla/5.0 (X11; Linux x86_64) AppleWebKit/537.36 (KHTML, like Gecko) Chrome/96.0.4664.45 Safari/537.36"
81.201.216.41 - - [24/Nov/2024:07:09:08 +0800] "HEAD /bac HTTP/1.1" 404 4122 "https://wellpex.tw/bac" "Mozilla/5.0 (X11; Linux x86_64) AppleWebKit/537.36 (KHTML, like Gecko) Chrome/96.0.4664.45 Safari/537.36"
114.119.138.32 - - [24/Nov/2024:07:09:43 +0800] "GET /wp-content/uploads/2.50mm-.09822-Pitch-C25005.jpg HTTP/1.1" 200 982287 "http://www.wellpex.tw?page_id=129" "Mozilla/5.0 (Linux; Android 7.0;) AppleWebKit/537.36 (KHTML, like Gecko) Mobile Safari/537.36 (compatible; PetalBot;+https://webmaster.petalsearch.com/site/petalbot)"
180.102.110.145 - - [24/Nov/2024:07:10:41 +0800] "GET / HTTP/1.1" 301 534 "-" "Sogou web spider/4.0(+http://www.sogou.com/docs/help/webmasters.htm#07)"
180.102.110.145 - - [24/Nov/2024:07:10:42 +0800] "GET / HTTP/1.1" 200 14856 "-" "Sogou web spider/4.0(+http://www.sogou.com/docs/help/webmasters.htm#07)"
81.201.216.41 - - [24/Nov/2024:07:11:28 +0800] "HEAD /sito HTTP/1.1" 301 239 "-" "Mozilla/5.0 (X11; Linux x86_64) AppleWebKit/537.36 (KHTML, like Gecko) Chrome/96.0.4664.45 Safari/537.36"
81.201.216.41 - - [24/Nov/2024:07:11:29 +0800] "HEAD /sito HTTP/1.1" 301 4128 "http://wellpex.tw/sito" "Mozilla/5.0 (X11; Linux x86_64) AppleWebKit/537.36 (KHTML, like Gecko) Chrome/96.0.4664.45 Safari/537.36"
81.201.216.41 - - [24/Nov/2024:07:11:30 +0800] "HEAD /sito HTTP/1.1" 404 4122 "https://wellpex.tw/sito" "Mozilla/5.0 (X11; Linux x86_64) AppleWebKit/537.36 (KHTML, like Gecko) Chrome/96.0.4664.45 Safari/537.36"
81.201.216.41 - - [24/Nov/2024:07:18:30 +0800] "HEAD /site HTTP/1.1" 301 239 "-" "Mozilla/5.0 (X11; Linux x86_64) AppleWebKit/537.36 (KHTML, like Gecko) Chrome/96.0.4664.45 Safari/537.36"
81.201.216.41 - - [24/Nov/2024:07:18:31 +0800] "HEAD /site HTTP/1.1" 301 4128 "http://wellpex.tw/site" "Mozilla/5.0 (X11; Linux x86_64) AppleWebKit/537.36 (KHTML, like Gecko) Chrome/96.0.4664.45 Safari/537.36"
81.201.216.41 - - [24/Nov/2024:07:18:32 +0800] "HEAD /site HTTP/1.1" 404 4122 "https://wellpex.tw/site" "Mozilla/5.0 (X11; Linux x86_64) AppleWebKit/537.36 (KHTML, like Gecko) Chrome/96.0.4664.45 Safari/537.36"
81.201.216.41 - - [24/Nov/2024:07:21:46 +0800] "HEAD /Site HTTP/1.1" 301 239 "-" "Mozilla/5.0 (X11; Linux x86_64) AppleWebKit/537.36 (KHTML, like Gecko) Chrome/96.0.4664.45 Safari/537.36"
81.201.216.41 - - [24/Nov/2024:07:21:47 +0800] "HEAD /Site HTTP/1.1" 301 4128 "http://wellpex.tw/Site" "Mozilla/5.0 (X11; Linux x86_64) AppleWebKit/537.36 (KHTML, like Gecko) Chrome/96.0.4664.45 Safari/537.36"
81.201.216.41 - - [24/Nov/2024:07:21:48 +0800] "HEAD /Site HTTP/1.1" 404 4122 "https://wellpex.tw/Site" "Mozilla/5.0 (X11; Linux x86_64) AppleWebKit/537.36 (KHTML, like Gecko) Chrome/96.0.4664.45 Safari/537.36"
81.201.216.41 - - [24/Nov/2024:07:25:57 +0800] "HEAD /SITE HTTP/1.1" 301 239 "-" "Mozilla/5.0 (X11; Linux x86_64) AppleWebKit/537.36 (KHTML, like Gecko) Chrome/96.0.4664.45 Safari/537.36"
81.201.216.41 - - [24/Nov/2024:07:25:58 +0800] "HEAD /SITE HTTP/1.1" 301 4128 "http://wellpex.tw/SITE" "Mozilla/5.0 (X11; Linux x86_64) AppleWebKit/537.36 (KHTML, like Gecko) Chrome/96.0.4664.45 Safari/537.36"
81.201.216.41 - - [24/Nov/2024:07:26:00 +0800] "HEAD /SITE HTTP/1.1" 404 4122 "https://wellpex.tw/SITE" "Mozilla/5.0 (X11; Linux x86_64) AppleWebKit/537.36 (KHTML, like Gecko) Chrome/96.0.4664.45 Safari/537.36"
81.201.216.41 - - [24/Nov/2024:07:31:20 +0800] "HEAD /blog HTTP/1.1" 301 239 "-" "Mozilla/5.0 (X11; Linux x86_64) AppleWebKit/537.36 (KHTML, like Gecko) Chrome/96.0.4664.45 Safari/537.36"
81.201.216.41 - - [24/Nov/2024:07:31:22 +0800] "HEAD /blog HTTP/1.1" 301 4128 "http://wellpex.tw/blog" "Mozilla/5.0 (X11; Linux x86_64) AppleWebKit/537.36 (KHTML, like Gecko) Chrome/96.0.4664.45 Safari/537.36"
81.201.216.41 - - [24/Nov/2024:07:31:23 +0800] "HEAD /blog HTTP/1.1" 404 4122 "https://wellpex.tw/blog" "Mozilla/5.0 (X11; Linux x86_64) AppleWebKit/537.36 (KHTML, like Gecko) Chrome/96.0.4664.45 Safari/537.36"
81.201.216.41 - - [24/Nov/2024:07:35:33 +0800] "HEAD /BLOG HTTP/1.1" 301 239 "-" "Mozilla/5.0 (X11; Linux x86_64) AppleWebKit/537.36 (KHTML, like Gecko) Chrome/96.0.4664.45 Safari/537.36"
81.201.216.41 - - [24/Nov/2024:07:35:34 +0800] "HEAD /BLOG HTTP/1.1" 301 4128 "http://wellpex.tw/BLOG" "Mozilla/5.0 (X11; Linux x86_64) AppleWebKit/537.36 (KHTML, like Gecko) Chrome/96.0.4664.45 Safari/537.36"
81.201.216.41 - - [24/Nov/2024:07:35:35 +0800] "HEAD /BLOG HTTP/1.1" 404 4122 "https://wellpex.tw/BLOG" "Mozilla/5.0 (X11; Linux x86_64) AppleWebKit/537.36 (KHTML, like Gecko) Chrome/96.0.4664.45 Safari/537.36"
66.249.71.4 - - [24/Nov/2024:07:36:08 +0800] "GET /feed/ HTTP/1.1" 200 4615 "-" "Mozilla/5.0 (compatible; Googlebot/2.1; +http://www.google.com/bot.html)"
81.201.216.41 - - [24/Nov/2024:07:39:33 +0800] "HEAD /Blog HTTP/1.1" 301 239 "-" "Mozilla/5.0 (X11; Linux x86_64) AppleWebKit/537.36 (KHTML, like Gecko) Chrome/96.0.4664.45 Safari/537.36"
81.201.216.41 - - [24/Nov/2024:07:39:34 +0800] "HEAD /Blog HTTP/1.1" 301 4128 "http://wellpex.tw/Blog" "Mozilla/5.0 (X11; Linux x86_64) AppleWebKit/537.36 (KHTML, like Gecko) Chrome/96.0.4664.45 Safari/537.36"
81.201.216.41 - - [24/Nov/2024:07:39:35 +0800] "HEAD /Blog HTTP/1.1" 404 4122 "https://wellpex.tw/Blog" "Mozilla/5.0 (X11; Linux x86_64) AppleWebKit/537.36 (KHTML, like Gecko) Chrome/96.0.4664.45 Safari/537.36"
223.109.252.243 - - [24/Nov/2024:07:48:42 +0800] "GET / HTTP/1.1" 200 14856 "-" "Sogou web spider/4.0(+http://www.sogou.com/docs/help/webmasters.htm#07)"
138.201.41.74 - - [24/Nov/2024:07:54:43 +0800] "POST /xmlrpc.php HTTP/1.1" 200 4325 "-" "Mozilla/5.0 (Windows NT 6.1; WOW64; rv:38.0) Gecko/20100101 Firefox/38.0"
138.201.41.74 - - [24/Nov/2024:07:54:45 +0800] "POST /xmlrpc.php HTTP/1.1" 200 4325 "-" "Mozilla/5.0 (Windows NT 6.1; WOW64; rv:38.0) Gecko/20100101 Firefox/38.0"
82.165.230.7 - - [24/Nov/2024:07:54:50 +0800] "POST /xmlrpc.php HTTP/1.1" 200 4325 "-" "Mozilla/5.0 (Windows NT 6.1; WOW64; rv:42.0) Gecko/20100101 Firefox/42.0"
82.165.230.7 - - [24/Nov/2024:07:54:51 +0800] "POST /xmlrpc.php HTTP/1.1" 200 4325 "-" "Mozilla/5.0 (Windows NT 6.1; WOW64; rv:42.0) Gecko/20100101 Firefox/42.0"
103.191.240.28 - - [24/Nov/2024:07:54:53 +0800] "POST /xmlrpc.php HTTP/1.1" 200 4325 "-" "Mozilla/5.0 (Windows NT 6.1; WOW64; rv:52.0) Gecko/20100101 Firefox/52.0"
103.191.240.28 - - [24/Nov/2024:07:54:55 +0800] "POST /xmlrpc.php HTTP/1.1" 200 4325 "-" "Mozilla/5.0 (Windows NT 6.1; WOW64; rv:52.0) Gecko/20100101 Firefox/52.0"
219.94.155.173 - - [24/Nov/2024:07:55:00 +0800] "POST /xmlrpc.php HTTP/1.1" 200 3902 "-" "Mozilla/5.0 (Windows NT 6.1; WOW64; rv:47.0) Gecko/20100101 Firefox/47.0"
219.94.155.173 - - [24/Nov/2024:07:55:01 +0800] "POST /xmlrpc.php HTTP/1.1" 200 3902 "-" "Mozilla/5.0 (Windows NT 6.1; WOW64; rv:47.0) Gecko/20100101 Firefox/47.0"
43.231.115.89 - - [24/Nov/2024:07:55:11 +0800] "POST /xmlrpc.php HTTP/1.1" 200 3902 "-" "Mozilla/5.0 (Windows NT 6.1; WOW64; rv:50.0) Gecko/20100101 Firefox/50.0"
43.231.115.89 - - [24/Nov/2024:07:55:13 +0800] "POST /xmlrpc.php HTTP/1.1" 200 3902 "-" "Mozilla/5.0 (Windows NT 6.1; WOW64; rv:50.0) Gecko/20100101 Firefox/50.0"
64.225.65.28 - - [24/Nov/2024:07:55:13 +0800] "POST /xmlrpc.php HTTP/1.1" 200 4325 "-" "Mozilla/5.0 (Windows NT 10.0; Win64; x64) AppleWebKit/537.36 (KHTML, like Gecko) Chrome/68.0.3440.106 Safari/537.36"
64.225.65.28 - - [24/Nov/2024:07:55:14 +0800] "POST /xmlrpc.php HTTP/1.1" 200 4325 "-" "Mozilla/5.0 (Windows NT 10.0; Win64; x64) AppleWebKit/537.36 (KHTML, like Gecko) Chrome/68.0.3440.106 Safari/537.36"
104.28.238.119 - - [24/Nov/2024:07:55:31 +0800] "POST /xmlrpc.php HTTP/1.1" 200 4325 "-" "Mozilla/5.0 (Windows NT 10.0; Win64; x64; rv:78.0) Gecko/20100101 Firefox/78.0"
104.28.238.119 - - [24/Nov/2024:07:55:32 +0800] "POST /xmlrpc.php HTTP/1.1" 200 4325 "-" "Mozilla/5.0 (Windows NT 10.0; Win64; x64; rv:78.0) Gecko/20100101 Firefox/78.0"
35.229.251.37 - - [24/Nov/2024:07:55:47 +0800] "POST /xmlrpc.php HTTP/1.1" 200 4325 "-" "Mozilla/5.0 (Windows NT 5.1; rv:30.0) Gecko/20100101 Firefox/30.0"
35.229.251.37 - - [24/Nov/2024:07:55:47 +0800] "POST /xmlrpc.php HTTP/1.1" 200 4325 "-" "Mozilla/5.0 (Windows NT 5.1; rv:30.0) Gecko/20100101 Firefox/30.0"
8.218.22.143 - - [24/Nov/2024:07:55:51 +0800] "POST /xmlrpc.php HTTP/1.1" 200 4325 "-" "Mozilla/5.0 (Windows NT 6.1; WOW64) AppleWebKit/537.1 (KHTML, like Gecko) Chrome/21.0.1180.83 Safari/537.1"
8.218.22.143 - - [24/Nov/2024:07:55:51 +0800] "POST /xmlrpc.php HTTP/1.1" 200 4325 "-" "Mozilla/5.0 (Windows NT 6.1; WOW64) AppleWebKit/537.1 (KHTML, like Gecko) Chrome/21.0.1180.83 Safari/537.1"
150.109.22.247 - - [24/Nov/2024:07:56:03 +0800] "POST /xmlrpc.php HTTP/1.1" 200 3902 "-" "Mozilla/5.0 (iPad; CPU OS 14_6 like Mac OS X) AppleWebKit/605.1.15 (KHTML, like Gecko) CriOS/91.0.4472.80 Mobile/15E148 Safari/604.1"
150.109.22.247 - - [24/Nov/2024:07:56:04 +0800] "POST /xmlrpc.php HTTP/1.1" 200 3902 "-" "Mozilla/5.0 (iPad; CPU OS 14_6 like Mac OS X) AppleWebKit/605.1.15 (KHTML, like Gecko) CriOS/91.0.4472.80 Mobile/15E148 Safari/604.1"
65.21.18.131 - - [24/Nov/2024:07:56:24 +0800] "POST /xmlrpc.php HTTP/1.1" 200 4325 "-" "Mozilla/5.0 (Windows NT 10.0; Win64; x64) AppleWebKit/537.36 (KHTML, like Gecko) Chrome/83.0.4103.116 Safari/537.36"
65.21.18.131 - - [24/Nov/2024:07:56:26 +0800] "POST /xmlrpc.php HTTP/1.1" 200 4325 "-" "Mozilla/5.0 (Windows NT 10.0; Win64; x64) AppleWebKit/537.36 (KHTML, like Gecko) Chrome/83.0.4103.116 Safari/537.36"
220.135.127.108 - - [24/Nov/2024:08:19:13 +0800] "POST /wp-cron.php?doing_wp_cron=1732407553.3927989006042480468750 HTTP/1.1" 200 4030 "-" "WordPress/6.7.1; https://www.wellpex.tw"
114.119.143.210 - - [24/Nov/2024:08:19:13 +0800] "GET /usb-connectors/8-din-mini-din-connector-series-16/ HTTP/1.1" 200 15671 "https://wellpex.tw/" "Mozilla/5.0 (Linux; Android 7.0;) AppleWebKit/537.36 (KHTML, like Gecko) Mobile Safari/537.36 (compatible; PetalBot;+https://webmaster.petalsearch.com/site/petalbot)"
66.249.71.4 - - [24/Nov/2024:08:55:05 +0800] "GET /cable-assembly/7-others/ HTTP/1.1" 200 16360 "-" "Mozilla/5.0 (Linux; Android 6.0.1; Nexus 5X Build/MMB29P) AppleWebKit/537.36 (KHTML, like Gecko) Chrome/131.0.6778.69 Mobile Safari/537.36 (compatible; Googlebot/2.1; +http://www.google.com/bot.html)"
220.135.127.108 - - [24/Nov/2024:08:55:06 +0800] "POST /wp-cron.php?doing_wp_cron=1732409705.7552080154418945312500 HTTP/1.1" 200 4030 "-" "WordPress/6.7.1; https://www.wellpex.tw"
203.161.63.25 - - [24/Nov/2024:09:00:22 +0800] "POST /xmlrpc.php HTTP/1.1" 200 4325 "-" "Mozilla/5.0 (Windows NT 6.1; WOW64; rv:52.0) Gecko/20100101 Firefox/52.0"
203.161.63.25 - - [24/Nov/2024:09:00:23 +0800] "POST /xmlrpc.php HTTP/1.1" 200 4325 "-" "Mozilla/5.0 (Windows NT 6.1; WOW64; rv:52.0) Gecko/20100101 Firefox/52.0"
24.144.88.68 - - [24/Nov/2024:09:00:26 +0800] "POST /xmlrpc.php HTTP/1.1" 200 4325 "-" "Mozilla/5.0 (Windows NT 10.0; Win64; x64; rv:61.0) Gecko/20100101 Firefox/61.0"
24.144.88.68 - - [24/Nov/2024:09:00:27 +0800] "POST /xmlrpc.php HTTP/1.1" 200 4325 "-" "Mozilla/5.0 (Windows NT 10.0; Win64; x64; rv:61.0) Gecko/20100101 Firefox/61.0"
198.54.126.38 - - [24/Nov/2024:09:00:27 +0800] "POST /xmlrpc.php HTTP/1.1" 200 4325 "-" "Mozilla/5.0 (Windows; U; Windows NT 5.1; en-US; rv:1.7.10) Gecko/20050716 Firefox/1.0.6"
195.231.50.119 - - [24/Nov/2024:09:00:28 +0800] "POST /xmlrpc.php HTTP/1.1" 200 4325 "-" "Mozilla/5.0 (Windows NT 10.0; Win64; x64; rv:59.0) Gecko/20100101 Firefox/59.0"
198.54.126.38 - - [24/Nov/2024:09:00:28 +0800] "POST /xmlrpc.php HTTP/1.1" 200 4325 "-" "Mozilla/5.0 (Windows; U; Windows NT 5.1; en-US; rv:1.7.10) Gecko/20050716 Firefox/1.0.6"
195.231.50.119 - - [24/Nov/2024:09:00:29 +0800] "POST /xmlrpc.php HTTP/1.1" 200 4325 "-" "Mozilla/5.0 (Windows NT 10.0; Win64; x64; rv:59.0) Gecko/20100101 Firefox/59.0"
197.112.10.45 - - [24/Nov/2024:09:00:37 +0800] "POST /xmlrpc.php HTTP/1.1" 200 3902 "-" "Mozilla/5.0 (Windows NT 6.1; WOW64; rv:41.0) Gecko/20100101 Firefox/41.0"
197.112.10.45 - - [24/Nov/2024:09:00:39 +0800] "POST /xmlrpc.php HTTP/1.1" 200 3902 "-" "Mozilla/5.0 (Windows NT 6.1; WOW64; rv:41.0) Gecko/20100101 Firefox/41.0"
46.4.68.19 - - [24/Nov/2024:09:00:54 +0800] "POST /xmlrpc.php HTTP/1.1" 200 4325 "-" "Mozilla/5.0 (Windows NT 6.1; Win64; x64) AppleWebKit/537.36 (KHTML, like Gecko) Chrome/74.0.3729.169 Safari/537.36"
46.4.68.19 - - [24/Nov/2024:09:00:55 +0800] "POST /xmlrpc.php HTTP/1.1" 200 4325 "-" "Mozilla/5.0 (Windows NT 6.2; Win64; x64) AppleWebKit/537.36 (KHTML, like Gecko) Chrome/60.0.3112.90 Safari/537.36"
46.4.68.19 - - [24/Nov/2024:09:00:55 +0800] "POST /xmlrpc.php HTTP/1.1" 200 4325 "-" "Mozilla/5.0 (Windows NT 6.1; Win64; x64) AppleWebKit/537.36 (KHTML, like Gecko) Chrome/74.0.3729.169 Safari/537.36"
46.4.68.19 - - [24/Nov/2024:09:00:56 +0800] "POST /xmlrpc.php HTTP/1.1" 200 4325 "-" "Mozilla/5.0 (Windows NT 6.2; Win64; x64) AppleWebKit/537.36 (KHTML, like Gecko) Chrome/60.0.3112.90 Safari/537.36"
203.161.63.25 - - [24/Nov/2024:09:01:12 +0800] "POST /xmlrpc.php HTTP/1.1" 200 4325 "-" "Mozilla/5.0 (Windows NT 10.0; Win64; x64; rv:57.0) Gecko/20100101 Firefox/57.0"
27.54.180.169 - - [24/Nov/2024:09:01:13 +0800] "POST /xmlrpc.php HTTP/1.1" 200 4325 "-" "Mozilla/5.0 (Windows NT 10.0; Win64; x64) AppleWebKit/537.36 (KHTML, like Gecko) Chrome/65.0.3325.181 Safari/537.36"
203.161.63.25 - - [24/Nov/2024:09:01:13 +0800] "POST /xmlrpc.php HTTP/1.1" 200 4325 "-" "Mozilla/5.0 (Windows NT 10.0; Win64; x64; rv:57.0) Gecko/20100101 Firefox/57.0"
27.54.180.169 - - [24/Nov/2024:09:01:14 +0800] "POST /xmlrpc.php HTTP/1.1" 200 4325 "-" "Mozilla/5.0 (Windows NT 10.0; Win64; x64) AppleWebKit/537.36 (KHTML, like Gecko) Chrome/65.0.3325.181 Safari/537.36"
152.44.47.183 - - [24/Nov/2024:09:01:17 +0800] "POST /xmlrpc.php HTTP/1.1" 200 4325 "-" "Mozilla/5.0 (Windows NT 6.1; rv:17.0) Gecko/20100101 Firefox/20.6.14"
152.44.47.183 - - [24/Nov/2024:09:01:18 +0800] "POST /xmlrpc.php HTTP/1.1" 200 4325 "-" "Mozilla/5.0 (Windows NT 6.1; rv:17.0) Gecko/20100101 Firefox/20.6.14"
129.226.145.114 - - [24/Nov/2024:09:01:30 +0800] "POST /xmlrpc.php HTTP/1.1" 200 4325 "-" "Mozilla/5.0 (Windows NT 6.1; WOW64) AppleWebKit/537.1 (KHTML, like Gecko) Chrome/21.0.1180.83 Safari/537.1"
129.226.145.114 - - [24/Nov/2024:09:01:31 +0800] "POST /xmlrpc.php HTTP/1.1" 200 4325 "-" "Mozilla/5.0 (Windows NT 6.1; WOW64) AppleWebKit/537.1 (KHTML, like Gecko) Chrome/21.0.1180.83 Safari/537.1"
125.227.29.250 - - [24/Nov/2024:09:01:40 +0800] "POST /xmlrpc.php HTTP/1.1" 200 4325 "-" "Mozilla/5.0 (iPhone; CPU iPhone OS 14_6 like Mac OS X) AppleWebKit/605.1.15 (KHTML, like Gecko) CriOS/91.0.4472.80 Mobile/15E148 Safari/604.1"
125.227.29.250 - - [24/Nov/2024:09:01:40 +0800] "POST /xmlrpc.php HTTP/1.1" 200 4325 "-" "Mozilla/5.0 (iPhone; CPU iPhone OS 14_6 like Mac OS X) AppleWebKit/605.1.15 (KHTML, like Gecko) CriOS/91.0.4472.80 Mobile/15E148 Safari/604.1"
91.212.213.24 - - [24/Nov/2024:09:01:47 +0800] "POST /xmlrpc.php HTTP/1.1" 200 4325 "-" "Mozilla/5.0 (X11; Ubuntu; Linux i686; rv:24.0) Gecko/20100101 Firefox/24.0"
91.212.213.24 - - [24/Nov/2024:09:01:49 +0800] "POST /xmlrpc.php HTTP/1.1" 200 4325 "-" "Mozilla/5.0 (X11; Ubuntu; Linux i686; rv:24.0) Gecko/20100101 Firefox/24.0"
200.98.169.72 - - [24/Nov/2024:09:47:33 +0800] "GET /shop/wp-login.php HTTP/1.1" 301 556 "-" "Mozilla/5.0 (X11; Ubuntu; Linux x86_64; rv:62.0) Gecko/20100101 Firefox/62.0"
220.135.127.108 - - [24/Nov/2024:09:47:40 +0800] "POST /wp-cron.php?doing_wp_cron=1732412860.5832130908966064453125 HTTP/1.1" 200 4030 "-" "WordPress/6.7.1; https://www.wellpex.tw"
200.98.169.72 - - [24/Nov/2024:09:47:36 +0800] "GET /shop/wp-login.php HTTP/1.1" 301 3409 "http://wellpex.tw/shop/wp-login.php" "Mozilla/5.0 (X11; Ubuntu; Linux x86_64; rv:62.0) Gecko/20100101 Firefox/62.0"
200.98.169.72 - - [24/Nov/2024:09:47:45 +0800] "GET /shop/wp-login.php HTTP/1.1" 404 41877 "https://wellpex.tw/shop/wp-login.php" "Mozilla/5.0 (X11; Ubuntu; Linux x86_64; rv:62.0) Gecko/20100101 Firefox/62.0"
220.135.127.108 - - [24/Nov/2024:10:10:10 +0800] "POST /wp-cron.php?doing_wp_cron=1732414210.8631770610809326171875 HTTP/1.1" 200 4030 "-" "WordPress/6.7.1; https://www.wellpex.tw"
156.238.231.140 - - [24/Nov/2024:10:10:10 +0800] "POST /xmlrpc.php HTTP/1.1" 200 3902 "-" "Mozilla/5.0 (iPod; CPU iPhone OS 14_6 like Mac OS X) AppleWebKit/605.1.15 (KHTML, like Gecko) CriOS/91.0.4472.80 Mobile/15E148 Safari/604.1"
156.238.231.140 - - [24/Nov/2024:10:10:11 +0800] "POST /xmlrpc.php HTTP/1.1" 200 3902 "-" "Mozilla/5.0 (iPod; CPU iPhone OS 14_6 like Mac OS X) AppleWebKit/605.1.15 (KHTML, like Gecko) CriOS/91.0.4472.80 Mobile/15E148 Safari/604.1"
150.109.22.247 - - [24/Nov/2024:10:10:17 +0800] "POST /xmlrpc.php HTTP/1.1" 200 3902 "-" "Mozilla/5.0 (Windows NT 10.0; Win64; x64; rv:78.0) Gecko/20100101 Firefox/78.0"
150.109.22.247 - - [24/Nov/2024:10:10:17 +0800] "POST /xmlrpc.php HTTP/1.1" 200 3902 "-" "Mozilla/5.0 (Windows NT 10.0; Win64; x64; rv:78.0) Gecko/20100101 Firefox/78.0"
80.239.141.135 - - [24/Nov/2024:10:10:22 +0800] "POST /xmlrpc.php HTTP/1.1" 200 4325 "-" "Mozilla/5.0 (Linux; Android 10; LM-X420) AppleWebKit/537.36 (KHTML, like Gecko) Chrome/91.0.4472.114 Mobile Safari/537.36"
80.239.141.135 - - [24/Nov/2024:10:10:24 +0800] "POST /xmlrpc.php HTTP/1.1" 200 4325 "-" "Mozilla/5.0 (Linux; Android 10; LM-X420) AppleWebKit/537.36 (KHTML, like Gecko) Chrome/91.0.4472.114 Mobile Safari/537.36"
150.109.22.247 - - [24/Nov/2024:10:10:32 +0800] "POST /xmlrpc.php HTTP/1.1" 200 3902 "-" "Mozilla/5.0 (Windows NT 6.1; Win64; x64; rv:25.0) Gecko/20100101 Firefox/29.0"
150.109.22.247 - - [24/Nov/2024:10:10:32 +0800] "POST /xmlrpc.php HTTP/1.1" 200 3902 "-" "Mozilla/5.0 (Windows NT 6.1; Win64; x64; rv:25.0) Gecko/20100101 Firefox/29.0"
52.238.252.162 - - [24/Nov/2024:10:10:39 +0800] "POST /xmlrpc.php HTTP/1.1" 200 4325 "-" "Mozilla/5.0 (Windows NT 10.0; Win64; x64) AppleWebKit/537.36 (KHTML, like Gecko) Chrome/85.0.4183.102 Safari/537.36"
52.238.252.162 - - [24/Nov/2024:10:10:40 +0800] "POST /xmlrpc.php HTTP/1.1" 200 4325 "-" "Mozilla/5.0 (Windows NT 10.0; Win64; x64) AppleWebKit/537.36 (KHTML, like Gecko) Chrome/85.0.4183.102 Safari/537.36"
150.109.22.247 - - [24/Nov/2024:10:10:55 +0800] "POST /xmlrpc.php HTTP/1.1" 200 3902 "-" "Mozilla/5.0 (Windows NT 10.0; Win64; x64) AppleWebKit/537.36 (KHTML, like Gecko) Chrome/90.0.4430.212 Safari/537.36"
150.109.22.247 - - [24/Nov/2024:10:10:55 +0800] "POST /xmlrpc.php HTTP/1.1" 200 3902 "-" "Mozilla/5.0 (Windows NT 10.0; Win64; x64) AppleWebKit/537.36 (KHTML, like Gecko) Chrome/90.0.4430.212 Safari/537.36"
138.201.41.74 - - [24/Nov/2024:10:11:03 +0800] "POST /xmlrpc.php HTTP/1.1" 200 4325 "-" "Mozilla/5.0 (Windows NT 10.0; Win64; x64; rv:63.0) Gecko/20100101 Firefox/63.0"
138.201.41.74 - - [24/Nov/2024:10:11:04 +0800] "POST /xmlrpc.php HTTP/1.1" 200 4325 "-" "Mozilla/5.0 (Windows NT 10.0; Win64; x64; rv:63.0) Gecko/20100101 Firefox/63.0"
35.229.251.37 - - [24/Nov/2024:10:11:30 +0800] "POST /xmlrpc.php HTTP/1.1" 200 4325 "-" "Mozilla/5.0 (Windows NT 10.0; Win64; x64) AppleWebKit/537.36 (KHTML, like Gecko) Chrome/74.0.3729.131 Safari/537.36"
35.229.251.37 - - [24/Nov/2024:10:11:30 +0800] "POST /xmlrpc.php HTTP/1.1" 200 4325 "-" "Mozilla/5.0 (Windows NT 10.0; Win64; x64) AppleWebKit/537.36 (KHTML, like Gecko) Chrome/74.0.3729.131 Safari/537.36"
65.21.18.131 - - [24/Nov/2024:10:12:01 +0800] "POST /xmlrpc.php HTTP/1.1" 200 4325 "-" "Mozilla/5.0 (Windows NT 10.0; Win64; x64) AppleWebKit/537.36 (KHTML, like Gecko) Chrome/74.0.3729.169 Safari/537.36"
65.21.18.131 - - [24/Nov/2024:10:12:04 +0800] "POST /xmlrpc.php HTTP/1.1" 200 4325 "-" "Mozilla/5.0 (Windows NT 10.0; Win64; x64) AppleWebKit/537.36 (KHTML, like Gecko) Chrome/74.0.3729.169 Safari/537.36"
65.21.18.131 - - [24/Nov/2024:10:12:32 +0800] "POST /xmlrpc.php HTTP/1.1" 200 4325 "-" "Mozilla/5.0 (Windows NT 6.1; Win64; x64) AppleWebKit/537.36 (KHTML, like Gecko) Chrome/63.0.3239.132 Safari/537.36"
65.21.18.131 - - [24/Nov/2024:10:12:33 +0800] "POST /xmlrpc.php HTTP/1.1" 200 4325 "-" "Mozilla/5.0 (Windows NT 6.1; Win64; x64) AppleWebKit/537.36 (KHTML, like Gecko) Chrome/63.0.3239.132 Safari/537.36"
66.249.79.173 - - [24/Nov/2024:10:18:07 +0800] "GET /usb-connectors/7-dvi-connector-series/ HTTP/1.1" 200 14467 "-" "Mozilla/5.0 (Linux; Android 6.0.1; Nexus 5X Build/MMB29P) AppleWebKit/537.36 (KHTML, like Gecko) Chrome/131.0.6778.69 Mobile Safari/537.36 (compatible; Googlebot/2.1; +http://www.google.com/bot.html)"
192.104.34.34 - - [24/Nov/2024:10:55:09 +0800] "GET / HTTP/1.1" 200 58947 "-" "Mozilla/5.0 (Windows NT 10.0; Win64; x64) AppleWebKit/537.36 (KHTML, like Gecko) Chrome/129.0.0.0 Safari/537.36"
220.135.127.108 - - [24/Nov/2024:11:12:19 +0800] "POST /wp-cron.php?doing_wp_cron=1732417938.9393839836120605468750 HTTP/1.1" 200 4030 "-" "WordPress/6.7.1; https://www.wellpex.tw"
107.189.3.107 - - [24/Nov/2024:11:12:18 +0800] "GET /wp-login.php HTTP/1.1" 200 13197 "-" "Mozilla/5.0 (Macintosh; Intel Mac OS X 10.9; rv:30.0) Gecko/20100101 Firefox/30.0"
107.189.3.107 - - [24/Nov/2024:11:12:20 +0800] "POST /wp-login.php HTTP/1.1" 200 10556 "-" "Mozilla/5.0 (Macintosh; Intel Mac OS X 10.9; rv:30.0) Gecko/20100101 Firefox/30.0"
40.77.167.255 - - [24/Nov/2024:11:19:37 +0800] "GET /wp-sitemap.xml HTTP/1.1" 200 4254 "-" "Mozilla/5.0 AppleWebKit/537.36 (KHTML, like Gecko; compatible; bingbot/2.0; +http://www.bing.com/bingbot.htm) Chrome/116.0.1938.76 Safari/537.36"
45.61.186.58 - - [24/Nov/2024:11:22:27 +0800] "GET /wp-login.php HTTP/1.1" 200 6665 "http://www.google.com.hk" "Mozilla/5.0 (Windows NT 6.1; WOW64) AppleWebKit/537.36 (KHTML, like Gecko) Chrome/42.0.2311.90 Safari/537.36"
45.61.186.58 - - [24/Nov/2024:11:22:30 +0800] "GET /wp-login.php?wp_lang=en_us HTTP/1.1" 200 10197 "-" "Mozilla/5.0 (Macintosh; Intel Mac OS X 10_9_4 AppleWebKit/537.36 (KHTML, like Gecko) Chrome/36.0.1985.125 Safari/537.36"
45.61.186.58 - - [24/Nov/2024:11:22:31 +0800] "POST /wp-login.php?wp_lang=en_us HTTP/1.1" 200 7538 "-" "Mozilla/5.0 (Macintosh; Intel Mac OS X 10_9_4 AppleWebKit/537.36 (KHTML, like Gecko) Chrome/36.0.1985.125 Safari/537.36"
45.61.186.58 - - [24/Nov/2024:11:22:35 +0800] "GET /?author=1 HTTP/1.1" 301 3416 "http://www.google.com.hk" "Mozilla/5.0 (Windows NT 6.1; WOW64) AppleWebKit/537.36 (KHTML, like Gecko) Chrome/42.0.2311.90 Safari/537.36"
45.61.186.58 - - [24/Nov/2024:11:22:43 +0800] "GET /author/sysadmin/ HTTP/1.1" 200 11519 "http://www.google.com.hk" "Mozilla/5.0 (Windows NT 6.1; WOW64) AppleWebKit/537.36 (KHTML, like Gecko) Chrome/42.0.2311.90 Safari/537.36"
45.61.186.58 - - [24/Nov/2024:11:22:50 +0800] "GET /wp-login.php?wp_lang=en_us HTTP/1.1" 200 10197 "-" "Mozilla/5.0 (Macintosh; Intel Mac OS X 10_9_4 AppleWebKit/537.36 (KHTML, like Gecko) Chrome/36.0.1985.125 Safari/537.36"
45.61.186.58 - - [24/Nov/2024:11:22:50 +0800] "POST /wp-login.php?wp_lang=en_us HTTP/1.1" 200 7582 "-" "Mozilla/5.0 (Macintosh; Intel Mac OS X 10_9_4 AppleWebKit/537.36 (KHTML, like Gecko) Chrome/36.0.1985.125 Safari/537.36"
104.28.238.119 - - [24/Nov/2024:11:29:17 +0800] "POST /xmlrpc.php HTTP/1.1" 200 4325 "-" "Mozilla/5.0 (Windows NT 10.0; WOW64; rv:52.0) Gecko/20100101 Firefox/52.0"
104.28.238.119 - - [24/Nov/2024:11:29:28 +0800] "POST /xmlrpc.php HTTP/1.1" 200 4325 "-" "Mozilla/5.0 (Windows NT 10.0; WOW64; rv:52.0) Gecko/20100101 Firefox/52.0"
49.234.23.207 - - [24/Nov/2024:11:29:28 +0800] "POST /xmlrpc.php HTTP/1.1" 200 3902 "-" "Mozilla/5.0 (Windows NT 6.0; rv:34.0) Gecko/20100101 Firefox/34.0"
35.229.251.37 - - [24/Nov/2024:11:29:24 +0800] "POST /xmlrpc.php HTTP/1.1" 200 4325 "-" "Mozilla/5.0 (Windows NT 6.1; Win64; x64; rv:25.0) Gecko/20100101 Firefox/29.0"
35.229.251.37 - - [24/Nov/2024:11:29:30 +0800] "POST /xmlrpc.php HTTP/1.1" 200 4325 "-" "Mozilla/5.0 (Windows NT 6.1; Win64; x64; rv:25.0) Gecko/20100101 Firefox/29.0"
49.234.23.207 - - [24/Nov/2024:11:29:31 +0800] "POST /xmlrpc.php HTTP/1.1" 200 3902 "-" "Mozilla/5.0 (Windows NT 6.0; rv:34.0) Gecko/20100101 Firefox/34.0"
95.216.1.46 - - [24/Nov/2024:11:29:36 +0800] "POST /xmlrpc.php HTTP/1.1" 200 4325 "-" "Mozilla/5.0 (Windows NT 10.0; WOW64; rv:54.0) Gecko/20100101 Firefox/54.0"
95.216.1.46 - - [24/Nov/2024:11:29:38 +0800] "POST /xmlrpc.php HTTP/1.1" 200 4325 "-" "Mozilla/5.0 (Windows NT 10.0; WOW64; rv:54.0) Gecko/20100101 Firefox/54.0"
27.54.180.169 - - [24/Nov/2024:11:29:40 +0800] "POST /xmlrpc.php HTTP/1.1" 200 4325 "-" "Mozilla/5.0 (Linux; Android 10; LM-Q720) AppleWebKit/537.36 (KHTML, like Gecko) Chrome/91.0.4472.114 Mobile Safari/537.36"
27.54.180.169 - - [24/Nov/2024:11:29:41 +0800] "POST /xmlrpc.php HTTP/1.1" 200 4325 "-" "Mozilla/5.0 (Linux; Android 10; LM-Q720) AppleWebKit/537.36 (KHTML, like Gecko) Chrome/91.0.4472.114 Mobile Safari/537.36"
129.146.21.156 - - [24/Nov/2024:11:29:51 +0800] "POST /xmlrpc.php HTTP/1.1" 200 4325 "-" "Mozilla/5.0 (Windows NT 10.0; Win64; x64) AppleWebKit/537.36 (KHTML, like Gecko) Chrome/84.0.4147.105 Safari/537.36"
129.146.21.156 - - [24/Nov/2024:11:29:52 +0800] "POST /xmlrpc.php HTTP/1.1" 200 4325 "-" "Mozilla/5.0 (Windows NT 10.0; Win64; x64) AppleWebKit/537.36 (KHTML, like Gecko) Chrome/84.0.4147.105 Safari/537.36"
63.250.40.100 - - [24/Nov/2024:11:30:04 +0800] "POST /xmlrpc.php HTTP/1.1" 200 4325 "-" "Mozilla/5.0 (Windows NT 10.0; Win64; x64) AppleWebKit/537.36 (KHTML, like Gecko) Chrome/60.0.3112.113 Safari/537.36"
63.250.40.100 - - [24/Nov/2024:11:30:05 +0800] "POST /xmlrpc.php HTTP/1.1" 200 4325 "-" "Mozilla/5.0 (Windows NT 10.0; Win64; x64) AppleWebKit/537.36 (KHTML, like Gecko) Chrome/60.0.3112.113 Safari/537.36"
69.163.182.214 - - [24/Nov/2024:11:30:10 +0800] "POST /xmlrpc.php HTTP/1.1" 200 4325 "-" "Mozilla/5.0 (Windows NT 10.0; Win64; x64; rv:67.0) Gecko/20100101 Firefox/67.0"
69.163.182.214 - - [24/Nov/2024:11:30:11 +0800] "POST /xmlrpc.php HTTP/1.1" 200 4325 "-" "Mozilla/5.0 (Windows NT 10.0; Win64; x64; rv:67.0) Gecko/20100101 Firefox/67.0"
117.54.215.10 - - [24/Nov/2024:11:30:16 +0800] "POST /xmlrpc.php HTTP/1.1" 200 3902 "-" "Mozilla/5.0 (Windows NT 10.0; Win64; x64; rv:78.0) Gecko/20100101 Firefox/78.0"
117.54.215.10 - - [24/Nov/2024:11:30:17 +0800] "POST /xmlrpc.php HTTP/1.1" 200 3902 "-" "Mozilla/5.0 (Windows NT 10.0; Win64; x64; rv:78.0) Gecko/20100101 Firefox/78.0"
45.120.137.249 - - [24/Nov/2024:11:30:48 +0800] "POST /xmlrpc.php HTTP/1.1" 200 4325 "-" "Mozilla/5.0 (Windows NT 10.0; Win64; x64) AppleWebKit/537.36 (KHTML, like Gecko) Chrome/85.0.4183.102 Safari/537.36"
45.120.137.249 - - [24/Nov/2024:11:30:51 +0800] "POST /xmlrpc.php HTTP/1.1" 200 4325 "-" "Mozilla/5.0 (Windows NT 10.0; Win64; x64) AppleWebKit/537.36 (KHTML, like Gecko) Chrome/85.0.4183.102 Safari/537.36"
82.165.230.7 - - [24/Nov/2024:11:31:04 +0800] "POST /xmlrpc.php HTTP/1.1" 200 4325 "-" "Mozilla/5.0 (Windows NT 10.0; Win64; x64) AppleWebKit/537.36 (KHTML, like Gecko) Chrome/67.0.3396.99 Safari/537.36"
82.165.230.7 - - [24/Nov/2024:11:31:05 +0800] "POST /xmlrpc.php HTTP/1.1" 200 4325 "-" "Mozilla/5.0 (Windows NT 10.0; Win64; x64) AppleWebKit/537.36 (KHTML, like Gecko) Chrome/67.0.3396.99 Safari/537.36"
91.203.111.18 - - [24/Nov/2024:11:31:27 +0800] "POST /xmlrpc.php HTTP/1.1" 200 3902 "-" "Mozilla/5.0 (Windows NT 10.0; Win64; x64; rv:63.0) Gecko/20100101 Firefox/63.0"
91.203.111.18 - - [24/Nov/2024:11:31:29 +0800] "POST /xmlrpc.php HTTP/1.1" 200 3902 "-" "Mozilla/5.0 (Windows NT 10.0; Win64; x64; rv:63.0) Gecko/20100101 Firefox/63.0"
45.61.186.58 - - [24/Nov/2024:11:31:45 +0800] "GET /?author=2 HTTP/1.1" 301 3409 "http://www.google.com.hk" "Mozilla/5.0 (Windows NT 6.1; WOW64) AppleWebKit/537.36 (KHTML, like Gecko) Chrome/42.0.2311.90 Safari/537.36"
45.61.186.58 - - [24/Nov/2024:11:31:56 +0800] "GET /?author=2 HTTP/1.1" 200 11502 "http://www.google.com.hk" "Mozilla/5.0 (Windows NT 6.1; WOW64) AppleWebKit/537.36 (KHTML, like Gecko) Chrome/42.0.2311.90 Safari/537.36"
45.61.186.58 - - [24/Nov/2024:11:32:02 +0800] "GET /wp-login.php?wp_lang=en_us HTTP/1.1" 200 10197 "-" "Mozilla/5.0 (Macintosh; Intel Mac OS X 10_9_4 AppleWebKit/537.36 (KHTML, like Gecko) Chrome/36.0.1985.125 Safari/537.36"
45.61.186.58 - - [24/Nov/2024:11:32:04 +0800] "POST /wp-login.php?wp_lang=en_us HTTP/1.1" 200 7578 "-" "Mozilla/5.0 (Macintosh; Intel Mac OS X 10_9_4 AppleWebKit/537.36 (KHTML, like Gecko) Chrome/36.0.1985.125 Safari/537.36"
40.77.167.0 - - [24/Nov/2024:11:41:56 +0800] "GET /wp-sitemap-users-1.xml HTTP/1.1" 200 4238 "-" "Mozilla/5.0 AppleWebKit/537.36 (KHTML, like Gecko; compatible; bingbot/2.0; +http://www.bing.com/bingbot.htm) Chrome/116.0.1938.76 Safari/537.36"
220.135.127.108 - - [24/Nov/2024:12:37:12 +0800] "POST /wp-cron.php?doing_wp_cron=1732423032.9196760654449462890625 HTTP/1.1" 200 4030 "-" "WordPress/6.7.1; https://www.wellpex.tw"
223.109.255.152 - - [24/Nov/2024:12:37:12 +0800] "GET / HTTP/1.1" 200 14857 "-" "Sogou web spider/4.0(+http://www.sogou.com/docs/help/webmasters.htm#07)"
220.135.127.108 - - [24/Nov/2024:12:39:47 +0800] "POST /wp-cron.php?doing_wp_cron=1732423187.9167230129241943359375 HTTP/1.1" 200 4030 "-" "WordPress/6.7.1; https://www.wellpex.tw"
205.210.31.53 - - [24/Nov/2024:12:39:47 +0800] "GET / HTTP/1.1" 200 58891 "-" "-"
112.86.225.97 - - [24/Nov/2024:12:48:46 +0800] "GET / HTTP/1.1" 301 534 "-" "Sogou web spider/4.0(+http://www.sogou.com/docs/help/webmasters.htm#07)"
220.135.127.108 - - [24/Nov/2024:12:48:46 +0800] "POST /wp-cron.php?doing_wp_cron=1732423726.9487769603729248046875 HTTP/1.1" 200 4030 "-" "WordPress/6.7.1; https://www.wellpex.tw"
112.86.225.97 - - [24/Nov/2024:12:48:46 +0800] "GET / HTTP/1.1" 200 14857 "-" "Sogou web spider/4.0(+http://www.sogou.com/docs/help/webmasters.htm#07)"
220.135.127.108 - - [24/Nov/2024:13:08:42 +0800] "POST /wp-cron.php?doing_wp_cron=1732424922.1081349849700927734375 HTTP/1.1" 200 4030 "-" "WordPress/6.7.1; https://www.wellpex.tw"
191.101.240.17 - - [24/Nov/2024:13:08:42 +0800] "GET /connectors/%ef%bd%97ire-to-board/ HTTP/1.1" 200 19734 "-" "Mozilla/5.0 (Windows NT 10.0; WOW64) AppleWebKit/537.36 (KHTML, like Gecko) Chrome/114.0.0.0 Safari/537.36 Vivaldi/5.3.2679.68"
220.135.127.108 - - [24/Nov/2024:13:08:43 +0800] "POST /wp-cron.php?doing_wp_cron=1732424923.7099390029907226562500 HTTP/1.1" 200 4030 "-" "WordPress/6.7.1; https://www.wellpex.tw"
191.101.240.15 - - [24/Nov/2024:13:08:43 +0800] "GET /contact/ HTTP/1.1" 200 15900 "https://www.wellpex.tw/connectors/%ef%bd%97ire-to-board/" "Mozilla/5.0 (Windows NT 10.0; WOW64) AppleWebKit/537.36 (KHTML, like Gecko) Chrome/114.0.0.0 Safari/537.36 Vivaldi/5.3.2679.68"
220.135.127.108 - - [24/Nov/2024:13:08:44 +0800] "POST /wp-cron.php?doing_wp_cron=1732424924.7465250492095947265625 HTTP/1.1" 200 4030 "-" "WordPress/6.7.1; https://www.wellpex.tw"
191.101.240.32 - - [24/Nov/2024:13:08:44 +0800] "GET /connectors/ HTTP/1.1" 200 14546 "https://www.wellpex.tw/connectors/%ef%bd%97ire-to-board/" "Mozilla/5.0 (Windows NT 10.0; WOW64) AppleWebKit/537.36 (KHTML, like Gecko) Chrome/114.0.0.0 Safari/537.36 Vivaldi/5.3.2679.68"
220.135.127.108 - - [24/Nov/2024:13:08:45 +0800] "POST /wp-cron.php?doing_wp_cron=1732424925.7283198833465576171875 HTTP/1.1" 200 4030 "-" "WordPress/6.7.1; https://www.wellpex.tw"
191.101.240.33 - - [24/Nov/2024:13:08:45 +0800] "GET /connectors/fuse-box-terminal-series/ HTTP/1.1" 200 15010 "https://www.wellpex.tw/connectors/%ef%bd%97ire-to-board/" "Mozilla/5.0 (Windows NT 10.0; WOW64) AppleWebKit/537.36 (KHTML, like Gecko) Chrome/114.0.0.0 Safari/537.36 Vivaldi/5.3.2679.68"
220.135.127.108 - - [24/Nov/2024:13:08:46 +0800] "POST /wp-cron.php?doing_wp_cron=1732424926.7009630203247070312500 HTTP/1.1" 200 4030 "-" "WordPress/6.7.1; https://www.wellpex.tw"
191.101.240.17 - - [24/Nov/2024:13:08:46 +0800] "GET /connectors/sleeves-terminal-series/ HTTP/1.1" 200 15003 "https://www.wellpex.tw/connectors/%ef%bd%97ire-to-board/" "Mozilla/5.0 (Windows NT 10.0; WOW64) AppleWebKit/537.36 (KHTML, like Gecko) Chrome/114.0.0.0 Safari/537.36 Vivaldi/5.3.2679.68"
220.135.127.108 - - [24/Nov/2024:13:08:47 +0800] "POST /wp-cron.php?doing_wp_cron=1732424927.7327039241790771484375 HTTP/1.1" 200 4030 "-" "WordPress/6.7.1; https://www.wellpex.tw"
191.101.240.20 - - [24/Nov/2024:13:08:47 +0800] "GET /connectors/wire-to-wire-2/ HTTP/1.1" 200 15923 "https://www.wellpex.tw/connectors/%ef%bd%97ire-to-board/" "Mozilla/5.0 (Windows NT 10.0; WOW64) AppleWebKit/537.36 (KHTML, like Gecko) Chrome/114.0.0.0 Safari/537.36 Vivaldi/5.3.2679.68"
220.135.127.108 - - [24/Nov/2024:13:08:48 +0800] "POST /wp-cron.php?doing_wp_cron=1732424928.6989059448242187500000 HTTP/1.1" 200 4030 "-" "WordPress/6.7.1; https://www.wellpex.tw"
191.101.240.21 - - [24/Nov/2024:13:08:48 +
| ver. 1.4 |
Github
|
.
| PHP 7.4.3-4ubuntu2.24 | Генерация страницы: 0.02 |
proxy
|
phpinfo
|
Настройка